[INFO] fetching crate pccc 0.4.0...
[INFO] testing pccc-0.4.0 against 1.99.0-beta.8+cargoflags=--release for beta-release-1.100-2
[INFO] extracting crate pccc 0.4.0 into /workspace/builds/worker-3-tc1/source
[INFO] started tweaking crates.io crate pccc 0.4.0
[INFO] finished tweaking crates.io crate pccc 0.4.0
[INFO] tweaked toml for crates.io crate pccc 0.4.0 written to /workspace/builds/worker-3-tc1/source/Cargo.toml
[INFO] validating manifest of crates.io crate pccc 0.4.0 on toolchain 1.99.0-beta.8
[INFO] running `Command { std: CARGO_HOME="/workspace/cargo-home" RUSTUP_HOME="/workspace/rustup-home" "/workspace/cargo-home/bin/cargo" "+1.99.0-beta.8" "metadata" "--manifest-path" "Cargo.toml" "--no-deps", kill_on_drop: false }`
[INFO] crate crates.io crate pccc 0.4.0 already has a lockfile, it will not be regenerated
[INFO] running `Command { std: CARGO_HOME="/workspace/cargo-home" RUSTUP_HOME="/workspace/rustup-home" "/workspace/cargo-home/bin/cargo" "+1.99.0-beta.8" "fetch" "--manifest-path" "Cargo.toml", kill_on_drop: false }`
[INFO] [stderr]     Updating crates.io index
[INFO] [stderr]  Downloading crates ...
[INFO] [stderr]   Downloaded proc-macro2 v1.0.87
[INFO] [stderr]   Downloaded float_eq_derive v1.0.1
[INFO] running `Command { std: "docker" "create" "-v" "/var/lib/crater-agent-workspace/builds/worker-3-tc1/source:/opt/rustwide/workdir:ro,Z" "-v" "/var/lib/crater-agent-workspace/builds/worker-3-tc1/target:/opt/rustwide/target:rw,Z" "-v" "/var/lib/crater-agent-workspace/cargo-home:/opt/rustwide/cargo-home:ro,Z" "-v" "/var/lib/crater-agent-workspace/rustup-home:/opt/rustwide/rustup-home:ro,Z" "-m" "1610612736" "--network" "none" "ghcr.io/rust-lang/crates-build-env/linux@sha256:77db811e55d90add9212f6832c23229e3de5f1c1f9905e8cb07319ea15df73ac" "sleep" "infinity", kill_on_drop: false }`
[INFO] [stdout] 1fa8d74f7a69c462d92d5e58faa5d0065dc50d62baedc4b9e8cf55ac9efcabf0
[INFO] running `Command { std: "docker" "start" "1fa8d74f7a69c462d92d5e58faa5d0065dc50d62baedc4b9e8cf55ac9efcabf0", kill_on_drop: false }`
[INFO] running `Command { std: "docker" "inspect" "1fa8d74f7a69c462d92d5e58faa5d0065dc50d62baedc4b9e8cf55ac9efcabf0", kill_on_drop: false }`
[INFO] running `Command { std: "docker" "exec" "-e" "SOURCE_DIR=/opt/rustwide/workdir" "-e" "CARGO_HOME=/opt/rustwide/cargo-home" "-e" "RUSTUP_HOME=/opt/rustwide/rustup-home" "-e" "CARGO_TARGET_DIR=/opt/rustwide/target" "-w" "/opt/rustwide/workdir" "--user" "0:0" "1fa8d74f7a69c462d92d5e58faa5d0065dc50d62baedc4b9e8cf55ac9efcabf0" "/opt/rustwide/cargo-home/bin/cargo" "+1.99.0-beta.8" "metadata" "--no-deps" "--format-version=1", kill_on_drop: false }`
[INFO] running `Command { std: "docker" "inspect" "1fa8d74f7a69c462d92d5e58faa5d0065dc50d62baedc4b9e8cf55ac9efcabf0", kill_on_drop: false }`
[INFO] running `Command { std: "docker" "exec" "-e" "SOURCE_DIR=/opt/rustwide/workdir" "-e" "CARGO_HOME=/opt/rustwide/cargo-home" "-e" "RUSTUP_HOME=/opt/rustwide/rustup-home" "-e" "CARGO_TARGET_DIR=/opt/rustwide/target" "-e" "CARGO_INCREMENTAL=0" "-e" "RUST_BACKTRACE=full" "-e" "RUSTFLAGS=--cap-lints=warn" "-e" "RUSTDOCFLAGS=--cap-lints=warn" "-w" "/opt/rustwide/workdir" "--user" "0:0" "1fa8d74f7a69c462d92d5e58faa5d0065dc50d62baedc4b9e8cf55ac9efcabf0" "/opt/rustwide/cargo-home/bin/cargo" "+1.99.0-beta.8" "build" "--frozen" "--message-format=json" "--release", kill_on_drop: false }`
[INFO] [stderr]    Compiling proc-macro2 v1.0.87
[INFO] [stderr]    Compiling unicode-ident v1.0.13
[INFO] [stderr]    Compiling libc v0.2.159
[INFO] [stderr]    Compiling crossbeam-utils v0.8.21
[INFO] [stderr]    Compiling getrandom v0.3.2
[INFO] [stderr]    Compiling cfg-if v1.0.0
[INFO] [stderr]    Compiling byteorder v1.5.0
[INFO] [stderr]    Compiling syn v1.0.109
[INFO] [stderr]    Compiling serde_core v1.0.228
[INFO] [stderr]    Compiling autocfg v1.4.0
[INFO] [stderr]    Compiling utf8parse v0.2.2
[INFO] [stderr]    Compiling libm v0.2.8
[INFO] [stderr]    Compiling anstyle v1.0.8
[INFO] [stderr]    Compiling is_terminal_polyfill v1.70.1
[INFO] [stderr]    Compiling colorchoice v1.0.2
[INFO] [stderr]    Compiling anstyle-query v1.1.1
[INFO] [stderr]    Compiling rayon-core v1.13.0
[INFO] [stderr]    Compiling anstyle-parse v0.2.5
[INFO] [stderr]    Compiling anyhow v1.0.100
[INFO] [stderr]    Compiling either v1.13.0
[INFO] [stderr]    Compiling serde v1.0.228
[INFO] [stderr]    Compiling thiserror v2.0.17
[INFO] [stderr]    Compiling serde_json v1.0.145
[INFO] [stderr]    Compiling anstream v0.6.15
[INFO] [stderr]    Compiling strsim v0.11.1
[INFO] [stderr]    Compiling clap_lex v0.7.4
[INFO] [stderr]    Compiling itoa v1.0.11
[INFO] [stderr]    Compiling ryu v1.0.18
[INFO] [stderr]    Compiling memchr v2.7.4
[INFO] [stderr]    Compiling itertools v0.14.0
[INFO] [stderr]    Compiling num-traits v0.2.19
[INFO] [stderr]    Compiling clap_builder v4.5.51
[INFO] [stderr]    Compiling crossbeam-epoch v0.9.18
[INFO] [stderr]    Compiling quote v1.0.37
[INFO] [stderr]    Compiling rand_core v0.9.3
[INFO] [stderr]    Compiling syn v2.0.87
[INFO] [stderr]    Compiling crossbeam-deque v0.8.6
[INFO] [stderr]    Compiling rayon v1.11.0
[INFO] [stderr]    Compiling float_eq_derive v1.0.1
[INFO] [stderr]    Compiling zerocopy-derive v0.7.35
[INFO] [stderr]    Compiling serde_derive v1.0.228
[INFO] [stderr]    Compiling thiserror-impl v2.0.17
[INFO] [stderr]    Compiling clap v4.5.51
[INFO] [stderr]    Compiling float_eq v1.0.1
[INFO] [stderr]    Compiling zerocopy v0.7.35
[INFO] [stderr]    Compiling ppv-lite86 v0.2.20
[INFO] [stderr]    Compiling rand_chacha v0.9.0
[INFO] [stderr]    Compiling rand v0.9.2
[INFO] [stderr]    Compiling rand_distr v0.5.1
[INFO] [stderr]    Compiling pccc v0.4.0 (/opt/rustwide/workdir)
[INFO] [stderr]     Finished `release` profile [optimized + debuginfo] target(s) in 30.84s
[INFO] running `Command { std: "docker" "inspect" "1fa8d74f7a69c462d92d5e58faa5d0065dc50d62baedc4b9e8cf55ac9efcabf0", kill_on_drop: false }`
[INFO] running `Command { std: "docker" "exec" "-e" "SOURCE_DIR=/opt/rustwide/workdir" "-e" "CARGO_HOME=/opt/rustwide/cargo-home" "-e" "RUSTUP_HOME=/opt/rustwide/rustup-home" "-e" "CARGO_TARGET_DIR=/opt/rustwide/target" "-e" "CARGO_INCREMENTAL=0" "-e" "RUST_BACKTRACE=full" "-e" "RUSTFLAGS=--cap-lints=warn" "-e" "RUSTDOCFLAGS=--cap-lints=warn" "-w" "/opt/rustwide/workdir" "--user" "0:0" "1fa8d74f7a69c462d92d5e58faa5d0065dc50d62baedc4b9e8cf55ac9efcabf0" "/opt/rustwide/cargo-home/bin/cargo" "+1.99.0-beta.8" "test" "--frozen" "--no-run" "--message-format=json" "--release", kill_on_drop: false }`
[INFO] [stderr]    Compiling pccc v0.4.0 (/opt/rustwide/workdir)
[INFO] [stderr]     Finished `release` profile [optimized + debuginfo] target(s) in 3.30s
[INFO] running `Command { std: "docker" "inspect" "1fa8d74f7a69c462d92d5e58faa5d0065dc50d62baedc4b9e8cf55ac9efcabf0", kill_on_drop: false }`
[INFO] running `Command { std: "docker" "exec" "-e" "SOURCE_DIR=/opt/rustwide/workdir" "-e" "CARGO_HOME=/opt/rustwide/cargo-home" "-e" "RUSTUP_HOME=/opt/rustwide/rustup-home" "-e" "CARGO_TARGET_DIR=/opt/rustwide/target" "-e" "CARGO_INCREMENTAL=0" "-e" "RUST_BACKTRACE=full" "-e" "RUSTFLAGS=--cap-lints=warn" "-e" "RUSTDOCFLAGS=--cap-lints=warn" "-w" "/opt/rustwide/workdir" "--user" "0:0" "1fa8d74f7a69c462d92d5e58faa5d0065dc50d62baedc4b9e8cf55ac9efcabf0" "/opt/rustwide/cargo-home/bin/cargo" "+1.99.0-beta.8" "test" "--frozen" "--release", kill_on_drop: false }`
[INFO] [stderr]     Finished `release` profile [optimized + debuginfo] target(s) in 0.08s
[INFO] [stderr]      Running unittests src/lib.rs (/opt/rustwide/target/release/deps/pccc-f140db148b65265b)
[INFO] [stdout] 
[INFO] [stdout] running 55 tests
[INFO] [stdout] test interleaver::tests_of_interleaver::test_random ... ok
[INFO] [stdout] test lte::tests_of_functions::test_qpp_coefficients_40_to_128_bits ... ok
[INFO] [stdout] test lte::tests_of_functions::test_qpp_coefficients_264_to_512_bits ... ok
[INFO] [stdout] test lte::tests_of_functions::test_qpp_coefficients_2112_to_4096_bits ... ok
[INFO] [stdout] test lte::tests_of_functions::test_qpp_coefficients_528_to_1024_bits ... ok
[INFO] [stdout] test interleaver::tests_of_interleaver::test_interleave ... ok
[INFO] [stdout] test lte::tests_of_functions::test_decoder ... ok
[INFO] [stdout] test lte::tests_of_functions::test_encoder ... ok
[INFO] [stdout] test interleaver::tests_of_interleaver::test_from_valid_perm ... ok
[INFO] [stdout] test lte::tests_of_simresults::test_info_bit_error_rate ... ok
[INFO] [stdout] test lte::tests_of_simresults::test_new ... ok
[INFO] [stdout] test lte::tests_of_simresults::test_print_progress_message ... ok
[INFO] [stdout] test lte::tests_of_simresults::test_run_complete ... ok
[INFO] [stdout] test lte::tests_of_simresults::test_sim_complete ... ok
[INFO] [stdout] test lte::tests_of_simresults::test_update_after_block ... ok
[INFO] [stdout] test pccc::tests_of_functions::test_bcjr_inputs ... ok
[INFO] [stdout] test interleaver::tests_of_interleaver::test_new ... ok
[INFO] [stdout] test pccc::tests_of_functions::test_check_decoder_inputs ... ok
[INFO] [stdout] test lte::tests_of_functions::test_summarize_all_sim_results ... ok
[INFO] [stdout] test lte::tests_of_functions::test_qpp_coefficients_4160_to_6144_bits ... ok
[INFO] [stdout] test pccc::tests_of_functions::test_decoder ... ok
[INFO] [stdout] test pccc::tests_of_functions::test_encoder ... ok
[INFO] [stdout] test lte::tests_of_functions::test_qpp_coefficients_136_to_256_bits ... ok
[INFO] [stdout] test interleaver::tests_of_interleaver::test_deinterleave ... ok
[INFO] [stdout] test rsc::tests_of_functions::test_bit_from_index ... ok
[INFO] [stdout] test rsc::tests_of_functions::test_bit_metric_from_llr ... ok
[INFO] [stdout] test rsc::tests_of_functions::test_bitxor ... ok
[INFO] [stdout] test rsc::tests_of_functions::test_compute_next_alpha_values ... ok
[INFO] [stdout] test rsc::tests_of_functions::test_compute_previous_beta_values ... ok
[INFO] [stdout] test rsc::tests_of_functions::test_constraint_length ... ok
[INFO] [stdout] test rsc::tests_of_functions::test_decode ... ok
[INFO] [stdout] test rsc::tests_of_functions::test_encode ... ok
[INFO] [stdout] test rsc::tests_of_functions::test_linear_log_map_correction_term ... ok
[INFO] [stdout] test rsc::tests_of_functions::test_run_bcjr_backward_pass ... ok
[INFO] [stdout] test rsc::tests_of_state_machine::test_generate_output_bits ... ok
[INFO] [stdout] test rsc::tests_of_functions::test_run_bcjr_forward_pass ... ok
[INFO] [stdout] test rsc::tests_of_functions::test_log_map_correction_term ... ok
[INFO] [stdout] test rsc::tests_of_state_machine::test_augmented_state_index ... ok
[INFO] [stdout] test lte::tests_of_functions::test_qpp_coefficients ... ok
[INFO] [stdout] test rsc::tests_of_functions::test_maxstar ... ok
[INFO] [stdout] test rsc::tests_of_state_machine::test_msb_of_next_state ... ok
[INFO] [stdout] test rsc::tests_of_state_machine::test_new ... ok
[INFO] [stdout] test lte::tests_of_functions::test_qpp_coefficients_1056_to_2048_bits ... ok
[INFO] [stdout] test rsc::tests_of_state_machine::test_compute_branch_metric ... ok
[INFO] [stdout] test utils::tests::test_bpsk_awgn_channel ... ok
[INFO] [stdout] test lte::tests_of_simparams::test_check ... ok
[INFO] [stdout] test utils::tests::test_bpsk_slicer ... ok
[INFO] [stdout] test utils::tests::test_error_count ... ok
[INFO] [stdout] test lte::tests_of_functions::test_all_sim_results_for_sim_case ... ok
[INFO] [stdout] test lte::tests_of_simparams::test_print ... ok
[INFO] [stdout] test lte::tests_of_simresults::test_block_error_rate ... ok
[INFO] [stdout] test lte::tests_of_functions::test_bpsk_awgn_sim ... ok
[INFO] [stdout] test utils::tests::test_random_bits ... ok
[INFO] [stdout] test lte::tests_of_functions::test_interleaver ... ok
[INFO] [stdout] test lte::tests_of_functions::test_run_bpsk_awgn_sims ... FAILED
[INFO] [stdout] 
[INFO] [stdout] failures:
[INFO] [stdout] 
[INFO] [stdout] ---- lte::tests_of_functions::test_run_bpsk_awgn_sims stdout ----
[INFO] [stdout] 
[INFO] [stdout] 36 information bits per block
[INFO] [stdout] Linear-Log-MAP decoding, 8 turbo iterations
[INFO] [stdout] Es/N0 of -3 dB
[INFO] [stdout] Minimum of 20 block errors
[INFO] [stdout] 10 blocks per run
[INFO] [stdout] Minimum of 1 runs
[INFO] [stdout] Maximum of 2 runs
[INFO] [stdout] WARNING: Ignoring above simulation parameters as they are invalid
[INFO] [stdout] 
[INFO] [stdout] 44 information bits per block
[INFO] [stdout] Linear-Log-MAP decoding, 8 turbo iterations
[INFO] [stdout] Es/N0 of -3 dB
[INFO] [stdout] Minimum of 10 block errors
[INFO] [stdout] 10 blocks per run
[INFO] [stdout] Minimum of 1 runs
[INFO] [stdout] Maximum of 2 runs
[INFO] [stdout] WARNING: Ignoring above simulation parameters as they are invalid
[INFO] [stdout] 
[INFO] [stdout] ==========================================================
[INFO] [stdout] 40 bits/block, Linear-Log-MAP decoding, 8 turbo iterations
[INFO] [stdout] ==========================================================
[INFO] [stdout]  Es/N0 (dB)    BER        BLER
[INFO] [stdout]    -3.00     7.50e-3     5.00e-2
[INFO] [stdout] 
[INFO] [stdout] ==========================================================
[INFO] [stdout] 48 bits/block, Linear-Log-MAP decoding, 8 turbo iterations
[INFO] [stdout] ==========================================================
[INFO] [stdout]  Es/N0 (dB)    BER        BLER
[INFO] [stdout]    -3.00      0.00e0      0.00e0
[INFO] [stdout] 
[INFO] [stdout] thread 'lte::tests_of_functions::test_run_bpsk_awgn_sims' (1322) panicked at src/lte.rs:1019:57:
[INFO] [stdout] called `Result::unwrap()` on an `Err` value: FileReadWriteError(Os { code: 30, kind: ReadOnlyFilesystem, message: "Read-only file system" })
[INFO] [stdout] stack backtrace:
[INFO] [stdout]    0:     0x5a01e3da7351 - std[70759c8f55707aa4]::backtrace_rs::backtrace::libunwind::trace
[INFO] [stdout]                                at /rustc/dfb0accb7f508ae8be965d8629557221c889dd98/library/std/src/../../backtrace/src/backtrace/libunwind.rs:117:9
[INFO] [stdout]    1:     0x5a01e3da7351 - std[70759c8f55707aa4]::backtrace_rs::backtrace::trace_unsynchronized::<std[70759c8f55707aa4]::sys::backtrace::_print_fmt::{closure#1}>
[INFO] [stdout]                                at /rustc/dfb0accb7f508ae8be965d8629557221c889dd98/library/std/src/../../backtrace/src/backtrace/mod.rs:66:14
[INFO] [stdout]    2:     0x5a01e3da7351 - std[70759c8f55707aa4]::sys::backtrace::_print_fmt
[INFO] [stdout]                                at /rustc/dfb0accb7f508ae8be965d8629557221c889dd98/library/std/src/sys/backtrace.rs:74:9
[INFO] [stdout]    3:     0x5a01e3da7351 - <<std[70759c8f55707aa4]::sys::backtrace::BacktraceLock>::print::DisplayBacktrace as core[df12db4294e9bfd3]::fmt::Display>::fmt
[INFO] [stdout]                                at /rustc/dfb0accb7f508ae8be965d8629557221c889dd98/library/std/src/sys/backtrace.rs:44:26
[INFO] [stdout]    4:     0x5a01e3dbc93a - <core[df12db4294e9bfd3]::fmt::rt::Argument>::fmt
[INFO] [stdout]                                at /rustc/dfb0accb7f508ae8be965d8629557221c889dd98/library/core/src/fmt/rt.rs:152:76
[INFO] [stdout]    5:     0x5a01e3dbc93a - core[df12db4294e9bfd3]::fmt::write
[INFO] [stdout]    6:     0x5a01e3dab83c - core[df12db4294e9bfd3]::io::write::default_write_fmt::<alloc[2182bb758b4b3781]::vec::Vec<u8>>
[INFO] [stdout]                                at /rustc/dfb0accb7f508ae8be965d8629557221c889dd98/library/core/src/io/write.rs:402:11
[INFO] [stdout]    7:     0x5a01e3dab83c - <alloc[2182bb758b4b3781]::vec::Vec<u8> as core[df12db4294e9bfd3]::io::write::Write>::write_fmt
[INFO] [stdout]                                at /rustc/dfb0accb7f508ae8be965d8629557221c889dd98/library/core/src/io/write.rs:335:13
[INFO] [stdout]    8:     0x5a01e3d835e6 - <std[70759c8f55707aa4]::sys::backtrace::BacktraceLock>::print
[INFO] [stdout]                                at /rustc/dfb0accb7f508ae8be965d8629557221c889dd98/library/std/src/sys/backtrace.rs:47:9
[INFO] [stdout]    9:     0x5a01e3d835e6 - std[70759c8f55707aa4]::panicking::default_hook::{closure#0}
[INFO] [stdout]                                at /rustc/dfb0accb7f508ae8be965d8629557221c889dd98/library/std/src/panicking.rs:292:27
[INFO] [stdout]   10:     0x5a01e3d9f889 - std[70759c8f55707aa4]::panicking::default_hook
[INFO] [stdout]                                at /rustc/dfb0accb7f508ae8be965d8629557221c889dd98/library/std/src/panicking.rs:316:9
[INFO] [stdout]   11:     0x5a01e3d30fb0 - <alloc[2182bb758b4b3781]::boxed::Box<dyn for<'a, 'b> core[df12db4294e9bfd3]::ops::function::Fn<(&'a std[70759c8f55707aa4]::panic::PanicHookInfo<'b>,), Output = ()> + core[df12db4294e9bfd3]::marker::Send + core[df12db4294e9bfd3]::marker::Sync> as core[df12db4294e9bfd3]::ops::function::Fn<(&std[70759c8f55707aa4]::panic::PanicHookInfo,)>>::call
[INFO] [stdout]                                at /rustc/dfb0accb7f508ae8be965d8629557221c889dd98/library/alloc/src/boxed.rs:2334:9
[INFO] [stdout]   12:     0x5a01e3d30fb0 - test[9d35eded1c95d3be]::test_main_inner::<test[9d35eded1c95d3be]::test_main_static::{closure#0}>::{closure#0}
[INFO] [stdout]                                at /rustc/dfb0accb7f508ae8be965d8629557221c889dd98/library/test/src/lib.rs:155:21
[INFO] [stdout]   13:     0x5a01e3d9fbb2 - <alloc[2182bb758b4b3781]::boxed::Box<dyn for<'a, 'b> core[df12db4294e9bfd3]::ops::function::Fn<(&'a std[70759c8f55707aa4]::panic::PanicHookInfo<'b>,), Output = ()> + core[df12db4294e9bfd3]::marker::Send + core[df12db4294e9bfd3]::marker::Sync> as core[df12db4294e9bfd3]::ops::function::Fn<(&std[70759c8f55707aa4]::panic::PanicHookInfo,)>>::call
[INFO] [stdout]                                at /rustc/dfb0accb7f508ae8be965d8629557221c889dd98/library/alloc/src/boxed.rs:2334:9
[INFO] [stdout]   14:     0x5a01e3d9fbb2 - std[70759c8f55707aa4]::panicking::panic_with_hook
[INFO] [stdout]                                at /rustc/dfb0accb7f508ae8be965d8629557221c889dd98/library/std/src/panicking.rs:823:13
[INFO] [stdout]   15:     0x5a01e3d83692 - std[70759c8f55707aa4]::panicking::panic_handler::{closure#0}
[INFO] [stdout]                                at /rustc/dfb0accb7f508ae8be965d8629557221c889dd98/library/std/src/panicking.rs:688:13
[INFO] [stdout]   16:     0x5a01e3d7c419 - std[70759c8f55707aa4]::sys::backtrace::__rust_end_short_backtrace::<std[70759c8f55707aa4]::panicking::panic_handler::{closure#0}, !>
[INFO] [stdout]                                at /rustc/dfb0accb7f508ae8be965d8629557221c889dd98/library/std/src/sys/backtrace.rs:182:18
[INFO] [stdout]   17:     0x5a01e3d8428d - __rustc[8fa7c3cbc660c2b3]::rust_begin_unwind
[INFO] [stdout]                                at /rustc/dfb0accb7f508ae8be965d8629557221c889dd98/library/std/src/panicking.rs:679:5
[INFO] [stdout]   18:     0x5a01e3dbd06c - core[df12db4294e9bfd3]::panicking::panic_fmt
[INFO] [stdout]                                at /rustc/dfb0accb7f508ae8be965d8629557221c889dd98/library/core/src/panicking.rs:80:14
[INFO] [stdout]   19:     0x5a01e3dbce42 - core[df12db4294e9bfd3]::result::unwrap_failed
[INFO] [stdout]                                at /rustc/dfb0accb7f508ae8be965d8629557221c889dd98/library/core/src/result.rs:1871:5
[INFO] [stdout]   20:     0x5a01e3d1d334 - <core[df12db4294e9bfd3]::result::Result<(), pccc[80ad229b016a5020]::common::Error>>::unwrap
[INFO] [stdout]                                at /rustc/dfb0accb7f508ae8be965d8629557221c889dd98/library/core/src/result.rs:1232:23
[INFO] [stdout]   21:     0x5a01e3d1d334 - pccc[80ad229b016a5020]::lte::tests_of_functions::test_run_bpsk_awgn_sims
[INFO] [stdout]                                at /opt/rustwide/workdir/src/lte.rs:1019:57
[INFO] [stdout]   22:     0x5a01e3d0f1b9 - pccc[80ad229b016a5020]::lte::tests_of_functions::test_run_bpsk_awgn_sims::{closure#0}
[INFO] [stdout]                                at /opt/rustwide/workdir/src/lte.rs:980:33
[INFO] [stdout]   23:     0x5a01e3d0f1b9 - <pccc[80ad229b016a5020]::lte::tests_of_functions::test_run_bpsk_awgn_sims::{closure#0} as core[df12db4294e9bfd3]::ops::function::FnOnce<()>>::call_once
[INFO] [stdout]                                at /rustc/dfb0accb7f508ae8be965d8629557221c889dd98/library/core/src/ops/function.rs:250:5
[INFO] [stdout]   24:     0x5a01e3d2429b - <fn() -> core[df12db4294e9bfd3]::result::Result<(), alloc[2182bb758b4b3781]::string::String> as core[df12db4294e9bfd3]::ops::function::FnOnce<()>>::call_once
[INFO] [stdout]                                at /rustc/dfb0accb7f508ae8be965d8629557221c889dd98/library/core/src/ops/function.rs:250:5
[INFO] [stdout]   25:     0x5a01e3d2429b - test[9d35eded1c95d3be]::__rust_begin_short_backtrace::<core[df12db4294e9bfd3]::result::Result<(), alloc[2182bb758b4b3781]::string::String>, fn() -> core[df12db4294e9bfd3]::result::Result<(), alloc[2182bb758b4b3781]::string::String>>
[INFO] [stdout]                                at /rustc/dfb0accb7f508ae8be965d8629557221c889dd98/library/test/src/lib.rs:733:18
[INFO] [stdout]   26:     0x5a01e3d31905 - test[9d35eded1c95d3be]::run_test_in_process::{closure#0}
[INFO] [stdout]                                at /rustc/dfb0accb7f508ae8be965d8629557221c889dd98/library/test/src/lib.rs:756:74
[INFO] [stdout]   27:     0x5a01e3d31905 - <core[df12db4294e9bfd3]::panic::unwind_safe::AssertUnwindSafe<test[9d35eded1c95d3be]::run_test_in_process::{closure#0}> as core[df12db4294e9bfd3]::ops::function::FnOnce<()>>::call_once
[INFO] [stdout]                                at /rustc/dfb0accb7f508ae8be965d8629557221c889dd98/library/core/src/panic/unwind_safe.rs:275:9
[INFO] [stdout]   28:     0x5a01e3d31905 - std[70759c8f55707aa4]::panicking::catch_unwind::do_call::<core[df12db4294e9bfd3]::panic::unwind_safe::AssertUnwindSafe<test[9d35eded1c95d3be]::run_test_in_process::{closure#0}>, core[df12db4294e9bfd3]::result::Result<(), alloc[2182bb758b4b3781]::string::String>>
[INFO] [stdout]                                at /rustc/dfb0accb7f508ae8be965d8629557221c889dd98/library/std/src/panicking.rs:576:43
[INFO] [stdout]   29:     0x5a01e3d31905 - std[70759c8f55707aa4]::panicking::catch_unwind::<core[df12db4294e9bfd3]::result::Result<(), alloc[2182bb758b4b3781]::string::String>, core[df12db4294e9bfd3]::panic::unwind_safe::AssertUnwindSafe<test[9d35eded1c95d3be]::run_test_in_process::{closure#0}>>
[INFO] [stdout]                                at /rustc/dfb0accb7f508ae8be965d8629557221c889dd98/library/std/src/panicking.rs:544:19
[INFO] [stdout]   30:     0x5a01e3d31905 - std[70759c8f55707aa4]::panic::catch_unwind::<core[df12db4294e9bfd3]::panic::unwind_safe::AssertUnwindSafe<test[9d35eded1c95d3be]::run_test_in_process::{closure#0}>, core[df12db4294e9bfd3]::result::Result<(), alloc[2182bb758b4b3781]::string::String>>
[INFO] [stdout]                                at /rustc/dfb0accb7f508ae8be965d8629557221c889dd98/library/std/src/panic.rs:359:14
[INFO] [stdout]   31:     0x5a01e3d31905 - test[9d35eded1c95d3be]::run_test_in_process
[INFO] [stdout]                                at /rustc/dfb0accb7f508ae8be965d8629557221c889dd98/library/test/src/lib.rs:756:27
[INFO] [stdout]   32:     0x5a01e3d31905 - test[9d35eded1c95d3be]::run_test::{closure#0}
[INFO] [stdout]                                at /rustc/dfb0accb7f508ae8be965d8629557221c889dd98/library/test/src/lib.rs:677:43
[INFO] [stdout]   33:     0x5a01e3d2b1c4 - test[9d35eded1c95d3be]::run_test::{closure#1}
[INFO] [stdout]                                at /rustc/dfb0accb7f508ae8be965d8629557221c889dd98/library/test/src/lib.rs:707:41
[INFO] [stdout]   34:     0x5a01e3d2b1c4 - std[70759c8f55707aa4]::sys::backtrace::__rust_begin_short_backtrace::<test[9d35eded1c95d3be]::run_test::{closure#1}, ()>
[INFO] [stdout]                                at /rustc/dfb0accb7f508ae8be965d8629557221c889dd98/library/std/src/sys/backtrace.rs:166:18
[INFO] [stdout]   35:     0x5a01e3d34a62 - std[70759c8f55707aa4]::thread::lifecycle::spawn_unchecked::<test[9d35eded1c95d3be]::run_test::{closure#1}, ()>::{closure#1}::{closure#0}
[INFO] [stdout]                                at /rustc/dfb0accb7f508ae8be965d8629557221c889dd98/library/std/src/thread/lifecycle.rs:70:13
[INFO] [stdout]   36:     0x5a01e3d34a62 - <core[df12db4294e9bfd3]::panic::unwind_safe::AssertUnwindSafe<std[70759c8f55707aa4]::thread::lifecycle::spawn_unchecked<test[9d35eded1c95d3be]::run_test::{closure#1}, ()>::{closure#1}::{closure#0}> as core[df12db4294e9bfd3]::ops::function::FnOnce<()>>::call_once
[INFO] [stdout]                                at /rustc/dfb0accb7f508ae8be965d8629557221c889dd98/library/core/src/panic/unwind_safe.rs:275:9
[INFO] [stdout]   37:     0x5a01e3d34a62 - std[70759c8f55707aa4]::panicking::catch_unwind::do_call::<core[df12db4294e9bfd3]::panic::unwind_safe::AssertUnwindSafe<std[70759c8f55707aa4]::thread::lifecycle::spawn_unchecked<test[9d35eded1c95d3be]::run_test::{closure#1}, ()>::{closure#1}::{closure#0}>, ()>
[INFO] [stdout]                                at /rustc/dfb0accb7f508ae8be965d8629557221c889dd98/library/std/src/panicking.rs:576:43
[INFO] [stdout]   38:     0x5a01e3d34a62 - std[70759c8f55707aa4]::panicking::catch_unwind::<(), core[df12db4294e9bfd3]::panic::unwind_safe::AssertUnwindSafe<std[70759c8f55707aa4]::thread::lifecycle::spawn_unchecked<test[9d35eded1c95d3be]::run_test::{closure#1}, ()>::{closure#1}::{closure#0}>>
[INFO] [stdout]                                at /rustc/dfb0accb7f508ae8be965d8629557221c889dd98/library/std/src/panicking.rs:544:19
[INFO] [stdout]   39:     0x5a01e3d34a62 - std[70759c8f55707aa4]::panic::catch_unwind::<core[df12db4294e9bfd3]::panic::unwind_safe::AssertUnwindSafe<std[70759c8f55707aa4]::thread::lifecycle::spawn_unchecked<test[9d35eded1c95d3be]::run_test::{closure#1}, ()>::{closure#1}::{closure#0}>, ()>
[INFO] [stdout]                                at /rustc/dfb0accb7f508ae8be965d8629557221c889dd98/library/std/src/panic.rs:359:14
[INFO] [stdout]   40:     0x5a01e3d34a62 - std[70759c8f55707aa4]::thread::lifecycle::spawn_unchecked::<test[9d35eded1c95d3be]::run_test::{closure#1}, ()>::{closure#1}
[INFO] [stdout]                                at /rustc/dfb0accb7f508ae8be965d8629557221c889dd98/library/std/src/thread/lifecycle.rs:68:26
[INFO] [stdout]   41:     0x5a01e3d34a62 - <std[70759c8f55707aa4]::thread::lifecycle::spawn_unchecked<test[9d35eded1c95d3be]::run_test::{closure#1}, ()>::{closure#1} as core[df12db4294e9bfd3]::ops::function::FnOnce<()>>::call_once::{shim:vtable#0}
[INFO] [stdout]                                at /rustc/dfb0accb7f508ae8be965d8629557221c889dd98/library/core/src/ops/function.rs:250:5
[INFO] [stdout]   42:     0x5a01e3da6c19 - <alloc[2182bb758b4b3781]::boxed::Box<dyn core[df12db4294e9bfd3]::ops::function::FnOnce<(), Output = ()> + core[df12db4294e9bfd3]::marker::Send> as core[df12db4294e9bfd3]::ops::function::FnOnce<()>>::call_once
[INFO] [stdout]                                at /rustc/dfb0accb7f508ae8be965d8629557221c889dd98/library/alloc/src/boxed.rs:2320:9
[INFO] [stdout]   43:     0x5a01e3da6c19 - <std[70759c8f55707aa4]::sys::thread::unix::Thread>::new::thread_start
[INFO] [stdout]                                at /rustc/dfb0accb7f508ae8be965d8629557221c889dd98/library/std/src/sys/thread/unix.rs:123:17
[INFO] [stdout]   44:     0x765c7150cdfa - <unknown>
[INFO] [stdout]   45:     0x765c715a03d4 - clone
[INFO] [stdout]   46:                0x0 - <unknown>
[INFO] [stdout] 
[INFO] [stdout] 
[INFO] [stdout] failures:
[INFO] [stdout]     lte::tests_of_functions::test_run_bpsk_awgn_sims
[INFO] [stdout] 
[INFO] [stdout] test result: FAILED. 54 passed; 1 failed; 0 ignored; 0 measured; 0 filtered out; finished in 0.10s
[INFO] [stdout] 
[INFO] [stderr] error: test failed, to rerun pass `--lib`
[INFO] running `Command { std: "docker" "inspect" "1fa8d74f7a69c462d92d5e58faa5d0065dc50d62baedc4b9e8cf55ac9efcabf0", kill_on_drop: false }`
[INFO] running `Command { std: "docker" "rm" "-f" "1fa8d74f7a69c462d92d5e58faa5d0065dc50d62baedc4b9e8cf55ac9efcabf0", kill_on_drop: false }`
[INFO] [stdout] 1fa8d74f7a69c462d92d5e58faa5d0065dc50d62baedc4b9e8cf55ac9efcabf0
