[INFO] fetching crate pcap-file-ra 0.1.1...
[INFO] testing pcap-file-ra-0.1.1 against 1.100.0-beta.1+cargoflags=--release for beta-release-1.100-2
[INFO] extracting crate pcap-file-ra 0.1.1 into /workspace/builds/worker-5-tc2/source
[INFO] started tweaking crates.io crate pcap-file-ra 0.1.1
[INFO] finished tweaking crates.io crate pcap-file-ra 0.1.1
[INFO] tweaked toml for crates.io crate pcap-file-ra 0.1.1 written to /workspace/builds/worker-5-tc2/source/Cargo.toml
[INFO] validating manifest of crates.io crate pcap-file-ra 0.1.1 on toolchain 1.100.0-beta.1
[INFO] running `Command { std: CARGO_HOME="/workspace/cargo-home" RUSTUP_HOME="/workspace/rustup-home" "/workspace/cargo-home/bin/cargo" "+1.100.0-beta.1" "metadata" "--manifest-path" "Cargo.toml" "--no-deps", kill_on_drop: false }`
[INFO] running `Command { std: CARGO_HOME="/workspace/cargo-home" RUSTUP_HOME="/workspace/rustup-home" "/workspace/cargo-home/bin/cargo" "+1.100.0-beta.1" "generate-lockfile" "--manifest-path" "Cargo.toml", kill_on_drop: false }`
[INFO] [stderr]     Updating crates.io index
[INFO] [stderr]      Locking 22 packages to highest compatible versions
[INFO] [stderr]       Adding bincode v1.3.3 (available: v3.0.0)
[INFO] [stderr]       Adding pcap-file v0.10.0 (available: v2.0.0)
[INFO] running `Command { std: CARGO_HOME="/workspace/cargo-home" RUSTUP_HOME="/workspace/rustup-home" "/workspace/cargo-home/bin/cargo" "+1.100.0-beta.1" "fetch" "--manifest-path" "Cargo.toml", kill_on_drop: false }`
[INFO] [stderr] warning: Cargo.toml: `package.edition` is unspecified, defaulting to `2015` while the latest is `2024`
[INFO] [stderr] warning: `pcap-file-ra` (manifest) generated 1 warning
[INFO] running `Command { std: "docker" "create" "-v" "/var/lib/crater-agent-workspace/builds/worker-5-tc2/source:/opt/rustwide/workdir:ro,Z" "-v" "/var/lib/crater-agent-workspace/builds/worker-5-tc2/target:/opt/rustwide/target:rw,Z" "-v" "/var/lib/crater-agent-workspace/cargo-home:/opt/rustwide/cargo-home:ro,Z" "-v" "/var/lib/crater-agent-workspace/rustup-home:/opt/rustwide/rustup-home:ro,Z" "-m" "1610612736" "--network" "none" "ghcr.io/rust-lang/crates-build-env/linux@sha256:77db811e55d90add9212f6832c23229e3de5f1c1f9905e8cb07319ea15df73ac" "sleep" "infinity", kill_on_drop: false }`
[INFO] [stdout] d9aabc762481b484354358e7f6c86478750586669f338f2678d1d011c6222f25
[INFO] running `Command { std: "docker" "start" "d9aabc762481b484354358e7f6c86478750586669f338f2678d1d011c6222f25", kill_on_drop: false }`
[INFO] running `Command { std: "docker" "inspect" "d9aabc762481b484354358e7f6c86478750586669f338f2678d1d011c6222f25", kill_on_drop: false }`
[INFO] running `Command { std: "docker" "exec" "-e" "SOURCE_DIR=/opt/rustwide/workdir" "-e" "CARGO_HOME=/opt/rustwide/cargo-home" "-e" "RUSTUP_HOME=/opt/rustwide/rustup-home" "-e" "CARGO_TARGET_DIR=/opt/rustwide/target" "-w" "/opt/rustwide/workdir" "--user" "0:0" "d9aabc762481b484354358e7f6c86478750586669f338f2678d1d011c6222f25" "/opt/rustwide/cargo-home/bin/cargo" "+1.100.0-beta.1" "metadata" "--no-deps" "--format-version=1", kill_on_drop: false }`
[INFO] running `Command { std: "docker" "inspect" "d9aabc762481b484354358e7f6c86478750586669f338f2678d1d011c6222f25", kill_on_drop: false }`
[INFO] running `Command { std: "docker" "exec" "-e" "SOURCE_DIR=/opt/rustwide/workdir" "-e" "CARGO_HOME=/opt/rustwide/cargo-home" "-e" "RUSTUP_HOME=/opt/rustwide/rustup-home" "-e" "CARGO_TARGET_DIR=/opt/rustwide/target" "-e" "CARGO_INCREMENTAL=0" "-e" "RUST_BACKTRACE=full" "-e" "RUSTFLAGS=--cap-lints=warn" "-e" "RUSTDOCFLAGS=--cap-lints=warn" "-w" "/opt/rustwide/workdir" "--user" "0:0" "d9aabc762481b484354358e7f6c86478750586669f338f2678d1d011c6222f25" "/opt/rustwide/cargo-home/bin/cargo" "+1.100.0-beta.1" "build" "--frozen" "--message-format=json" "--release", kill_on_drop: false }`
[INFO] [stderr] warning: Cargo.toml: `package.edition` is unspecified, defaulting to `2015` while the latest is `2024`
[INFO] [stderr] warning: `pcap-file-ra` (manifest) generated 1 warning
[INFO] [stderr]    Compiling object v0.37.3
[INFO] [stderr]    Compiling libc v0.2.191
[INFO] [stderr]    Compiling memchr v2.8.3
[INFO] [stderr]    Compiling gimli v0.32.3
[INFO] [stderr]    Compiling quote v1.0.47
[INFO] [stderr]    Compiling proc-macro2 v1.0.107
[INFO] [stderr]    Compiling adler2 v2.0.1
[INFO] [stderr]    Compiling rustc-demangle v0.1.28
[INFO] [stderr]    Compiling miniz_oxide v0.8.9
[INFO] [stderr]    Compiling serde v1.0.229
[INFO] [stderr]    Compiling byteorder v1.5.0
[INFO] [stderr]    Compiling syn v3.0.9
[INFO] [stderr]    Compiling bincode v1.3.3
[INFO] [stderr]    Compiling serde_derive v1.0.229
[INFO] [stderr]    Compiling addr2line v0.25.1
[INFO] [stderr]    Compiling backtrace v0.3.76
[INFO] [stderr]    Compiling error-chain v0.11.0
[INFO] [stderr]    Compiling pcap-file v0.10.0
[INFO] [stderr]    Compiling pcap-file-ra v0.1.1 (/opt/rustwide/workdir)
[INFO] [stdout] warning: trait objects without an explicit `dyn` are deprecated
[INFO] [stdout]    --> src/lib.rs:130:38
[INFO] [stdout]     |
[INFO] [stdout] 130 |     ) -> Result<PcapReaderIndex, Box<Error>> {
[INFO] [stdout]     |                                      ^^^^^
[INFO] [stdout]     |
[INFO] [stdout]     = warning: this is accepted in the current edition (Rust 2015) but is a hard error in Rust 2021!
[INFO] [stdout]     = note: for more information, see <https://doc.rust-lang.org/edition-guide/rust-2021/warnings-promoted-to-error.html>
[INFO] [stdout]     = note: `#[warn(bare_trait_objects)]` (part of `#[warn(rust_2021_compatibility)]`) on by default
[INFO] [stdout] help: if this is a dyn-compatible trait, use `dyn`
[INFO] [stdout]     |
[INFO] [stdout] 130 |     ) -> Result<PcapReaderIndex, Box<dyn Error>> {
[INFO] [stdout]     |                                      +++
[INFO] [stdout] 
[INFO] [stdout] 
[INFO] [stdout] warning: trait objects without an explicit `dyn` are deprecated
[INFO] [stdout]    --> src/lib.rs:161:70
[INFO] [stdout]     |
[INFO] [stdout] 161 |     pub fn from_pcap(pcap_path: &str) -> Result<PcapReaderIndex, Box<Error>> {
[INFO] [stdout]     |                                                                      ^^^^^
[INFO] [stdout]     |
[INFO] [stdout]     = warning: this is accepted in the current edition (Rust 2015) but is a hard error in Rust 2021!
[INFO] [stdout]     = note: for more information, see <https://doc.rust-lang.org/edition-guide/rust-2021/warnings-promoted-to-error.html>
[INFO] [stdout] help: if this is a dyn-compatible trait, use `dyn`
[INFO] [stdout]     |
[INFO] [stdout] 161 |     pub fn from_pcap(pcap_path: &str) -> Result<PcapReaderIndex, Box<dyn Error>> {
[INFO] [stdout]     |                                                                      +++
[INFO] [stdout] 
[INFO] [stdout] 
[INFO] [stdout] warning: fields `pcap_path` and `offset_path` are never read
[INFO] [stdout]    --> src/lib.rs:118:5
[INFO] [stdout]     |
[INFO] [stdout] 112 | pub struct PcapReaderIndex {
[INFO] [stdout]     |            --------------- fields in this struct
[INFO] [stdout] ...
[INFO] [stdout] 118 |     pcap_path: String,
[INFO] [stdout]     |     ^^^^^^^^^
[INFO] [stdout] 119 |     /// path for the offset file
[INFO] [stdout] 120 |     offset_path: String,
[INFO] [stdout]     |     ^^^^^^^^^^^
[INFO] [stdout]     |
[INFO] [stdout]     = note: `PcapReaderIndex` has a derived impl for the trait `Debug`, but this is intentionally ignored during dead code analysis
[INFO] [stdout]     = note: `#[warn(dead_code)]` (part of `#[warn(unused)]`) on by default
[INFO] [stdout] 
[INFO] [stdout] 
[INFO] [stderr]     Finished `release` profile [optimized] target(s) in 29.16s
[INFO] [stderr] warning: the following packages contain code that will be rejected by a future version of Rust: pcap-file v0.10.0
[INFO] [stderr] note: to see what the problems were, use the option `--future-incompat-report`, or run `cargo report future-incompatibilities --id 3`
[INFO] running `Command { std: "docker" "inspect" "d9aabc762481b484354358e7f6c86478750586669f338f2678d1d011c6222f25", kill_on_drop: false }`
[INFO] running `Command { std: "docker" "exec" "-e" "SOURCE_DIR=/opt/rustwide/workdir" "-e" "CARGO_HOME=/opt/rustwide/cargo-home" "-e" "RUSTUP_HOME=/opt/rustwide/rustup-home" "-e" "CARGO_TARGET_DIR=/opt/rustwide/target" "-e" "CARGO_INCREMENTAL=0" "-e" "RUST_BACKTRACE=full" "-e" "RUSTFLAGS=--cap-lints=warn" "-e" "RUSTDOCFLAGS=--cap-lints=warn" "-w" "/opt/rustwide/workdir" "--user" "0:0" "d9aabc762481b484354358e7f6c86478750586669f338f2678d1d011c6222f25" "/opt/rustwide/cargo-home/bin/cargo" "+1.100.0-beta.1" "test" "--frozen" "--no-run" "--message-format=json" "--release", kill_on_drop: false }`
[INFO] [stderr] warning: Cargo.toml: `package.edition` is unspecified, defaulting to `2015` while the latest is `2024`
[INFO] [stderr] warning: `pcap-file-ra` (manifest) generated 1 warning
[INFO] [stderr]    Compiling pcap-file-ra v0.1.1 (/opt/rustwide/workdir)
[INFO] [stdout] warning: trait objects without an explicit `dyn` are deprecated
[INFO] [stdout]    --> src/lib.rs:130:38
[INFO] [stdout]     |
[INFO] [stdout] 130 |     ) -> Result<PcapReaderIndex, Box<Error>> {
[INFO] [stdout]     |                                      ^^^^^
[INFO] [stdout]     |
[INFO] [stdout]     = warning: this is accepted in the current edition (Rust 2015) but is a hard error in Rust 2021!
[INFO] [stdout]     = note: for more information, see <https://doc.rust-lang.org/edition-guide/rust-2021/warnings-promoted-to-error.html>
[INFO] [stdout]     = note: `#[warn(bare_trait_objects)]` (part of `#[warn(rust_2021_compatibility)]`) on by default
[INFO] [stdout] help: if this is a dyn-compatible trait, use `dyn`
[INFO] [stdout]     |
[INFO] [stdout] 130 |     ) -> Result<PcapReaderIndex, Box<dyn Error>> {
[INFO] [stdout]     |                                      +++
[INFO] [stdout] 
[INFO] [stdout] 
[INFO] [stdout] warning: trait objects without an explicit `dyn` are deprecated
[INFO] [stdout]    --> src/lib.rs:161:70
[INFO] [stdout]     |
[INFO] [stdout] 161 |     pub fn from_pcap(pcap_path: &str) -> Result<PcapReaderIndex, Box<Error>> {
[INFO] [stdout]     |                                                                      ^^^^^
[INFO] [stdout]     |
[INFO] [stdout]     = warning: this is accepted in the current edition (Rust 2015) but is a hard error in Rust 2021!
[INFO] [stdout]     = note: for more information, see <https://doc.rust-lang.org/edition-guide/rust-2021/warnings-promoted-to-error.html>
[INFO] [stdout] help: if this is a dyn-compatible trait, use `dyn`
[INFO] [stdout]     |
[INFO] [stdout] 161 |     pub fn from_pcap(pcap_path: &str) -> Result<PcapReaderIndex, Box<dyn Error>> {
[INFO] [stdout]     |                                                                      +++
[INFO] [stdout] 
[INFO] [stdout] 
[INFO] [stdout] warning: fields `pcap_path` and `offset_path` are never read
[INFO] [stdout]    --> src/lib.rs:118:5
[INFO] [stdout]     |
[INFO] [stdout] 112 | pub struct PcapReaderIndex {
[INFO] [stdout]     |            --------------- fields in this struct
[INFO] [stdout] ...
[INFO] [stdout] 118 |     pcap_path: String,
[INFO] [stdout]     |     ^^^^^^^^^
[INFO] [stdout] 119 |     /// path for the offset file
[INFO] [stdout] 120 |     offset_path: String,
[INFO] [stdout]     |     ^^^^^^^^^^^
[INFO] [stdout]     |
[INFO] [stdout]     = note: `PcapReaderIndex` has a derived impl for the trait `Debug`, but this is intentionally ignored during dead code analysis
[INFO] [stdout]     = note: `#[warn(dead_code)]` (part of `#[warn(unused)]`) on by default
[INFO] [stdout] 
[INFO] [stdout] 
[INFO] [stdout] warning: unused import: `*`
[INFO] [stdout]    --> src/lib.rs:227:9
[INFO] [stdout]     |
[INFO] [stdout] 227 |     use *;
[INFO] [stdout]     |         ^
[INFO] [stdout]     |
[INFO] [stdout]     = note: `#[warn(unused_imports)]` (part of `#[warn(unused)]`) on by default
[INFO] [stdout] 
[INFO] [stdout] 
[INFO] [stdout] warning: trait objects without an explicit `dyn` are deprecated
[INFO] [stdout]    --> src/lib.rs:130:38
[INFO] [stdout]     |
[INFO] [stdout] 130 |     ) -> Result<PcapReaderIndex, Box<Error>> {
[INFO] [stdout]     |                                      ^^^^^
[INFO] [stdout]     |
[INFO] [stdout]     = warning: this is accepted in the current edition (Rust 2015) but is a hard error in Rust 2021!
[INFO] [stdout]     = note: for more information, see <https://doc.rust-lang.org/edition-guide/rust-2021/warnings-promoted-to-error.html>
[INFO] [stdout]     = note: `#[warn(bare_trait_objects)]` (part of `#[warn(rust_2021_compatibility)]`) on by default
[INFO] [stdout] help: if this is a dyn-compatible trait, use `dyn`
[INFO] [stdout]     |
[INFO] [stdout] 130 |     ) -> Result<PcapReaderIndex, Box<dyn Error>> {
[INFO] [stdout]     |                                      +++
[INFO] [stdout] 
[INFO] [stdout] 
[INFO] [stdout] warning: trait objects without an explicit `dyn` are deprecated
[INFO] [stdout]    --> src/lib.rs:161:70
[INFO] [stdout]     |
[INFO] [stdout] 161 |     pub fn from_pcap(pcap_path: &str) -> Result<PcapReaderIndex, Box<Error>> {
[INFO] [stdout]     |                                                                      ^^^^^
[INFO] [stdout]     |
[INFO] [stdout]     = warning: this is accepted in the current edition (Rust 2015) but is a hard error in Rust 2021!
[INFO] [stdout]     = note: for more information, see <https://doc.rust-lang.org/edition-guide/rust-2021/warnings-promoted-to-error.html>
[INFO] [stdout] help: if this is a dyn-compatible trait, use `dyn`
[INFO] [stdout]     |
[INFO] [stdout] 161 |     pub fn from_pcap(pcap_path: &str) -> Result<PcapReaderIndex, Box<dyn Error>> {
[INFO] [stdout]     |                                                                      +++
[INFO] [stdout] 
[INFO] [stdout] 
[INFO] [stdout] warning: fields `pcap_path` and `offset_path` are never read
[INFO] [stdout]    --> src/lib.rs:118:5
[INFO] [stdout]     |
[INFO] [stdout] 112 | pub struct PcapReaderIndex {
[INFO] [stdout]     |            --------------- fields in this struct
[INFO] [stdout] ...
[INFO] [stdout] 118 |     pcap_path: String,
[INFO] [stdout]     |     ^^^^^^^^^
[INFO] [stdout] 119 |     /// path for the offset file
[INFO] [stdout] 120 |     offset_path: String,
[INFO] [stdout]     |     ^^^^^^^^^^^
[INFO] [stdout]     |
[INFO] [stdout]     = note: `PcapReaderIndex` has a derived impl for the trait `Debug`, but this is intentionally ignored during dead code analysis
[INFO] [stdout]     = note: `#[warn(dead_code)]` (part of `#[warn(unused)]`) on by default
[INFO] [stdout] 
[INFO] [stdout] 
[INFO] [stderr]     Finished `release` profile [optimized] target(s) in 1.19s
[INFO] [stderr] warning: the following packages contain code that will be rejected by a future version of Rust: pcap-file v0.10.0
[INFO] [stderr] note: to see what the problems were, use the option `--future-incompat-report`, or run `cargo report future-incompatibilities --id 3`
[INFO] running `Command { std: "docker" "inspect" "d9aabc762481b484354358e7f6c86478750586669f338f2678d1d011c6222f25", kill_on_drop: false }`
[INFO] running `Command { std: "docker" "exec" "-e" "SOURCE_DIR=/opt/rustwide/workdir" "-e" "CARGO_HOME=/opt/rustwide/cargo-home" "-e" "RUSTUP_HOME=/opt/rustwide/rustup-home" "-e" "CARGO_TARGET_DIR=/opt/rustwide/target" "-e" "CARGO_INCREMENTAL=0" "-e" "RUST_BACKTRACE=full" "-e" "RUSTFLAGS=--cap-lints=warn" "-e" "RUSTDOCFLAGS=--cap-lints=warn" "-w" "/opt/rustwide/workdir" "--user" "0:0" "d9aabc762481b484354358e7f6c86478750586669f338f2678d1d011c6222f25" "/opt/rustwide/cargo-home/bin/cargo" "+1.100.0-beta.1" "test" "--frozen" "--release", kill_on_drop: false }`
[INFO] [stderr] warning: Cargo.toml: `package.edition` is unspecified, defaulting to `2015` while the latest is `2024`
[INFO] [stderr] warning: `pcap-file-ra` (manifest) generated 1 warning
[INFO] [stderr] warning: trait objects without an explicit `dyn` are deprecated
[INFO] [stderr]    --> src/lib.rs:130:38
[INFO] [stderr]     |
[INFO] [stderr] 130 |     ) -> Result<PcapReaderIndex, Box<Error>> {
[INFO] [stderr]     |                                      ^^^^^
[INFO] [stderr]     |
[INFO] [stderr]     = warning: this is accepted in the current edition (Rust 2015) but is a hard error in Rust 2021!
[INFO] [stderr]     = note: for more information, see <https://doc.rust-lang.org/edition-guide/rust-2021/warnings-promoted-to-error.html>
[INFO] [stderr]     = note: `#[warn(bare_trait_objects)]` (part of `#[warn(rust_2021_compatibility)]`) on by default
[INFO] [stderr] help: if this is a dyn-compatible trait, use `dyn`
[INFO] [stderr]     |
[INFO] [stderr] 130 |     ) -> Result<PcapReaderIndex, Box<dyn Error>> {
[INFO] [stderr]     |                                      +++
[INFO] [stderr] 
[INFO] [stderr] warning: trait objects without an explicit `dyn` are deprecated
[INFO] [stderr]    --> src/lib.rs:161:70
[INFO] [stderr]     |
[INFO] [stderr] 161 |     pub fn from_pcap(pcap_path: &str) -> Result<PcapReaderIndex, Box<Error>> {
[INFO] [stderr]     |                                                                      ^^^^^
[INFO] [stderr]     |
[INFO] [stderr]     = warning: this is accepted in the current edition (Rust 2015) but is a hard error in Rust 2021!
[INFO] [stderr]     = note: for more information, see <https://doc.rust-lang.org/edition-guide/rust-2021/warnings-promoted-to-error.html>
[INFO] [stderr] help: if this is a dyn-compatible trait, use `dyn`
[INFO] [stderr]     |
[INFO] [stderr] 161 |     pub fn from_pcap(pcap_path: &str) -> Result<PcapReaderIndex, Box<dyn Error>> {
[INFO] [stderr]     |                                                                      +++
[INFO] [stderr] 
[INFO] [stderr] warning: fields `pcap_path` and `offset_path` are never read
[INFO] [stderr]    --> src/lib.rs:118:5
[INFO] [stderr]     |
[INFO] [stderr] 112 | pub struct PcapReaderIndex {
[INFO] [stderr]     |            --------------- fields in this struct
[INFO] [stderr] ...
[INFO] [stderr] 118 |     pcap_path: String,
[INFO] [stderr]     |     ^^^^^^^^^
[INFO] [stderr] 119 |     /// path for the offset file
[INFO] [stderr] 120 |     offset_path: String,
[INFO] [stderr]     |     ^^^^^^^^^^^
[INFO] [stderr]     |
[INFO] [stderr]     = note: `PcapReaderIndex` has a derived impl for the trait `Debug`, but this is intentionally ignored during dead code analysis
[INFO] [stderr]     = note: `#[warn(dead_code)]` (part of `#[warn(unused)]`) on by default
[INFO] [stderr] 
[INFO] [stderr] warning: unused import: `*`
[INFO] [stderr]    --> src/lib.rs:227:9
[INFO] [stderr]     |
[INFO] [stderr] 227 |     use *;
[INFO] [stderr]     |         ^
[INFO] [stderr]     |
[INFO] [stderr]     = note: `#[warn(unused_imports)]` (part of `#[warn(unused)]`) on by default
[INFO] [stderr] 
[INFO] [stderr] warning: `pcap-file-ra` (lib) generated 3 warnings (run `cargo fix --lib -p pcap-file-ra` to apply 2 suggestions)
[INFO] [stderr] warning: `pcap-file-ra` (lib test) generated 4 warnings (3 duplicates) (run `cargo fix --lib -p pcap-file-ra --tests` to apply 1 suggestion)
[INFO] [stderr]     Finished `release` profile [optimized] target(s) in 0.07s
[INFO] [stderr] warning: the following packages contain code that will be rejected by a future version of Rust: pcap-file v0.10.0
[INFO] [stderr] note: to see what the problems were, use the option `--future-incompat-report`, or run `cargo report future-incompatibilities --id 3`
[INFO] [stderr]      Running unittests src/lib.rs (/opt/rustwide/target/release/build/pcap-file-ra/a065874619d8a82a/out/pcap_file_ra-a065874619d8a82a)
[INFO] [stdout] 
[INFO] [stdout] running 5 tests
[INFO] [stdout] test tests::pcap_reader_seek::compare_with_calculated_offsets ... ok
[INFO] [stdout] test tests::packet_offsets::methods ... FAILED
[INFO] [stdout] test tests::pcap_reader_index::iterator ... FAILED
[INFO] [stdout] test tests::pcap_reader_index::new ... FAILED
[INFO] [stderr] error: test failed, to rerun pass `--lib`
[INFO] [stdout] test tests::pcap_reader_index::from_pcap ... FAILED
[INFO] [stdout] 
[INFO] [stdout] failures:
[INFO] [stdout] 
[INFO] [stdout] ---- tests::packet_offsets::methods stdout ----
[INFO] [stdout] 
[INFO] [stdout] thread 'tests::packet_offsets::methods' (483) panicked at src/lib.rs:273:42:
[INFO] [stdout] called `Result::unwrap()` on an `Err` value: Io(Os { code: 30, kind: ReadOnlyFilesystem, message: "Read-only file system" })
[INFO] [stdout] stack backtrace:
[INFO] [stdout]    0:     0x628a94976ba1 - <<std[617be2ca0a6fd877]::sys::backtrace::BacktraceLock>::print::DisplayBacktrace as core[a373ad73a504971]::fmt::Display>::fmt
[INFO] [stdout]    1:     0x628a9498acba - core[a373ad73a504971]::fmt::write
[INFO] [stdout]    2:     0x628a9497ae7c - <alloc[2e1b2a31b91974c5]::vec::Vec<u8> as core[a373ad73a504971]::io::write::Write>::write_fmt
[INFO] [stdout]    3:     0x628a94952a26 - std[617be2ca0a6fd877]::panicking::default_hook::{closure#0}
[INFO] [stdout]    4:     0x628a9496f0b9 - std[617be2ca0a6fd877]::panicking::default_hook
[INFO] [stdout]    5:     0x628a948d7a10 - test[aada8e7e76ba119b]::test_main_inner::{closure#0}
[INFO] [stdout]    6:     0x628a9496f272 - std[617be2ca0a6fd877]::panicking::panic_with_hook
[INFO] [stdout]    7:     0x628a94952ad2 - std[617be2ca0a6fd877]::panicking::panic_handler::{closure#0}
[INFO] [stdout]    8:     0x628a9494b739 - std[617be2ca0a6fd877]::sys::backtrace::__rust_end_short_backtrace::<std[617be2ca0a6fd877]::panicking::panic_handler::{closure#0}, !>
[INFO] [stdout]    9:     0x628a949536dd - __rustc[ea4f61d10b84890b]::rust_begin_unwind
[INFO] [stdout]   10:     0x628a9498b3ec - core[a373ad73a504971]::panicking::panic_fmt
[INFO] [stdout]   11:     0x628a9498b1c2 - core[a373ad73a504971]::result::unwrap_failed
[INFO] [stdout]   12:     0x628a948c7d22 - <pcap_file_ra[678c788d26ef4564]::tests::packet_offsets::methods::{closure#0} as core[a373ad73a504971]::ops::function::FnOnce<()>>::call_once
[INFO] [stdout]   13:     0x628a948cae5b - test[aada8e7e76ba119b]::__rust_begin_short_backtrace::<core[a373ad73a504971]::result::Result<(), alloc[2e1b2a31b91974c5]::string::String>, fn() -> core[a373ad73a504971]::result::Result<(), alloc[2e1b2a31b91974c5]::string::String>>
[INFO] [stdout]   14:     0x628a948d8035 - test[aada8e7e76ba119b]::run_test::{closure#0}
[INFO] [stdout]   15:     0x628a948d1924 - std[617be2ca0a6fd877]::sys::backtrace::__rust_begin_short_backtrace::<test[aada8e7e76ba119b]::run_test::{closure#1}, ()>
[INFO] [stdout]   16:     0x628a948db0c2 - <std[617be2ca0a6fd877]::thread::lifecycle::spawn_unchecked<test[aada8e7e76ba119b]::run_test::{closure#1}, ()>::{closure#1} as core[a373ad73a504971]::ops::function::FnOnce<()>>::call_once::{shim:vtable#0}
[INFO] [stdout]   17:     0x628a949763ff - <std[617be2ca0a6fd877]::sys::thread::unix::Thread>::new::thread_start
[INFO] [stdout]   18:     0x762dd9491dfa - <unknown>
[INFO] [stdout]   19:     0x762dd95253d4 - clone
[INFO] [stdout]   20:                0x0 - <unknown>
[INFO] [stdout] 
[INFO] [stdout] ---- tests::pcap_reader_index::iterator stdout ----
[INFO] [stdout] 
[INFO] [stdout] thread 'tests::pcap_reader_index::iterator' (485) panicked at src/lib.rs:355:94:
[INFO] [stdout] called `Result::unwrap()` on an `Err` value: Io(Os { code: 30, kind: ReadOnlyFilesystem, message: "Read-only file system" })
[INFO] [stdout] stack backtrace:
[INFO] [stdout]    0:     0x628a94976ba1 - <<std[617be2ca0a6fd877]::sys::backtrace::BacktraceLock>::print::DisplayBacktrace as core[a373ad73a504971]::fmt::Display>::fmt
[INFO] [stdout]    1:     0x628a9498acba - core[a373ad73a504971]::fmt::write
[INFO] [stdout]    2:     0x628a9497ae7c - <alloc[2e1b2a31b91974c5]::vec::Vec<u8> as core[a373ad73a504971]::io::write::Write>::write_fmt
[INFO] [stdout]    3:     0x628a94952a26 - std[617be2ca0a6fd877]::panicking::default_hook::{closure#0}
[INFO] [stdout]    4:     0x628a9496f0b9 - std[617be2ca0a6fd877]::panicking::default_hook
[INFO] [stdout]    5:     0x628a948d7a10 - test[aada8e7e76ba119b]::test_main_inner::{closure#0}
[INFO] [stdout]    6:     0x628a9496f272 - std[617be2ca0a6fd877]::panicking::panic_with_hook
[INFO] [stdout]    7:     0x628a94952ad2 - std[617be2ca0a6fd877]::panicking::panic_handler::{closure#0}
[INFO] [stdout]    8:     0x628a9494b739 - std[617be2ca0a6fd877]::sys::backtrace::__rust_end_short_backtrace::<std[617be2ca0a6fd877]::panicking::panic_handler::{closure#0}, !>
[INFO] [stdout]    9:     0x628a949536dd - __rustc[ea4f61d10b84890b]::rust_begin_unwind
[INFO] [stdout]   10:     0x628a9498b3ec - core[a373ad73a504971]::panicking::panic_fmt
[INFO] [stdout]   11:     0x628a9498b1c2 - core[a373ad73a504971]::result::unwrap_failed
[INFO] [stdout]   12:     0x628a948c55e9 - <pcap_file_ra[678c788d26ef4564]::tests::pcap_reader_index::iterator::{closure#0} as core[a373ad73a504971]::ops::function::FnOnce<()>>::call_once
[INFO] [stdout]   13:     0x628a948cae5b - test[aada8e7e76ba119b]::__rust_begin_short_backtrace::<core[a373ad73a504971]::result::Result<(), alloc[2e1b2a31b91974c5]::string::String>, fn() -> core[a373ad73a504971]::result::Result<(), alloc[2e1b2a31b91974c5]::string::String>>
[INFO] [stdout]   14:     0x628a948d8035 - test[aada8e7e76ba119b]::run_test::{closure#0}
[INFO] [stdout]   15:     0x628a948d1924 - std[617be2ca0a6fd877]::sys::backtrace::__rust_begin_short_backtrace::<test[aada8e7e76ba119b]::run_test::{closure#1}, ()>
[INFO] [stdout]   16:     0x628a948db0c2 - <std[617be2ca0a6fd877]::thread::lifecycle::spawn_unchecked<test[aada8e7e76ba119b]::run_test::{closure#1}, ()>::{closure#1} as core[a373ad73a504971]::ops::function::FnOnce<()>>::call_once::{shim:vtable#0}
[INFO] [stdout]   17:     0x628a949763ff - <std[617be2ca0a6fd877]::sys::thread::unix::Thread>::new::thread_start
[INFO] [stdout]   18:     0x762dd9491dfa - <unknown>
[INFO] [stdout]   19:     0x762dd95253d4 - clone
[INFO] [stdout]   20:                0x0 - <unknown>
[INFO] [stdout] 
[INFO] [stdout] ---- tests::pcap_reader_index::new stdout ----
[INFO] [stdout] 
[INFO] [stdout] thread 'tests::pcap_reader_index::new' (486) panicked at src/lib.rs:315:98:
[INFO] [stdout] called `Result::unwrap()` on an `Err` value: Io(Os { code: 30, kind: ReadOnlyFilesystem, message: "Read-only file system" })
[INFO] [stdout] stack backtrace:
[INFO] [stdout]    0:     0x628a94976ba1 - <<std[617be2ca0a6fd877]::sys::backtrace::BacktraceLock>::print::DisplayBacktrace as core[a373ad73a504971]::fmt::Display>::fmt
[INFO] [stdout]    1:     0x628a9498acba - core[a373ad73a504971]::fmt::write
[INFO] [stdout]    2:     0x628a9497ae7c - <alloc[2e1b2a31b91974c5]::vec::Vec<u8> as core[a373ad73a504971]::io::write::Write>::write_fmt
[INFO] [stdout]    3:     0x628a94952a26 - std[617be2ca0a6fd877]::panicking::default_hook::{closure#0}
[INFO] [stdout]    4:     0x628a9496f0b9 - std[617be2ca0a6fd877]::panicking::default_hook
[INFO] [stdout]    5:     0x628a948d7a10 - test[aada8e7e76ba119b]::test_main_inner::{closure#0}
[INFO] [stdout]    6:     0x628a9496f272 - std[617be2ca0a6fd877]::panicking::panic_with_hook
[INFO] [stdout]    7:     0x628a94952ad2 - std[617be2ca0a6fd877]::panicking::panic_handler::{closure#0}
[INFO] [stdout]    8:     0x628a9494b739 - std[617be2ca0a6fd877]::sys::backtrace::__rust_end_short_backtrace::<std[617be2ca0a6fd877]::panicking::panic_handler::{closure#0}, !>
[INFO] [stdout]    9:     0x628a949536dd - __rustc[ea4f61d10b84890b]::rust_begin_unwind
[INFO] [stdout]   10:     0x628a9498b3ec - core[a373ad73a504971]::panicking::panic_fmt
[INFO] [stdout]   11:     0x628a9498b1c2 - core[a373ad73a504971]::result::unwrap_failed
[INFO] [stdout]   12:     0x628a948c520a - <pcap_file_ra[678c788d26ef4564]::tests::pcap_reader_index::new::{closure#0} as core[a373ad73a504971]::ops::function::FnOnce<()>>::call_once
[INFO] [stdout]   13:     0x628a948cae5b - test[aada8e7e76ba119b]::__rust_begin_short_backtrace::<core[a373ad73a504971]::result::Result<(), alloc[2e1b2a31b91974c5]::string::String>, fn() -> core[a373ad73a504971]::result::Result<(), alloc[2e1b2a31b91974c5]::string::String>>
[INFO] [stdout]   14:     0x628a948d8035 - test[aada8e7e76ba119b]::run_test::{closure#0}
[INFO] [stdout]   15:     0x628a948d1924 - std[617be2ca0a6fd877]::sys::backtrace::__rust_begin_short_backtrace::<test[aada8e7e76ba119b]::run_test::{closure#1}, ()>
[INFO] [stdout]   16:     0x628a948db0c2 - <std[617be2ca0a6fd877]::thread::lifecycle::spawn_unchecked<test[aada8e7e76ba119b]::run_test::{closure#1}, ()>::{closure#1} as core[a373ad73a504971]::ops::function::FnOnce<()>>::call_once::{shim:vtable#0}
[INFO] [stdout]   17:     0x628a949763ff - <std[617be2ca0a6fd877]::sys::thread::unix::Thread>::new::thread_start
[INFO] [stdout]   18:     0x762dd9491dfa - <unknown>
[INFO] [stdout]   19:     0x762dd95253d4 - clone
[INFO] [stdout]   20:                0x0 - <unknown>
[INFO] [stdout] 
[INFO] [stdout] ---- tests::pcap_reader_index::from_pcap stdout ----
[INFO] [stdout] 
[INFO] [stdout] thread 'tests::pcap_reader_index::from_pcap' (484) panicked at src/lib.rs:334:13:
[INFO] [stdout] assertion `left == right` failed
[INFO] [stdout]   left: true
[INFO] [stdout]  right: false
[INFO] [stdout] stack backtrace:
[INFO] [stdout]    0:     0x628a94976ba1 - <<std[617be2ca0a6fd877]::sys::backtrace::BacktraceLock>::print::DisplayBacktrace as core[a373ad73a504971]::fmt::Display>::fmt
[INFO] [stdout]    1:     0x628a9498acba - core[a373ad73a504971]::fmt::write
[INFO] [stdout]    2:     0x628a9497ae7c - <alloc[2e1b2a31b91974c5]::vec::Vec<u8> as core[a373ad73a504971]::io::write::Write>::write_fmt
[INFO] [stdout]    3:     0x628a94952a26 - std[617be2ca0a6fd877]::panicking::default_hook::{closure#0}
[INFO] [stdout]    4:     0x628a9496f0b9 - std[617be2ca0a6fd877]::panicking::default_hook
[INFO] [stdout]    5:     0x628a948d7a10 - test[aada8e7e76ba119b]::test_main_inner::{closure#0}
[INFO] [stdout]    6:     0x628a9496f272 - std[617be2ca0a6fd877]::panicking::panic_with_hook
[INFO] [stdout]    7:     0x628a94952ad2 - std[617be2ca0a6fd877]::panicking::panic_handler::{closure#0}
[INFO] [stdout]    8:     0x628a9494b739 - std[617be2ca0a6fd877]::sys::backtrace::__rust_end_short_backtrace::<std[617be2ca0a6fd877]::panicking::panic_handler::{closure#0}, !>
[INFO] [stdout]    9:     0x628a949536dd - __rustc[ea4f61d10b84890b]::rust_begin_unwind
[INFO] [stdout]   10:     0x628a9498b3ec - core[a373ad73a504971]::panicking::panic_fmt
[INFO] [stdout]   11:     0x628a9498b303 - core[a373ad73a504971]::panicking::assert_failed_inner
[INFO] [stdout]   12:     0x628a948c617d - core[a373ad73a504971]::panicking::assert_failed::<bool, bool>
[INFO] [stdout]   13:     0x628a948c5aeb - <pcap_file_ra[678c788d26ef4564]::tests::pcap_reader_index::from_pcap::{closure#0} as core[a373ad73a504971]::ops::function::FnOnce<()>>::call_once
[INFO] [stdout]   14:     0x628a948cae5b - test[aada8e7e76ba119b]::__rust_begin_short_backtrace::<core[a373ad73a504971]::result::Result<(), alloc[2e1b2a31b91974c5]::string::String>, fn() -> core[a373ad73a504971]::result::Result<(), alloc[2e1b2a31b91974c5]::string::String>>
[INFO] [stdout]   15:     0x628a948d8035 - test[aada8e7e76ba119b]::run_test::{closure#0}
[INFO] [stdout]   16:     0x628a948d1924 - std[617be2ca0a6fd877]::sys::backtrace::__rust_begin_short_backtrace::<test[aada8e7e76ba119b]::run_test::{closure#1}, ()>
[INFO] [stdout]   17:     0x628a948db0c2 - <std[617be2ca0a6fd877]::thread::lifecycle::spawn_unchecked<test[aada8e7e76ba119b]::run_test::{closure#1}, ()>::{closure#1} as core[a373ad73a504971]::ops::function::FnOnce<()>>::call_once::{shim:vtable#0}
[INFO] [stdout]   18:     0x628a949763ff - <std[617be2ca0a6fd877]::sys::thread::unix::Thread>::new::thread_start
[INFO] [stdout]   19:     0x762dd9491dfa - <unknown>
[INFO] [stdout]   20:     0x762dd95253d4 - clone
[INFO] [stdout]   21:                0x0 - <unknown>
[INFO] [stdout] 
[INFO] [stdout] 
[INFO] [stdout] failures:
[INFO] [stdout]     tests::packet_offsets::methods
[INFO] [stdout]     tests::pcap_reader_index::from_pcap
[INFO] [stdout]     tests::pcap_reader_index::iterator
[INFO] [stdout]     tests::pcap_reader_index::new
[INFO] [stdout] 
[INFO] [stdout] test result: FAILED. 1 passed; 4 failed; 0 ignored; 0 measured; 0 filtered out; finished in 0.06s
[INFO] [stdout] 
[INFO] running `Command { std: "docker" "inspect" "d9aabc762481b484354358e7f6c86478750586669f338f2678d1d011c6222f25", kill_on_drop: false }`
[INFO] running `Command { std: "docker" "rm" "-f" "d9aabc762481b484354358e7f6c86478750586669f338f2678d1d011c6222f25", kill_on_drop: false }`
[INFO] [stdout] d9aabc762481b484354358e7f6c86478750586669f338f2678d1d011c6222f25
