[INFO] fetching crate pbr 1.1.1...
[INFO] testing pbr-1.1.1 against 1.99.0-beta.8+cargoflags=--release for beta-release-1.100-2
[INFO] extracting crate pbr 1.1.1 into /workspace/builds/worker-3-tc1/source
[INFO] started tweaking crates.io crate pbr 1.1.1
[INFO] finished tweaking crates.io crate pbr 1.1.1
[INFO] tweaked toml for crates.io crate pbr 1.1.1 written to /workspace/builds/worker-3-tc1/source/Cargo.toml
[INFO] validating manifest of crates.io crate pbr 1.1.1 on toolchain 1.99.0-beta.8
[INFO] running `Command { std: CARGO_HOME="/workspace/cargo-home" RUSTUP_HOME="/workspace/rustup-home" "/workspace/cargo-home/bin/cargo" "+1.99.0-beta.8" "metadata" "--manifest-path" "Cargo.toml" "--no-deps", kill_on_drop: false }`
[INFO] crate crates.io crate pbr 1.1.1 already has a lockfile, it will not be regenerated
[INFO] running `Command { std: CARGO_HOME="/workspace/cargo-home" RUSTUP_HOME="/workspace/rustup-home" "/workspace/cargo-home/bin/cargo" "+1.99.0-beta.8" "fetch" "--manifest-path" "Cargo.toml", kill_on_drop: false }`
[INFO] running `Command { std: "docker" "create" "-v" "/var/lib/crater-agent-workspace/builds/worker-3-tc1/source:/opt/rustwide/workdir:ro,Z" "-v" "/var/lib/crater-agent-workspace/builds/worker-3-tc1/target:/opt/rustwide/target:rw,Z" "-v" "/var/lib/crater-agent-workspace/cargo-home:/opt/rustwide/cargo-home:ro,Z" "-v" "/var/lib/crater-agent-workspace/rustup-home:/opt/rustwide/rustup-home:ro,Z" "-m" "1610612736" "--network" "none" "ghcr.io/rust-lang/crates-build-env/linux@sha256:77db811e55d90add9212f6832c23229e3de5f1c1f9905e8cb07319ea15df73ac" "sleep" "infinity", kill_on_drop: false }`
[INFO] [stdout] 8d402bac0dacdad40bc594665e51b70f9a2d4287f72ff33a643cadd0af676080
[INFO] running `Command { std: "docker" "start" "8d402bac0dacdad40bc594665e51b70f9a2d4287f72ff33a643cadd0af676080", kill_on_drop: false }`
[INFO] running `Command { std: "docker" "inspect" "8d402bac0dacdad40bc594665e51b70f9a2d4287f72ff33a643cadd0af676080", kill_on_drop: false }`
[INFO] running `Command { std: "docker" "exec" "-e" "SOURCE_DIR=/opt/rustwide/workdir" "-e" "CARGO_HOME=/opt/rustwide/cargo-home" "-e" "RUSTUP_HOME=/opt/rustwide/rustup-home" "-e" "CARGO_TARGET_DIR=/opt/rustwide/target" "-w" "/opt/rustwide/workdir" "--user" "0:0" "8d402bac0dacdad40bc594665e51b70f9a2d4287f72ff33a643cadd0af676080" "/opt/rustwide/cargo-home/bin/cargo" "+1.99.0-beta.8" "metadata" "--no-deps" "--format-version=1", kill_on_drop: false }`
[INFO] running `Command { std: "docker" "inspect" "8d402bac0dacdad40bc594665e51b70f9a2d4287f72ff33a643cadd0af676080", kill_on_drop: false }`
[INFO] running `Command { std: "docker" "exec" "-e" "SOURCE_DIR=/opt/rustwide/workdir" "-e" "CARGO_HOME=/opt/rustwide/cargo-home" "-e" "RUSTUP_HOME=/opt/rustwide/rustup-home" "-e" "CARGO_TARGET_DIR=/opt/rustwide/target" "-e" "CARGO_INCREMENTAL=0" "-e" "RUST_BACKTRACE=full" "-e" "RUSTFLAGS=--cap-lints=warn" "-e" "RUSTDOCFLAGS=--cap-lints=warn" "-w" "/opt/rustwide/workdir" "--user" "0:0" "8d402bac0dacdad40bc594665e51b70f9a2d4287f72ff33a643cadd0af676080" "/opt/rustwide/cargo-home/bin/cargo" "+1.99.0-beta.8" "build" "--frozen" "--message-format=json" "--release", kill_on_drop: false }`
[INFO] [stderr]    Compiling crossbeam-utils v0.8.14
[INFO] [stderr]    Compiling libc v0.2.139
[INFO] [stderr]    Compiling crossbeam-channel v0.5.6
[INFO] [stderr]    Compiling pbr v1.1.1 (/opt/rustwide/workdir)
[INFO] [stdout] warning: field `0` is never read
[INFO] [stdout]   --> src/tty/mod.rs:13:19
[INFO] [stdout]    |
[INFO] [stdout] 13 | pub struct Height(pub u16);
[INFO] [stdout]    |            ------ ^^^^^^^
[INFO] [stdout]    |            |
[INFO] [stdout]    |            field in this struct
[INFO] [stdout]    |
[INFO] [stdout]    = help: consider removing this field
[INFO] [stdout]    = note: `Height` has a derived impl for the trait `Debug`, but this is intentionally ignored during dead code analysis
[INFO] [stdout]    = note: `#[warn(dead_code)]` (part of `#[warn(unused)]`) on by default
[INFO] [stdout] 
[INFO] [stdout] 
[INFO] [stderr]     Finished `release` profile [optimized] target(s) in 2.60s
[INFO] running `Command { std: "docker" "inspect" "8d402bac0dacdad40bc594665e51b70f9a2d4287f72ff33a643cadd0af676080", kill_on_drop: false }`
[INFO] running `Command { std: "docker" "exec" "-e" "SOURCE_DIR=/opt/rustwide/workdir" "-e" "CARGO_HOME=/opt/rustwide/cargo-home" "-e" "RUSTUP_HOME=/opt/rustwide/rustup-home" "-e" "CARGO_TARGET_DIR=/opt/rustwide/target" "-e" "CARGO_INCREMENTAL=0" "-e" "RUST_BACKTRACE=full" "-e" "RUSTFLAGS=--cap-lints=warn" "-e" "RUSTDOCFLAGS=--cap-lints=warn" "-w" "/opt/rustwide/workdir" "--user" "0:0" "8d402bac0dacdad40bc594665e51b70f9a2d4287f72ff33a643cadd0af676080" "/opt/rustwide/cargo-home/bin/cargo" "+1.99.0-beta.8" "test" "--frozen" "--no-run" "--message-format=json" "--release", kill_on_drop: false }`
[INFO] [stderr]    Compiling getrandom v0.2.8
[INFO] [stdout] warning: field `0` is never read
[INFO] [stdout]   --> src/tty/mod.rs:13:19
[INFO] [stdout]    |
[INFO] [stdout] 13 | pub struct Height(pub u16);
[INFO] [stdout]    |            ------ ^^^^^^^
[INFO] [stdout]    |            |
[INFO] [stdout]    |            field in this struct
[INFO] [stdout]    |
[INFO] [stdout]    = help: consider removing this field
[INFO] [stdout]    = note: `Height` has a derived impl for the trait `Debug`, but this is intentionally ignored during dead code analysis
[INFO] [stdout]    = note: `#[warn(dead_code)]` (part of `#[warn(unused)]`) on by default
[INFO] [stdout] 
[INFO] [stdout] 
[INFO] [stderr]    Compiling rand_core v0.6.4
[INFO] [stderr]    Compiling rand_chacha v0.3.1
[INFO] [stderr]    Compiling rand v0.8.5
[INFO] [stderr]    Compiling pbr v1.1.1 (/opt/rustwide/workdir)
[INFO] [stderr]     Finished `release` profile [optimized] target(s) in 5.33s
[INFO] running `Command { std: "docker" "inspect" "8d402bac0dacdad40bc594665e51b70f9a2d4287f72ff33a643cadd0af676080", kill_on_drop: false }`
[INFO] running `Command { std: "docker" "exec" "-e" "SOURCE_DIR=/opt/rustwide/workdir" "-e" "CARGO_HOME=/opt/rustwide/cargo-home" "-e" "RUSTUP_HOME=/opt/rustwide/rustup-home" "-e" "CARGO_TARGET_DIR=/opt/rustwide/target" "-e" "CARGO_INCREMENTAL=0" "-e" "RUST_BACKTRACE=full" "-e" "RUSTFLAGS=--cap-lints=warn" "-e" "RUSTDOCFLAGS=--cap-lints=warn" "-w" "/opt/rustwide/workdir" "--user" "0:0" "8d402bac0dacdad40bc594665e51b70f9a2d4287f72ff33a643cadd0af676080" "/opt/rustwide/cargo-home/bin/cargo" "+1.99.0-beta.8" "test" "--frozen" "--release", kill_on_drop: false }`
[INFO] [stderr] warning: field `0` is never read
[INFO] [stderr]   --> src/tty/mod.rs:13:19
[INFO] [stderr]    |
[INFO] [stderr] 13 | pub struct Height(pub u16);
[INFO] [stderr]    |            ------ ^^^^^^^
[INFO] [stderr]    |            |
[INFO] [stderr]    |            field in this struct
[INFO] [stderr]    |
[INFO] [stderr]    = help: consider removing this field
[INFO] [stderr]    = note: `Height` has a derived impl for the trait `Debug`, but this is intentionally ignored during dead code analysis
[INFO] [stderr]    = note: `#[warn(dead_code)]` (part of `#[warn(unused)]`) on by default
[INFO] [stderr] 
[INFO] [stderr] warning: `pbr` (lib) generated 1 warning
[INFO] [stderr]     Finished `release` profile [optimized] target(s) in 0.02s
[INFO] [stderr]      Running unittests src/lib.rs (/opt/rustwide/target/release/deps/pbr-3b8eb98c5b4df3c8)
[INFO] [stdout] 
[INFO] [stdout] running 11 tests
[INFO] [stdout] 
10 / 10 [===============================================] 100.00 % 1814882.03/s 
2 / 10 [=========>-------------------------------------] 20.00 % 166389.35/s 0s 
4 / 10 [===================>----------------------------] 40.00 % 82970.34/s 0s 
1 / 10 [====>-------------------------------------------] 10.00 % 95510.98/s 0s test pb::test::disable_percent_time_left ... ok
[INFO] [stdout] test pb::test::max_refresh_rate_finish ... ok
[INFO] [stdout] test pb::test::disable_speed_percent ... ok
[INFO] [stdout] test pb::test::format ... ok
[INFO] [stdout] test pb::test::disable_speed_time_left ... ok
[INFO] [stdout] test pb::test::finish ... ok
[INFO] [stdout] test pb::test::kb_fmt ... ok
[INFO] [stdout] test pb::test::add ... ok
[INFO] [stdout] test pb::test::disable_suffix ... ok
[INFO] [stdout] test pb::test::inc ... ok
[INFO] [stderr] stty: /dev/stderr: Inappropriate ioctl for device
[INFO] [stdout] test tty::unix::compare_with_stty ... FAILED
[INFO] [stdout] 
[INFO] [stdout] failures:
[INFO] [stdout] 
[INFO] [stdout] ---- tty::unix::compare_with_stty stdout ----
[INFO] [stdout] 
[INFO] [stdout] thread 'tty::unix::compare_with_stty' (482) panicked at src/tty/unix.rs:75:5:
[INFO] [stdout] assertion failed: output.status.success()
[INFO] [stdout] stack backtrace:
[INFO] [stdout]    0:     0x621d5db68ad1 - <<std[70759c8f55707aa4]::sys::backtrace::BacktraceLock>::print::DisplayBacktrace as core[df12db4294e9bfd3]::fmt::Display>::fmt
[INFO] [stdout]    1:     0x621d5db7ce7a - core[df12db4294e9bfd3]::fmt::write
[INFO] [stdout]    2:     0x621d5db6d06c - <alloc[2182bb758b4b3781]::vec::Vec<u8> as core[df12db4294e9bfd3]::io::write::Write>::write_fmt
[INFO] [stdout]    3:     0x621d5db44fc6 - std[70759c8f55707aa4]::panicking::default_hook::{closure#0}
[INFO] [stdout]    4:     0x621d5db61239 - std[70759c8f55707aa4]::panicking::default_hook
[INFO] [stdout]    5:     0x621d5dafd560 - test[9d35eded1c95d3be]::test_main_inner::<test[9d35eded1c95d3be]::test_main_static::{closure#0}>::{closure#0}
[INFO] [stdout]    6:     0x621d5db613f2 - std[70759c8f55707aa4]::panicking::panic_with_hook
[INFO] [stdout]    7:     0x621d5db450a4 - std[70759c8f55707aa4]::panicking::panic_handler::{closure#0}
[INFO] [stdout]    8:     0x621d5db3ddc9 - std[70759c8f55707aa4]::sys::backtrace::__rust_end_short_backtrace::<std[70759c8f55707aa4]::panicking::panic_handler::{closure#0}, !>
[INFO] [stdout]    9:     0x621d5db45c6d - __rustc[8fa7c3cbc660c2b3]::rust_begin_unwind
[INFO] [stdout]   10:     0x621d5db7d5ac - core[df12db4294e9bfd3]::panicking::panic_fmt
[INFO] [stdout]   11:     0x621d5db7d572 - core[df12db4294e9bfd3]::panicking::panic
[INFO] [stdout]   12:     0x621d5daeec38 - pbr[bac921e1c5161fb5]::tty::unix::compare_with_stty
[INFO] [stdout]   13:     0x621d5daf07d9 - <pbr[bac921e1c5161fb5]::tty::unix::compare_with_stty::{closure#0} as core[df12db4294e9bfd3]::ops::function::FnOnce<()>>::call_once
[INFO] [stdout]   14:     0x621d5daf084b - test[9d35eded1c95d3be]::__rust_begin_short_backtrace::<core[df12db4294e9bfd3]::result::Result<(), alloc[2182bb758b4b3781]::string::String>, fn() -> core[df12db4294e9bfd3]::result::Result<(), alloc[2182bb758b4b3781]::string::String>>
[INFO] [stdout]   15:     0x621d5dafdeb5 - test[9d35eded1c95d3be]::run_test::{closure#0}
[INFO] [stdout]   16:     0x621d5daf7774 - std[70759c8f55707aa4]::sys::backtrace::__rust_begin_short_backtrace::<test[9d35eded1c95d3be]::run_test::{closure#1}, ()>
[INFO] [stdout]   17:     0x621d5db01012 - <std[70759c8f55707aa4]::thread::lifecycle::spawn_unchecked<test[9d35eded1c95d3be]::run_test::{closure#1}, ()>::{closure#1} as core[df12db4294e9bfd3]::ops::function::FnOnce<()>>::call_once::{shim:vtable#0}
[INFO] [stdout]   18:     0x621d5db683a9 - <std[70759c8f55707aa4]::sys::thread::unix::Thread>::new::thread_start
[INFO] [stdout]   19:     0x7f7b5574cdfa - <unknown>
[INFO] [stdout]   20:     0x7f7b557e03d4 - clone
[INFO] [stdout]   21:                0x0 - <unknown>
[INFO] [stdout] 
[INFO] [stdout] 
[INFO] [stdout] failures:
[INFO] [stdout]     tty::unix::compare_with_stty
[INFO] [stdout] 
[INFO] [stdout] test result: FAILED. 10 passed; 1 failed; 0 ignored; 0 measured; 0 filtered out; finished in 0.11s
[INFO] [stdout] 
[INFO] [stderr] error: test failed, to rerun pass `--lib`
[INFO] running `Command { std: "docker" "inspect" "8d402bac0dacdad40bc594665e51b70f9a2d4287f72ff33a643cadd0af676080", kill_on_drop: false }`
[INFO] running `Command { std: "docker" "rm" "-f" "8d402bac0dacdad40bc594665e51b70f9a2d4287f72ff33a643cadd0af676080", kill_on_drop: false }`
[INFO] [stdout] 8d402bac0dacdad40bc594665e51b70f9a2d4287f72ff33a643cadd0af676080
