[INFO] fetching crate pbd 0.5.0...
[INFO] testing pbd-0.5.0 against 1.99.0-beta.8+cargoflags=--release for beta-release-1.100-2
[INFO] extracting crate pbd 0.5.0 into /workspace/builds/worker-6-tc1/source
[INFO] started tweaking crates.io crate pbd 0.5.0
[INFO] finished tweaking crates.io crate pbd 0.5.0
[INFO] tweaked toml for crates.io crate pbd 0.5.0 written to /workspace/builds/worker-6-tc1/source/Cargo.toml
[INFO] validating manifest of crates.io crate pbd 0.5.0 on toolchain 1.99.0-beta.8
[INFO] running `Command { std: CARGO_HOME="/workspace/cargo-home" RUSTUP_HOME="/workspace/rustup-home" "/workspace/cargo-home/bin/cargo" "+1.99.0-beta.8" "metadata" "--manifest-path" "Cargo.toml" "--no-deps", kill_on_drop: false }`
[INFO] crate crates.io crate pbd 0.5.0 already has a lockfile, it will not be regenerated
[INFO] running `Command { std: CARGO_HOME="/workspace/cargo-home" RUSTUP_HOME="/workspace/rustup-home" "/workspace/cargo-home/bin/cargo" "+1.99.0-beta.8" "fetch" "--manifest-path" "Cargo.toml", kill_on_drop: false }`
[INFO] [stderr]     Updating crates.io index
[INFO] [stderr]  Downloading crates ...
[INFO] [stderr]   Downloaded rust-tfidf v1.1.1
[INFO] [stderr]   Downloaded openssl-sys v0.9.91
[INFO] [stderr]   Downloaded syn v2.0.29
[INFO] [stderr]   Downloaded crossbeam-utils v0.8.16
[INFO] [stderr]   Downloaded rayon v1.5.3
[INFO] [stderr]   Downloaded pow_sha256 v0.2.1
[INFO] [stderr]   Downloaded object v0.32.0
[INFO] [stderr]   Downloaded openssl v0.10.56
[INFO] [stderr]   Downloaded rustix v0.38.9
[INFO] [stderr]   Downloaded eddie v0.4.2
[INFO] [stderr]   Downloaded actix-web v3.3.3
[INFO] [stderr]   Downloaded pin-project-internal v0.4.30
[INFO] [stderr]   Downloaded actix-rt v1.1.1
[INFO] [stderr]   Downloaded actix-service v1.0.6
[INFO] [stderr]   Downloaded pin-project v0.4.30
[INFO] [stderr]   Downloaded pin-project-internal v1.1.3
[INFO] [stderr]   Downloaded pin-project v1.1.3
[INFO] [stderr]   Downloaded awc v2.0.3
[INFO] [stderr]   Downloaded actix-threadpool v0.3.3
[INFO] [stderr]   Downloaded actix-macros v0.1.3
[INFO] [stderr]   Downloaded actix-http v2.2.2
[INFO] [stderr]   Downloaded trust-dns-resolver v0.19.7
[INFO] [stderr]   Downloaded actix-connect v2.0.0
[INFO] [stderr]   Downloaded thiserror-impl v1.0.47
[INFO] [stderr]   Downloaded actix-utils v2.0.0
[INFO] [stderr]   Downloaded actix-codec v0.3.0
[INFO] [stderr]   Downloaded enum-as-inner v0.3.4
[INFO] [stderr]   Downloaded trust-dns-proto v0.19.7
[INFO] [stderr]   Downloaded thiserror v1.0.47
[INFO] [stderr]   Downloaded actix-web-codegen v0.4.0
[INFO] [stderr]   Downloaded actix-tls v2.0.0
[INFO] [stderr]   Downloaded actix-testing v1.0.1
[INFO] [stderr]   Downloaded actix-server v1.0.4
[INFO] [stderr]   Downloaded bytestring v1.3.0
[INFO] [stderr]   Downloaded actix-router v0.2.7
[INFO] running `Command { std: "docker" "create" "-v" "/var/lib/crater-agent-workspace/builds/worker-6-tc1/source:/opt/rustwide/workdir:ro,Z" "-v" "/var/lib/crater-agent-workspace/builds/worker-6-tc1/target:/opt/rustwide/target:rw,Z" "-v" "/var/lib/crater-agent-workspace/cargo-home:/opt/rustwide/cargo-home:ro,Z" "-v" "/var/lib/crater-agent-workspace/rustup-home:/opt/rustwide/rustup-home:ro,Z" "-m" "1610612736" "--network" "none" "ghcr.io/rust-lang/crates-build-env/linux@sha256:77db811e55d90add9212f6832c23229e3de5f1c1f9905e8cb07319ea15df73ac" "sleep" "infinity", kill_on_drop: false }`
[INFO] [stdout] 14851510a725d9535396f0dbc5ffa186d4a93d4860c054c729d1a2a3d6727a82
[INFO] running `Command { std: "docker" "start" "14851510a725d9535396f0dbc5ffa186d4a93d4860c054c729d1a2a3d6727a82", kill_on_drop: false }`
[INFO] running `Command { std: "docker" "inspect" "14851510a725d9535396f0dbc5ffa186d4a93d4860c054c729d1a2a3d6727a82", kill_on_drop: false }`
[INFO] running `Command { std: "docker" "exec" "-e" "SOURCE_DIR=/opt/rustwide/workdir" "-e" "CARGO_HOME=/opt/rustwide/cargo-home" "-e" "RUSTUP_HOME=/opt/rustwide/rustup-home" "-e" "CARGO_TARGET_DIR=/opt/rustwide/target" "-w" "/opt/rustwide/workdir" "--user" "0:0" "14851510a725d9535396f0dbc5ffa186d4a93d4860c054c729d1a2a3d6727a82" "/opt/rustwide/cargo-home/bin/cargo" "+1.99.0-beta.8" "metadata" "--no-deps" "--format-version=1", kill_on_drop: false }`
[INFO] running `Command { std: "docker" "inspect" "14851510a725d9535396f0dbc5ffa186d4a93d4860c054c729d1a2a3d6727a82", kill_on_drop: false }`
[INFO] running `Command { std: "docker" "exec" "-e" "SOURCE_DIR=/opt/rustwide/workdir" "-e" "CARGO_HOME=/opt/rustwide/cargo-home" "-e" "RUSTUP_HOME=/opt/rustwide/rustup-home" "-e" "CARGO_TARGET_DIR=/opt/rustwide/target" "-e" "CARGO_INCREMENTAL=0" "-e" "RUST_BACKTRACE=full" "-e" "RUSTFLAGS=--cap-lints=warn" "-e" "RUSTDOCFLAGS=--cap-lints=warn" "-w" "/opt/rustwide/workdir" "--user" "0:0" "14851510a725d9535396f0dbc5ffa186d4a93d4860c054c729d1a2a3d6727a82" "/opt/rustwide/cargo-home/bin/cargo" "+1.99.0-beta.8" "build" "--frozen" "--message-format=json" "--release", kill_on_drop: false }`
[INFO] [stderr]    Compiling libc v0.2.147
[INFO] [stderr]    Compiling pin-project-lite v0.2.13
[INFO] [stderr]    Compiling futures-core v0.3.28
[INFO] [stderr]    Compiling pkg-config v0.3.27
[INFO] [stderr]    Compiling futures-sink v0.3.28
[INFO] [stderr]    Compiling futures-task v0.3.28
[INFO] [stderr]    Compiling log v0.4.20
[INFO] [stderr]    Compiling futures-channel v0.3.28
[INFO] [stderr]    Compiling bytes v1.4.0
[INFO] [stderr]    Compiling slab v0.4.9
[INFO] [stderr]    Compiling itoa v1.0.9
[INFO] [stderr]    Compiling futures-util v0.3.28
[INFO] [stderr]    Compiling serde v1.0.188
[INFO] [stderr]    Compiling futures-io v0.3.28
[INFO] [stderr]    Compiling quote v1.0.33
[INFO] [stderr]    Compiling typenum v1.16.0
[INFO] [stderr]    Compiling crossbeam-utils v0.8.16
[INFO] [stderr]    Compiling indexmap v1.9.3
[INFO] [stderr]    Compiling memoffset v0.9.0
[INFO] [stderr]    Compiling tracing-core v0.1.31
[INFO] [stderr]    Compiling openssl v0.10.56
[INFO] [stderr]    Compiling syn v2.0.29
[INFO] [stderr]    Compiling http v0.2.9
[INFO] [stderr]    Compiling crossbeam-epoch v0.9.15
[INFO] [stderr]    Compiling httparse v1.8.0
[INFO] [stderr]    Compiling native-tls v0.2.11
[INFO] [stderr]    Compiling tinyvec v1.6.0
[INFO] [stderr]    Compiling rayon-core v1.11.0
[INFO] [stderr]    Compiling percent-encoding v2.3.0
[INFO] [stderr]    Compiling try-lock v0.2.4
[INFO] [stderr]    Compiling byte-tools v0.3.1
[INFO] [stderr]    Compiling want v0.3.1
[INFO] [stderr]    Compiling block-padding v0.1.5
[INFO] [stderr]    Compiling form_urlencoded v1.2.0
[INFO] [stderr]    Compiling aho-corasick v1.0.4
[INFO] [stderr]    Compiling regex-syntax v0.7.4
[INFO] [stderr]    Compiling syn v1.0.109
[INFO] [stderr]    Compiling tracing v0.1.37
[INFO] [stderr]    Compiling ryu v1.0.15
[INFO] [stderr]    Compiling tower-service v0.3.2
[INFO] [stderr]    Compiling unicode-bidi v0.3.13
[INFO] [stderr]    Compiling crossbeam-channel v0.5.8
[INFO] [stderr]    Compiling crossbeam-deque v0.8.3
[INFO] [stderr]    Compiling rayon v1.5.3
[INFO] [stderr]    Compiling fake-simd v0.1.2
[INFO] [stderr]    Compiling serde_json v1.0.105
[INFO] [stderr]    Compiling ppv-lite86 v0.2.17
[INFO] [stderr]    Compiling opaque-debug v0.2.3
[INFO] [stderr]    Compiling encoding_rs v0.8.33
[INFO] [stderr]    Compiling generic-array v0.12.4
[INFO] [stderr]    Compiling ipnet v2.8.0
[INFO] [stderr]    Compiling termcolor v1.2.0
[INFO] [stderr]    Compiling unicode-normalization v0.1.22
[INFO] [stderr]    Compiling either v1.9.0
[INFO] [stderr]    Compiling base64 v0.21.2
[INFO] [stderr]    Compiling block-buffer v0.7.3
[INFO] [stderr]    Compiling digest v0.8.1
[INFO] [stderr]    Compiling json v0.12.4
[INFO] [stderr]    Compiling cc v1.0.83
[INFO] [stderr]    Compiling num_cpus v1.16.0
[INFO] [stderr]    Compiling mio v0.8.8
[INFO] [stderr]    Compiling socket2 v0.5.3
[INFO] [stderr]    Compiling getrandom v0.1.16
[INFO] [stderr]    Compiling socket2 v0.4.9
[INFO] [stderr]    Compiling http-body v0.4.5
[INFO] [stderr]    Compiling tokio v1.32.0
[INFO] [stderr]    Compiling rand_core v0.5.1
[INFO] [stderr]    Compiling idna v0.4.0
[INFO] [stderr]    Compiling rand_chacha v0.2.2
[INFO] [stderr]    Compiling atty v0.2.14
[INFO] [stderr]    Compiling sha2 v0.8.2
[INFO] [stderr]    Compiling url v2.4.0
[INFO] [stderr]    Compiling rand v0.7.3
[INFO] [stderr]    Compiling openssl-sys v0.9.91
[INFO] [stderr]    Compiling regex-automata v0.3.6
[INFO] [stderr]    Compiling rust-tfidf v1.1.1
[INFO] [stderr]    Compiling eddie v0.4.2
[INFO] [stderr]    Compiling levenshtein v1.0.5
[INFO] [stderr]    Compiling futures-macro v0.3.28
[INFO] [stderr]    Compiling serde_derive v1.0.188
[INFO] [stderr]    Compiling openssl-macros v0.1.1
[INFO] [stderr]    Compiling derive_more v0.99.17
[INFO] [stderr]    Compiling regex v1.9.3
[INFO] [stderr]    Compiling env_logger v0.7.1
[INFO] [stderr]    Compiling tokio-util v0.7.8
[INFO] [stderr]    Compiling tokio-native-tls v0.3.1
[INFO] [stderr]    Compiling h2 v0.3.21
[INFO] [stderr]    Compiling futures-executor v0.3.28
[INFO] [stderr]    Compiling futures v0.3.28
[INFO] [stderr]    Compiling bincode v1.3.3
[INFO] [stderr]    Compiling serde_urlencoded v0.7.1
[INFO] [stderr]    Compiling multimap v0.8.3
[INFO] [stderr]    Compiling pow_sha256 v0.2.1
[INFO] [stderr]    Compiling hyper v0.14.27
[INFO] [stderr]    Compiling hyper-tls v0.5.0
[INFO] [stderr]    Compiling reqwest v0.11.20
[INFO] [stderr]    Compiling pbd v0.5.0 (/opt/rustwide/workdir)
[INFO] [stdout] warning: unused variable: `String`
[INFO] [stdout]     --> src/dua/policy.rs:1127:37
[INFO] [stdout]      |
[INFO] [stdout] 1127 |                 Condition::Category(String) => {
[INFO] [stdout]      |                                     ^^^^^^ help: if this is intentional, prefix it with an underscore: `_String`
[INFO] [stdout]      |
[INFO] [stdout]      = note: `#[warn(unused_variables)]` (part of `#[warn(unused)]`) on by default
[INFO] [stdout] 
[INFO] [stdout] 
[INFO] [stdout] warning: unused variable: `String`
[INFO] [stdout]     --> src/dua/policy.rs:1133:36
[INFO] [stdout]      |
[INFO] [stdout] 1133 |                 Condition::Subject(String) => {
[INFO] [stdout]      |                                    ^^^^^^ help: if this is intentional, prefix it with an underscore: `_String`
[INFO] [stdout] 
[INFO] [stdout] 
[INFO] [stdout] warning: unused variable: `String`
[INFO] [stdout]     --> src/dua/policy.rs:1139:32
[INFO] [stdout]      |
[INFO] [stdout] 1139 |                 Condition::Use(String) => {
[INFO] [stdout]      |                                ^^^^^^ help: if this is intentional, prefix it with an underscore: `_String`
[INFO] [stdout] 
[INFO] [stdout] 
[INFO] [stdout] warning: struct `TfIdfzr` is never constructed
[INFO] [stdout]     --> src/dpi/mod.rs:1358:16
[INFO] [stdout]      |
[INFO] [stdout] 1358 |         struct TfIdfzr;
[INFO] [stdout]      |                ^^^^^^^
[INFO] [stdout]      |
[INFO] [stdout]      = note: `#[warn(dead_code)]` (part of `#[warn(unused)]`) on by default
[INFO] [stdout] 
[INFO] [stdout] 
[INFO] [stdout] warning: struct `TfIdfzr` is never constructed
[INFO] [stdout]     --> src/dpi/mod.rs:1398:16
[INFO] [stdout]      |
[INFO] [stdout] 1398 |         struct TfIdfzr;
[INFO] [stdout]      |                ^^^^^^^
[INFO] [stdout] 
[INFO] [stdout] 
[INFO] [stdout] warning: struct `TfIdfzr` is never constructed
[INFO] [stdout]     --> src/dpi/mod.rs:1439:16
[INFO] [stdout]      |
[INFO] [stdout] 1439 |         struct TfIdfzr;
[INFO] [stdout]      |                ^^^^^^^
[INFO] [stdout] 
[INFO] [stdout] 
[INFO] [stdout] warning: variable `String` should have a snake case name
[INFO] [stdout]     --> src/dua/policy.rs:1127:37
[INFO] [stdout]      |
[INFO] [stdout] 1127 |                 Condition::Category(String) => {
[INFO] [stdout]      |                                     ^^^^^^ help: convert the identifier to snake case (notice the capitalization): `string`
[INFO] [stdout]      |
[INFO] [stdout]      = note: `#[warn(non_snake_case)]` (part of `#[warn(nonstandard_style)]`) on by default
[INFO] [stdout] 
[INFO] [stdout] 
[INFO] [stdout] warning: variable `String` should have a snake case name
[INFO] [stdout]     --> src/dua/policy.rs:1133:36
[INFO] [stdout]      |
[INFO] [stdout] 1133 |                 Condition::Subject(String) => {
[INFO] [stdout]      |                                    ^^^^^^ help: convert the identifier to snake case (notice the capitalization): `string`
[INFO] [stdout] 
[INFO] [stdout] 
[INFO] [stdout] warning: variable `String` should have a snake case name
[INFO] [stdout]     --> src/dua/policy.rs:1139:32
[INFO] [stdout]      |
[INFO] [stdout] 1139 |                 Condition::Use(String) => {
[INFO] [stdout]      |                                ^^^^^^ help: convert the identifier to snake case (notice the capitalization): `string`
[INFO] [stdout] 
[INFO] [stdout] 
[INFO] [stderr]     Finished `release` profile [optimized] target(s) in 1m 39s
[INFO] running `Command { std: "docker" "inspect" "14851510a725d9535396f0dbc5ffa186d4a93d4860c054c729d1a2a3d6727a82", kill_on_drop: false }`
[INFO] running `Command { std: "docker" "exec" "-e" "SOURCE_DIR=/opt/rustwide/workdir" "-e" "CARGO_HOME=/opt/rustwide/cargo-home" "-e" "RUSTUP_HOME=/opt/rustwide/rustup-home" "-e" "CARGO_TARGET_DIR=/opt/rustwide/target" "-e" "CARGO_INCREMENTAL=0" "-e" "RUST_BACKTRACE=full" "-e" "RUSTFLAGS=--cap-lints=warn" "-e" "RUSTDOCFLAGS=--cap-lints=warn" "-w" "/opt/rustwide/workdir" "--user" "0:0" "14851510a725d9535396f0dbc5ffa186d4a93d4860c054c729d1a2a3d6727a82" "/opt/rustwide/cargo-home/bin/cargo" "+1.99.0-beta.8" "test" "--frozen" "--no-run" "--message-format=json" "--release", kill_on_drop: false }`
[INFO] [stderr]    Compiling iovec v0.1.4
[INFO] [stderr]    Compiling net2 v0.2.39
[INFO] [stderr]    Compiling signal-hook-registry v1.4.1
[INFO] [stderr]    Compiling smallvec v1.11.0
[INFO] [stderr]    Compiling lock_api v0.4.10
[INFO] [stderr]    Compiling parking_lot_core v0.8.6
[INFO] [stderr]    Compiling pin-project-internal v0.4.30
[INFO] [stderr]    Compiling instant v0.1.12
[INFO] [stderr]    Compiling threadpool v1.8.1
[INFO] [stderr]    Compiling actix-macros v0.1.3
[INFO] [stderr]    Compiling copyless v0.1.5
[INFO] [stderr]    Compiling generic-array v0.14.7
[INFO] [stderr]    Compiling async-trait v0.1.73
[INFO] [stderr]    Compiling thiserror v1.0.47
[INFO] [stderr]    Compiling thiserror-impl v1.0.47
[INFO] [stderr]    Compiling match_cfg v0.1.0
[INFO] [stderr]    Compiling idna v0.2.3
[INFO] [stderr]    Compiling hostname v0.3.1
[INFO] [stderr]    Compiling enum-as-inner v0.3.4
[INFO] [stderr]    Compiling time-macros-impl v0.1.2
[INFO] [stderr]    Compiling pin-project-internal v1.1.3
[INFO] [stderr]    Compiling crc32fast v1.3.2
[INFO] [stderr]    Compiling alloc-no-stdlib v2.0.4
[INFO] [stderr]    Compiling alloc-stdlib v0.2.2
[INFO] [stderr]    Compiling resolv-conf v0.7.0
[INFO] [stderr]    Compiling cookie v0.14.4
[INFO] [stderr]    Compiling miniz_oxide v0.7.1
[INFO] [stderr]    Compiling mio v0.6.23
[INFO] [stderr]    Compiling brotli-decompressor v2.3.4
[INFO] [stderr]    Compiling block-buffer v0.9.0
[INFO] [stderr]    Compiling parking_lot v0.11.2
[INFO] [stderr]    Compiling digest v0.9.0
[INFO] [stderr]    Compiling time-macros v0.1.1
[INFO] [stderr]    Compiling time v0.2.27
[INFO] [stderr]    Compiling cpufeatures v0.2.9
[INFO] [stderr]    Compiling fxhash v0.2.1
[INFO] [stderr]    Compiling socket2 v0.3.19
[INFO] [stderr]    Compiling sha-1 v0.9.8
[INFO] [stderr]    Compiling language-tags v0.2.2
[INFO] [stderr]    Compiling bytestring v1.3.0
[INFO] [stderr]    Compiling actix-web-codegen v0.4.0
[INFO] [stdout] warning: unused variable: `String`
[INFO] [stdout]     --> src/dua/policy.rs:1127:37
[INFO] [stdout]      |
[INFO] [stdout] 1127 |                 Condition::Category(String) => {
[INFO] [stdout]      |                                     ^^^^^^ help: if this is intentional, prefix it with an underscore: `_String`
[INFO] [stdout]      |
[INFO] [stdout]      = note: `#[warn(unused_variables)]` (part of `#[warn(unused)]`) on by default
[INFO] [stdout] 
[INFO] [stdout] 
[INFO] [stdout] warning: unused variable: `String`
[INFO] [stdout]     --> src/dua/policy.rs:1133:36
[INFO] [stdout]      |
[INFO] [stdout] 1133 |                 Condition::Subject(String) => {
[INFO] [stdout]      |                                    ^^^^^^ help: if this is intentional, prefix it with an underscore: `_String`
[INFO] [stdout] 
[INFO] [stdout] 
[INFO] [stdout] warning: unused variable: `String`
[INFO] [stdout]     --> src/dua/policy.rs:1139:32
[INFO] [stdout]      |
[INFO] [stdout] 1139 |                 Condition::Use(String) => {
[INFO] [stdout]      |                                ^^^^^^ help: if this is intentional, prefix it with an underscore: `_String`
[INFO] [stdout] 
[INFO] [stdout] 
[INFO] [stdout] warning: struct `TfIdfzr` is never constructed
[INFO] [stdout]     --> src/dpi/mod.rs:1358:16
[INFO] [stdout]      |
[INFO] [stdout] 1358 |         struct TfIdfzr;
[INFO] [stdout]      |                ^^^^^^^
[INFO] [stdout]      |
[INFO] [stdout]      = note: `#[warn(dead_code)]` (part of `#[warn(unused)]`) on by default
[INFO] [stdout] 
[INFO] [stdout] 
[INFO] [stdout] warning: struct `TfIdfzr` is never constructed
[INFO] [stdout]     --> src/dpi/mod.rs:1398:16
[INFO] [stdout]      |
[INFO] [stdout] 1398 |         struct TfIdfzr;
[INFO] [stdout]      |                ^^^^^^^
[INFO] [stdout] 
[INFO] [stdout] 
[INFO] [stdout] warning: struct `TfIdfzr` is never constructed
[INFO] [stdout]     --> src/dpi/mod.rs:1439:16
[INFO] [stdout]      |
[INFO] [stdout] 1439 |         struct TfIdfzr;
[INFO] [stdout]      |                ^^^^^^^
[INFO] [stdout] 
[INFO] [stdout] 
[INFO] [stdout] warning: variable `String` should have a snake case name
[INFO] [stdout]     --> src/dua/policy.rs:1127:37
[INFO] [stdout]      |
[INFO] [stdout] 1127 |                 Condition::Category(String) => {
[INFO] [stdout]      |                                     ^^^^^^ help: convert the identifier to snake case (notice the capitalization): `string`
[INFO] [stdout]      |
[INFO] [stdout]      = note: `#[warn(non_snake_case)]` (part of `#[warn(nonstandard_style)]`) on by default
[INFO] [stdout] 
[INFO] [stdout] 
[INFO] [stdout] warning: variable `String` should have a snake case name
[INFO] [stdout]     --> src/dua/policy.rs:1133:36
[INFO] [stdout]      |
[INFO] [stdout] 1133 |                 Condition::Subject(String) => {
[INFO] [stdout]      |                                    ^^^^^^ help: convert the identifier to snake case (notice the capitalization): `string`
[INFO] [stdout] 
[INFO] [stdout] 
[INFO] [stdout] warning: variable `String` should have a snake case name
[INFO] [stdout]     --> src/dua/policy.rs:1139:32
[INFO] [stdout]      |
[INFO] [stdout] 1139 |                 Condition::Use(String) => {
[INFO] [stdout]      |                                ^^^^^^ help: convert the identifier to snake case (notice the capitalization): `string`
[INFO] [stdout] 
[INFO] [stdout] 
[INFO] [stderr]    Compiling actix-threadpool v0.3.3
[INFO] [stderr]    Compiling flate2 v1.0.27
[INFO] [stderr]    Compiling mio-uds v0.6.8
[INFO] [stderr]    Compiling actix-router v0.2.7
[INFO] [stderr]    Compiling pin-project v1.1.3
[INFO] [stderr]    Compiling tokio v0.2.25
[INFO] [stderr]    Compiling pin-project v0.4.30
[INFO] [stderr]    Compiling tracing-futures v0.2.5
[INFO] [stderr]    Compiling actix-service v1.0.6
[INFO] [stderr]    Compiling brotli v3.3.4
[INFO] [stderr]    Compiling tokio-util v0.3.1
[INFO] [stderr]    Compiling actix-rt v1.1.1
[INFO] [stderr]    Compiling trust-dns-proto v0.19.7
[INFO] [stderr]    Compiling actix-codec v0.3.0
[INFO] [stderr]    Compiling h2 v0.2.7
[INFO] [stderr]    Compiling actix-utils v2.0.0
[INFO] [stderr]    Compiling actix-server v1.0.4
[INFO] [stderr]    Compiling actix-tls v2.0.0
[INFO] [stderr]    Compiling actix-testing v1.0.1
[INFO] [stderr]    Compiling trust-dns-resolver v0.19.7
[INFO] [stderr]    Compiling actix-connect v2.0.0
[INFO] [stderr]    Compiling actix-http v2.2.2
[INFO] [stderr]    Compiling awc v2.0.3
[INFO] [stderr]    Compiling actix-web v3.3.3
[INFO] [stderr]    Compiling pbd v0.5.0 (/opt/rustwide/workdir)
[INFO] [stdout] warning: unused variable: `String`
[INFO] [stdout]     --> src/dua/policy.rs:1127:37
[INFO] [stdout]      |
[INFO] [stdout] 1127 |                 Condition::Category(String) => {
[INFO] [stdout]      |                                     ^^^^^^ help: if this is intentional, prefix it with an underscore: `_String`
[INFO] [stdout]      |
[INFO] [stdout]      = note: `#[warn(unused_variables)]` (part of `#[warn(unused)]`) on by default
[INFO] [stdout] 
[INFO] [stdout] 
[INFO] [stdout] warning: unused variable: `String`
[INFO] [stdout]     --> src/dua/policy.rs:1133:36
[INFO] [stdout]      |
[INFO] [stdout] 1133 |                 Condition::Subject(String) => {
[INFO] [stdout]      |                                    ^^^^^^ help: if this is intentional, prefix it with an underscore: `_String`
[INFO] [stdout] 
[INFO] [stdout] 
[INFO] [stdout] warning: unused variable: `String`
[INFO] [stdout]     --> src/dua/policy.rs:1139:32
[INFO] [stdout]      |
[INFO] [stdout] 1139 |                 Condition::Use(String) => {
[INFO] [stdout]      |                                ^^^^^^ help: if this is intentional, prefix it with an underscore: `_String`
[INFO] [stdout] 
[INFO] [stdout] 
[INFO] [stdout] warning: struct `TfIdfzr` is never constructed
[INFO] [stdout]     --> src/dpi/mod.rs:1358:16
[INFO] [stdout]      |
[INFO] [stdout] 1358 |         struct TfIdfzr;
[INFO] [stdout]      |                ^^^^^^^
[INFO] [stdout]      |
[INFO] [stdout]      = note: `#[warn(dead_code)]` (part of `#[warn(unused)]`) on by default
[INFO] [stdout] 
[INFO] [stdout] 
[INFO] [stdout] warning: struct `TfIdfzr` is never constructed
[INFO] [stdout]     --> src/dpi/mod.rs:1398:16
[INFO] [stdout]      |
[INFO] [stdout] 1398 |         struct TfIdfzr;
[INFO] [stdout]      |                ^^^^^^^
[INFO] [stdout] 
[INFO] [stdout] 
[INFO] [stdout] warning: struct `TfIdfzr` is never constructed
[INFO] [stdout]     --> src/dpi/mod.rs:1439:16
[INFO] [stdout]      |
[INFO] [stdout] 1439 |         struct TfIdfzr;
[INFO] [stdout]      |                ^^^^^^^
[INFO] [stdout] 
[INFO] [stdout] 
[INFO] [stdout] warning: variable `String` should have a snake case name
[INFO] [stdout]     --> src/dua/policy.rs:1127:37
[INFO] [stdout]      |
[INFO] [stdout] 1127 |                 Condition::Category(String) => {
[INFO] [stdout]      |                                     ^^^^^^ help: convert the identifier to snake case (notice the capitalization): `string`
[INFO] [stdout]      |
[INFO] [stdout]      = note: `#[warn(non_snake_case)]` (part of `#[warn(nonstandard_style)]`) on by default
[INFO] [stdout] 
[INFO] [stdout] 
[INFO] [stdout] warning: variable `String` should have a snake case name
[INFO] [stdout]     --> src/dua/policy.rs:1133:36
[INFO] [stdout]      |
[INFO] [stdout] 1133 |                 Condition::Subject(String) => {
[INFO] [stdout]      |                                    ^^^^^^ help: convert the identifier to snake case (notice the capitalization): `string`
[INFO] [stdout] 
[INFO] [stdout] 
[INFO] [stdout] warning: variable `String` should have a snake case name
[INFO] [stdout]     --> src/dua/policy.rs:1139:32
[INFO] [stdout]      |
[INFO] [stdout] 1139 |                 Condition::Use(String) => {
[INFO] [stdout]      |                                ^^^^^^ help: convert the identifier to snake case (notice the capitalization): `string`
[INFO] [stdout] 
[INFO] [stdout] 
[INFO] [stderr]     Finished `release` profile [optimized] target(s) in 1m 19s
[INFO] running `Command { std: "docker" "inspect" "14851510a725d9535396f0dbc5ffa186d4a93d4860c054c729d1a2a3d6727a82", kill_on_drop: false }`
[INFO] running `Command { std: "docker" "exec" "-e" "SOURCE_DIR=/opt/rustwide/workdir" "-e" "CARGO_HOME=/opt/rustwide/cargo-home" "-e" "RUSTUP_HOME=/opt/rustwide/rustup-home" "-e" "CARGO_TARGET_DIR=/opt/rustwide/target" "-e" "CARGO_INCREMENTAL=0" "-e" "RUST_BACKTRACE=full" "-e" "RUSTFLAGS=--cap-lints=warn" "-e" "RUSTDOCFLAGS=--cap-lints=warn" "-w" "/opt/rustwide/workdir" "--user" "0:0" "14851510a725d9535396f0dbc5ffa186d4a93d4860c054c729d1a2a3d6727a82" "/opt/rustwide/cargo-home/bin/cargo" "+1.99.0-beta.8" "test" "--frozen" "--release", kill_on_drop: false }`
[INFO] [stderr] warning: unused variable: `String`
[INFO] [stderr]     --> src/dua/policy.rs:1127:37
[INFO] [stderr]      |
[INFO] [stderr] 1127 |                 Condition::Category(String) => {
[INFO] [stderr]      |                                     ^^^^^^ help: if this is intentional, prefix it with an underscore: `_String`
[INFO] [stderr]      |
[INFO] [stderr]      = note: `#[warn(unused_variables)]` (part of `#[warn(unused)]`) on by default
[INFO] [stderr] 
[INFO] [stderr] warning: unused variable: `String`
[INFO] [stderr]     --> src/dua/policy.rs:1133:36
[INFO] [stderr]      |
[INFO] [stderr] 1133 |                 Condition::Subject(String) => {
[INFO] [stderr]      |                                    ^^^^^^ help: if this is intentional, prefix it with an underscore: `_String`
[INFO] [stderr] 
[INFO] [stderr] warning: unused variable: `String`
[INFO] [stderr]     --> src/dua/policy.rs:1139:32
[INFO] [stderr]      |
[INFO] [stderr] 1139 |                 Condition::Use(String) => {
[INFO] [stderr]      |                                ^^^^^^ help: if this is intentional, prefix it with an underscore: `_String`
[INFO] [stderr] 
[INFO] [stderr] warning: struct `TfIdfzr` is never constructed
[INFO] [stderr]     --> src/dpi/mod.rs:1358:16
[INFO] [stderr]      |
[INFO] [stderr] 1358 |         struct TfIdfzr;
[INFO] [stderr]      |                ^^^^^^^
[INFO] [stderr]      |
[INFO] [stderr]      = note: `#[warn(dead_code)]` (part of `#[warn(unused)]`) on by default
[INFO] [stderr] 
[INFO] [stderr] warning: struct `TfIdfzr` is never constructed
[INFO] [stderr]     --> src/dpi/mod.rs:1398:16
[INFO] [stderr]      |
[INFO] [stderr] 1398 |         struct TfIdfzr;
[INFO] [stderr]      |                ^^^^^^^
[INFO] [stderr] 
[INFO] [stderr] warning: struct `TfIdfzr` is never constructed
[INFO] [stderr]     --> src/dpi/mod.rs:1439:16
[INFO] [stderr]      |
[INFO] [stderr] 1439 |         struct TfIdfzr;
[INFO] [stderr]      |                ^^^^^^^
[INFO] [stderr] 
[INFO] [stderr] warning: variable `String` should have a snake case name
[INFO] [stderr]     --> src/dua/policy.rs:1127:37
[INFO] [stderr]      |
[INFO] [stderr] 1127 |                 Condition::Category(String) => {
[INFO] [stderr]      |                                     ^^^^^^ help: convert the identifier to snake case (notice the capitalization): `string`
[INFO] [stderr]      |
[INFO] [stderr]      = note: `#[warn(non_snake_case)]` (part of `#[warn(nonstandard_style)]`) on by default
[INFO] [stderr] 
[INFO] [stderr] warning: variable `String` should have a snake case name
[INFO] [stderr]     --> src/dua/policy.rs:1133:36
[INFO] [stderr]      |
[INFO] [stderr] 1133 |                 Condition::Subject(String) => {
[INFO] [stderr]      |                                    ^^^^^^ help: convert the identifier to snake case (notice the capitalization): `string`
[INFO] [stderr] 
[INFO] [stderr] warning: variable `String` should have a snake case name
[INFO] [stderr]     --> src/dua/policy.rs:1139:32
[INFO] [stderr]      |
[INFO] [stderr] 1139 |                 Condition::Use(String) => {
[INFO] [stderr]      |                                ^^^^^^ help: convert the identifier to snake case (notice the capitalization): `string`
[INFO] [stderr] 
[INFO] [stderr] warning: `pbd` (lib) generated 9 warnings (run `cargo fix --lib -p pbd` to apply 3 suggestions)
[INFO] [stderr] warning: `pbd` (lib test) generated 9 warnings (9 duplicates)
[INFO] [stderr]     Finished `release` profile [optimized] target(s) in 0.23s
[INFO] [stderr]      Running unittests src/lib.rs (/opt/rustwide/target/release/deps/pbd-4607b4f018d28575)
[INFO] [stdout] 
[INFO] [stdout] running 161 tests
[INFO] [stdout] test dpi::reference::tests::test_basic_list ... ok
[INFO] [stdout] test dpi::reference::tests::test_from_bytes ... ok
[INFO] [stdout] test dpi::reference::tests::test_display_code ... ok
[INFO] [stdout] test dpi::reference::tests::test_from_str ... ok
[INFO] [stdout] test dpi::reference::tests::test_debug_code ... ok
[INFO] [stdout] test dpi::reference::tests::test_from_u16 ... ok
[INFO] [stdout] test dpi::reference::tests::test_as_str ... ok
[INFO] [stdout] test dpi::reference::tests::test_as_u16 ... ok
[INFO] [stdout] test dpi::error::tests::test_error_unknown_score ... ok
[INFO] [stdout] test dpi::tests::test_dpi_append_key_pattern ... ok
[INFO] [stdout] test dpi::reference::tests::test_pci_list ... ok
[INFO] [stdout] test dpi::reference::tests::test_try_from_u8 ... ok
[INFO] [stdout] test dpi::reference::tests::test_try_from_lib ... ok
[INFO] [stdout] test dpi::reference::tests::test_health_list ... ok
[INFO] [stdout] test dpi::tests::test_dpi_get_score ... ok
[INFO] [stdout] test dpi::tests::test_dpi_auto_train ... FAILED
[INFO] [stdout] test dpi::reference::tests::test_nppi_code ... ok
[INFO] [stdout] test dpi::tests::test_const_points ... ok
[INFO] [stdout] test dpi::tests::test_dpi_add_to_score_points ... ok
[INFO] [stdout] test dpi::reference::tests::test_nppi_list ... ok
[INFO] [stdout] test dpi::reference::tests::test_try_from_str ... ok
[INFO] [stdout] test dpi::tests::test_dpi_suggest_from_sounds_like ... ok
[INFO] [stdout] test dpi::tests::test_dpi_append_key_regex ... ok
[INFO] [stdout] test dpi::tests::test_dpi_append_key_word ... ok
[INFO] [stdout] test dpi::tests::test_dpi_new ... ok
[INFO] [stdout] test dpi::tests::test_dpi_upsert_score ... ok
[INFO] [stdout] test dpi::tests::test_dpi_suggest_from_levenshtein ... ok
[INFO] [stdout] test dpi::reference::tests::test_try_from_u16 ... ok
[INFO] [stdout] test dpi::reference::tests::test_invalid_code ... ok
[INFO] [stdout] test dpi::tests::test_dpi_validate_regexs_bad ... ok
[INFO] [stdout] test dpi::tests::test_dpi_with_bad - should panic ... ok
[INFO] [stdout] test dpi::tests::test_dpi_with_keypatterns ... ok
[INFO] [stdout] test dpi::tests::test_dpi_train ... FAILED
[INFO] [stdout] test dpi::tests::test_dpi_train_for_key_words ... ok
[INFO] [stdout] test dpi::tests::test_dpi_serialize_ok ... ok
[INFO] [stdout] test dpi::tests::test_dpi_with_keyregexs_bad - should panic ... ok
[INFO] [stdout] test dpi::tests::test_dpi_from_serialized_ok ... ok
[INFO] [stdout] test dpi::tests::test_dpi_with_keywords ... ok
[INFO] [stdout] test dpi::tests::test_pattern_default ... ok
[INFO] [stdout] test dpi::tests::test_pattern_get ... ok
[INFO] [stdout] test dpi::tests::test_pattern_analyze ... ok
[INFO] [stdout] test dpi::tests::test_dpi_train_for_key_regexs ... ok
[INFO] [stdout] test dpi::tests::test_phonetic_pad_zeros ... ok
[INFO] [stdout] test dpi::tests::test_phonetic_fixed_length ... ok
[INFO] [stdout] test dpi::tests::test_phonetic_levenshtein ... ok
[INFO] [stdout] test dpi::tests::test_dpi_contains_key_word ... ok
[INFO] [stdout] test dpi::tests::test_phonetic_char_digit ... ok
[INFO] [stdout] test dpi::tests::test_ngram_calculate ... ok
[INFO] [stdout] test dpi::tests::test_phonetics_soundex_word ... ok
[INFO] [stdout] test dpi::tests::test_phonetics_similar_word ... ok
[INFO] [stdout] test dpi::tests::test_phonetics_remove_similar_char_digits ... ok
[INFO] [stdout] test dpi::tests::test_phonetics_soundex_encode ... ok
[INFO] [stdout] test dpi::tests::test_phonetic_sounds_like ... ok
[INFO] [stdout] test dpi::tests::test_dpi_with_good ... ok
[INFO] [stdout] test dpi::tests::test_dpi_word_to_regex ... ok
[INFO] [stdout] test dpi::tests::test_dpi_validate_regexs_good ... ok
[INFO] [stdout] test dpi::tests::test_dpi_with_keyregexs ... ok
[INFO] [stdout] test dpi::tests::test_tokenizer_tokenize ... ok
[INFO] [stdout] test dsg::error::tests::test_error_decryption ... ok
[INFO] [stdout] test dsg::error::tests::test_error_bad_transferset ... ok
[INFO] [stdout] test dpi::tests::test_suggested_key_regexs ... FAILED
[INFO] [stdout] test dpi::tests::test_tokenizer_is_match ... ok
[INFO] [stdout] test dpi::tests::test_tfidf_tfidf ... ok
[INFO] [stdout] test dpi::tests::test_tfidf_frequency_counts_as_vec ... ok
[INFO] [stdout] test dsg::error::tests::test_error_payload_overflow ... ok
[INFO] [stdout] test dsg::error::tests::test_error_payload_timeout ... ok
[INFO] [stdout] test dsg::error::tests::test_error_payload_unreadbale ... ok
[INFO] [stdout] test dsg::tests::test_data_from_tranfer ... FAILED
[INFO] [stdout] test dpi::tests::test_dpi_contains_key_regex ... ok
[INFO] [stdout] test dsg::error::tests::test_error_missing_nonce ... ok
[INFO] [stdout] test dsg::tests::test_data_from_tranfer_bad_data ... FAILED
[INFO] [stdout] test dpi::tests::test_suggestion_new ... ok
[INFO] [stdout] test dsg::error::tests::test_error_missing_symmetric_key ... ok
[INFO] [stdout] test dpi::tests::test_suggested_key_words ... FAILED
[INFO] [stdout] test dsg::error::tests::test_error_bad_keypair ... ok
[INFO] [stdout] test dpi::tests::test_dpi_train_for_key_patterns ... ok
[INFO] [stdout] test dsg::tests::test_encrypt_decrypt_mp3 ... FAILED
[INFO] [stdout] test dsg::tests::test_generate_nonce ... ok
[INFO] [stdout] test dsg::tests::test_encrypt_data_error ... ok
[INFO] [stdout] test dsg::tests::test_decrypt_data ... ok
[INFO] [stdout] test dsg::tests::test_generate_symmetric_key ... ok
[INFO] [stdout] test dsg::tests::test_encrypt_symmetric_key_error ... ok
[INFO] [stdout] test dsg::tests::test_encrypt_data ... ok
[INFO] [stdout] test dpi::tests::test_tfidf_frequency_counts ... ok
[INFO] [stdout] test dpi::tests::test_dpi_contains_key_pattern ... ok
[INFO] [stdout] test dtc::error::tests::test_error_chain_bad ... ok
[INFO] [stdout] test dsg::tests::test_transferset_from_serialize_good ... ok
[INFO] [stdout] test dsg::tests::test_transferset_serialize ... ok
[INFO] [stdout] test dtc::error::tests::test_error_marker_bad ... ok
[INFO] [stdout] test dtc::tests::test_calc_hash ... ok
[INFO] [stdout] test dsg::tests::test_secure_for_tranfer ... FAILED
[INFO] [stdout] test dsg::tests::test_transferset_from_serialize_bad ... ok
[INFO] [stdout] test dsg::tests::test_decrypt_data_error ... ok
[INFO] [stdout] test dtc::error::tests::test_error_dtc_bad ... ok
[INFO] [stdout] test dtc::error::tests::test_error_dtc_base64 ... ok
[INFO] [stdout] test dtc::error::tests::test_error_dtc_missing ... ok
[INFO] [stdout] test dtc::tests::test_marker_genesis ... ok
[INFO] [stdout] test dtc::tests::test_marker_new ... ok
[INFO] [stdout] test dtc::tests::test_markerchain_from_serialized ... ok
[INFO] [stdout] test dtc::tests::test_markerchain_get ... ok
[INFO] [stdout] test dua::data_category::tests::test_data_category_factory_get_category_by_name ... ok
[INFO] [stdout] test dtc::tests::test_markerchain_serialize ... ok
[INFO] [stdout] test dtc::tests::test_markerchain_invalid ... ok
[INFO] [stdout] test dtc::tests::test_markerchain_new ... ok
[INFO] [stdout] test dtc::tests::test_markerchain_valid ... ok
[INFO] [stdout] test dua::data_category::tests::test_data_category_factory_get_category_children_by_key ... ok
[INFO] [stdout] test dua::data_category::tests::test_data_category_factory_get_category_by_key ... ok
[INFO] [stdout] test dua::data_category::tests::test_data_category_factory_get_categories_ok ... ok
[INFO] [stdout] test dsg::error::tests::test_error_encryption ... ok
[INFO] [stdout] test dsg::tests::test_happy_path_mp3 ... FAILED
[INFO] [stdout] test dua::data_category::tests::test_data_category_factory_get_reverse_heirarchy_by_key ... ok
[INFO] [stdout] test dua::data_category::tests::test_data_category_from_serialized_ok ... ok
[INFO] [stdout] test dua::data_category::tests::test_data_category_get_key ... ok
[INFO] [stdout] test dua::data_category::tests::test_data_category_serialize_ok ... ok
[INFO] [stdout] test dua::data_subject::tests::test_data_rights_from_serialized_ok ... ok
[INFO] [stdout] test dua::data_subject::tests::test_data_rights_serialize_ok ... ok
[INFO] [stdout] test dua::data_category::tests::test_data_category_factory_get_category_parent_by_key ... ok
[INFO] [stdout] test dua::data_subject::tests::test_data_subject_factory_get_subject_by_key ... ok
[INFO] [stdout] test dua::data_subject::tests::test_data_subject_factory_get_subject_by_name_with_rights ... ok
[INFO] [stdout] test dua::data_subject::tests::test_data_subject_factory_get_subjects_ok ... ok
[INFO] [stdout] test dua::data_subject::tests::test_data_subject_factory_get_subject_by_name_without_rights ... ok
[INFO] [stdout] test dua::data_use::tests::test_data_use_factory_get_uses_ok ... ok
[INFO] [stdout] test dua::data_use::tests::test_data_use_factory_get_use_parent_by_key ... ok
[INFO] [stdout] test dua::data_use::tests::test_data_use_from_serialized_ok ... ok
[INFO] [stdout] test dua::data_use::tests::test_data_use_serialize_ok ... ok
[INFO] [stdout] test dua::error::tests::test_error_dua_bad ... ok
[INFO] [stdout] test dua::error::tests::test_error_dua_bad_format ... ok
[INFO] [stdout] test dua::error::tests::test_error_dua_missing ... ok
[INFO] [stdout] test dua::data_use::tests::test_data_use_factory_get_use_by_key ... ok
[INFO] [stdout] test dua::data_use::tests::test_data_use_factory_get_use_by_name ... ok
[INFO] [stdout] test dua::policy::tests::test_dup_as_text ... FAILED
[INFO] [stdout] test dua::policy::tests::test_dup_as_html ... FAILED
[INFO] [stdout] test dua::policy::tests::test_dup_disassociate_subject_ok ... ok
[INFO] [stdout] test dua::policy::tests::test_dup_associate_category_ok ... ok
[INFO] [stdout] test dua::policy::tests::test_dup_associate_subject_ok ... ok
[INFO] [stdout] test dua::policy::tests::test_dup_associate_use_ok ... ok
[INFO] [stdout] test dua::data_use::tests::test_data_use_factory_get_use_children_by_key ... ok
[INFO] [stdout] test dua::policy::tests::test_dup_disassociate_use_ok ... ok
[INFO] [stdout] test dua::policy::tests::test_dup_disassociate_category_ok ... ok
[INFO] [stdout] test dua::policy::tests::test_dup_get_category_ok ... ok
[INFO] [stdout] test dua::policy::tests::test_dup_get_use_ok ... ok
[INFO] [stdout] test dua::policy::tests::test_dup_has_category_ok ... ok
[INFO] [stdout] test dua::policy::tests::test_dup_has_use_ok ... ok
[INFO] [stdout] test dua::policy::tests::test_dup_has_subject_ok ... ok
[INFO] [stdout] test dua::policy::tests::test_dup_match_conditions_none_found ... ok
[INFO] [stdout] test dua::policy::tests::test_dup_match_conditions_all_found ... ok
[INFO] [stdout] test dua::policy::tests::test_dup_serialize_ok ... ok
[INFO] [stdout] test dua::tests::test_dua_from_serialized_ok ... ok
[INFO] [stdout] test dua::data_use::tests::test_data_use_factory_get_reverse_heirarchy_by_key ... ok
[INFO] [stdout] test dpi::tests::test_pattern_analyze_entities ... ok
[INFO] [stdout] test dua::tests::test_dua_serialize_ok ... ok
[INFO] [stdout] test tests::test_add ... ok
[INFO] [stdout] test tests::test_to_vec_string ... ok
[INFO] [stdout] test dua::policy::tests::test_dup_match_conditions_some_found ... ok
[INFO] [stdout] test dua::policy::tests::test_dup_get_subject_ok ... ok
[INFO] [stdout] test dpi::tests::test_dpi_train_using_keys ... ok
[INFO] [stdout] test dpi::tests::test_dpi_default ... ok
[INFO] [stdout] test dsg::tests::test_data_from_tranfer_bad_key ... ok
[INFO] [stdout] test dsg::tests::test_generate_keypair ... ok
[INFO] [stdout] test dsg::tests::test_decrypt_symmetric_key_bad ... FAILED
[INFO] [stdout] test dsg::tests::test_encrypt_decrypt_symmetric_key ... ok
[INFO] [stdout] 
[INFO] [stdout] failures:
[INFO] [stdout] 
[INFO] [stdout] ---- dpi::tests::test_dpi_auto_train stdout ----
[INFO] [stdout] 
[INFO] [stdout] thread 'dpi::tests::test_dpi_auto_train' (3586) panicked at src/dpi/mod.rs:2290:22:
[INFO] [stdout] File could not be read.: Os { code: 2, kind: NotFound, message: "No such file or directory" }
[INFO] [stdout] stack backtrace:
[INFO] [stdout]    0:     0x56f2a2eff001 - <<std[70759c8f55707aa4]::sys::backtrace::BacktraceLock>::print::DisplayBacktrace as core[df12db4294e9bfd3]::fmt::Display>::fmt
[INFO] [stdout]    1:     0x56f2a2f1618a - core[df12db4294e9bfd3]::fmt::write
[INFO] [stdout]    2:     0x56f2a2f0386c - <alloc[2182bb758b4b3781]::vec::Vec<u8> as core[df12db4294e9bfd3]::io::write::Write>::write_fmt
[INFO] [stdout]    3:     0x56f2a2edae46 - std[70759c8f55707aa4]::panicking::default_hook::{closure#0}
[INFO] [stdout]    4:     0x56f2a2ef7279 - std[70759c8f55707aa4]::panicking::default_hook
[INFO] [stdout]    5:     0x56f2a2db9ca0 - test[9d35eded1c95d3be]::test_main_inner::<test[9d35eded1c95d3be]::test_main_static::{closure#0}>::{closure#0}
[INFO] [stdout]    6:     0x56f2a2ef75a2 - std[70759c8f55707aa4]::panicking::panic_with_hook
[INFO] [stdout]    7:     0x56f2a2edaef2 - std[70759c8f55707aa4]::panicking::panic_handler::{closure#0}
[INFO] [stdout]    8:     0x56f2a2ed3ab9 - std[70759c8f55707aa4]::sys::backtrace::__rust_end_short_backtrace::<std[70759c8f55707aa4]::panicking::panic_handler::{closure#0}, !>
[INFO] [stdout]    9:     0x56f2a2edbaed - __rustc[8fa7c3cbc660c2b3]::rust_begin_unwind
[INFO] [stdout]   10:     0x56f2a2f1696c - core[df12db4294e9bfd3]::panicking::panic_fmt
[INFO] [stdout]   11:     0x56f2a2f16742 - core[df12db4294e9bfd3]::result::unwrap_failed
[INFO] [stdout]   12:     0x56f2a2d4b16d - pbd[30e5e12dbe71dba2]::dpi::tests::get_training_files
[INFO] [stdout]   13:     0x56f2a2d4dc7e - pbd[30e5e12dbe71dba2]::dpi::tests::test_dpi_auto_train
[INFO] [stdout]   14:     0x56f2a2d74239 - <pbd[30e5e12dbe71dba2]::dpi::tests::test_dpi_auto_train::{closure#0} as core[df12db4294e9bfd3]::ops::function::FnOnce<()>>::call_once
[INFO] [stdout]   15:     0x56f2a2dacf8b - test[9d35eded1c95d3be]::__rust_begin_short_backtrace::<core[df12db4294e9bfd3]::result::Result<(), alloc[2182bb758b4b3781]::string::String>, fn() -> core[df12db4294e9bfd3]::result::Result<(), alloc[2182bb758b4b3781]::string::String>>
[INFO] [stdout]   16:     0x56f2a2dba5f5 - test[9d35eded1c95d3be]::run_test::{closure#0}
[INFO] [stdout]   17:     0x56f2a2db3eb4 - std[70759c8f55707aa4]::sys::backtrace::__rust_begin_short_backtrace::<test[9d35eded1c95d3be]::run_test::{closure#1}, ()>
[INFO] [stdout]   18:     0x56f2a2dbd752 - <std[70759c8f55707aa4]::thread::lifecycle::spawn_unchecked<test[9d35eded1c95d3be]::run_test::{closure#1}, ()>::{closure#1} as core[df12db4294e9bfd3]::ops::function::FnOnce<()>>::call_once::{shim:vtable#0}
[INFO] [stdout]   19:     0x56f2a2efe559 - <std[70759c8f55707aa4]::sys::thread::unix::Thread>::new::thread_start
[INFO] [stdout]   20:     0x78950b8a9dfa - <unknown>
[INFO] [stdout]   21:     0x78950b93d3d4 - clone
[INFO] [stdout]   22:                0x0 - <unknown>
[INFO] [stdout] 
[INFO] [stdout] ---- dpi::tests::test_dpi_train stdout ----
[INFO] [stdout] 
[INFO] [stdout] thread 'dpi::tests::test_dpi_train' (3597) panicked at src/dpi/mod.rs:2290:22:
[INFO] [stdout] File could not be read.: Os { code: 2, kind: NotFound, message: "No such file or directory" }
[INFO] [stdout] stack backtrace:
[INFO] [stdout]    0:     0x56f2a2eff001 - <<std[70759c8f55707aa4]::sys::backtrace::BacktraceLock>::print::DisplayBacktrace as core[df12db4294e9bfd3]::fmt::Display>::fmt
[INFO] [stdout]    1:     0x56f2a2f1618a - core[df12db4294e9bfd3]::fmt::write
[INFO] [stdout]    2:     0x56f2a2f0386c - <alloc[2182bb758b4b3781]::vec::Vec<u8> as core[df12db4294e9bfd3]::io::write::Write>::write_fmt
[INFO] [stdout]    3:     0x56f2a2edae46 - std[70759c8f55707aa4]::panicking::default_hook::{closure#0}
[INFO] [stdout]    4:     0x56f2a2ef7279 - std[70759c8f55707aa4]::panicking::default_hook
[INFO] [stdout]    5:     0x56f2a2db9ca0 - test[9d35eded1c95d3be]::test_main_inner::<test[9d35eded1c95d3be]::test_main_static::{closure#0}>::{closure#0}
[INFO] [stdout]    6:     0x56f2a2ef75a2 - std[70759c8f55707aa4]::panicking::panic_with_hook
[INFO] [stdout]    7:     0x56f2a2edaef2 - std[70759c8f55707aa4]::panicking::panic_handler::{closure#0}
[INFO] [stdout]    8:     0x56f2a2ed3ab9 - std[70759c8f55707aa4]::sys::backtrace::__rust_end_short_backtrace::<std[70759c8f55707aa4]::panicking::panic_handler::{closure#0}, !>
[INFO] [stdout]    9:     0x56f2a2edbaed - __rustc[8fa7c3cbc660c2b3]::rust_begin_unwind
[INFO] [stdout]   10:     0x56f2a2f1696c - core[df12db4294e9bfd3]::panicking::panic_fmt
[INFO] [stdout]   11:     0x56f2a2f16742 - core[df12db4294e9bfd3]::result::unwrap_failed
[INFO] [stdout]   12:     0x56f2a2d4b16d - pbd[30e5e12dbe71dba2]::dpi::tests::get_training_files
[INFO] [stdout]   13:     0x56f2a2d4b21e - pbd[30e5e12dbe71dba2]::dpi::tests::test_dpi_train
[INFO] [stdout]   14:     0x56f2a2d74159 - <pbd[30e5e12dbe71dba2]::dpi::tests::test_dpi_train::{closure#0} as core[df12db4294e9bfd3]::ops::function::FnOnce<()>>::call_once
[INFO] [stdout]   15:     0x56f2a2dacf8b - test[9d35eded1c95d3be]::__rust_begin_short_backtrace::<core[df12db4294e9bfd3]::result::Result<(), alloc[2182bb758b4b3781]::string::String>, fn() -> core[df12db4294e9bfd3]::result::Result<(), alloc[2182bb758b4b3781]::string::String>>
[INFO] [stdout]   16:     0x56f2a2dba5f5 - test[9d35eded1c95d3be]::run_test::{closure#0}
[INFO] [stdout]   17:     0x56f2a2db3eb4 - std[70759c8f55707aa4]::sys::backtrace::__rust_begin_short_backtrace::<test[9d35eded1c95d3be]::run_test::{closure#1}, ()>
[INFO] [stdout]   18:     0x56f2a2dbd752 - <std[70759c8f55707aa4]::thread::lifecycle::spawn_unchecked<test[9d35eded1c95d3be]::run_test::{closure#1}, ()>::{closure#1} as core[df12db4294e9bfd3]::ops::function::FnOnce<()>>::call_once::{shim:vtable#0}
[INFO] [stdout]   19:     0x56f2a2efe559 - <std[70759c8f55707aa4]::sys::thread::unix::Thread>::new::thread_start
[INFO] [stdout]   20:     0x78950b8a9dfa - <unknown>
[INFO] [stdout]   21:     0x78950b93d3d4 - clone
[INFO] [stdout]   22:                0x0 - <unknown>
[INFO] [stdout] 
[INFO] [stdout] ---- dpi::tests::test_suggested_key_regexs stdout ----
[INFO] [stdout] 
[INFO] [stdout] thread 'dpi::tests::test_suggested_key_regexs' (3642) panicked at src/dpi/mod.rs:2290:22:
[INFO] [stdout] File could not be read.: Os { code: 2, kind: NotFound, message: "No such file or directory" }
[INFO] [stdout] stack backtrace:
[INFO] [stdout]    0:     0x56f2a2eff001 - <<std[70759c8f55707aa4]::sys::backtrace::BacktraceLock>::print::DisplayBacktrace as core[df12db4294e9bfd3]::fmt::Display>::fmt
[INFO] [stdout]    1:     0x56f2a2f1618a - core[df12db4294e9bfd3]::fmt::write
[INFO] [stdout]    2:     0x56f2a2f0386c - <alloc[2182bb758b4b3781]::vec::Vec<u8> as core[df12db4294e9bfd3]::io::write::Write>::write_fmt
[INFO] [stdout]    3:     0x56f2a2edae46 - std[70759c8f55707aa4]::panicking::default_hook::{closure#0}
[INFO] [stdout]    4:     0x56f2a2ef7279 - std[70759c8f55707aa4]::panicking::default_hook
[INFO] [stdout]    5:     0x56f2a2db9ca0 - test[9d35eded1c95d3be]::test_main_inner::<test[9d35eded1c95d3be]::test_main_static::{closure#0}>::{closure#0}
[INFO] [stdout]    6:     0x56f2a2ef75a2 - std[70759c8f55707aa4]::panicking::panic_with_hook
[INFO] [stdout]    7:     0x56f2a2edaef2 - std[70759c8f55707aa4]::panicking::panic_handler::{closure#0}
[INFO] [stdout]    8:     0x56f2a2ed3ab9 - std[70759c8f55707aa4]::sys::backtrace::__rust_end_short_backtrace::<std[70759c8f55707aa4]::panicking::panic_handler::{closure#0}, !>
[INFO] [stdout]    9:     0x56f2a2edbaed - __rustc[8fa7c3cbc660c2b3]::rust_begin_unwind
[INFO] [stdout]   10:     0x56f2a2f1696c - core[df12db4294e9bfd3]::panicking::panic_fmt
[INFO] [stdout]   11:     0x56f2a2f16742 - core[df12db4294e9bfd3]::result::unwrap_failed
[INFO] [stdout]   12:     0x56f2a2d4b16d - pbd[30e5e12dbe71dba2]::dpi::tests::get_training_files
[INFO] [stdout]   13:     0x56f2a2d53b1e - pbd[30e5e12dbe71dba2]::dpi::tests::test_suggested_key_regexs
[INFO] [stdout]   14:     0x56f2a2d74529 - <pbd[30e5e12dbe71dba2]::dpi::tests::test_suggested_key_regexs::{closure#0} as core[df12db4294e9bfd3]::ops::function::FnOnce<()>>::call_once
[INFO] [stdout]   15:     0x56f2a2dacf8b - test[9d35eded1c95d3be]::__rust_begin_short_backtrace::<core[df12db4294e9bfd3]::result::Result<(), alloc[2182bb758b4b3781]::string::String>, fn() -> core[df12db4294e9bfd3]::result::Result<(), alloc[2182bb758b4b3781]::string::String>>
[INFO] [stdout]   16:     0x56f2a2dba5f5 - test[9d35eded1c95d3be]::run_test::{closure#0}
[INFO] [stdout]   17:     0x56f2a2db3eb4 - std[70759c8f55707aa4]::sys::backtrace::__rust_begin_short_backtrace::<test[9d35eded1c95d3be]::run_test::{closure#1}, ()>
[INFO] [stdout]   18:     0x56f2a2dbd752 - <std[70759c8f55707aa4]::thread::lifecycle::spawn_unchecked<test[9d35eded1c95d3be]::run_test::{closure#1}, ()>::{closure#1} as core[df12db4294e9bfd3]::ops::function::FnOnce<()>>::call_once::{shim:vtable#0}
[INFO] [stdout]   19:     0x56f2a2efe559 - <std[70759c8f55707aa4]::sys::thread::unix::Thread>::new::thread_start
[INFO] [stdout]   20:     0x78950b8a9dfa - <unknown>
[INFO] [stdout]   21:     0x78950b93d3d4 - clone
[INFO] [stdout]   22:                0x0 - <unknown>
[INFO] [stdout] 
[INFO] [stdout] ---- dsg::tests::test_data_from_tranfer stdout ----
[INFO] [stdout] 
[INFO] [stdout] thread 'dsg::tests::test_data_from_tranfer' (3659) panicked at src/dsg/mod.rs:401:61:
[INFO] [stdout] called `Result::unwrap()` on an `Err` value: Os { code: 2, kind: NotFound, message: "No such file or directory" }
[INFO] [stdout] stack backtrace:
[INFO] [stdout]    0:     0x56f2a2eff001 - <<std[70759c8f55707aa4]::sys::backtrace::BacktraceLock>::print::DisplayBacktrace as core[df12db4294e9bfd3]::fmt::Display>::fmt
[INFO] [stdout]    1:     0x56f2a2f1618a - core[df12db4294e9bfd3]::fmt::write
[INFO] [stdout]    2:     0x56f2a2f0386c - <alloc[2182bb758b4b3781]::vec::Vec<u8> as core[df12db4294e9bfd3]::io::write::Write>::write_fmt
[INFO] [stdout]    3:     0x56f2a2edae46 - std[70759c8f55707aa4]::panicking::default_hook::{closure#0}
[INFO] [stdout]    4:     0x56f2a2ef7279 - std[70759c8f55707aa4]::panicking::default_hook
[INFO] [stdout]    5:     0x56f2a2db9ca0 - test[9d35eded1c95d3be]::test_main_inner::<test[9d35eded1c95d3be]::test_main_static::{closure#0}>::{closure#0}
[INFO] [stdout]    6:     0x56f2a2ef75a2 - std[70759c8f55707aa4]::panicking::panic_with_hook
[INFO] [stdout]    7:     0x56f2a2edaef2 - std[70759c8f55707aa4]::panicking::panic_handler::{closure#0}
[INFO] [stdout]    8:     0x56f2a2ed3ab9 - std[70759c8f55707aa4]::sys::backtrace::__rust_end_short_backtrace::<std[70759c8f55707aa4]::panicking::panic_handler::{closure#0}, !>
[INFO] [stdout]    9:     0x56f2a2edbaed - __rustc[8fa7c3cbc660c2b3]::rust_begin_unwind
[INFO] [stdout]   10:     0x56f2a2f1696c - core[df12db4294e9bfd3]::panicking::panic_fmt
[INFO] [stdout]   11:     0x56f2a2f16742 - core[df12db4294e9bfd3]::result::unwrap_failed
[INFO] [stdout]   12:     0x56f2a2d3797c - pbd[30e5e12dbe71dba2]::dsg::tests::get_priv_pem
[INFO] [stdout]   13:     0x56f2a2d38858 - pbd[30e5e12dbe71dba2]::dsg::tests::test_data_from_tranfer
[INFO] [stdout]   14:     0x56f2a2d74959 - <pbd[30e5e12dbe71dba2]::dsg::tests::test_data_from_tranfer::{closure#0} as core[df12db4294e9bfd3]::ops::function::FnOnce<()>>::call_once
[INFO] [stdout]   15:     0x56f2a2dacf8b - test[9d35eded1c95d3be]::__rust_begin_short_backtrace::<core[df12db4294e9bfd3]::result::Result<(), alloc[2182bb758b4b3781]::string::String>, fn() -> core[df12db4294e9bfd3]::result::Result<(), alloc[2182bb758b4b3781]::string::String>>
[INFO] [stdout]   16:     0x56f2a2dba5f5 - test[9d35eded1c95d3be]::run_test::{closure#0}
[INFO] [stdout]   17:     0x56f2a2db3eb4 - std[70759c8f55707aa4]::sys::backtrace::__rust_begin_short_backtrace::<test[9d35eded1c95d3be]::run_test::{closure#1}, ()>
[INFO] [stdout]   18:     0x56f2a2dbd752 - <std[70759c8f55707aa4]::thread::lifecycle::spawn_unchecked<test[9d35eded1c95d3be]::run_test::{closure#1}, ()>::{closure#1} as core[df12db4294e9bfd3]::ops::function::FnOnce<()>>::call_once::{shim:vtable#0}
[INFO] [stdout]   19:     0x56f2a2efe559 - <std[70759c8f55707aa4]::sys::thread::unix::Thread>::new::thread_start
[INFO] [stdout]   20:     0x78950b8a9dfa - <unknown>
[INFO] [stdout]   21:     0x78950b93d3d4 - clone
[INFO] [stdout]   22:                0x0 - <unknown>
[INFO] [stdout] 
[INFO] [stdout] ---- dsg::tests::test_data_from_tranfer_bad_data stdout ----
[INFO] [stdout] 
[INFO] [stdout] thread 'dsg::tests::test_data_from_tranfer_bad_data' (3660) panicked at src/dsg/mod.rs:401:61:
[INFO] [stdout] called `Result::unwrap()` on an `Err` value: Os { code: 2, kind: NotFound, message: "No such file or directory" }
[INFO] [stdout] stack backtrace:
[INFO] [stdout]    0:     0x56f2a2eff001 - <<std[70759c8f55707aa4]::sys::backtrace::BacktraceLock>::print::DisplayBacktrace as core[df12db4294e9bfd3]::fmt::Display>::fmt
[INFO] [stdout]    1:     0x56f2a2f1618a - core[df12db4294e9bfd3]::fmt::write
[INFO] [stdout]    2:     0x56f2a2f0386c - <alloc[2182bb758b4b3781]::vec::Vec<u8> as core[df12db4294e9bfd3]::io::write::Write>::write_fmt
[INFO] [stdout]    3:     0x56f2a2edae46 - std[70759c8f55707aa4]::panicking::default_hook::{closure#0}
[INFO] [stdout]    4:     0x56f2a2ef7279 - std[70759c8f55707aa4]::panicking::default_hook
[INFO] [stdout]    5:     0x56f2a2db9ca0 - test[9d35eded1c95d3be]::test_main_inner::<test[9d35eded1c95d3be]::test_main_static::{closure#0}>::{closure#0}
[INFO] [stdout]    6:     0x56f2a2ef75a2 - std[70759c8f55707aa4]::panicking::panic_with_hook
[INFO] [stdout]    7:     0x56f2a2edaef2 - std[70759c8f55707aa4]::panicking::panic_handler::{closure#0}
[INFO] [stdout]    8:     0x56f2a2ed3ab9 - std[70759c8f55707aa4]::sys::backtrace::__rust_end_short_backtrace::<std[70759c8f55707aa4]::panicking::panic_handler::{closure#0}, !>
[INFO] [stdout]    9:     0x56f2a2edbaed - __rustc[8fa7c3cbc660c2b3]::rust_begin_unwind
[INFO] [stdout]   10:     0x56f2a2f1696c - core[df12db4294e9bfd3]::panicking::panic_fmt
[INFO] [stdout]   11:     0x56f2a2f16742 - core[df12db4294e9bfd3]::result::unwrap_failed
[INFO] [stdout]   12:     0x56f2a2d3797c - pbd[30e5e12dbe71dba2]::dsg::tests::get_priv_pem
[INFO] [stdout]   13:     0x56f2a2d3a036 - pbd[30e5e12dbe71dba2]::dsg::tests::test_data_from_tranfer_bad_data
[INFO] [stdout]   14:     0x56f2a2d74a79 - <pbd[30e5e12dbe71dba2]::dsg::tests::test_data_from_tranfer_bad_data::{closure#0} as core[df12db4294e9bfd3]::ops::function::FnOnce<()>>::call_once
[INFO] [stdout]   15:     0x56f2a2dacf8b - test[9d35eded1c95d3be]::__rust_begin_short_backtrace::<core[df12db4294e9bfd3]::result::Result<(), alloc[2182bb758b4b3781]::string::String>, fn() -> core[df12db4294e9bfd3]::result::Result<(), alloc[2182bb758b4b3781]::string::String>>
[INFO] [stdout]   16:     0x56f2a2dba5f5 - test[9d35eded1c95d3be]::run_test::{closure#0}
[INFO] [stdout]   17:     0x56f2a2db3eb4 - std[70759c8f55707aa4]::sys::backtrace::__rust_begin_short_backtrace::<test[9d35eded1c95d3be]::run_test::{closure#1}, ()>
[INFO] [stdout]   18:     0x56f2a2dbd752 - <std[70759c8f55707aa4]::thread::lifecycle::spawn_unchecked<test[9d35eded1c95d3be]::run_test::{closure#1}, ()>::{closure#1} as core[df12db4294e9bfd3]::ops::function::FnOnce<()>>::call_once::{shim:vtable#0}
[INFO] [stdout]   19:     0x56f2a2efe559 - <std[70759c8f55707aa4]::sys::thread::unix::Thread>::new::thread_start
[INFO] [stdout]   20:     0x78950b8a9dfa - <unknown>
[INFO] [stdout]   21:     0x78950b93d3d4 - clone
[INFO] [stdout]   22:                0x0 - <unknown>
[INFO] [stdout] 
[INFO] [stdout] ---- dpi::tests::test_suggested_key_words stdout ----
[INFO] [stdout] 
[INFO] [stdout] thread 'dpi::tests::test_suggested_key_words' (3643) panicked at src/dpi/mod.rs:2290:22:
[INFO] [stdout] File could not be read.: Os { code: 2, kind: NotFound, message: "No such file or directory" }
[INFO] [stdout] stack backtrace:
[INFO] [stdout]    0:     0x56f2a2eff001 - <<std[70759c8f55707aa4]::sys::backtrace::BacktraceLock>::print::DisplayBacktrace as core[df12db4294e9bfd3]::fmt::Display>::fmt
[INFO] [stdout]    1:     0x56f2a2f1618a - core[df12db4294e9bfd3]::fmt::write
[INFO] [stdout]    2:     0x56f2a2f0386c - <alloc[2182bb758b4b3781]::vec::Vec<u8> as core[df12db4294e9bfd3]::io::write::Write>::write_fmt
[INFO] [stdout]    3:     0x56f2a2edae46 - std[70759c8f55707aa4]::panicking::default_hook::{closure#0}
[INFO] [stdout]    4:     0x56f2a2ef7279 - std[70759c8f55707aa4]::panicking::default_hook
[INFO] [stdout]    5:     0x56f2a2db9ca0 - test[9d35eded1c95d3be]::test_main_inner::<test[9d35eded1c95d3be]::test_main_static::{closure#0}>::{closure#0}
[INFO] [stdout]    6:     0x56f2a2ef75a2 - std[70759c8f55707aa4]::panicking::panic_with_hook
[INFO] [stdout]    7:     0x56f2a2edaef2 - std[70759c8f55707aa4]::panicking::panic_handler::{closure#0}
[INFO] [stdout]    8:     0x56f2a2ed3ab9 - std[70759c8f55707aa4]::sys::backtrace::__rust_end_short_backtrace::<std[70759c8f55707aa4]::panicking::panic_handler::{closure#0}, !>
[INFO] [stdout]    9:     0x56f2a2edbaed - __rustc[8fa7c3cbc660c2b3]::rust_begin_unwind
[INFO] [stdout]   10:     0x56f2a2f1696c - core[df12db4294e9bfd3]::panicking::panic_fmt
[INFO] [stdout]   11:     0x56f2a2f16742 - core[df12db4294e9bfd3]::result::unwrap_failed
[INFO] [stdout]   12:     0x56f2a2d4b16d - pbd[30e5e12dbe71dba2]::dpi::tests::get_training_files
[INFO] [stdout]   13:     0x56f2a2d514ae - pbd[30e5e12dbe71dba2]::dpi::tests::test_suggested_key_words
[INFO] [stdout]   14:     0x56f2a2d743d9 - <pbd[30e5e12dbe71dba2]::dpi::tests::test_suggested_key_words::{closure#0} as core[df12db4294e9bfd3]::ops::function::FnOnce<()>>::call_once
[INFO] [stdout]   15:     0x56f2a2dacf8b - test[9d35eded1c95d3be]::__rust_begin_short_backtrace::<core[df12db4294e9bfd3]::result::Result<(), alloc[2182bb758b4b3781]::string::String>, fn() -> core[df12db4294e9bfd3]::result::Result<(), alloc[2182bb758b4b3781]::string::String>>
[INFO] [stdout]   16:     0x56f2a2dba5f5 - test[9d35eded1c95d3be]::run_test::{closure#0}
[INFO] [stdout]   17:     0x56f2a2db3eb4 - std[70759c8f55707aa4]::sys::backtrace::__rust_begin_short_backtrace::<test[9d35eded1c95d3be]::run_test::{closure#1}, ()>
[INFO] [stdout]   18:     0x56f2a2dbd752 - <std[70759c8f55707aa4]::thread::lifecycle::spawn_unchecked<test[9d35eded1c95d3be]::run_test::{closure#1}, ()>::{closure#1} as core[df12db4294e9bfd3]::ops::function::FnOnce<()>>::call_once::{shim:vtable#0}
[INFO] [stdout]   19:     0x56f2a2efe559 - <std[70759c8f55707aa4]::sys::thread::unix::Thread>::new::thread_start
[INFO] [stdout]   20:     0x78950b8a9dfa - <unknown>
[INFO] [stdout]   21:     0x78950b93d3d4 - clone
[INFO] [stdout]   22:                0x0 - <unknown>
[INFO] [stdout] 
[INFO] [stdout] ---- dsg::tests::test_encrypt_decrypt_mp3 stdout ----
[INFO] [stdout] 
[INFO] [stdout] thread 'dsg::tests::test_encrypt_decrypt_mp3' (3667) panicked at src/dsg/mod.rs:585:66:
[INFO] [stdout] called `Result::unwrap()` on an `Err` value: Os { code: 2, kind: NotFound, message: "No such file or directory" }
[INFO] [stdout] stack backtrace:
[INFO] [stdout]    0:     0x56f2a2eff001 - <<std[70759c8f55707aa4]::sys::backtrace::BacktraceLock>::print::DisplayBacktrace as core[df12db4294e9bfd3]::fmt::Display>::fmt
[INFO] [stdout]    1:     0x56f2a2f1618a - core[df12db4294e9bfd3]::fmt::write
[INFO] [stdout]    2:     0x56f2a2f0386c - <alloc[2182bb758b4b3781]::vec::Vec<u8> as core[df12db4294e9bfd3]::io::write::Write>::write_fmt
[INFO] [stdout]    3:     0x56f2a2edae46 - std[70759c8f55707aa4]::panicking::default_hook::{closure#0}
[INFO] [stdout]    4:     0x56f2a2ef7279 - std[70759c8f55707aa4]::panicking::default_hook
[INFO] [stdout]    5:     0x56f2a2db9ca0 - test[9d35eded1c95d3be]::test_main_inner::<test[9d35eded1c95d3be]::test_main_static::{closure#0}>::{closure#0}
[INFO] [stdout]    6:     0x56f2a2ef75a2 - std[70759c8f55707aa4]::panicking::panic_with_hook
[INFO] [stdout]    7:     0x56f2a2edaef2 - std[70759c8f55707aa4]::panicking::panic_handler::{closure#0}
[INFO] [stdout]    8:     0x56f2a2ed3ab9 - std[70759c8f55707aa4]::sys::backtrace::__rust_end_short_backtrace::<std[70759c8f55707aa4]::panicking::panic_handler::{closure#0}, !>
[INFO] [stdout]    9:     0x56f2a2edbaed - __rustc[8fa7c3cbc660c2b3]::rust_begin_unwind
[INFO] [stdout]   10:     0x56f2a2f1696c - core[df12db4294e9bfd3]::panicking::panic_fmt
[INFO] [stdout]   11:     0x56f2a2f16742 - core[df12db4294e9bfd3]::result::unwrap_failed
[INFO] [stdout]   12:     0x56f2a2d39574 - pbd[30e5e12dbe71dba2]::dsg::tests::test_encrypt_decrypt_mp3
[INFO] [stdout]   13:     0x56f2a2d749d9 - <pbd[30e5e12dbe71dba2]::dsg::tests::test_encrypt_decrypt_mp3::{closure#0} as core[df12db4294e9bfd3]::ops::function::FnOnce<()>>::call_once
[INFO] [stdout]   14:     0x56f2a2dacf8b - test[9d35eded1c95d3be]::__rust_begin_short_backtrace::<core[df12db4294e9bfd3]::result::Result<(), alloc[2182bb758b4b3781]::string::String>, fn() -> core[df12db4294e9bfd3]::result::Result<(), alloc[2182bb758b4b3781]::string::String>>
[INFO] [stdout]   15:     0x56f2a2dba5f5 - test[9d35eded1c95d3be]::run_test::{closure#0}
[INFO] [stdout]   16:     0x56f2a2db3eb4 - std[70759c8f55707aa4]::sys::backtrace::__rust_begin_short_backtrace::<test[9d35eded1c95d3be]::run_test::{closure#1}, ()>
[INFO] [stdout]   17:     0x56f2a2dbd752 - <std[70759c8f55707aa4]::thread::lifecycle::spawn_unchecked<test[9d35eded1c95d3be]::run_test::{closure#1}, ()>::{closure#1} as core[df12db4294e9bfd3]::ops::function::FnOnce<()>>::call_once::{shim:vtable#0}
[INFO] [stdout]   18:     0x56f2a2efe559 - <std[70759c8f55707aa4]::sys::thread::unix::Thread>::new::thread_start
[INFO] [stdout]   19:     0x78950b8a9dfa - <unknown>
[INFO] [stdout]   20:     0x78950b93d3d4 - clone
[INFO] [stdout]   21:                0x0 - <unknown>
[INFO] [stdout] 
[INFO] [stdout] ---- dsg::tests::test_secure_for_tranfer stdout ----
[INFO] [stdout] 
[INFO] [stdout] thread 'dsg::tests::test_secure_for_tranfer' (3674) panicked at src/dsg/mod.rs:409:60:
[INFO] [stdout] called `Result::unwrap()` on an `Err` value: Os { code: 2, kind: NotFound, message: "No such file or directory" }
[INFO] [stdout] stack backtrace:
[INFO] [stdout]    0:     0x56f2a2eff001 - <<std[70759c8f55707aa4]::sys::backtrace::BacktraceLock>::print::DisplayBacktrace as core[df12db4294e9bfd3]::fmt::Display>::fmt
[INFO] [stdout]    1:     0x56f2a2f1618a - core[df12db4294e9bfd3]::fmt::write
[INFO] [stdout]    2:     0x56f2a2f0386c - <alloc[2182bb758b4b3781]::vec::Vec<u8> as core[df12db4294e9bfd3]::io::write::Write>::write_fmt
[INFO] [stdout]    3:     0x56f2a2edae46 - std[70759c8f55707aa4]::panicking::default_hook::{closure#0}
[INFO] [stdout]    4:     0x56f2a2ef7279 - std[70759c8f55707aa4]::panicking::default_hook
[INFO] [stdout]    5:     0x56f2a2db9ca0 - test[9d35eded1c95d3be]::test_main_inner::<test[9d35eded1c95d3be]::test_main_static::{closure#0}>::{closure#0}
[INFO] [stdout]    6:     0x56f2a2ef75a2 - std[70759c8f55707aa4]::panicking::panic_with_hook
[INFO] [stdout]    7:     0x56f2a2edaef2 - std[70759c8f55707aa4]::panicking::panic_handler::{closure#0}
[INFO] [stdout]    8:     0x56f2a2ed3ab9 - std[70759c8f55707aa4]::sys::backtrace::__rust_end_short_backtrace::<std[70759c8f55707aa4]::panicking::panic_handler::{closure#0}, !>
[INFO] [stdout]    9:     0x56f2a2edbaed - __rustc[8fa7c3cbc660c2b3]::rust_begin_unwind
[INFO] [stdout]   10:     0x56f2a2f1696c - core[df12db4294e9bfd3]::panicking::panic_fmt
[INFO] [stdout]   11:     0x56f2a2f16742 - core[df12db4294e9bfd3]::result::unwrap_failed
[INFO] [stdout]   12:     0x56f2a2d3781c - pbd[30e5e12dbe71dba2]::dsg::tests::get_pub_pem
[INFO] [stdout]   13:     0x56f2a2d38e9c - pbd[30e5e12dbe71dba2]::dsg::tests::test_secure_for_tranfer
[INFO] [stdout]   14:     0x56f2a2d749b9 - <pbd[30e5e12dbe71dba2]::dsg::tests::test_secure_for_tranfer::{closure#0} as core[df12db4294e9bfd3]::ops::function::FnOnce<()>>::call_once
[INFO] [stdout]   15:     0x56f2a2dacf8b - test[9d35eded1c95d3be]::__rust_begin_short_backtrace::<core[df12db4294e9bfd3]::result::Result<(), alloc[2182bb758b4b3781]::string::String>, fn() -> core[df12db4294e9bfd3]::result::Result<(), alloc[2182bb758b4b3781]::string::String>>
[INFO] [stdout]   16:     0x56f2a2dba5f5 - test[9d35eded1c95d3be]::run_test::{closure#0}
[INFO] [stdout]   17:     0x56f2a2db3eb4 - std[70759c8f55707aa4]::sys::backtrace::__rust_begin_short_backtrace::<test[9d35eded1c95d3be]::run_test::{closure#1}, ()>
[INFO] [stdout]   18:     0x56f2a2dbd752 - <std[70759c8f55707aa4]::thread::lifecycle::spawn_unchecked<test[9d35eded1c95d3be]::run_test::{closure#1}, ()>::{closure#1} as core[df12db4294e9bfd3]::ops::function::FnOnce<()>>::call_once::{shim:vtable#0}
[INFO] [stdout]   19:     0x56f2a2efe559 - <std[70759c8f55707aa4]::sys::thread::unix::Thread>::new::thread_start
[INFO] [stdout]   20:     0x78950b8a9dfa - <unknown>
[INFO] [stdout]   21:     0x78950b93d3d4 - clone
[INFO] [stdout]   22:                0x0 - <unknown>
[INFO] [stdout] 
[INFO] [stdout] ---- dsg::tests::test_happy_path_mp3 stdout ----
[INFO] [stdout] 
[INFO] [stdout] thread 'dsg::tests::test_happy_path_mp3' (3673) panicked at src/dsg/mod.rs:401:61:
[INFO] [stdout] called `Result::unwrap()` on an `Err` value: Os { code: 2, kind: NotFound, message: "No such file or directory" }
[INFO] [stdout] stack backtrace:
[INFO] [stdout]    0:     0x56f2a2eff001 - <<std[70759c8f55707aa4]::sys::backtrace::BacktraceLock>::print::DisplayBacktrace as core[df12db4294e9bfd3]::fmt::Display>::fmt
[INFO] [stdout]    1:     0x56f2a2f1618a - core[df12db4294e9bfd3]::fmt::write
[INFO] [stdout]    2:     0x56f2a2f0386c - <alloc[2182bb758b4b3781]::vec::Vec<u8> as core[df12db4294e9bfd3]::io::write::Write>::write_fmt
[INFO] [stdout]    3:     0x56f2a2edae46 - std[70759c8f55707aa4]::panicking::default_hook::{closure#0}
[INFO] [stdout]    4:     0x56f2a2ef7279 - std[70759c8f55707aa4]::panicking::default_hook
[INFO] [stdout]    5:     0x56f2a2db9ca0 - test[9d35eded1c95d3be]::test_main_inner::<test[9d35eded1c95d3be]::test_main_static::{closure#0}>::{closure#0}
[INFO] [stdout]    6:     0x56f2a2ef75a2 - std[70759c8f55707aa4]::panicking::panic_with_hook
[INFO] [stdout]    7:     0x56f2a2edaef2 - std[70759c8f55707aa4]::panicking::panic_handler::{closure#0}
[INFO] [stdout]    8:     0x56f2a2ed3ab9 - std[70759c8f55707aa4]::sys::backtrace::__rust_end_short_backtrace::<std[70759c8f55707aa4]::panicking::panic_handler::{closure#0}, !>
[INFO] [stdout]    9:     0x56f2a2edbaed - __rustc[8fa7c3cbc660c2b3]::rust_begin_unwind
[INFO] [stdout]   10:     0x56f2a2f1696c - core[df12db4294e9bfd3]::panicking::panic_fmt
[INFO] [stdout]   11:     0x56f2a2f16742 - core[df12db4294e9bfd3]::result::unwrap_failed
[INFO] [stdout]   12:     0x56f2a2d3797c - pbd[30e5e12dbe71dba2]::dsg::tests::get_priv_pem
[INFO] [stdout]   13:     0x56f2a2d37f2e - pbd[30e5e12dbe71dba2]::dsg::tests::test_happy_path_mp3
[INFO] [stdout]   14:     0x56f2a2d74919 - <pbd[30e5e12dbe71dba2]::dsg::tests::test_happy_path_mp3::{closure#0} as core[df12db4294e9bfd3]::ops::function::FnOnce<()>>::call_once
[INFO] [stdout]   15:     0x56f2a2dacf8b - test[9d35eded1c95d3be]::__rust_begin_short_backtrace::<core[df12db4294e9bfd3]::result::Result<(), alloc[2182bb758b4b3781]::string::String>, fn() -> core[df12db4294e9bfd3]::result::Result<(), alloc[2182bb758b4b3781]::string::String>>
[INFO] [stdout]   16:     0x56f2a2dba5f5 - test[9d35eded1c95d3be]::run_test::{closure#0}
[INFO] [stdout]   17:     0x56f2a2db3eb4 - std[70759c8f55707aa4]::sys::backtrace::__rust_begin_short_backtrace::<test[9d35eded1c95d3be]::run_test::{closure#1}, ()>
[INFO] [stdout]   18:     0x56f2a2dbd752 - <std[70759c8f55707aa4]::thread::lifecycle::spawn_unchecked<test[9d35eded1c95d3be]::run_test::{closure#1}, ()>::{closure#1} as core[df12db4294e9bfd3]::ops::function::FnOnce<()>>::call_once::{shim:vtable#0}
[INFO] [stdout]   19:     0x56f2a2efe559 - <std[70759c8f55707aa4]::sys::thread::unix::Thread>::new::thread_start
[INFO] [stdout]   20:     0x78950b8a9dfa - <unknown>
[INFO] [stdout]   21:     0x78950b93d3d4 - clone
[INFO] [stdout]   22:                0x0 - <unknown>
[INFO] [stdout] 
[INFO] [stdout] ---- dua::policy::tests::test_dup_as_text stdout ----
[INFO] [stdout] General Policy
[INFO] [stdout] (version: 1.0.1)
[INFO] [stdout] 
[INFO] [stdout] This is a high-level policy.
[INFO] [stdout] 
[INFO] [stdout] Data will be collected from the following types of users: Customer and Prospect.
[INFO] [stdout] The data being collected will be limited to the following data: Browsing History and Media Consumption.
[INFO] [stdout] The data collected can be used for the following purposes: Profiling for Advertising, Essential for Serving Ads and Marketing Email Communications.
[INFO] [stdout] 
[INFO] [stdout] thread 'dua::policy::tests::test_dup_as_text' (3719) panicked at src/dua/policy.rs:1318:66:
[INFO] [stdout] called `Result::unwrap()` on an `Err` value: Os { code: 2, kind: NotFound, message: "No such file or directory" }
[INFO] [stdout] stack backtrace:
[INFO] [stdout]    0:     0x56f2a2eff001 - <<std[70759c8f55707aa4]::sys::backtrace::BacktraceLock>::print::DisplayBacktrace as core[df12db4294e9bfd3]::fmt::Display>::fmt
[INFO] [stdout]    1:     0x56f2a2f1618a - core[df12db4294e9bfd3]::fmt::write
[INFO] [stdout]    2:     0x56f2a2f0386c - <alloc[2182bb758b4b3781]::vec::Vec<u8> as core[df12db4294e9bfd3]::io::write::Write>::write_fmt
[INFO] [stdout]    3:     0x56f2a2edae46 - std[70759c8f55707aa4]::panicking::default_hook::{closure#0}
[INFO] [stdout]    4:     0x56f2a2ef7279 - std[70759c8f55707aa4]::panicking::default_hook
[INFO] [stdout]    5:     0x56f2a2db9ca0 - test[9d35eded1c95d3be]::test_main_inner::<test[9d35eded1c95d3be]::test_main_static::{closure#0}>::{closure#0}
[INFO] [stdout]    6:     0x56f2a2ef75a2 - std[70759c8f55707aa4]::panicking::panic_with_hook
[INFO] [stdout]    7:     0x56f2a2edaef2 - std[70759c8f55707aa4]::panicking::panic_handler::{closure#0}
[INFO] [stdout]    8:     0x56f2a2ed3ab9 - std[70759c8f55707aa4]::sys::backtrace::__rust_end_short_backtrace::<std[70759c8f55707aa4]::panicking::panic_handler::{closure#0}, !>
[INFO] [stdout]    9:     0x56f2a2edbaed - __rustc[8fa7c3cbc660c2b3]::rust_begin_unwind
[INFO] [stdout]   10:     0x56f2a2f1696c - core[df12db4294e9bfd3]::panicking::panic_fmt
[INFO] [stdout]   11:     0x56f2a2f16742 - core[df12db4294e9bfd3]::result::unwrap_failed
[INFO] [stdout]   12:     0x56f2a2d3c3a0 - pbd[30e5e12dbe71dba2]::dua::policy::tests::test_dup_as_text
[INFO] [stdout]   13:     0x56f2a2d75339 - <pbd[30e5e12dbe71dba2]::dua::policy::tests::test_dup_as_text::{closure#0} as core[df12db4294e9bfd3]::ops::function::FnOnce<()>>::call_once
[INFO] [stdout]   14:     0x56f2a2dacf8b - test[9d35eded1c95d3be]::__rust_begin_short_backtrace::<core[df12db4294e9bfd3]::result::Result<(), alloc[2182bb758b4b3781]::string::String>, fn() -> core[df12db4294e9bfd3]::result::Result<(), alloc[2182bb758b4b3781]::string::String>>
[INFO] [stdout]   15:     0x56f2a2dba5f5 - test[9d35eded1c95d3be]::run_test::{closure#0}
[INFO] [stdout]   16:     0x56f2a2db3eb4 - std[70759c8f55707aa4]::sys::backtrace::__rust_begin_short_backtrace::<test[9d35eded1c95d3be]::run_test::{closure#1}, ()>
[INFO] [stdout]   17:     0x56f2a2dbd752 - <std[70759c8f55707aa4]::thread::lifecycle::spawn_unchecked<test[9d35eded1c95d3be]::run_test::{closure#1}, ()>::{closure#1} as core[df12db4294e9bfd3]::ops::function::FnOnce<()>>::call_once::{shim:vtable#0}
[INFO] [stdout]   18:     0x56f2a2efe559 - <std[70759c8f55707aa4]::sys::thread::unix::Thread>::new::thread_start
[INFO] [stdout]   19:     0x78950b8a9dfa - <unknown>
[INFO] [stdout]   20:     0x78950b93d3d4 - clone
[INFO] [stdout]   21:                0x0 - <unknown>
[INFO] [stderr] error: test failed, to rerun pass `--lib`
[INFO] [stdout] 
[INFO] [stdout] ---- dua::policy::tests::test_dup_as_html stdout ----
[INFO] [stdout] <div class='dup' name='General Policy'>General Policy</div></br><div class='dup-verion' name='1.0.1'>(version: 1.0.1)</div></br></br><div class='dup-description' name='General Policy Description'><b>This is a high-level policy.</b></br></br><p>Data will be collected from the following types of users: Customer and Prospect.</br>The data being collected will be limited to the following data: Browsing History and Media Consumption.</br>The data collected can be used for the following purposes: Profiling for Advertising, Essential for Serving Ads and Marketing Email Communications.</br></p></div>
[INFO] [stdout] thread 'dua::policy::tests::test_dup_as_html' (3718) panicked at src/dua/policy.rs:1278:67:
[INFO] [stdout] called `Result::unwrap()` on an `Err` value: Os { code: 2, kind: NotFound, message: "No such file or directory" }
[INFO] [stdout] stack backtrace:
[INFO] [stdout]    0:     0x56f2a2eff001 - <<std[70759c8f55707aa4]::sys::backtrace::BacktraceLock>::print::DisplayBacktrace as core[df12db4294e9bfd3]::fmt::Display>::fmt
[INFO] [stdout]    1:     0x56f2a2f1618a - core[df12db4294e9bfd3]::fmt::write
[INFO] [stdout]    2:     0x56f2a2f0386c - <alloc[2182bb758b4b3781]::vec::Vec<u8> as core[df12db4294e9bfd3]::io::write::Write>::write_fmt
[INFO] [stdout]    3:     0x56f2a2edae46 - std[70759c8f55707aa4]::panicking::default_hook::{closure#0}
[INFO] [stdout]    4:     0x56f2a2ef7279 - std[70759c8f55707aa4]::panicking::default_hook
[INFO] [stdout]    5:     0x56f2a2db9ca0 - test[9d35eded1c95d3be]::test_main_inner::<test[9d35eded1c95d3be]::test_main_static::{closure#0}>::{closure#0}
[INFO] [stdout]    6:     0x56f2a2ef75a2 - std[70759c8f55707aa4]::panicking::panic_with_hook
[INFO] [stdout]    7:     0x56f2a2edaef2 - std[70759c8f55707aa4]::panicking::panic_handler::{closure#0}
[INFO] [stdout]    8:     0x56f2a2ed3ab9 - std[70759c8f55707aa4]::sys::backtrace::__rust_end_short_backtrace::<std[70759c8f55707aa4]::panicking::panic_handler::{closure#0}, !>
[INFO] [stdout]    9:     0x56f2a2edbaed - __rustc[8fa7c3cbc660c2b3]::rust_begin_unwind
[INFO] [stdout]   10:     0x56f2a2f1696c - core[df12db4294e9bfd3]::panicking::panic_fmt
[INFO] [stdout]   11:     0x56f2a2f16742 - core[df12db4294e9bfd3]::result::unwrap_failed
[INFO] [stdout]   12:     0x56f2a2d3ba10 - pbd[30e5e12dbe71dba2]::dua::policy::tests::test_dup_as_html
[INFO] [stdout]   13:     0x56f2a2d75319 - <pbd[30e5e12dbe71dba2]::dua::policy::tests::test_dup_as_html::{closure#0} as core[df12db4294e9bfd3]::ops::function::FnOnce<()>>::call_once
[INFO] [stdout]   14:     0x56f2a2dacf8b - test[9d35eded1c95d3be]::__rust_begin_short_backtrace::<core[df12db4294e9bfd3]::result::Result<(), alloc[2182bb758b4b3781]::string::String>, fn() -> core[df12db4294e9bfd3]::result::Result<(), alloc[2182bb758b4b3781]::string::String>>
[INFO] [stdout]   15:     0x56f2a2dba5f5 - test[9d35eded1c95d3be]::run_test::{closure#0}
[INFO] [stdout]   16:     0x56f2a2db3eb4 - std[70759c8f55707aa4]::sys::backtrace::__rust_begin_short_backtrace::<test[9d35eded1c95d3be]::run_test::{closure#1}, ()>
[INFO] [stdout]   17:     0x56f2a2dbd752 - <std[70759c8f55707aa4]::thread::lifecycle::spawn_unchecked<test[9d35eded1c95d3be]::run_test::{closure#1}, ()>::{closure#1} as core[df12db4294e9bfd3]::ops::function::FnOnce<()>>::call_once::{shim:vtable#0}
[INFO] [stdout]   18:     0x56f2a2efe559 - <std[70759c8f55707aa4]::sys::thread::unix::Thread>::new::thread_start
[INFO] [stdout]   19:     0x78950b8a9dfa - <unknown>
[INFO] [stdout]   20:     0x78950b93d3d4 - clone
[INFO] [stdout]   21:                0x0 - <unknown>
[INFO] [stdout] 
[INFO] [stdout] ---- dsg::tests::test_decrypt_symmetric_key_bad stdout ----
[INFO] [stdout] 
[INFO] [stdout] thread 'dsg::tests::test_decrypt_symmetric_key_bad' (3664) panicked at src/dsg/mod.rs:640:22:
[INFO] [stdout] assertion failed: false
[INFO] [stdout] stack backtrace:
[INFO] [stdout]    0:     0x56f2a2eff001 - <<std[70759c8f55707aa4]::sys::backtrace::BacktraceLock>::print::DisplayBacktrace as core[df12db4294e9bfd3]::fmt::Display>::fmt
[INFO] [stdout]    1:     0x56f2a2f1618a - core[df12db4294e9bfd3]::fmt::write
[INFO] [stdout]    2:     0x56f2a2f0386c - <alloc[2182bb758b4b3781]::vec::Vec<u8> as core[df12db4294e9bfd3]::io::write::Write>::write_fmt
[INFO] [stdout]    3:     0x56f2a2edae46 - std[70759c8f55707aa4]::panicking::default_hook::{closure#0}
[INFO] [stdout]    4:     0x56f2a2ef7279 - std[70759c8f55707aa4]::panicking::default_hook
[INFO] [stdout]    5:     0x56f2a2db9ca0 - test[9d35eded1c95d3be]::test_main_inner::<test[9d35eded1c95d3be]::test_main_static::{closure#0}>::{closure#0}
[INFO] [stdout]    6:     0x56f2a2ef75a2 - std[70759c8f55707aa4]::panicking::panic_with_hook
[INFO] [stdout]    7:     0x56f2a2edaf24 - std[70759c8f55707aa4]::panicking::panic_handler::{closure#0}
[INFO] [stdout]    8:     0x56f2a2ed3ab9 - std[70759c8f55707aa4]::sys::backtrace::__rust_end_short_backtrace::<std[70759c8f55707aa4]::panicking::panic_handler::{closure#0}, !>
[INFO] [stdout]    9:     0x56f2a2edbaed - __rustc[8fa7c3cbc660c2b3]::rust_begin_unwind
[INFO] [stdout]   10:     0x56f2a2f1696c - core[df12db4294e9bfd3]::panicking::panic_fmt
[INFO] [stdout]   11:     0x56f2a2f16932 - core[df12db4294e9bfd3]::panicking::panic
[INFO] [stdout]   12:     0x56f2a2d39fb2 - pbd[30e5e12dbe71dba2]::dsg::tests::test_decrypt_symmetric_key_bad
[INFO] [stdout]   13:     0x56f2a2d74a59 - <pbd[30e5e12dbe71dba2]::dsg::tests::test_decrypt_symmetric_key_bad::{closure#0} as core[df12db4294e9bfd3]::ops::function::FnOnce<()>>::call_once
[INFO] [stdout]   14:     0x56f2a2dacf8b - test[9d35eded1c95d3be]::__rust_begin_short_backtrace::<core[df12db4294e9bfd3]::result::Result<(), alloc[2182bb758b4b3781]::string::String>, fn() -> core[df12db4294e9bfd3]::result::Result<(), alloc[2182bb758b4b3781]::string::String>>
[INFO] [stdout]   15:     0x56f2a2dba5f5 - test[9d35eded1c95d3be]::run_test::{closure#0}
[INFO] [stdout]   16:     0x56f2a2db3eb4 - std[70759c8f55707aa4]::sys::backtrace::__rust_begin_short_backtrace::<test[9d35eded1c95d3be]::run_test::{closure#1}, ()>
[INFO] [stdout]   17:     0x56f2a2dbd752 - <std[70759c8f55707aa4]::thread::lifecycle::spawn_unchecked<test[9d35eded1c95d3be]::run_test::{closure#1}, ()>::{closure#1} as core[df12db4294e9bfd3]::ops::function::FnOnce<()>>::call_once::{shim:vtable#0}
[INFO] [stdout]   18:     0x56f2a2efe559 - <std[70759c8f55707aa4]::sys::thread::unix::Thread>::new::thread_start
[INFO] [stdout]   19:     0x78950b8a9dfa - <unknown>
[INFO] [stdout]   20:     0x78950b93d3d4 - clone
[INFO] [stdout]   21:                0x0 - <unknown>
[INFO] [stdout] 
[INFO] [stdout] 
[INFO] [stdout] failures:
[INFO] [stdout]     dpi::tests::test_dpi_auto_train
[INFO] [stdout]     dpi::tests::test_dpi_train
[INFO] [stdout]     dpi::tests::test_suggested_key_regexs
[INFO] [stdout]     dpi::tests::test_suggested_key_words
[INFO] [stdout]     dsg::tests::test_data_from_tranfer
[INFO] [stdout]     dsg::tests::test_data_from_tranfer_bad_data
[INFO] [stdout]     dsg::tests::test_decrypt_symmetric_key_bad
[INFO] [stdout]     dsg::tests::test_encrypt_decrypt_mp3
[INFO] [stdout]     dsg::tests::test_happy_path_mp3
[INFO] [stdout]     dsg::tests::test_secure_for_tranfer
[INFO] [stdout]     dua::policy::tests::test_dup_as_html
[INFO] [stdout]     dua::policy::tests::test_dup_as_text
[INFO] [stdout] 
[INFO] [stdout] test result: FAILED. 149 passed; 12 failed; 0 ignored; 0 measured; 0 filtered out; finished in 0.57s
[INFO] [stdout] 
[INFO] running `Command { std: "docker" "inspect" "14851510a725d9535396f0dbc5ffa186d4a93d4860c054c729d1a2a3d6727a82", kill_on_drop: false }`
[INFO] running `Command { std: "docker" "rm" "-f" "14851510a725d9535396f0dbc5ffa186d4a93d4860c054c729d1a2a3d6727a82", kill_on_drop: false }`
[INFO] [stdout] 14851510a725d9535396f0dbc5ffa186d4a93d4860c054c729d1a2a3d6727a82
