[INFO] fetching crate payjp 0.0.1...
[INFO] testing payjp-0.0.1 against 1.100.0-beta.1+cargoflags=--release for beta-release-1.100-2
[INFO] extracting crate payjp 0.0.1 into /workspace/builds/worker-4-tc2/source
[INFO] started tweaking crates.io crate payjp 0.0.1
[INFO] removed 0 missing tests
[INFO] finished tweaking crates.io crate payjp 0.0.1
[INFO] tweaked toml for crates.io crate payjp 0.0.1 written to /workspace/builds/worker-4-tc2/source/Cargo.toml
[INFO] validating manifest of crates.io crate payjp 0.0.1 on toolchain 1.100.0-beta.1
[INFO] running `Command { std: CARGO_HOME="/workspace/cargo-home" RUSTUP_HOME="/workspace/rustup-home" "/workspace/cargo-home/bin/cargo" "+1.100.0-beta.1" "metadata" "--manifest-path" "Cargo.toml" "--no-deps", kill_on_drop: false }`
[INFO] running `Command { std: CARGO_HOME="/workspace/cargo-home" RUSTUP_HOME="/workspace/rustup-home" "/workspace/cargo-home/bin/cargo" "+1.100.0-beta.1" "generate-lockfile" "--manifest-path" "Cargo.toml", kill_on_drop: false }`
[INFO] [stderr]     Updating crates.io index
[INFO] [stderr]      Locking 283 packages to highest compatible versions
[INFO] [stderr]       Adding base64 v0.22.1 (available: v0.23.1)
[INFO] [stderr]       Adding httpmock v0.7.0 (available: v0.8.3)
[INFO] [stderr]       Adding hyper v0.14.32 (available: v1.12.0)
[INFO] [stderr]       Adding hyper-rustls v0.24.2 (available: v0.27.10)
[INFO] [stderr]       Adding hyper-tls v0.5.0 (available: v0.6.0)
[INFO] [stderr]       Adding subtle v2.4.1 (available: v2.6.1)
[INFO] [stderr]       Adding thiserror v1.0.69 (available: v2.0.21)
[INFO] running `Command { std: CARGO_HOME="/workspace/cargo-home" RUSTUP_HOME="/workspace/rustup-home" "/workspace/cargo-home/bin/cargo" "+1.100.0-beta.1" "fetch" "--manifest-path" "Cargo.toml", kill_on_drop: false }`
[INFO] running `Command { std: "docker" "create" "-v" "/var/lib/crater-agent-workspace/builds/worker-4-tc2/source:/opt/rustwide/workdir:ro,Z" "-v" "/var/lib/crater-agent-workspace/builds/worker-4-tc2/target:/opt/rustwide/target:rw,Z" "-v" "/var/lib/crater-agent-workspace/cargo-home:/opt/rustwide/cargo-home:ro,Z" "-v" "/var/lib/crater-agent-workspace/rustup-home:/opt/rustwide/rustup-home:ro,Z" "-m" "1610612736" "--network" "none" "ghcr.io/rust-lang/crates-build-env/linux@sha256:77db811e55d90add9212f6832c23229e3de5f1c1f9905e8cb07319ea15df73ac" "sleep" "infinity", kill_on_drop: false }`
[INFO] [stdout] 324c3584c821e271351930970060a9f8fe192b32ce1c1c55d878ad58a8bfbab2
[INFO] running `Command { std: "docker" "start" "324c3584c821e271351930970060a9f8fe192b32ce1c1c55d878ad58a8bfbab2", kill_on_drop: false }`
[INFO] running `Command { std: "docker" "inspect" "324c3584c821e271351930970060a9f8fe192b32ce1c1c55d878ad58a8bfbab2", kill_on_drop: false }`
[INFO] running `Command { std: "docker" "exec" "-e" "SOURCE_DIR=/opt/rustwide/workdir" "-e" "CARGO_HOME=/opt/rustwide/cargo-home" "-e" "RUSTUP_HOME=/opt/rustwide/rustup-home" "-e" "CARGO_TARGET_DIR=/opt/rustwide/target" "-w" "/opt/rustwide/workdir" "--user" "0:0" "324c3584c821e271351930970060a9f8fe192b32ce1c1c55d878ad58a8bfbab2" "/opt/rustwide/cargo-home/bin/cargo" "+1.100.0-beta.1" "metadata" "--no-deps" "--format-version=1", kill_on_drop: false }`
[INFO] running `Command { std: "docker" "inspect" "324c3584c821e271351930970060a9f8fe192b32ce1c1c55d878ad58a8bfbab2", kill_on_drop: false }`
[INFO] running `Command { std: "docker" "exec" "-e" "SOURCE_DIR=/opt/rustwide/workdir" "-e" "CARGO_HOME=/opt/rustwide/cargo-home" "-e" "RUSTUP_HOME=/opt/rustwide/rustup-home" "-e" "CARGO_TARGET_DIR=/opt/rustwide/target" "-e" "CARGO_INCREMENTAL=0" "-e" "RUST_BACKTRACE=full" "-e" "RUSTFLAGS=--cap-lints=warn" "-e" "RUSTDOCFLAGS=--cap-lints=warn" "-w" "/opt/rustwide/workdir" "--user" "0:0" "324c3584c821e271351930970060a9f8fe192b32ce1c1c55d878ad58a8bfbab2" "/opt/rustwide/cargo-home/bin/cargo" "+1.100.0-beta.1" "build" "--frozen" "--message-format=json" "--release", kill_on_drop: false }`
[INFO] [stderr]    Compiling miniserde v0.1.46
[INFO] [stderr]    Compiling mini-internal v0.1.46
[INFO] [stderr]    Compiling openssl-macros v0.1.1
[INFO] [stderr]    Compiling tokio v1.53.3
[INFO] [stderr]    Compiling futures-util v0.3.34
[INFO] [stderr]    Compiling tracing v0.1.44
[INFO] [stderr]    Compiling smol_str v0.2.2
[INFO] [stderr]    Compiling serde_qs v0.12.0
[INFO] [stderr]    Compiling openssl v0.10.81
[INFO] [stderr]    Compiling async-payjp-types v0.0.1
[INFO] [stderr]    Compiling async-payjp-shared v0.0.1
[INFO] [stderr]    Compiling async-payjp-client-core v0.0.1
[INFO] [stderr]    Compiling native-tls v0.2.18
[INFO] [stderr]    Compiling tokio-util v0.7.20
[INFO] [stderr]    Compiling tokio-native-tls v0.3.1
[INFO] [stderr]    Compiling h2 v0.3.27
[INFO] [stderr]    Compiling hyper v0.14.32
[INFO] [stderr]    Compiling hyper-tls v0.5.0
[INFO] [stderr]    Compiling payjp v0.0.1 (/opt/rustwide/workdir)
[INFO] [stderr]     Finished `release` profile [optimized] target(s) in 25.10s
[INFO] running `Command { std: "docker" "inspect" "324c3584c821e271351930970060a9f8fe192b32ce1c1c55d878ad58a8bfbab2", kill_on_drop: false }`
[INFO] running `Command { std: "docker" "exec" "-e" "SOURCE_DIR=/opt/rustwide/workdir" "-e" "CARGO_HOME=/opt/rustwide/cargo-home" "-e" "RUSTUP_HOME=/opt/rustwide/rustup-home" "-e" "CARGO_TARGET_DIR=/opt/rustwide/target" "-e" "CARGO_INCREMENTAL=0" "-e" "RUST_BACKTRACE=full" "-e" "RUSTFLAGS=--cap-lints=warn" "-e" "RUSTDOCFLAGS=--cap-lints=warn" "-w" "/opt/rustwide/workdir" "--user" "0:0" "324c3584c821e271351930970060a9f8fe192b32ce1c1c55d878ad58a8bfbab2" "/opt/rustwide/cargo-home/bin/cargo" "+1.100.0-beta.1" "test" "--frozen" "--no-run" "--message-format=json" "--release", kill_on_drop: false }`
[INFO] [stderr]    Compiling rustix v1.1.5
[INFO] [stderr]    Compiling futures-lite v2.6.1
[INFO] [stderr]    Compiling value-bag v1.14.1
[INFO] [stderr]    Compiling event-listener-strategy v0.5.4
[INFO] [stderr]    Compiling errno v0.3.14
[INFO] [stderr]    Compiling async-io v2.6.0
[INFO] [stderr]    Compiling tokio-macros v2.7.2
[INFO] [stderr]    Compiling futures-macro v0.3.34
[INFO] [stderr]    Compiling piper v0.2.5
[INFO] [stderr]    Compiling mini-internal v0.1.46
[INFO] [stderr]    Compiling openssl v0.10.81
[INFO] [stderr]    Compiling smol_str v0.2.2
[INFO] [stderr]    Compiling signal-hook-registry v1.4.8
[INFO] [stderr]    Compiling async-channel v2.5.0
[INFO] [stderr]    Compiling async-lock v3.4.2
[INFO] [stderr]    Compiling event-listener v2.5.3
[INFO] [stderr]    Compiling async-attributes v1.1.2
[INFO] [stderr]    Compiling pin-utils v0.1.1
[INFO] [stderr]    Compiling serde_qs v0.12.0
[INFO] [stderr]    Compiling url v2.5.8
[INFO] [stderr]    Compiling async-channel v1.9.0
[INFO] [stderr]    Compiling log v0.4.34
[INFO] [stderr]    Compiling serde_regex v1.2.0
[INFO] [stderr]    Compiling assert-json-diff v2.0.2
[INFO] [stderr]    Compiling async-trait v0.1.92
[INFO] [stderr]    Compiling similar v2.7.0
[INFO] [stderr]    Compiling levenshtein v1.0.5
[INFO] [stderr]    Compiling tokio v1.53.3
[INFO] [stderr]    Compiling kv-log-macro v1.0.7
[INFO] [stderr]    Compiling miniserde v0.1.46
[INFO] [stderr]    Compiling futures-util v0.3.34
[INFO] [stderr]    Compiling async-payjp-types v0.0.1
[INFO] [stderr]    Compiling async-payjp-shared v0.0.1
[INFO] [stderr]    Compiling blocking v1.7.0
[INFO] [stderr]    Compiling async-executor v1.14.0
[INFO] [stderr]    Compiling async-payjp-client-core v0.0.1
[INFO] [stderr]    Compiling native-tls v0.2.18
[INFO] [stderr]    Compiling polling v3.11.0
[INFO] [stderr]    Compiling async-signal v0.2.14
[INFO] [stderr]    Compiling async-global-executor v2.4.1
[INFO] [stderr]    Compiling tokio-util v0.7.20
[INFO] [stderr]    Compiling tokio-native-tls v0.3.1
[INFO] [stderr]    Compiling async-process v2.5.0
[INFO] [stderr]    Compiling async-std v1.13.2
[INFO] [stderr]    Compiling h2 v0.3.27
[INFO] [stderr]    Compiling async-object-pool v0.1.5
[INFO] [stderr]    Compiling hyper v0.14.32
[INFO] [stderr]    Compiling hyper-tls v0.5.0
[INFO] [stderr]    Compiling httpmock v0.7.0
[INFO] [stderr]    Compiling payjp v0.0.1 (/opt/rustwide/workdir)
[INFO] [stdout] warning: variable does not need to be mutable
[INFO] [stdout]    --> tests/it/hyper.rs:283:9
[INFO] [stdout]     |
[INFO] [stdout] 283 |     let mut headers: Vec<(String, String)> = vec![];
[INFO] [stdout]     |         ----^^^^^^^
[INFO] [stdout]     |         |
[INFO] [stdout]     |         help: remove this `mut`
[INFO] [stdout]     |
[INFO] [stdout]     = note: `#[warn(unused_mut)]` (part of `#[warn(unused)]`) on by default
[INFO] [stdout] 
[INFO] [stdout] 
[INFO] [stderr]     Finished `release` profile [optimized] target(s) in 54.14s
[INFO] running `Command { std: "docker" "inspect" "324c3584c821e271351930970060a9f8fe192b32ce1c1c55d878ad58a8bfbab2", kill_on_drop: false }`
[INFO] running `Command { std: "docker" "exec" "-e" "SOURCE_DIR=/opt/rustwide/workdir" "-e" "CARGO_HOME=/opt/rustwide/cargo-home" "-e" "RUSTUP_HOME=/opt/rustwide/rustup-home" "-e" "CARGO_TARGET_DIR=/opt/rustwide/target" "-e" "CARGO_INCREMENTAL=0" "-e" "RUST_BACKTRACE=full" "-e" "RUSTFLAGS=--cap-lints=warn" "-e" "RUSTDOCFLAGS=--cap-lints=warn" "-w" "/opt/rustwide/workdir" "--user" "0:0" "324c3584c821e271351930970060a9f8fe192b32ce1c1c55d878ad58a8bfbab2" "/opt/rustwide/cargo-home/bin/cargo" "+1.100.0-beta.1" "test" "--frozen" "--release", kill_on_drop: false }`
[INFO] [stderr] warning: variable does not need to be mutable
[INFO] [stderr]    --> tests/it/hyper.rs:283:9
[INFO] [stderr]     |
[INFO] [stderr] 283 |     let mut headers: Vec<(String, String)> = vec![];
[INFO] [stderr]     |         ----^^^^^^^
[INFO] [stderr]     |         |
[INFO] [stderr]     |         help: remove this `mut`
[INFO] [stderr]     |
[INFO] [stderr]     = note: `#[warn(unused_mut)]` (part of `#[warn(unused)]`) on by default
[INFO] [stderr] 
[INFO] [stderr] warning: `payjp` (test "it") generated 1 warning (run `cargo fix --test "it" -p payjp` to apply 1 suggestion)
[INFO] [stderr]     Finished `release` profile [optimized] target(s) in 0.19s
[INFO] [stderr]      Running unittests src/lib.rs (/opt/rustwide/target/release/build/payjp/be59ee44d7981f7c/out/payjp-be59ee44d7981f7c)
[INFO] [stdout] 
[INFO] [stdout] running 0 tests
[INFO] [stdout] 
[INFO] [stdout] test result: ok. 0 passed; 0 failed; 0 ignored; 0 measured; 0 filtered out; finished in 0.00s
[INFO] [stdout] 
[INFO] [stderr]      Running tests/it/main.rs (/opt/rustwide/target/release/build/payjp/18769303def88ad7/out/it-18769303def88ad7)
[INFO] [stdout] 
[INFO] [stdout] running 8 tests
[INFO] [stdout] test hyper::nice_serde_error ... ok
[INFO] [stdout] test hyper::retry_with_body ... ok
[INFO] [stdout] test hyper::retry_header ... ok
[INFO] [stdout] test hyper::tokio_test ... ok
[INFO] [stdout] test hyper::user_error ... FAILED
[INFO] [stdout] test hyper::user_error_transfers ... FAILED
[INFO] [stdout] test hyper::retry ... ok
[INFO] [stdout] test hyper::user_agent ... ok
[INFO] [stdout] 
[INFO] [stdout] failures:
[INFO] [stdout] 
[INFO] [stdout] ---- hyper::user_error stdout ----
[INFO] [stdout] "{\n                \"error\": {\n                  \"message\": \"Unrecognized request URL (GET: /v1/missing).\",\n                  \"type\": \"invalid_request_error\"\n                }\n              }\n              "
[INFO] [stdout] 
[INFO] [stdout] thread 'hyper::user_error' (1493) panicked at /opt/rustwide/cargo-home/registry/src/index.crates.io-1949cf8c6b5b557f/miniserde-0.1.46/src/de/impls.rs:286:61:
[INFO] [stdout] called `Option::unwrap()` on a `None` value
[INFO] [stdout] stack backtrace:
[INFO] [stdout]    0:     0x628fb4e47301 - <<std[617be2ca0a6fd877]::sys::backtrace::BacktraceLock>::print::DisplayBacktrace as core[a373ad73a504971]::fmt::Display>::fmt
[INFO] [stdout]    1:     0x628fb4e5ee4a - core[a373ad73a504971]::fmt::write
[INFO] [stdout]    2:     0x628fb4e4beac - <alloc[2e1b2a31b91974c5]::vec::Vec<u8> as core[a373ad73a504971]::io::write::Write>::write_fmt
[INFO] [stdout]    3:     0x628fb4e22306 - std[617be2ca0a6fd877]::panicking::default_hook::{closure#0}
[INFO] [stdout]    4:     0x628fb4e3f0a9 - std[617be2ca0a6fd877]::panicking::default_hook
[INFO] [stdout]    5:     0x628fb4b86280 - test[aada8e7e76ba119b]::test_main_inner::{closure#0}
[INFO] [stdout]    6:     0x628fb4e3f3d2 - std[617be2ca0a6fd877]::panicking::panic_with_hook
[INFO] [stdout]    7:     0x628fb4e223e4 - std[617be2ca0a6fd877]::panicking::panic_handler::{closure#0}
[INFO] [stdout]    8:     0x628fb4e1afe9 - std[617be2ca0a6fd877]::sys::backtrace::__rust_end_short_backtrace::<std[617be2ca0a6fd877]::panicking::panic_handler::{closure#0}, !>
[INFO] [stdout]    9:     0x628fb4e231ad - __rustc[ea4f61d10b84890b]::rust_begin_unwind
[INFO] [stdout]   10:     0x628fb4e5f62c - core[a373ad73a504971]::panicking::panic_fmt
[INFO] [stdout]   11:     0x628fb4e5f5f2 - core[a373ad73a504971]::panicking::panic
[INFO] [stdout]   12:     0x628fb4e5f3a9 - core[a373ad73a504971]::option::unwrap_failed
[INFO] [stdout]   13:     0x628fb4bc5e28 - <<alloc[2e1b2a31b91974c5]::boxed::Box<_> as miniserde[71ebd8b98e150652]::de::Deserialize>::begin::BoxMap<payjp_shared[1655b916be5c0cc8]::error::ErrorError> as miniserde[71ebd8b98e150652]::de::Map>::finish
[INFO] [stdout]   14:     0x628fb4bc81c2 - miniserde[71ebd8b98e150652]::json::de::from_str_impl
[INFO] [stdout]   15:     0x628fb4b2be50 - miniserde[71ebd8b98e150652]::json::de::from_str::<payjp_shared[1655b916be5c0cc8]::error::Error>
[INFO] [stdout]   16:     0x628fb4af596c - <payjp[2a2e34bfdda4a36]::hyper::client::Client as payjp_client_core[c4e0687ea07daf18]::request::PayjpClient>::execute::{closure#0}
[INFO] [stdout]   17:     0x628fb4aeedfb - <payjp_client_core[c4e0687ea07daf18]::request::CustomizablePayjpRequest<it[715100887c51d4f5]::hyper::TestData>>::send::<payjp[2a2e34bfdda4a36]::hyper::client::Client>::{closure#0}
[INFO] [stdout]   18:     0x628fb4af29c7 - it[715100887c51d4f5]::hyper::user_error::{closure#0}
[INFO] [stdout]   19:     0x628fb4b219a3 - <tokio[5fc27f0b0cf95a79]::runtime::scheduler::current_thread::Context>::enter::<core[a373ad73a504971]::task::poll::Poll<()>, <tokio[5fc27f0b0cf95a79]::runtime::scheduler::current_thread::CoreGuard>::block_on<core[a373ad73a504971]::pin::Pin<&mut core[a373ad73a504971]::pin::Pin<&mut dyn core[a373ad73a504971]::future::future::Future<Output = ()>>>>::{closure#0}::{closure#0}>
[INFO] [stdout]   20:     0x628fb4b2662c - <tokio[5fc27f0b0cf95a79]::runtime::context::scoped::Scoped<tokio[5fc27f0b0cf95a79]::runtime::scheduler::Context>>::set::<<tokio[5fc27f0b0cf95a79]::runtime::scheduler::current_thread::CoreGuard>::enter<<tokio[5fc27f0b0cf95a79]::runtime::scheduler::current_thread::CoreGuard>::block_on<core[a373ad73a504971]::pin::Pin<&mut core[a373ad73a504971]::pin::Pin<&mut dyn core[a373ad73a504971]::future::future::Future<Output = ()>>>>::{closure#0}, core[a373ad73a504971]::option::Option<()>>::{closure#0}, (alloc[2e1b2a31b91974c5]::boxed::Box<tokio[5fc27f0b0cf95a79]::runtime::scheduler::current_thread::Core>, core[a373ad73a504971]::option::Option<()>)>
[INFO] [stdout]   21:     0x628fb4b22247 - <tokio[5fc27f0b0cf95a79]::runtime::scheduler::current_thread::CoreGuard>::block_on::<core[a373ad73a504971]::pin::Pin<&mut core[a373ad73a504971]::pin::Pin<&mut dyn core[a373ad73a504971]::future::future::Future<Output = ()>>>>
[INFO] [stdout]   22:     0x628fb4b3273d - tokio[5fc27f0b0cf95a79]::runtime::context::runtime::enter_runtime::<<tokio[5fc27f0b0cf95a79]::runtime::scheduler::current_thread::CurrentThread>::block_on<core[a373ad73a504971]::pin::Pin<&mut dyn core[a373ad73a504971]::future::future::Future<Output = ()>>>::{closure#0}, ()>
[INFO] [stdout]   23:     0x628fb4b2ead3 - <tokio[5fc27f0b0cf95a79]::runtime::runtime::Runtime>::block_on::<core[a373ad73a504971]::pin::Pin<&mut dyn core[a373ad73a504971]::future::future::Future<Output = ()>>>
[INFO] [stdout]   24:     0x628fb4af710e - <it[715100887c51d4f5]::hyper::user_error::{closure#0} as core[a373ad73a504971]::ops::function::FnOnce<()>>::call_once
[INFO] [stdout]   25:     0x628fb4b796cb - test[aada8e7e76ba119b]::__rust_begin_short_backtrace::<core[a373ad73a504971]::result::Result<(), alloc[2e1b2a31b91974c5]::string::String>, fn() -> core[a373ad73a504971]::result::Result<(), alloc[2e1b2a31b91974c5]::string::String>>
[INFO] [stdout]   26:     0x628fb4b868a5 - test[aada8e7e76ba119b]::run_test::{closure#0}
[INFO] [stdout]   27:     0x628fb4b80194 - std[617be2ca0a6fd877]::sys::backtrace::__rust_begin_short_backtrace::<test[aada8e7e76ba119b]::run_test::{closure#1}, ()>
[INFO] [stdout]   28:     0x628fb4b89932 - <std[617be2ca0a6fd877]::thread::lifecycle::spawn_unchecked<test[aada8e7e76ba119b]::run_test::{closure#1}, ()>::{closure#1} as core[a373ad73a504971]::ops::function::FnOnce<()>>::call_once::{shim:vtable#0}
[INFO] [stdout]   29:     0x628fb4e4655f - <std[617be2ca0a6fd877]::sys::thread::unix::Thread>::new::thread_start
[INFO] [stdout]   30:     0x7216aceb4dfa - <unknown>
[INFO] [stdout]   31:     0x7216acf483d4 - clone
[INFO] [stdout]   32:                0x0 - <unknown>
[INFO] [stdout] 
[INFO] [stdout] ---- hyper::user_error_transfers stdout ----
[INFO] [stdout] "{\"error\":{\"code\":\"insufficient_capabilities_for_transfer\",\"message\":\"test\",\"type\":\"invalid_request_error\"}}"
[INFO] [stdout] 
[INFO] [stdout] thread 'hyper::user_error_transfers' (1494) panicked at /opt/rustwide/cargo-home/registry/src/index.crates.io-1949cf8c6b5b557f/miniserde-0.1.46/src/de/impls.rs:286:61:
[INFO] [stdout] called `Option::unwrap()` on a `None` value
[INFO] [stdout] stack backtrace:
[INFO] [stdout]    0:     0x628fb4e47301 - <<std[617be2ca0a6fd877]::sys::backtrace::BacktraceLock>::print::DisplayBacktrace as core[a373ad73a504971]::fmt::Display>::fmt
[INFO] [stdout]    1:     0x628fb4e5ee4a - core[a373ad73a504971]::fmt::write
[INFO] [stdout]    2:     0x628fb4e4beac - <alloc[2e1b2a31b91974c5]::vec::Vec<u8> as core[a373ad73a504971]::io::write::Write>::write_fmt
[INFO] [stdout]    3:     0x628fb4e22306 - std[617be2ca0a6fd877]::panicking::default_hook::{closure#0}
[INFO] [stdout]    4:     0x628fb4e3f0a9 - std[617be2ca0a6fd877]::panicking::default_hook
[INFO] [stdout]    5:     0x628fb4b86280 - test[aada8e7e76ba119b]::test_main_inner::{closure#0}
[INFO] [stdout]    6:     0x628fb4e3f3d2 - std[617be2ca0a6fd877]::panicking::panic_with_hook
[INFO] [stdout]    7:     0x628fb4e223e4 - std[617be2ca0a6fd877]::panicking::panic_handler::{closure#0}
[INFO] [stdout]    8:     0x628fb4e1afe9 - std[617be2ca0a6fd877]::sys::backtrace::__rust_end_short_backtrace::<std[617be2ca0a6fd877]::panicking::panic_handler::{closure#0}, !>
[INFO] [stdout]    9:     0x628fb4e231ad - __rustc[ea4f61d10b84890b]::rust_begin_unwind
[INFO] [stdout]   10:     0x628fb4e5f62c - core[a373ad73a504971]::panicking::panic_fmt
[INFO] [stdout]   11:     0x628fb4e5f5f2 - core[a373ad73a504971]::panicking::panic
[INFO] [stdout]   12:     0x628fb4e5f3a9 - core[a373ad73a504971]::option::unwrap_failed
[INFO] [stdout]   13:     0x628fb4bc5e28 - <<alloc[2e1b2a31b91974c5]::boxed::Box<_> as miniserde[71ebd8b98e150652]::de::Deserialize>::begin::BoxMap<payjp_shared[1655b916be5c0cc8]::error::ErrorError> as miniserde[71ebd8b98e150652]::de::Map>::finish
[INFO] [stdout]   14:     0x628fb4bc81c2 - miniserde[71ebd8b98e150652]::json::de::from_str_impl
[INFO] [stdout]   15:     0x628fb4b2be50 - miniserde[71ebd8b98e150652]::json::de::from_str::<payjp_shared[1655b916be5c0cc8]::error::Error>
[INFO] [stdout]   16:     0x628fb4af596c - <payjp[2a2e34bfdda4a36]::hyper::client::Client as payjp_client_core[c4e0687ea07daf18]::request::PayjpClient>::execute::{closure#0}
[INFO] [stdout]   17:     0x628fb4aeefbb - <payjp_client_core[c4e0687ea07daf18]::request::CustomizablePayjpRequest<()>>::send::<payjp[2a2e34bfdda4a36]::hyper::client::Client>::{closure#0}
[INFO] [stdout]   18:     0x628fb4af4173 - it[715100887c51d4f5]::hyper::user_error_transfers::{closure#0}
[INFO] [stdout]   19:     0x628fb4b219a3 - <tokio[5fc27f0b0cf95a79]::runtime::scheduler::current_thread::Context>::enter::<core[a373ad73a504971]::task::poll::Poll<()>, <tokio[5fc27f0b0cf95a79]::runtime::scheduler::current_thread::CoreGuard>::block_on<core[a373ad73a504971]::pin::Pin<&mut core[a373ad73a504971]::pin::Pin<&mut dyn core[a373ad73a504971]::future::future::Future<Output = ()>>>>::{closure#0}::{closure#0}>
[INFO] [stdout]   20:     0x628fb4b2662c - <tokio[5fc27f0b0cf95a79]::runtime::context::scoped::Scoped<tokio[5fc27f0b0cf95a79]::runtime::scheduler::Context>>::set::<<tokio[5fc27f0b0cf95a79]::runtime::scheduler::current_thread::CoreGuard>::enter<<tokio[5fc27f0b0cf95a79]::runtime::scheduler::current_thread::CoreGuard>::block_on<core[a373ad73a504971]::pin::Pin<&mut core[a373ad73a504971]::pin::Pin<&mut dyn core[a373ad73a504971]::future::future::Future<Output = ()>>>>::{closure#0}, core[a373ad73a504971]::option::Option<()>>::{closure#0}, (alloc[2e1b2a31b91974c5]::boxed::Box<tokio[5fc27f0b0cf95a79]::runtime::scheduler::current_thread::Core>, core[a373ad73a504971]::option::Option<()>)>
[INFO] [stdout]   21:     0x628fb4b22247 - <tokio[5fc27f0b0cf95a79]::runtime::scheduler::current_thread::CoreGuard>::block_on::<core[a373ad73a504971]::pin::Pin<&mut core[a373ad73a504971]::pin::Pin<&mut dyn core[a373ad73a504971]::future::future::Future<Output = ()>>>>
[INFO] [stdout]   22:     0x628fb4b3273d - tokio[5fc27f0b0cf95a79]::runtime::context::runtime::enter_runtime::<<tokio[5fc27f0b0cf95a79]::runtime::scheduler::current_thread::CurrentThread>::block_on<core[a373ad73a504971]::pin::Pin<&mut dyn core[a373ad73a504971]::future::future::Future<Output = ()>>>::{closure#0}, ()>
[INFO] [stdout]   23:     0x628fb4b2ead3 - <tokio[5fc27f0b0cf95a79]::runtime::runtime::Runtime>::block_on::<core[a373ad73a504971]::pin::Pin<&mut dyn core[a373ad73a504971]::future::future::Future<Output = ()>>>
[INFO] [stdout]   24:     0x628fb4af768e - <it[715100887c51d4f5]::hyper::user_error_transfers::{closure#0} as core[a373ad73a504971]::ops::function::FnOnce<()>>::call_once
[INFO] [stdout]   25:     0x628fb4b796cb - test[aada8e7e76ba119b]::__rust_begin_short_backtrace::<core[a373ad73a504971]::result::Result<(), alloc[2e1b2a31b91974c5]::string::String>, fn() -> core[a373ad73a504971]::result::Result<(), alloc[2e1b2a31b91974c5]::string::String>>
[INFO] [stdout]   26:     0x628fb4b868a5 - test[aada8e7e76ba119b]::run_test::{closure#0}
[INFO] [stdout]   27:     0x628fb4b80194 - std[617be2ca0a6fd877]::sys::backtrace::__rust_begin_short_backtrace::<test[aada8e7e76ba119b]::run_test::{closure#1}, ()>
[INFO] [stdout]   28:     0x628fb4b89932 - <std[617be2ca0a6fd877]::thread::lifecycle::spawn_unchecked<test[aada8e7e76ba119b]::run_test::{closure#1}, ()>::{closure#1} as core[a373ad73a504971]::ops::function::FnOnce<()>>::call_once::{shim:vtable#0}
[INFO] [stdout]   29:     0x628fb4e4655f - <std[617be2ca0a6fd877]::sys::thread::unix::Thread>::new::thread_start
[INFO] [stdout]   30:     0x7216aceb4dfa - <unknown>
[INFO] [stdout]   31:     0x7216acf483d4 - clone
[INFO] [stdout]   32:                0x0 - <unknown>
[INFO] [stdout] 
[INFO] [stdout] 
[INFO] [stdout] failures:
[INFO] [stdout]     hyper::user_error
[INFO] [stdout]     hyper::user_error_transfers
[INFO] [stdout] 
[INFO] [stdout] test result: FAILED. 6 passed; 2 failed; 0 ignored; 0 measured; 0 filtered out; finished in 0.28s
[INFO] [stdout] 
[INFO] [stderr] error: test failed, to rerun pass `--test it`
[INFO] running `Command { std: "docker" "inspect" "324c3584c821e271351930970060a9f8fe192b32ce1c1c55d878ad58a8bfbab2", kill_on_drop: false }`
[INFO] running `Command { std: "docker" "rm" "-f" "324c3584c821e271351930970060a9f8fe192b32ce1c1c55d878ad58a8bfbab2", kill_on_drop: false }`
[INFO] [stdout] 324c3584c821e271351930970060a9f8fe192b32ce1c1c55d878ad58a8bfbab2
