[INFO] fetching crate pay-cli 0.2.14...
[INFO] testing pay-cli-0.2.14 against 1.99.0-beta.8+cargoflags=--release for beta-release-1.100-2
[INFO] extracting crate pay-cli 0.2.14 into /workspace/builds/worker-7-tc1/source
[INFO] started tweaking crates.io crate pay-cli 0.2.14
[INFO] removed 0 missing tests
[INFO] finished tweaking crates.io crate pay-cli 0.2.14
[INFO] tweaked toml for crates.io crate pay-cli 0.2.14 written to /workspace/builds/worker-7-tc1/source/Cargo.toml
[INFO] validating manifest of crates.io crate pay-cli 0.2.14 on toolchain 1.99.0-beta.8
[INFO] running `Command { std: CARGO_HOME="/workspace/cargo-home" RUSTUP_HOME="/workspace/rustup-home" "/workspace/cargo-home/bin/cargo" "+1.99.0-beta.8" "metadata" "--manifest-path" "Cargo.toml" "--no-deps", kill_on_drop: false }`
[INFO] crate crates.io crate pay-cli 0.2.14 already has a lockfile, it will not be regenerated
[INFO] running `Command { std: CARGO_HOME="/workspace/cargo-home" RUSTUP_HOME="/workspace/rustup-home" "/workspace/cargo-home/bin/cargo" "+1.99.0-beta.8" "fetch" "--manifest-path" "Cargo.toml", kill_on_drop: false }`
[INFO] [stderr]  Downloading crates ...
[INFO] [stderr]   Downloaded rpassword v7.4.0
[INFO] [stderr]   Downloaded rtoolbox v0.0.4
[INFO] running `Command { std: "docker" "create" "-v" "/var/lib/crater-agent-workspace/builds/worker-7-tc1/source:/opt/rustwide/workdir:ro,Z" "-v" "/var/lib/crater-agent-workspace/builds/worker-7-tc1/target:/opt/rustwide/target:rw,Z" "-v" "/var/lib/crater-agent-workspace/cargo-home:/opt/rustwide/cargo-home:ro,Z" "-v" "/var/lib/crater-agent-workspace/rustup-home:/opt/rustwide/rustup-home:ro,Z" "-m" "1610612736" "--network" "none" "ghcr.io/rust-lang/crates-build-env/linux@sha256:77db811e55d90add9212f6832c23229e3de5f1c1f9905e8cb07319ea15df73ac" "sleep" "infinity", kill_on_drop: false }`
[INFO] [stdout] e770bb64bc571a7f3901276db2540827a5be08a592b49e5f588efe48f73b6feb
[INFO] running `Command { std: "docker" "start" "e770bb64bc571a7f3901276db2540827a5be08a592b49e5f588efe48f73b6feb", kill_on_drop: false }`
[INFO] running `Command { std: "docker" "inspect" "e770bb64bc571a7f3901276db2540827a5be08a592b49e5f588efe48f73b6feb", kill_on_drop: false }`
[INFO] running `Command { std: "docker" "exec" "-e" "SOURCE_DIR=/opt/rustwide/workdir" "-e" "CARGO_HOME=/opt/rustwide/cargo-home" "-e" "RUSTUP_HOME=/opt/rustwide/rustup-home" "-e" "CARGO_TARGET_DIR=/opt/rustwide/target" "-w" "/opt/rustwide/workdir" "--user" "0:0" "e770bb64bc571a7f3901276db2540827a5be08a592b49e5f588efe48f73b6feb" "/opt/rustwide/cargo-home/bin/cargo" "+1.99.0-beta.8" "metadata" "--no-deps" "--format-version=1", kill_on_drop: false }`
[INFO] running `Command { std: "docker" "inspect" "e770bb64bc571a7f3901276db2540827a5be08a592b49e5f588efe48f73b6feb", kill_on_drop: false }`
[INFO] running `Command { std: "docker" "exec" "-e" "SOURCE_DIR=/opt/rustwide/workdir" "-e" "CARGO_HOME=/opt/rustwide/cargo-home" "-e" "RUSTUP_HOME=/opt/rustwide/rustup-home" "-e" "CARGO_TARGET_DIR=/opt/rustwide/target" "-e" "CARGO_INCREMENTAL=0" "-e" "RUST_BACKTRACE=full" "-e" "RUSTFLAGS=--cap-lints=warn" "-e" "RUSTDOCFLAGS=--cap-lints=warn" "-w" "/opt/rustwide/workdir" "--user" "0:0" "e770bb64bc571a7f3901276db2540827a5be08a592b49e5f588efe48f73b6feb" "/opt/rustwide/cargo-home/bin/cargo" "+1.99.0-beta.8" "build" "--frozen" "--message-format=json" "--release", kill_on_drop: false }`
[INFO] [stderr]    Compiling proc-macro2 v1.0.106
[INFO] [stderr]    Compiling unicode-ident v1.0.24
[INFO] [stderr]    Compiling quote v1.0.45
[INFO] [stderr]    Compiling libc v0.2.185
[INFO] [stderr]    Compiling cfg-if v1.0.4
[INFO] [stderr]    Compiling typenum v1.19.0
[INFO] [stderr]    Compiling version_check v0.9.5
[INFO] [stderr]    Compiling subtle v2.6.1
[INFO] [stderr]    Compiling smallvec v1.15.1
[INFO] [stderr]    Compiling scopeguard v1.2.0
[INFO] [stderr]    Compiling stable_deref_trait v1.2.1
[INFO] [stderr]    Compiling const-oid v0.9.6
[INFO] [stderr]    Compiling find-msvc-tools v0.1.9
[INFO] [stderr]    Compiling bytes v1.11.1
[INFO] [stderr]    Compiling pin-project-lite v0.2.17
[INFO] [stderr]    Compiling once_cell v1.21.4
[INFO] [stderr]    Compiling dunce v1.0.5
[INFO] [stderr]    Compiling fs_extra v1.3.0
[INFO] [stderr]    Compiling futures-core v0.3.32
[INFO] [stderr]    Compiling lock_api v0.4.14
[INFO] [stderr]    Compiling itoa v1.0.18
[INFO] [stderr]    Compiling aws-lc-rs v1.16.2
[INFO] [stderr]    Compiling litemap v0.8.2
[INFO] [stderr]    Compiling bitflags v2.11.1
[INFO] [stderr]    Compiling writeable v0.6.3
[INFO] [stderr]    Compiling generic-array v0.14.7
[INFO] [stderr]    Compiling slab v0.4.12
[INFO] [stderr]    Compiling icu_normalizer_data v2.2.0
[INFO] [stderr]    Compiling utf8_iter v1.0.4
[INFO] [stderr]    Compiling icu_properties_data v2.2.0
[INFO] [stderr]    Compiling cpufeatures v0.2.17
[INFO] [stderr]    Compiling serde_core v1.0.228
[INFO] [stderr]    Compiling equivalent v1.0.2
[INFO] [stderr]    Compiling rustls v0.23.38
[INFO] [stderr]    Compiling untrusted v0.9.0
[INFO] [stderr]    Compiling futures-sink v0.3.32
[INFO] [stderr]    Compiling hashbrown v0.17.0
[INFO] [stderr]    Compiling tracing-core v0.1.36
[INFO] [stderr]    Compiling futures-task v0.3.32
[INFO] [stderr]    Compiling fnv v1.0.7
[INFO] [stderr]    Compiling utf8parse v0.2.2
[INFO] [stderr]    Compiling percent-encoding v2.3.2
[INFO] [stderr]    Compiling rustix v1.1.4
[INFO] [stderr]    Compiling atomic-waker v1.1.2
[INFO] [stderr]    Compiling tower-service v0.3.3
[INFO] [stderr]    Compiling futures-util v0.3.32
[INFO] [stderr]    Compiling try-lock v0.2.5
[INFO] [stderr]    Compiling anstyle-parse v1.0.0
[INFO] [stderr]    Compiling httparse v1.10.1
[INFO] [stderr]    Compiling want v0.3.1
[INFO] [stderr]    Compiling futures-channel v0.3.32
[INFO] [stderr]    Compiling zmij v1.0.21
[INFO] [stderr]    Compiling base16ct v0.2.0
[INFO] [stderr]    Compiling linux-raw-sys v0.12.1
[INFO] [stderr]    Compiling syn v2.0.117
[INFO] [stderr]    Compiling anstyle v1.0.14
[INFO] [stderr]    Compiling anstyle-query v1.1.5
[INFO] [stderr]    Compiling is_terminal_polyfill v1.70.2
[INFO] [stderr]    Compiling colorchoice v1.0.5
[INFO] [stderr]    Compiling sync_wrapper v1.0.2
[INFO] [stderr]    Compiling litrs v1.0.0
[INFO] [stderr]    Compiling opaque-debug v0.3.1
[INFO] [stderr]    Compiling clap_lex v1.1.0
[INFO] [stderr]    Compiling log v0.4.29
[INFO] [stderr]    Compiling heck v0.5.0
[INFO] [stderr]    Compiling base64 v0.22.1
[INFO] [stderr]    Compiling anstream v1.0.0
[INFO] [stderr]    Compiling openssl-probe v0.2.1
[INFO] [stderr]    Compiling serde_json v1.0.149
[INFO] [stderr]    Compiling http v1.4.0
[INFO] [stderr]    Compiling tracing v0.1.44
[INFO] [stderr]    Compiling tower-layer v0.3.3
[INFO] [stderr]    Compiling ipnet v2.12.0
[INFO] [stderr]    Compiling hybrid-array v0.4.10
[INFO] [stderr]    Compiling getrandom v0.2.17
[INFO] [stderr]    Compiling parking_lot_core v0.9.12
[INFO] [stderr]    Compiling errno v0.3.14
[INFO] [stderr]    Compiling signal-hook-registry v1.4.8
[INFO] [stderr]    Compiling mio v1.2.0
[INFO] [stderr]    Compiling rand_core v0.6.4
[INFO] [stderr]    Compiling socket2 v0.6.3
[INFO] [stderr]    Compiling indexmap v2.14.0
[INFO] [stderr]    Compiling strsim v0.11.1
[INFO] [stderr]    Compiling getrandom v0.4.2
[INFO] [stderr]    Compiling document-features v0.2.12
[INFO] [stderr]    Compiling parking_lot v0.12.5
[INFO] [stderr]    Compiling ff v0.13.1
[INFO] [stderr]    Compiling block-buffer v0.12.0
[INFO] [stderr]    Compiling crypto-common v0.2.1
[INFO] [stderr]    Compiling jobserver v0.1.34
[INFO] [stderr]    Compiling group v0.13.0
[INFO] [stderr]    Compiling clap_builder v4.6.0
[INFO] [stderr]    Compiling form_urlencoded v1.2.2
[INFO] [stderr]    Compiling cc v1.2.60
[INFO] [stderr]    Compiling anyhow v1.0.102
[INFO] [stderr]    Compiling memchr v2.8.0
[INFO] [stderr]    Compiling const-oid v0.10.2
[INFO] [stderr]    Compiling winnow v1.0.1
[INFO] [stderr]    Compiling http-body v1.0.1
[INFO] [stderr]    Compiling iri-string v0.7.12
[INFO] [stderr]    Compiling option-ext v0.2.0
[INFO] [stderr]    Compiling base64ct v1.8.3
[INFO] [stderr]    Compiling dirs-sys v0.5.0
[INFO] [stderr]    Compiling http-body-util v0.1.3
[INFO] [stderr]    Compiling num-traits v0.2.19
[INFO] [stderr]    Compiling linux-keyutils v0.2.5
[INFO] [stderr]    Compiling rtoolbox v0.0.4
[INFO] [stderr]    Compiling password-hash v0.5.0
[INFO] [stderr]    Compiling encoding_rs v0.8.35
[INFO] [stderr]    Compiling toml_parser v1.1.2+spec-1.1.0
[INFO] [stderr]    Compiling keccak v0.2.0
[INFO] [stderr]    Compiling digest v0.11.2
[INFO] [stderr]    Compiling fastrand v2.4.1
[INFO] [stderr]    Compiling iana-time-zone v0.1.65
[INFO] [stderr]    Compiling mime v0.3.17
[INFO] [stderr]    Compiling cmake v0.1.58
[INFO] [stderr]    Compiling unicode-width v0.2.2
[INFO] [stderr]    Compiling unicode-segmentation v1.13.2
[INFO] [stderr]    Compiling toml_writer v1.1.1+spec-1.1.0
[INFO] [stderr]    Compiling sha3 v0.11.0
[INFO] [stderr]    Compiling chrono v0.4.44
[INFO] [stderr]    Compiling keyring v3.6.3
[INFO] [stderr]    Compiling rpassword v7.4.0
[INFO] [stderr]    Compiling dirs v6.0.0
[INFO] [stderr]    Compiling hostname v0.4.2
[INFO] [stderr]    Compiling hex v0.4.3
[INFO] [stderr]    Compiling aws-lc-sys v0.39.1
[INFO] [stderr]    Compiling serde_spanned v1.1.1
[INFO] [stderr]    Compiling toml_datetime v1.1.1+spec-1.1.0
[INFO] [stderr]    Compiling crossterm v0.29.0
[INFO] [stderr]    Compiling tempfile v3.27.0
[INFO] [stderr]    Compiling toml v1.1.2+spec-1.1.0
[INFO] [stderr]    Compiling comfy-table v7.2.2
[INFO] [stderr]    Compiling synstructure v0.13.2
[INFO] [stderr]    Compiling zeroize_derive v1.4.3
[INFO] [stderr]    Compiling zerofrom-derive v0.1.7
[INFO] [stderr]    Compiling yoke-derive v0.8.2
[INFO] [stderr]    Compiling zerovec-derive v0.11.3
[INFO] [stderr]    Compiling displaydoc v0.2.5
[INFO] [stderr]    Compiling tokio-macros v2.7.0
[INFO] [stderr]    Compiling serde_derive v1.0.228
[INFO] [stderr]    Compiling clap_derive v4.6.0
[INFO] [stderr]    Compiling zeroize v1.8.2
[INFO] [stderr]    Compiling tokio v1.52.0
[INFO] [stderr]    Compiling rustls-pki-types v1.14.0
[INFO] [stderr]    Compiling der v0.7.10
[INFO] [stderr]    Compiling zerofrom v0.1.7
[INFO] [stderr]    Compiling yoke v0.8.2
[INFO] [stderr]    Compiling zerotrie v0.2.4
[INFO] [stderr]    Compiling rustls-native-certs v0.8.3
[INFO] [stderr]    Compiling zerovec v0.11.6
[INFO] [stderr]    Compiling crypto-common v0.1.7
[INFO] [stderr]    Compiling block-buffer v0.10.4
[INFO] [stderr]    Compiling inout v0.1.4
[INFO] [stderr]    Compiling crypto-bigint v0.5.5
[INFO] [stderr]    Compiling universal-hash v0.5.1
[INFO] [stderr]    Compiling aead v0.5.2
[INFO] [stderr]    Compiling digest v0.10.7
[INFO] [stderr]    Compiling cipher v0.4.4
[INFO] [stderr]    Compiling hmac v0.12.1
[INFO] [stderr]    Compiling polyval v0.6.2
[INFO] [stderr]    Compiling sha2 v0.10.9
[INFO] [stderr]    Compiling rfc6979 v0.4.0
[INFO] [stderr]    Compiling signature v2.2.0
[INFO] [stderr]    Compiling ghash v0.5.1
[INFO] [stderr]    Compiling salsa20 v0.10.2
[INFO] [stderr]    Compiling aes v0.8.4
[INFO] [stderr]    Compiling ctr v0.9.2
[INFO] [stderr]    Compiling pbkdf2 v0.12.2
[INFO] [stderr]    Compiling clap v4.6.0
[INFO] [stderr]    Compiling clap_complete v4.6.2
[INFO] [stderr]    Compiling scrypt v0.11.0
[INFO] [stderr]    Compiling tinystr v0.8.3
[INFO] [stderr]    Compiling potential_utf v0.1.5
[INFO] [stderr]    Compiling icu_locale_core v2.2.0
[INFO] [stderr]    Compiling icu_collections v2.2.0
[INFO] [stderr]    Compiling spki v0.7.3
[INFO] [stderr]    Compiling sec1 v0.7.3
[INFO] [stderr]    Compiling aes-gcm v0.10.3
[INFO] [stderr]    Compiling pkcs8 v0.10.2
[INFO] [stderr]    Compiling elliptic-curve v0.13.8
[INFO] [stderr]    Compiling serde v1.0.228
[INFO] [stderr]    Compiling ecdsa v0.16.9
[INFO] [stderr]    Compiling k256 v0.13.4
[INFO] [stderr]    Compiling icu_provider v2.2.0
[INFO] [stderr]    Compiling icu_properties v2.2.0
[INFO] [stderr]    Compiling icu_normalizer v2.2.0
[INFO] [stderr]    Compiling idna_adapter v1.2.1
[INFO] [stderr]    Compiling idna v1.1.0
[INFO] [stderr]    Compiling url v2.5.8
[INFO] [stderr]    Compiling tokio-util v0.7.18
[INFO] [stderr]    Compiling tower v0.5.3
[INFO] [stderr]    Compiling tower-http v0.6.8
[INFO] [stderr]    Compiling h2 v0.4.13
[INFO] [stderr]    Compiling hyper v1.9.0
[INFO] [stderr]    Compiling hyper-util v0.1.20
[INFO] [stderr]    Compiling rustls-webpki v0.103.12
[INFO] [stderr]    Compiling tokio-rustls v0.26.4
[INFO] [stderr]    Compiling rustls-platform-verifier v0.6.2
[INFO] [stderr]    Compiling hyper-rustls v0.27.9
[INFO] [stderr]    Compiling reqwest v0.13.2
[INFO] [stderr]    Compiling pay-cli v0.2.14 (/opt/rustwide/workdir)
[INFO] [stderr]     Finished `release` profile [optimized] target(s) in 3m 24s
[INFO] running `Command { std: "docker" "inspect" "e770bb64bc571a7f3901276db2540827a5be08a592b49e5f588efe48f73b6feb", kill_on_drop: false }`
[INFO] running `Command { std: "docker" "exec" "-e" "SOURCE_DIR=/opt/rustwide/workdir" "-e" "CARGO_HOME=/opt/rustwide/cargo-home" "-e" "RUSTUP_HOME=/opt/rustwide/rustup-home" "-e" "CARGO_TARGET_DIR=/opt/rustwide/target" "-e" "CARGO_INCREMENTAL=0" "-e" "RUST_BACKTRACE=full" "-e" "RUSTFLAGS=--cap-lints=warn" "-e" "RUSTDOCFLAGS=--cap-lints=warn" "-w" "/opt/rustwide/workdir" "--user" "0:0" "e770bb64bc571a7f3901276db2540827a5be08a592b49e5f588efe48f73b6feb" "/opt/rustwide/cargo-home/bin/cargo" "+1.99.0-beta.8" "test" "--frozen" "--no-run" "--message-format=json" "--release", kill_on_drop: false }`
[INFO] [stderr]    Compiling aho-corasick v1.1.4
[INFO] [stderr]    Compiling regex-syntax v0.8.10
[INFO] [stderr]    Compiling predicates-core v1.0.10
[INFO] [stderr]    Compiling float-cmp v0.10.0
[INFO] [stderr]    Compiling normalize-line-endings v0.3.0
[INFO] [stderr]    Compiling termtree v0.5.1
[INFO] [stderr]    Compiling difflib v0.4.0
[INFO] [stderr]    Compiling assert_cmd v2.2.0
[INFO] [stderr]    Compiling wait-timeout v0.2.1
[INFO] [stderr]    Compiling predicates-tree v1.0.13
[INFO] [stderr]    Compiling regex-automata v0.4.14
[INFO] [stderr]    Compiling regex v1.12.3
[INFO] [stderr]    Compiling bstr v1.12.1
[INFO] [stderr]    Compiling predicates v3.1.4
[INFO] [stderr]    Compiling pay-cli v0.2.14 (/opt/rustwide/workdir)
[INFO] [stderr]     Finished `release` profile [optimized] target(s) in 1m 03s
[INFO] running `Command { std: "docker" "inspect" "e770bb64bc571a7f3901276db2540827a5be08a592b49e5f588efe48f73b6feb", kill_on_drop: false }`
[INFO] running `Command { std: "docker" "exec" "-e" "SOURCE_DIR=/opt/rustwide/workdir" "-e" "CARGO_HOME=/opt/rustwide/cargo-home" "-e" "RUSTUP_HOME=/opt/rustwide/rustup-home" "-e" "CARGO_TARGET_DIR=/opt/rustwide/target" "-e" "CARGO_INCREMENTAL=0" "-e" "RUST_BACKTRACE=full" "-e" "RUSTFLAGS=--cap-lints=warn" "-e" "RUSTDOCFLAGS=--cap-lints=warn" "-w" "/opt/rustwide/workdir" "--user" "0:0" "e770bb64bc571a7f3901276db2540827a5be08a592b49e5f588efe48f73b6feb" "/opt/rustwide/cargo-home/bin/cargo" "+1.99.0-beta.8" "test" "--frozen" "--release", kill_on_drop: false }`
[INFO] [stderr]     Finished `release` profile [optimized] target(s) in 0.29s
[INFO] [stderr]      Running unittests src/main.rs (/opt/rustwide/target/release/deps/pay-c763593b22aca57e)
[INFO] [stdout] 
[INFO] [stdout] running 78 tests
[INFO] [stdout] test auth::tests::derive_address_anvil ... ok
[INFO] [stdout] test commands::tests::test_parse_amount_negative ... ok
[INFO] [stdout] test commands::tests::test_validate_address_non_hex ... ok
[INFO] [stdout] test auth::tests::sign_and_recover_round_trip ... ok
[INFO] [stdout] test commands::tests::test_validate_address_valid ... ok
[INFO] [stdout] test commands::sign::tests::test_sign_and_verify_length ... ok
[INFO] [stdout] test commands::tests::test_parse_amount_whole ... ok
[INFO] [stdout] test commands::tests::test_parse_amount_zero ... ok
[INFO] [stdout] test commands::tests::test_validate_address_no_prefix ... ok
[INFO] [stdout] test commands::update::tests::test_is_newer_basic ... ok
[INFO] [stdout] test commands::tests::test_format_amount ... ok
[INFO] [stdout] test commands::sign::tests::test_sign_deterministic ... ok
[INFO] [stdout] test commands::update::tests::test_platform_asset_name_returns_something ... ok
[INFO] [stdout] test config::tests::test_custom_api_url ... ok
[INFO] [stdout] test commands::update::tests::test_detect_package_manager_none_by_default ... ok
[INFO] [stdout] test commands::update::tests::test_is_newer_prerelease_stripped ... ok
[INFO] [stdout] test config::tests::test_default_api_url ... ok
[INFO] [stdout] test eip3009::tests::different_amounts_produce_different_hashes ... ok
[INFO] [stdout] test eip3009::tests::different_recipients_produce_different_hashes ... ok
[INFO] [stdout] test auth::tests::build_and_verify_auth_headers ... ok
[INFO] [stdout] test commands::update::tests::test_manager_update_command_known ... ok
[INFO] [stdout] test commands::tests::test_parse_amount_invalid ... ok
[INFO] [stdout] test ows::tests::test_chain_to_caip2_base_sepolia ... ok
[INFO] [stdout] test commands::tests::test_parse_amount_dollars ... ok
[INFO] [stdout] test ows::tests::test_chain_to_caip2_base ... ok
[INFO] [stdout] test ows::tests::test_chain_to_caip2_unknown ... ok
[INFO] [stdout] test ows::tests::test_parse_api_token ... ok
[INFO] [stdout] test eip3009::tests::sign_and_recover_round_trip ... ok
[INFO] [stdout] test ows::tests::test_parse_api_token_missing ... ok
[INFO] [stdout] test commands::tests::test_validate_address_too_short ... ok
[INFO] [stdout] test commands::update::tests::test_is_newer_equal ... ok
[INFO] [stdout] test ows::tests::test_wallet_evm_address_found ... ok
[INFO] [stdout] test commands::update::tests::test_is_newer_older ... ok
[INFO] [stdout] test signer::keyring::tests::keychain_roundtrip_if_available ... ok
[INFO] [stdout] test signer::keyring::tests::error_messages_contain_no_key_material ... ok
[INFO] [stdout] test ows::tests::test_vault_path_display ... ok
[INFO] [stdout] test signer::keyring::tests::load_nonexistent_key_fails ... ok
[INFO] [stdout] test signer::keyring::tests::meta_file_has_no_secret_fields ... ok
[INFO] [stdout] test signer::keyring::tests::meta_file_roundtrip ... ok
[INFO] [stdout] test signer::keyring::tests::meta_file_path_uses_pay_dir ... ok
[INFO] [stdout] test commands::update::tests::test_manager_update_command_unknown ... ok
[INFO] [stdout] test commands::update::tests::test_platform_asset_name_format ... ok
[INFO] [stdout] test signer::keyring::tests::is_available_does_not_panic ... ok
[INFO] [stdout] test signer::keyring::tests::keychain_legacy_raw_bytes_migration ... ok
[INFO] [stdout] test ows::tests::test_default_wallet_name ... ok
[INFO] [stdout] test signer::keyring::tests::delete_nonexistent_key_fails ... ok
[INFO] [stdout] test ows::tests::test_mcp_config_json ... ok
[INFO] [stdout] test signer::keystore::tests::import_invalid_hex_fails ... ok
[INFO] [stdout] test signer::keystore::tests::import_wrong_length_fails ... ok
[INFO] [stdout] test ows::tests::test_wallet_evm_address_empty ... ok
[INFO] [stdout] test ows::tests::test_wallet_evm_address_not_found ... ok
[INFO] [stdout] test signer::keystore::tests::load_nonexistent_fails ... ok
[INFO] [stdout] test ows::tests::test_ows_availability_does_not_panic ... ok
[INFO] [stdout] test commands::tests::test_full_path ... ok
[INFO] [stdout] test signer::password::tests::from_env_returns_none_for_hex_key ... ok
[INFO] [stdout] test commands::tests::test_full_path_https ... ok
[INFO] [stdout] test signer::password::tests::from_env_returns_password_for_non_hex ... ok
[INFO] [stdout] test signer::password::tests::from_env_returns_none_when_unset ... ok
[INFO] [stdout] test signer::password::tests::is_raw_hex_key_rejects_passwords ... ok
[INFO] [stdout] test signer::tests::resolve_fails_with_no_key ... ok
[INFO] [stdout] test commands::tests::test_full_path_default ... ok
[INFO] [stdout] test signer::password::tests::is_raw_hex_key_detects_64_hex ... ok
[INFO] [stdout] test signer::keystore::tests::no_plaintext_key_on_disk ... ok
[INFO] [stdout] test signer::keystore::tests::exists_reflects_disk_state ... ok
[INFO] [stdout] test signer::keystore::tests::key_file_has_correct_structure ... ok
[INFO] [stdout] test signer::keystore::tests::generate_duplicate_name_fails ... ok
[INFO] [stdout] test signer::keystore::tests::error_messages_contain_no_secrets ... ok
[INFO] [stdout] test signer::keystore::tests::import_duplicate_name_fails ... ok
[INFO] [stdout] test signer::keystore::tests::list_keys_returns_sorted_names ... ok
[INFO] [stdout] test signer::keystore::tests::same_key_produces_same_address ... ok
[INFO] [stdout] test signer::keystore::tests::corrupted_ciphertext_detected ... ok
[INFO] [stdout] test signer::keystore::tests::decrypt_wrong_passphrase_fails ... ok
[INFO] [stdout] test signer::keystore::tests::decrypted_key_produces_valid_signatures ... ok
[INFO] [stdout] test signer::keystore::tests::generate_load_decrypt_roundtrip ... ok
[INFO] [stdout] test signer::tests::resolve_raw_hex_key_from_env ... ok
[INFO] [stdout] test signer::tests::resolve_raw_hex_key_with_0x_prefix ... ok
[INFO] [stdout] test signer::tests::resolve_password_decrypts_enc_file ... ok
[INFO] [stdout] test signer::keystore::tests::import_load_decrypt_roundtrip ... ok
[INFO] [stdout] 
[INFO] [stdout] test result: ok. 78 passed; 0 failed; 0 ignored; 0 measured; 0 filtered out; finished in 1.25s
[INFO] [stdout] 
[INFO] [stderr]      Running tests/e2e.rs (/opt/rustwide/target/release/deps/e2e-6cd8edabeb69f74a)
[INFO] [stdout] 
[INFO] [stdout] running 40 tests
[INFO] [stdout] test address_returns_valid_format ... ignored, requires PAYSKILL_TESTNET_KEY
[INFO] [stdout] test direct_payment_succeeds ... ignored, requires PAYSKILL_TESTNET_KEY
[INFO] [stdout] test fund_returns_link ... ignored, requires PAYSKILL_TESTNET_KEY
[INFO] [stdout] test init_creates_config ... ignored, requires PAYSKILL_TESTNET_KEY
[INFO] [stdout] test mint_testnet_usdc ... ignored, requires PAYSKILL_TESTNET_KEY
[INFO] [stdout] test ows_init_creates_wallet ... ignored, requires OWS CLI installed
[INFO] [stdout] test ows_list_shows_wallets ... ignored, requires OWS CLI installed
[INFO] [stdout] test key_subcommand_exists ... ok
[INFO] [stdout] test ows_subcommand_exists ... ok
[INFO] [stdout] test init_help_describes_default_signer ... ok
[INFO] [stdout] test ows_fund_requires_wallet_arg ... ok
[INFO] [stdout] test ows_init_help ... ok
[INFO] [stdout] test ows_set_policy_rejects_negative_daily_limit ... ok
[INFO] [stdout] test key_init_help ... ok
[INFO] [stdout] test direct_rejects_bad_address ... FAILED
[INFO] [stdout] test request_dns_error_clean_message ... FAILED
[INFO] [stdout] test sign_subprocess_produces_valid_signature ... ignored, requires PAYSKILL_TESTNET_KEY
[INFO] [stdout] test status_returns_balance ... ignored, requires PAYSKILL_TESTNET_KEY
[INFO] [stdout] test tab_lifecycle ... ignored, requires PAYSKILL_TESTNET_KEY
[INFO] [stdout] test ows_set_policy_rejects_invalid_chain ... ok
[INFO] [stdout] test ows_list_without_ows_shows_error_or_empty ... ok
[INFO] [stdout] test tab_open_rejects_below_minimum ... FAILED
[INFO] [stdout] test direct_rejects_below_minimum ... FAILED
[INFO] [stdout] test unsigned_request_rejected ... ignored, requires PAYSKILL_TESTNET_KEY
[INFO] [stdout] test webhook_crud ... ignored, requires PAYSKILL_TESTNET_KEY
[INFO] [stdout] test withdraw_returns_link ... ignored, requires PAYSKILL_TESTNET_KEY
[INFO] [stdout] test x402_request_handles_402_and_pays ... ignored, requires PAYSKILL_TESTNET_KEY
[INFO] [stdout] test top_level_help_shows_ows ... ok
[INFO] [stdout] test request_at_file_body ... FAILED
[INFO] [stdout] test request_non_json_response_prints_raw ... FAILED
[INFO] [stdout] test request_json_response_prints_raw ... FAILED
[INFO] [stdout] test request_no_pay_skips_402 ... FAILED
[INFO] [stdout] test request_post_with_body ... FAILED
[INFO] [stdout] test request_custom_headers ... FAILED
[INFO] [stdout] test request_output_to_file ... FAILED
[INFO] [stdout] test request_silent_mode ... FAILED
[INFO] [stdout] test request_verbose_shows_headers ... FAILED
[INFO] [stdout] test ows_set_policy_rejects_negative_max_tx ... ok
[INFO] [stdout] test ows_list_json_without_ows ... ok
[INFO] [stdout] test key_init_generates_keypair ... ok
[INFO] [stdout] 
[INFO] [stdout] failures:
[INFO] [stdout] 
[INFO] [stdout] ---- direct_rejects_bad_address stdout ----
[INFO] [stdout] 
[INFO] [stdout] thread 'direct_rejects_bad_address' (4025) panicked at /rustc/dfb0accb7f508ae8be965d8629557221c889dd98/library/core/src/ops/function.rs:250:5:
[INFO] [stdout] Unexpected failure.
[INFO] [stdout] code=1
[INFO] [stdout] stderr=``````
[INFO] [stdout] Error: No password available. Set PAYSKILL_SIGNER_KEY (non-hex value) or run interactively.
[INFO] [stdout] 
[INFO] [stdout] Stack backtrace:
[INFO] [stdout]    0: <unknown>
[INFO] [stdout]    1: <unknown>
[INFO] [stdout]    2: <unknown>
[INFO] [stdout]    3: <unknown>
[INFO] [stdout]    4: <unknown>
[INFO] [stdout]    5: <unknown>
[INFO] [stdout]    6: <unknown>
[INFO] [stdout]    7: __libc_start_main
[INFO] [stdout]    8: <unknown>
[INFO] [stdout] ```
[INFO] [stdout] ```
[INFO] [stdout] command=`PAYSKILL_SIGNER_KEY="0xac0974bec39a17e36ba4a6b4d238ff944bacb478cbed5efcae784d7bf4f2ff80" "/opt/rustwide/target/release/pay" "init"`
[INFO] [stdout] code=1
[INFO] [stdout] stdout=""
[INFO] [stdout] stderr=```
[INFO] [stdout] Error: No password available. Set PAYSKILL_SIGNER_KEY (non-hex value) or run interactively.
[INFO] [stdout] 
[INFO] [stdout] Stack backtrace:
[INFO] [stdout]    0: <unknown>
[INFO] [stdout]    1: <unknown>
[INFO] [stdout]    2: <unknown>
[INFO] [stdout]    3: <unknown>
[INFO] [stdout]    4: <unknown>
[INFO] [stdout]    5: <unknown>
[INFO] [stdout]    6: <unknown>
[INFO] [stdout]    7: __libc_start_main
[INFO] [stdout]    8: <unknown>
[INFO] [stdout] ```
[INFO] [stdout] 
[INFO] [stdout] 
[INFO] [stdout] stack backtrace:
[INFO] [stdout]    0:     0x5b65e22b2845 - <unknown>
[INFO] [stdout]    1:     0x5b65e22835aa - <unknown>
[INFO] [stdout]    2:     0x5b65e22b1edb - <unknown>
[INFO] [stdout]    3:     0x5b65e22b19bf - <unknown>
[INFO] [stdout]    4:     0x5b65e22b15ea - <unknown>
[INFO] [stdout]    5:     0x5b65e22b1122 - <unknown>
[INFO] [stdout]    6:     0x5b65e22d7ff1 - <unknown>
[INFO] [stdout]    7:     0x5b65e22d7fa9 - <unknown>
[INFO] [stdout]    8:     0x5b65e22d84bc - <unknown>
[INFO] [stdout]    9:     0x5b65e228343b - <unknown>
[INFO] [stdout]   10:     0x5b65e227a9a2 - <unknown>
[INFO] [stdout]   11:     0x5b65e2268acd - <unknown>
[INFO] [stdout]   12:     0x5b65e22dcab9 - <unknown>
[INFO] [stdout]   13:     0x5b65e226b2f3 - <unknown>
[INFO] [stdout]   14:     0x5b65e22744fd - <unknown>
[INFO] [stdout]   15:     0x5b65e22f685b - <unknown>
[INFO] [stdout]   16:     0x5b65e22f29d1 - <unknown>
[INFO] [stdout]   17:     0x5b65e22f21bc - <unknown>
[INFO] [stdout]   18:     0x5b65e230e4fc - <unknown>
[INFO] [stdout]   19:     0x5b65e22d9cd2 - <unknown>
[INFO] [stdout]   20:     0x7b8082ab8dfa - <unknown>
[INFO] [stdout]   21:     0x7b8082b4c3d4 - clone
[INFO] [stdout]   22:                0x0 - <unknown>
[INFO] [stdout] 
[INFO] [stdout] ---- request_dns_error_clean_message stdout ----
[INFO] [stdout] 
[INFO] [stdout] thread 'request_dns_error_clean_message' (4160) panicked at tests/e2e.rs:75:16:
[INFO] [stdout] Once instance has previously been poisoned
[INFO] [stdout] stack backtrace:
[INFO] [stdout]    0:     0x5b65e22b2845 - <unknown>
[INFO] [stdout]    1:     0x5b65e22835aa - <unknown>
[INFO] [stdout]    2:     0x5b65e22b1edb - <unknown>
[INFO] [stdout]    3:     0x5b65e22b19bf - <unknown>
[INFO] [stdout]    4:     0x5b65e22b15ea - <unknown>
[INFO] [stdout]    5:     0x5b65e22b1122 - <unknown>
[INFO] [stdout]    6:     0x5b65e22d8022 - <unknown>
[INFO] [stdout]    7:     0x5b65e22d7fa9 - <unknown>
[INFO] [stdout]    8:     0x5b65e22d84bc - <unknown>
[INFO] [stdout]    9:     0x5b65e228343b - <unknown>
[INFO] [stdout]   10:     0x5b65e22dcbf0 - <unknown>
[INFO] [stdout]   11:     0x5b65e226b2f3 - <unknown>
[INFO] [stdout]   12:     0x5b65e2275ef4 - <unknown>
[INFO] [stdout]   13:     0x5b65e22f685b - <unknown>
[INFO] [stdout]   14:     0x5b65e22f29d1 - <unknown>
[INFO] [stdout]   15:     0x5b65e22f21bc - <unknown>
[INFO] [stdout]   16:     0x5b65e230e4fc - <unknown>
[INFO] [stdout]   17:     0x5b65e22d9cd2 - <unknown>
[INFO] [stdout]   18:     0x7b8082ab8dfa - <unknown>
[INFO] [stdout]   19:     0x7b8082b4c3d4 - clone
[INFO] [stdout]   20:                0x0 - <unknown>
[INFO] [stdout] 
[INFO] [stdout] ---- tab_open_rejects_below_minimum stdout ----
[INFO] [stdout] 
[INFO] [stdout] thread 'tab_open_rejects_below_minimum' (4304) panicked at tests/e2e.rs:75:16:
[INFO] [stdout] Once instance has previously been poisoned
[INFO] [stdout] stack backtrace:
[INFO] [stdout]    0:     0x5b65e22b2845 - <unknown>
[INFO] [stdout]    1:     0x5b65e22835aa - <unknown>
[INFO] [stdout]    2:     0x5b65e22b1edb - <unknown>
[INFO] [stdout]    3:     0x5b65e22b19bf - <unknown>
[INFO] [stdout]    4:     0x5b65e22b15ea - <unknown>
[INFO] [stdout]    5:     0x5b65e22b1122 - <unknown>
[INFO] [stdout]    6:     0x5b65e22d8022 - <unknown>
[INFO] [stdout]    7:     0x5b65e22d7fa9 - <unknown>
[INFO] [stdout]    8:     0x5b65e22d84bc - <unknown>
[INFO] [stdout]    9:     0x5b65e228343b - <unknown>
[INFO] [stdout]   10:     0x5b65e22dcbf0 - <unknown>
[INFO] [stdout]   11:     0x5b65e226b2f3 - <unknown>
[INFO] [stdout]   12:     0x5b65e2275bfc - <unknown>
[INFO] [stdout]   13:     0x5b65e22f685b - <unknown>
[INFO] [stdout]   14:     0x5b65e22f29d1 - <unknown>
[INFO] [stdout]   15:     0x5b65e22f21bc - <unknown>
[INFO] [stdout]   16:     0x5b65e230e4fc - <unknown>
[INFO] [stdout]   17:     0x5b65e22d9cd2 - <unknown>
[INFO] [stdout]   18:     0x7b8082ab8dfa - <unknown>
[INFO] [stdout]   19:     0x7b8082b4c3d4 - clone
[INFO] [stdout]   20:                0x0 - <unknown>
[INFO] [stdout] 
[INFO] [stdout] ---- direct_rejects_below_minimum stdout ----
[INFO] [stdout] 
[INFO] [stdout] thread 'direct_rejects_below_minimum' (4026) panicked at tests/e2e.rs:75:16:
[INFO] [stdout] Once instance has previously been poisoned
[INFO] [stdout] stack backtrace:
[INFO] [stdout]    0:     0x5b65e22b2845 - <unknown>
[INFO] [stdout]    1:     0x5b65e22835aa - <unknown>
[INFO] [stdout]    2:     0x5b65e22b1edb - <unknown>
[INFO] [stdout]    3:     0x5b65e22b19bf - <unknown>
[INFO] [stdout]    4:     0x5b65e22b15ea - <unknown>
[INFO] [stdout]    5:     0x5b65e22b1122 - <unknown>
[INFO] [stdout]    6:     0x5b65e22d8022 - <unknown>
[INFO] [stdout]    7:     0x5b65e22d7fa9 - <unknown>
[INFO] [stdout]    8:     0x5b65e22d84bc - <unknown>
[INFO] [stdout]    9:     0x5b65e228343b - <unknown>
[INFO] [stdout]   10:     0x5b65e22dcbf0 - <unknown>
[INFO] [stdout]   11:     0x5b65e226b2f3 - <unknown>
[INFO] [stdout]   12:     0x5b65e22751cc - <unknown>
[INFO] [stdout]   13:     0x5b65e22f685b - <unknown>
[INFO] [stdout]   14:     0x5b65e22f29d1 - <unknown>
[INFO] [stdout]   15:     0x5b65e22f21bc - <unknown>
[INFO] [stdout]   16:     0x5b65e230e4fc - <unknown>
[INFO] [stdout]   17:     0x5b65e22d9cd2 - <unknown>
[INFO] [stdout]   18:     0x7b8082ab8dfa - <unknown>
[INFO] [stdout]   19:     0x7b8082b4c3d4 - clone
[INFO] [stdout]   20:                0x0 - <unknown>
[INFO] [stdout] 
[INFO] [stdout] ---- request_at_file_body stdout ----
[INFO] [stdout] 
[INFO] [stdout] thread 'request_at_file_body' (4040) panicked at tests/e2e.rs:75:16:
[INFO] [stdout] Once instance has previously been poisoned
[INFO] [stdout] stack backtrace:
[INFO] [stdout]    0:     0x5b65e22b2845 - <unknown>
[INFO] [stdout]    1:     0x5b65e22835aa - <unknown>
[INFO] [stdout]    2:     0x5b65e22b1edb - <unknown>
[INFO] [stdout]    3:     0x5b65e22b19bf - <unknown>
[INFO] [stdout]    4:     0x5b65e22b15ea - <unknown>
[INFO] [stdout]    5:     0x5b65e22b1122 - <unknown>
[INFO] [stdout]    6:     0x5b65e22d8022 - <unknown>
[INFO] [stdout]    7:     0x5b65e22d7fa9 - <unknown>
[INFO] [stdout]    8:     0x5b65e22d84bc - <unknown>
[INFO] [stdout]    9:     0x5b65e228343b - <unknown>
[INFO] [stdout]   10:     0x5b65e22dcbf0 - <unknown>
[INFO] [stdout]   11:     0x5b65e226b2f3 - <unknown>
[INFO] [stdout]   12:     0x5b65e226edec - <unknown>
[INFO] [stdout]   13:     0x5b65e22f685b - <unknown>
[INFO] [stdout]   14:     0x5b65e22f29d1 - <unknown>
[INFO] [stdout]   15:     0x5b65e22f21bc - <unknown>
[INFO] [stdout]   16:     0x5b65e230e4fc - <unknown>
[INFO] [stdout]   17:     0x5b65e22d9cd2 - <unknown>
[INFO] [stdout]   18:     0x7b8082ab8dfa - <unknown>
[INFO] [stdout]   19:     0x7b8082b4c3d4 - clone
[INFO] [stdout]   20:                0x0 - <unknown>
[INFO] [stdout] 
[INFO] [stdout] ---- request_non_json_response_prints_raw stdout ----
[INFO] [stdout] 
[INFO] [stdout] thread 'request_non_json_response_prints_raw' (4281) panicked at tests/e2e.rs:75:16:
[INFO] [stdout] Once instance has previously been poisoned
[INFO] [stdout] stack backtrace:
[INFO] [stdout]    0:     0x5b65e22b2845 - <unknown>
[INFO] [stdout]    1:     0x5b65e22835aa - <unknown>
[INFO] [stdout]    2:     0x5b65e22b1edb - <unknown>
[INFO] [stdout]    3:     0x5b65e22b19bf - <unknown>
[INFO] [stdout]    4:     0x5b65e22b15ea - <unknown>
[INFO] [stdout]    5:     0x5b65e22b1122 - <unknown>
[INFO] [stdout]    6:     0x5b65e22d8022 - <unknown>
[INFO] [stdout]    7:     0x5b65e22d7fa9 - <unknown>
[INFO] [stdout]    8:     0x5b65e22d84bc - <unknown>
[INFO] [stdout]    9:     0x5b65e228343b - <unknown>
[INFO] [stdout]   10:     0x5b65e22dcbf0 - <unknown>
[INFO] [stdout]   11:     0x5b65e226b2f3 - <unknown>
[INFO] [stdout]   12:     0x5b65e2277a18 - <unknown>
[INFO] [stdout]   13:     0x5b65e22f685b - <unknown>
[INFO] [stdout]   14:     0x5b65e22f29d1 - <unknown>
[INFO] [stdout]   15:     0x5b65e22f21bc - <unknown>
[INFO] [stdout]   16:     0x5b65e230e4fc - <unknown>
[INFO] [stdout]   17:     0x5b65e22d9cd2 - <unknown>
[INFO] [stdout]   18:     0x7b8082ab8dfa - <unknown>
[INFO] [stdout]   19:     0x7b8082b4c3d4 - clone
[INFO] [stdout]   20:                0x0 - <unknown>
[INFO] [stdout] 
[INFO] [stdout] ---- request_json_response_prints_raw stdout ----
[INFO] [stdout] 
[INFO] [stdout] thread 'request_json_response_prints_raw' (4238) panicked at tests/e2e.rs:75:16:
[INFO] [stdout] Once instance has previously been poisoned
[INFO] [stdout] stack backtrace:
[INFO] [stdout]    0:     0x5b65e22b2845 - <unknown>
[INFO] [stdout]    1:     0x5b65e22835aa - <unknown>
[INFO] [stdout]    2:     0x5b65e22b1edb - <unknown>
[INFO] [stdout]    3:     0x5b65e22b19bf - <unknown>
[INFO] [stdout]    4:     0x5b65e22b15ea - <unknown>
[INFO] [stdout]    5:     0x5b65e22b1122 - <unknown>
[INFO] [stdout]    6:     0x5b65e22d8022 - <unknown>
[INFO] [stdout]    7:     0x5b65e22d7fa9 - <unknown>
[INFO] [stdout]    8:     0x5b65e22d84bc - <unknown>
[INFO] [stdout]    9:     0x5b65e228343b - <unknown>
[INFO] [stdout]   10:     0x5b65e22dcbf0 - <unknown>
[INFO] [stdout]   11:     0x5b65e226b2f3 - <unknown>
[INFO] [stdout]   12:     0x5b65e22762c5 - <unknown>
[INFO] [stdout]   13:     0x5b65e22f685b - <unknown>
[INFO] [stdout]   14:     0x5b65e22f29d1 - <unknown>
[INFO] [stdout]   15:     0x5b65e22f21bc - <unknown>
[INFO] [stdout]   16:     0x5b65e230e4fc - <unknown>
[INFO] [stdout]   17:     0x5b65e22d9cd2 - <unknown>
[INFO] [stdout]   18:     0x7b8082ab8dfa - <unknown>
[INFO] [stdout]   19:     0x7b8082b4c3d4 - clone
[INFO] [stdout]   20:                0x0 - <unknown>
[INFO] [stdout] 
[INFO] [stdout] ---- request_no_pay_skips_402 stdout ----
[INFO] [stdout] 
[INFO] [stdout] thread 'request_no_pay_skips_402' (4239) panicked at tests/e2e.rs:75:16:
[INFO] [stdout] Once instance has previously been poisoned
[INFO] [stdout] stack backtrace:
[INFO] [stdout]    0:     0x5b65e22b2845 - <unknown>
[INFO] [stdout]    1:     0x5b65e22835aa - <unknown>
[INFO] [stdout]    2:     0x5b65e22b1edb - <unknown>
[INFO] [stdout]    3:     0x5b65e22b19bf - <unknown>
[INFO] [stdout]    4:     0x5b65e22b15ea - <unknown>
[INFO] [stdout]    5:     0x5b65e22b1122 - <unknown>
[INFO] [stdout]    6:     0x5b65e22d8022 - <unknown>
[INFO] [stdout]    7:     0x5b65e22d7fa9 - <unknown>
[INFO] [stdout]    8:     0x5b65e22d84bc - <unknown>
[INFO] [stdout]    9:     0x5b65e228343b - <unknown>
[INFO] [stdout]   10:     0x5b65e22dcbf0 - <unknown>
[INFO] [stdout]   11:     0x5b65e226b2f3 - <unknown>
[INFO] [stdout]   12:     0x5b65e22738a5 - <unknown>
[INFO] [stdout]   13:     0x5b65e22f685b - <unknown>
[INFO] [stdout]   14:     0x5b65e22f29d1 - <unknown>
[INFO] [stdout]   15:     0x5b65e22f21bc - <unknown>
[INFO] [stdout]   16:     0x5b65e230e4fc - <unknown>
[INFO] [stdout]   17:     0x5b65e22d9cd2 - <unknown>
[INFO] [stdout]   18:     0x7b8082ab8dfa - <unknown>
[INFO] [stdout]   19:     0x7b8082b4c3d4 - clone
[INFO] [stdout]   20:                0x0 - <unknown>
[INFO] [stdout] 
[INFO] [stdout] ---- request_post_with_body stdout ----
[INFO] [stdout] 
[INFO] [stdout] thread 'request_post_with_body' (4292) panicked at tests/e2e.rs:75:16:
[INFO] [stdout] Once instance has previously been poisoned
[INFO] [stdout] stack backtrace:
[INFO] [stdout]    0:     0x5b65e22b2845 - <unknown>
[INFO] [stdout]    1:     0x5b65e22835aa - <unknown>
[INFO] [stdout]    2:     0x5b65e22b1edb - <unknown>
[INFO] [stdout]    3:     0x5b65e22b19bf - <unknown>
[INFO] [stdout]    4:     0x5b65e22b15ea - <unknown>
[INFO] [stdout]    5:     0x5b65e22b1122 - <unknown>
[INFO] [stdout]    6:     0x5b65e22d8022 - <unknown>
[INFO] [stdout]    7:     0x5b65e22d7fa9 - <unknown>
[INFO] [stdout]    8:     0x5b65e22d84bc - <unknown>
[INFO] [stdout]    9:     0x5b65e228343b - <unknown>
[INFO] [stdout]   10:     0x5b65e22dcbf0 - <unknown>
[INFO] [stdout]   11:     0x5b65e226b2f3 - <unknown>
[INFO] [stdout]   12:     0x5b65e2271e95 - <unknown>
[INFO] [stdout]   13:     0x5b65e22f685b - <unknown>
[INFO] [stdout]   14:     0x5b65e22f29d1 - <unknown>
[INFO] [stdout]   15:     0x5b65e22f21bc - <unknown>
[INFO] [stdout]   16:     0x5b65e230e4fc - <unknown>
[INFO] [stdout]   17:     0x5b65e22d9cd2 - <unknown>
[INFO] [stdout]   18:     0x7b8082ab8dfa - <unknown>
[INFO] [stdout]   19:     0x7b8082b4c3d4 - clone
[INFO] [stdout]   20:                0x0 - <unknown>
[INFO] [stdout] 
[INFO] [stdout] ---- request_custom_headers stdout ----
[INFO] [stdout] 
[INFO] [stdout] thread 'request_custom_headers' (4041) panicked at tests/e2e.rs:75:16:
[INFO] [stdout] Once instance has previously been poisoned
[INFO] [stdout] stack backtrace:
[INFO] [stdout]    0:     0x5b65e22b2845 - <unknown>
[INFO] [stdout]    1:     0x5b65e22835aa - <unknown>
[INFO] [stdout]    2:     0x5b65e22b1edb - <unknown>
[INFO] [stdout]    3:     0x5b65e22b19bf - <unknown>
[INFO] [stdout]    4:     0x5b65e22b15ea - <unknown>
[INFO] [stdout]    5:     0x5b65e22b1122 - <unknown>
[INFO] [stdout]    6:     0x5b65e22d8022 - <unknown>
[INFO] [stdout]    7:     0x5b65e22d7fa9 - <unknown>
[INFO] [stdout]    8:     0x5b65e22d84bc - <unknown>
[INFO] [stdout]    9:     0x5b65e228343b - <unknown>
[INFO] [stdout]   10:     0x5b65e22dcbf0 - <unknown>
[INFO] [stdout]   11:     0x5b65e226b2f3 - <unknown>
[INFO] [stdout]   12:     0x5b65e227093f - <unknown>
[INFO] [stdout]   13:     0x5b65e22f685b - <unknown>
[INFO] [stdout]   14:     0x5b65e22f29d1 - <unknown>
[INFO] [stdout]   15:     0x5b65e22f21bc - <unknown>
[INFO] [stdout]   16:     0x5b65e230e4fc - <unknown>
[INFO] [stdout]   17:     0x5b65e22d9cd2 - <unknown>
[INFO] [stdout]   18:     0x7b8082ab8dfa - <unknown>
[INFO] [stdout]   19:     0x7b8082b4c3d4 - clone
[INFO] [stdout]   20:                0x0 - <unknown>
[INFO] [stdout] 
[INFO] [stdout] ---- request_output_to_file stdout ----
[INFO] [stdout] 
[INFO] [stdout] thread 'request_output_to_file' (4291) panicked at tests/e2e.rs:75:16:
[INFO] [stdout] Once instance has previously been poisoned
[INFO] [stdout] stack backtrace:
[INFO] [stdout]    0:     0x5b65e22b2845 - <unknown>
[INFO] [stdout]    1:     0x5b65e22835aa - <unknown>
[INFO] [stdout]    2:     0x5b65e22b1edb - <unknown>
[INFO] [stdout]    3:     0x5b65e22b19bf - <unknown>
[INFO] [stdout]    4:     0x5b65e22b15ea - <unknown>
[INFO] [stdout]    5:     0x5b65e22b1122 - <unknown>
[INFO] [stdout]    6:     0x5b65e22d8022 - <unknown>
[INFO] [stdout]    7:     0x5b65e22d7fa9 - <unknown>
[INFO] [stdout]    8:     0x5b65e22d84bc - <unknown>
[INFO] [stdout]    9:     0x5b65e228343b - <unknown>
[INFO] [stdout]   10:     0x5b65e22dcbf0 - <unknown>
[INFO] [stdout]   11:     0x5b65e226b2f3 - <unknown>
[INFO] [stdout]   12:     0x5b65e227113b - <unknown>
[INFO] [stdout]   13:     0x5b65e22f685b - <unknown>
[INFO] [stdout]   14:     0x5b65e22f29d1 - <unknown>
[INFO] [stdout]   15:     0x5b65e22f21bc - <unknown>
[INFO] [stdout]   16:     0x5b65e230e4fc - <unknown>
[INFO] [stdout]   17:     0x5b65e22d9cd2 - <unknown>
[INFO] [stdout]   18:     0x7b8082ab8dfa - <unknown>
[INFO] [stdout]   19:     0x7b8082b4c3d4 - clone
[INFO] [stdout]   20:                0x0 - <unknown>
[INFO] [stdout] 
[INFO] [stdout] ---- request_silent_mode stdout ----
[INFO] [stdout] 
[INFO] [stdout] thread 'request_silent_mode' (4301) panicked at tests/e2e.rs:75:16:
[INFO] [stdout] Once instance has previously been poisoned
[INFO] [stdout] stack backtrace:
[INFO] [stdout]    0:     0x5b65e22b2845 - <unknown>
[INFO] [stdout]    1:     0x5b65e22835aa - <unknown>
[INFO] [stdout]    2:     0x5b65e22b1edb - <unknown>
[INFO] [stdout]    3:     0x5b65e22b19bf - <unknown>
[INFO] [stdout]    4:     0x5b65e22b15ea - <unknown>
[INFO] [stdout]    5:     0x5b65e22b1122 - <unknown>
[INFO] [stdout]    6:     0x5b65e22d8022 - <unknown>
[INFO] [stdout]    7:     0x5b65e22d7fa9 - <unknown>
[INFO] [stdout]    8:     0x5b65e22d84bc - <unknown>
[INFO] [stdout]    9:     0x5b65e228343b - <unknown>
[INFO] [stdout]   10:     0x5b65e22dcbf0 - <unknown>
[INFO] [stdout]   11:     0x5b65e226b2f3 - <unknown>
[INFO] [stdout]   12:     0x5b65e226e749 - <unknown>
[INFO] [stdout]   13:     0x5b65e22f685b - <unknown>
[INFO] [stdout]   14:     0x5b65e22f29d1 - <unknown>
[INFO] [stdout]   15:     0x5b65e22f21bc - <unknown>
[INFO] [stdout]   16:     0x5b65e230e4fc - <unknown>
[INFO] [stdout]   17:     0x5b65e22d9cd2 - <unknown>
[INFO] [stdout]   18:     0x7b8082ab8dfa - <unknown>
[INFO] [stdout]   19:     0x7b8082b4c3d4 - clone
[INFO] [stdout]   20:                0x0 - <unknown>
[INFO] [stdout] 
[INFO] [stdout] ---- request_verbose_shows_headers stdout ----
[INFO] [stdout] 
[INFO] [stdout] thread 'request_verbose_shows_headers' (4303) panicked at tests/e2e.rs:75:16:
[INFO] [stdout] Once instance has previously been poisoned
[INFO] [stdout] stack backtrace:
[INFO] [stdout]    0:     0x5b65e22b2845 - <unknown>
[INFO] [stdout]    1:     0x5b65e22835aa - <unknown>
[INFO] [stdout]    2:     0x5b65e22b1edb - <unknown>
[INFO] [stdout]    3:     0x5b65e22b19bf - <unknown>
[INFO] [stdout]    4:     0x5b65e22b15ea - <unknown>
[INFO] [stdout]    5:     0x5b65e22b1122 - <unknown>
[INFO] [stdout]    6:     0x5b65e22d8022 - <unknown>
[INFO] [stdout]    7:     0x5b65e22d7fa9 - <unknown>
[INFO] [stdout]    8:     0x5b65e22d84bc - <unknown>
[INFO] [stdout]    9:     0x5b65e228343b - <unknown>
[INFO] [stdout]   10:     0x5b65e22dcbf0 - <unknown>
[INFO] [stdout]   11:     0x5b65e226b2f3 - <unknown>
[INFO] [stdout]   12:     0x5b65e2275858 - <unknown>
[INFO] [stdout]   13:     0x5b65e22f685b - <unknown>
[INFO] [stdout]   14:     0x5b65e22f29d1 - <unknown>
[INFO] [stdout]   15:     0x5b65e22f21bc - <unknown>
[INFO] [stdout]   16:     0x5b65e230e4fc - <unknown>
[INFO] [stdout]   17:     0x5b65e22d9cd2 - <unknown>
[INFO] [stdout]   18:     0x7b8082ab8dfa - <unknown>
[INFO] [stdout]   19:     0x7b8082b4c3d4 - clone
[INFO] [stdout]   20:                0x0 - <unknown>
[INFO] [stdout] 
[INFO] [stdout] 
[INFO] [stdout] failures:
[INFO] [stdout]     direct_rejects_bad_address
[INFO] [stdout]     direct_rejects_below_minimum
[INFO] [stdout]     request_at_file_body
[INFO] [stdout]     request_custom_headers
[INFO] [stdout]     request_dns_error_clean_message
[INFO] [stdout]     request_json_response_prints_raw
[INFO] [stdout]     request_no_pay_skips_402
[INFO] [stdout]     request_non_json_response_prints_raw
[INFO] [stdout]     request_output_to_file
[INFO] [stdout]     request_post_with_body
[INFO] [stdout]     request_silent_mode
[INFO] [stdout]     request_verbose_shows_headers
[INFO] [stdout]     tab_open_rejects_below_minimum
[INFO] [stdout] 
[INFO] [stdout] test result: FAILED. 13 passed; 13 failed; 14 ignored; 0 measured; 0 filtered out; finished in 0.17s
[INFO] [stdout] 
[INFO] [stderr] error: test failed, to rerun pass `--test e2e`
[INFO] running `Command { std: "docker" "inspect" "e770bb64bc571a7f3901276db2540827a5be08a592b49e5f588efe48f73b6feb", kill_on_drop: false }`
[INFO] running `Command { std: "docker" "rm" "-f" "e770bb64bc571a7f3901276db2540827a5be08a592b49e5f588efe48f73b6feb", kill_on_drop: false }`
[INFO] [stdout] e770bb64bc571a7f3901276db2540827a5be08a592b49e5f588efe48f73b6feb
