[INFO] fetching crate pavo-traits 0.3.0...
[INFO] testing pavo-traits-0.3.0 against 1.100.0-beta.1+cargoflags=--release for beta-release-1.100-2
[INFO] extracting crate pavo-traits 0.3.0 into /workspace/builds/worker-6-tc2/source
[INFO] started tweaking crates.io crate pavo-traits 0.3.0
[INFO] finished tweaking crates.io crate pavo-traits 0.3.0
[INFO] tweaked toml for crates.io crate pavo-traits 0.3.0 written to /workspace/builds/worker-6-tc2/source/Cargo.toml
[INFO] validating manifest of crates.io crate pavo-traits 0.3.0 on toolchain 1.100.0-beta.1
[INFO] running `Command { std: CARGO_HOME="/workspace/cargo-home" RUSTUP_HOME="/workspace/rustup-home" "/workspace/cargo-home/bin/cargo" "+1.100.0-beta.1" "metadata" "--manifest-path" "Cargo.toml" "--no-deps", kill_on_drop: false }`
[INFO] running `Command { std: CARGO_HOME="/workspace/cargo-home" RUSTUP_HOME="/workspace/rustup-home" "/workspace/cargo-home/bin/cargo" "+1.100.0-beta.1" "generate-lockfile" "--manifest-path" "Cargo.toml", kill_on_drop: false }`
[INFO] running `Command { std: CARGO_HOME="/workspace/cargo-home" RUSTUP_HOME="/workspace/rustup-home" "/workspace/cargo-home/bin/cargo" "+1.100.0-beta.1" "fetch" "--manifest-path" "Cargo.toml", kill_on_drop: false }`
[INFO] running `Command { std: "docker" "create" "-v" "/var/lib/crater-agent-workspace/builds/worker-6-tc2/source:/opt/rustwide/workdir:ro,Z" "-v" "/var/lib/crater-agent-workspace/builds/worker-6-tc2/target:/opt/rustwide/target:rw,Z" "-v" "/var/lib/crater-agent-workspace/cargo-home:/opt/rustwide/cargo-home:ro,Z" "-v" "/var/lib/crater-agent-workspace/rustup-home:/opt/rustwide/rustup-home:ro,Z" "-m" "1610612736" "--network" "none" "ghcr.io/rust-lang/crates-build-env/linux@sha256:77db811e55d90add9212f6832c23229e3de5f1c1f9905e8cb07319ea15df73ac" "sleep" "infinity", kill_on_drop: false }`
[INFO] [stdout] 219973a97ff7ea7cd30bfe7ae7142e33b79ec2aaa4327b736fd5382c60f24013
[INFO] running `Command { std: "docker" "start" "219973a97ff7ea7cd30bfe7ae7142e33b79ec2aaa4327b736fd5382c60f24013", kill_on_drop: false }`
[INFO] running `Command { std: "docker" "inspect" "219973a97ff7ea7cd30bfe7ae7142e33b79ec2aaa4327b736fd5382c60f24013", kill_on_drop: false }`
[INFO] running `Command { std: "docker" "exec" "-e" "SOURCE_DIR=/opt/rustwide/workdir" "-e" "CARGO_HOME=/opt/rustwide/cargo-home" "-e" "RUSTUP_HOME=/opt/rustwide/rustup-home" "-e" "CARGO_TARGET_DIR=/opt/rustwide/target" "-w" "/opt/rustwide/workdir" "--user" "0:0" "219973a97ff7ea7cd30bfe7ae7142e33b79ec2aaa4327b736fd5382c60f24013" "/opt/rustwide/cargo-home/bin/cargo" "+1.100.0-beta.1" "metadata" "--no-deps" "--format-version=1", kill_on_drop: false }`
[INFO] running `Command { std: "docker" "inspect" "219973a97ff7ea7cd30bfe7ae7142e33b79ec2aaa4327b736fd5382c60f24013", kill_on_drop: false }`
[INFO] running `Command { std: "docker" "exec" "-e" "SOURCE_DIR=/opt/rustwide/workdir" "-e" "CARGO_HOME=/opt/rustwide/cargo-home" "-e" "RUSTUP_HOME=/opt/rustwide/rustup-home" "-e" "CARGO_TARGET_DIR=/opt/rustwide/target" "-e" "CARGO_INCREMENTAL=0" "-e" "RUST_BACKTRACE=full" "-e" "RUSTFLAGS=--cap-lints=warn" "-e" "RUSTDOCFLAGS=--cap-lints=warn" "-w" "/opt/rustwide/workdir" "--user" "0:0" "219973a97ff7ea7cd30bfe7ae7142e33b79ec2aaa4327b736fd5382c60f24013" "/opt/rustwide/cargo-home/bin/cargo" "+1.100.0-beta.1" "build" "--frozen" "--message-format=json" "--release", kill_on_drop: false }`
[INFO] [stderr]    Compiling pavo-traits v0.3.0 (/opt/rustwide/workdir)
[INFO] [stdout] warning: unused import: `slice::*`
[INFO] [stdout]   --> src/lib.rs:14:9
[INFO] [stdout]    |
[INFO] [stdout] 14 | pub use slice::*;
[INFO] [stdout]    |         ^^^^^^^^
[INFO] [stdout]    |
[INFO] [stdout]    = note: `#[warn(unused_imports)]` (part of `#[warn(unused)]`) on by default
[INFO] [stdout] 
[INFO] [stdout] 
[INFO] [stdout] warning: trait `CloneFromSliceFlex` is never used
[INFO] [stdout]  --> src/slice.rs:4:7
[INFO] [stdout]   |
[INFO] [stdout] 4 | trait CloneFromSliceFlex<T: Clone> {
[INFO] [stdout]   |       ^^^^^^^^^^^^^^^^^^
[INFO] [stdout]   |
[INFO] [stdout]   = note: `#[warn(dead_code)]` (part of `#[warn(unused)]`) on by default
[INFO] [stdout] 
[INFO] [stdout] 
[INFO] [stdout] warning: trait `CopyFromSliceFlex` is never used
[INFO] [stdout]   --> src/slice.rs:20:7
[INFO] [stdout]    |
[INFO] [stdout] 20 | trait CopyFromSliceFlex<T: Copy> {
[INFO] [stdout]    |       ^^^^^^^^^^^^^^^^^
[INFO] [stdout] 
[INFO] [stdout] 
[INFO] [stderr]     Finished `release` profile [optimized] target(s) in 0.12s
[INFO] running `Command { std: "docker" "inspect" "219973a97ff7ea7cd30bfe7ae7142e33b79ec2aaa4327b736fd5382c60f24013", kill_on_drop: false }`
[INFO] running `Command { std: "docker" "exec" "-e" "SOURCE_DIR=/opt/rustwide/workdir" "-e" "CARGO_HOME=/opt/rustwide/cargo-home" "-e" "RUSTUP_HOME=/opt/rustwide/rustup-home" "-e" "CARGO_TARGET_DIR=/opt/rustwide/target" "-e" "CARGO_INCREMENTAL=0" "-e" "RUST_BACKTRACE=full" "-e" "RUSTFLAGS=--cap-lints=warn" "-e" "RUSTDOCFLAGS=--cap-lints=warn" "-w" "/opt/rustwide/workdir" "--user" "0:0" "219973a97ff7ea7cd30bfe7ae7142e33b79ec2aaa4327b736fd5382c60f24013" "/opt/rustwide/cargo-home/bin/cargo" "+1.100.0-beta.1" "test" "--frozen" "--no-run" "--message-format=json" "--release", kill_on_drop: false }`
[INFO] [stderr]    Compiling pavo-traits v0.3.0 (/opt/rustwide/workdir)
[INFO] [stdout] warning: unused import: `slice::*`
[INFO] [stdout]   --> src/lib.rs:14:9
[INFO] [stdout]    |
[INFO] [stdout] 14 | pub use slice::*;
[INFO] [stdout]    |         ^^^^^^^^
[INFO] [stdout]    |
[INFO] [stdout]    = note: `#[warn(unused_imports)]` (part of `#[warn(unused)]`) on by default
[INFO] [stdout] 
[INFO] [stdout] 
[INFO] [stdout] warning: trait `CloneFromSliceFlex` is never used
[INFO] [stdout]  --> src/slice.rs:4:7
[INFO] [stdout]   |
[INFO] [stdout] 4 | trait CloneFromSliceFlex<T: Clone> {
[INFO] [stdout]   |       ^^^^^^^^^^^^^^^^^^
[INFO] [stdout]   |
[INFO] [stdout]   = note: `#[warn(dead_code)]` (part of `#[warn(unused)]`) on by default
[INFO] [stdout] 
[INFO] [stdout] 
[INFO] [stdout] warning: trait `CopyFromSliceFlex` is never used
[INFO] [stdout]   --> src/slice.rs:20:7
[INFO] [stdout]    |
[INFO] [stdout] 20 | trait CopyFromSliceFlex<T: Copy> {
[INFO] [stdout]    |       ^^^^^^^^^^^^^^^^^
[INFO] [stdout] 
[INFO] [stdout] 
[INFO] [stdout] warning: unused import: `slice::*`
[INFO] [stdout]   --> src/lib.rs:14:9
[INFO] [stdout]    |
[INFO] [stdout] 14 | pub use slice::*;
[INFO] [stdout]    |         ^^^^^^^^
[INFO] [stdout]    |
[INFO] [stdout]    = note: `#[warn(unused_imports)]` (part of `#[warn(unused)]`) on by default
[INFO] [stdout] 
[INFO] [stdout] 
[INFO] [stdout] warning: use of deprecated constant `std::u32::MAX`: replaced by the `MAX` associated constant on this type
[INFO] [stdout]    --> src/num.rs:219:27
[INFO] [stdout]     |
[INFO] [stdout] 219 |         let a = std::u32::MAX - std::u32::MAX / 1000 * 99;
[INFO] [stdout]     |                           ^^^
[INFO] [stdout]     |
[INFO] [stdout]     = note: `#[warn(deprecated)]` on by default
[INFO] [stdout] 
[INFO] [stdout] 
[INFO] [stdout] warning: use of deprecated constant `std::u32::MAX`: replaced by the `MAX` associated constant on this type
[INFO] [stdout]    --> src/num.rs:219:43
[INFO] [stdout]     |
[INFO] [stdout] 219 |         let a = std::u32::MAX - std::u32::MAX / 1000 * 99;
[INFO] [stdout]     |                                           ^^^
[INFO] [stdout] 
[INFO] [stdout] 
[INFO] [stdout] warning: use of deprecated constant `std::u32::MAX`: replaced by the `MAX` associated constant on this type
[INFO] [stdout]    --> src/num.rs:220:44
[INFO] [stdout]     |
[INFO] [stdout] 220 |         assert_eq!(a.is_approach(std::u32::MAX, 0.2), true);
[INFO] [stdout]     |                                            ^^^
[INFO] [stdout] 
[INFO] [stdout] 
[INFO] [stderr]     Finished `release` profile [optimized] target(s) in 0.41s
[INFO] running `Command { std: "docker" "inspect" "219973a97ff7ea7cd30bfe7ae7142e33b79ec2aaa4327b736fd5382c60f24013", kill_on_drop: false }`
[INFO] running `Command { std: "docker" "exec" "-e" "SOURCE_DIR=/opt/rustwide/workdir" "-e" "CARGO_HOME=/opt/rustwide/cargo-home" "-e" "RUSTUP_HOME=/opt/rustwide/rustup-home" "-e" "CARGO_TARGET_DIR=/opt/rustwide/target" "-e" "CARGO_INCREMENTAL=0" "-e" "RUST_BACKTRACE=full" "-e" "RUSTFLAGS=--cap-lints=warn" "-e" "RUSTDOCFLAGS=--cap-lints=warn" "-w" "/opt/rustwide/workdir" "--user" "0:0" "219973a97ff7ea7cd30bfe7ae7142e33b79ec2aaa4327b736fd5382c60f24013" "/opt/rustwide/cargo-home/bin/cargo" "+1.100.0-beta.1" "test" "--frozen" "--release", kill_on_drop: false }`
[INFO] [stderr] warning: unused import: `slice::*`
[INFO] [stderr]   --> src/lib.rs:14:9
[INFO] [stderr]    |
[INFO] [stderr] 14 | pub use slice::*;
[INFO] [stderr]    |         ^^^^^^^^
[INFO] [stderr]    |
[INFO] [stderr]    = note: `#[warn(unused_imports)]` (part of `#[warn(unused)]`) on by default
[INFO] [stderr] 
[INFO] [stderr] warning: trait `CloneFromSliceFlex` is never used
[INFO] [stderr]  --> src/slice.rs:4:7
[INFO] [stderr]   |
[INFO] [stderr] 4 | trait CloneFromSliceFlex<T: Clone> {
[INFO] [stderr]   |       ^^^^^^^^^^^^^^^^^^
[INFO] [stderr]   |
[INFO] [stderr]   = note: `#[warn(dead_code)]` (part of `#[warn(unused)]`) on by default
[INFO] [stderr] 
[INFO] [stderr] warning: trait `CopyFromSliceFlex` is never used
[INFO] [stderr]   --> src/slice.rs:20:7
[INFO] [stderr]    |
[INFO] [stderr] 20 | trait CopyFromSliceFlex<T: Copy> {
[INFO] [stderr]    |       ^^^^^^^^^^^^^^^^^
[INFO] [stderr] 
[INFO] [stderr] warning: `pavo-traits` (lib) generated 3 warnings (run `cargo fix --lib -p pavo-traits` to apply 1 suggestion)
[INFO] [stderr] warning: use of deprecated constant `std::u32::MAX`: replaced by the `MAX` associated constant on this type
[INFO] [stderr]    --> src/num.rs:219:27
[INFO] [stderr]     |
[INFO] [stderr] 219 |         let a = std::u32::MAX - std::u32::MAX / 1000 * 99;
[INFO] [stderr]     |                           ^^^
[INFO] [stderr]     |
[INFO] [stderr]     = note: `#[warn(deprecated)]` on by default
[INFO] [stderr] 
[INFO] [stderr] warning: use of deprecated constant `std::u32::MAX`: replaced by the `MAX` associated constant on this type
[INFO] [stderr]    --> src/num.rs:219:43
[INFO] [stderr]     |
[INFO] [stderr] 219 |         let a = std::u32::MAX - std::u32::MAX / 1000 * 99;
[INFO] [stderr]     |                                           ^^^
[INFO] [stderr] 
[INFO] [stderr] warning: use of deprecated constant `std::u32::MAX`: replaced by the `MAX` associated constant on this type
[INFO] [stderr]    --> src/num.rs:220:44
[INFO] [stderr]     |
[INFO] [stderr] 220 |         assert_eq!(a.is_approach(std::u32::MAX, 0.2), true);
[INFO] [stderr]     |                                            ^^^
[INFO] [stderr] 
[INFO] [stderr] warning: `pavo-traits` (lib test) generated 4 warnings (1 duplicate)
[INFO] [stderr]     Finished `release` profile [optimized] target(s) in 0.14s
[INFO] [stderr]      Running unittests src/lib.rs (/opt/rustwide/target/release/build/pavo-traits/b6cd7c9b74594566/out/pavo_traits-b6cd7c9b74594566)
[INFO] [stdout] 
[INFO] [stdout] running 8 tests
[INFO] [stdout] test wrap::tests::test_inner_copy ... ok
[INFO] [stdout] test num::tests::test_is_in_range ... ok
[INFO] [stdout] test slice::tests::test_clone_from_slice_flex ... ok
[INFO] [stdout] test wrap::tests::test_inner_refer ... ok
[INFO] [stdout] test slice::tests::test_copy_from_slice_flex ... ok
[INFO] [stdout] test convert::tests::test_as_ptr_mut ... FAILED
[INFO] [stdout] test convert::tests::test_as_ptr ... ok
[INFO] [stdout] test num::tests::test_is_approach ... ok
[INFO] [stdout] 
[INFO] [stdout] failures:
[INFO] [stdout] 
[INFO] [stdout] ---- convert::tests::test_as_ptr_mut stdout ----
[INFO] [stdout] 
[INFO] [stdout] thread 'convert::tests::test_as_ptr_mut' (147) panicked at src/convert.rs:307:13:
[INFO] [stdout] assertion `left == right` failed
[INFO] [stdout]   left: 456
[INFO] [stdout]  right: 321
[INFO] [stdout] stack backtrace:
[INFO] [stdout]    0:     0x619fda9a21e1 - <<std[617be2ca0a6fd877]::sys::backtrace::BacktraceLock>::print::DisplayBacktrace as core[a373ad73a504971]::fmt::Display>::fmt
[INFO] [stdout]    1:     0x619fda9b610a - core[a373ad73a504971]::fmt::write
[INFO] [stdout]    2:     0x619fda9a63fc - <alloc[2e1b2a31b91974c5]::vec::Vec<u8> as core[a373ad73a504971]::io::write::Write>::write_fmt
[INFO] [stdout]    3:     0x619fda97e646 - std[617be2ca0a6fd877]::panicking::default_hook::{closure#0}
[INFO] [stdout]    4:     0x619fda99a879 - std[617be2ca0a6fd877]::panicking::default_hook
[INFO] [stdout]    5:     0x619fda936f20 - test[aada8e7e76ba119b]::test_main_inner::{closure#0}
[INFO] [stdout]    6:     0x619fda99aa32 - std[617be2ca0a6fd877]::panicking::panic_with_hook
[INFO] [stdout]    7:     0x619fda97e6f2 - std[617be2ca0a6fd877]::panicking::panic_handler::{closure#0}
[INFO] [stdout]    8:     0x619fda977409 - std[617be2ca0a6fd877]::sys::backtrace::__rust_end_short_backtrace::<std[617be2ca0a6fd877]::panicking::panic_handler::{closure#0}, !>
[INFO] [stdout]    9:     0x619fda97f2fd - __rustc[ea4f61d10b84890b]::rust_begin_unwind
[INFO] [stdout]   10:     0x619fda9b683c - core[a373ad73a504971]::panicking::panic_fmt
[INFO] [stdout]   11:     0x619fda9b6753 - core[a373ad73a504971]::panicking::assert_failed_inner
[INFO] [stdout]   12:     0x619fda9b2fd8 - core[a373ad73a504971]::panicking::assert_failed::<usize, usize>
[INFO] [stdout]   13:     0x619fda92a304 - <pavo_traits[bffe2b15102b459b]::convert::tests::test_as_ptr_mut::{closure#0} as core[a373ad73a504971]::ops::function::FnOnce<()>>::call_once
[INFO] [stdout]   14:     0x619fda92a36b - test[aada8e7e76ba119b]::__rust_begin_short_backtrace::<core[a373ad73a504971]::result::Result<(), alloc[2e1b2a31b91974c5]::string::String>, fn() -> core[a373ad73a504971]::result::Result<(), alloc[2e1b2a31b91974c5]::string::String>>
[INFO] [stdout]   15:     0x619fda937545 - test[aada8e7e76ba119b]::run_test::{closure#0}
[INFO] [stdout]   16:     0x619fda930e34 - std[617be2ca0a6fd877]::sys::backtrace::__rust_begin_short_backtrace::<test[aada8e7e76ba119b]::run_test::{closure#1}, ()>
[INFO] [stdout]   17:     0x619fda93a5d2 - <std[617be2ca0a6fd877]::thread::lifecycle::spawn_unchecked<test[aada8e7e76ba119b]::run_test::{closure#1}, ()>::{closure#1} as core[a373ad73a504971]::ops::function::FnOnce<()>>::call_once::{shim:vtable#0}
[INFO] [stdout]   18:     0x619fda9a1a3f - <std[617be2ca0a6fd877]::sys::thread::unix::Thread>::new::thread_start
[INFO] [stdout]   19:     0x79d4ad323dfa - <unknown>
[INFO] [stdout]   20:     0x79d4ad3b73d4 - clone
[INFO] [stdout]   21:                0x0 - <unknown>
[INFO] [stdout] 
[INFO] [stdout] 
[INFO] [stdout] failures:
[INFO] [stdout]     convert::tests::test_as_ptr_mut
[INFO] [stdout] 
[INFO] [stdout] test result: FAILED. 7 passed; 1 failed; 0 ignored; 0 measured; 0 filtered out; finished in 0.01s
[INFO] [stdout] 
[INFO] [stderr] error: test failed, to rerun pass `--lib`
[INFO] running `Command { std: "docker" "inspect" "219973a97ff7ea7cd30bfe7ae7142e33b79ec2aaa4327b736fd5382c60f24013", kill_on_drop: false }`
[INFO] running `Command { std: "docker" "rm" "-f" "219973a97ff7ea7cd30bfe7ae7142e33b79ec2aaa4327b736fd5382c60f24013", kill_on_drop: false }`
[INFO] [stdout] 219973a97ff7ea7cd30bfe7ae7142e33b79ec2aaa4327b736fd5382c60f24013
