[INFO] fetching crate pathmod_derive 0.1.3...
[INFO] testing pathmod_derive-0.1.3 against 1.99.0-beta.8+cargoflags=--release for beta-release-1.100-2
[INFO] extracting crate pathmod_derive 0.1.3 into /workspace/builds/worker-1-tc1/source
[INFO] started tweaking crates.io crate pathmod_derive 0.1.3
[INFO] removed 0 missing tests
[INFO] finished tweaking crates.io crate pathmod_derive 0.1.3
[INFO] tweaked toml for crates.io crate pathmod_derive 0.1.3 written to /workspace/builds/worker-1-tc1/source/Cargo.toml
[INFO] validating manifest of crates.io crate pathmod_derive 0.1.3 on toolchain 1.99.0-beta.8
[INFO] running `Command { std: CARGO_HOME="/workspace/cargo-home" RUSTUP_HOME="/workspace/rustup-home" "/workspace/cargo-home/bin/cargo" "+1.99.0-beta.8" "metadata" "--manifest-path" "Cargo.toml" "--no-deps", kill_on_drop: false }`
[INFO] crate crates.io crate pathmod_derive 0.1.3 already has a lockfile, it will not be regenerated
[INFO] running `Command { std: CARGO_HOME="/workspace/cargo-home" RUSTUP_HOME="/workspace/rustup-home" "/workspace/cargo-home/bin/cargo" "+1.99.0-beta.8" "fetch" "--manifest-path" "Cargo.toml", kill_on_drop: false }`
[INFO] [stderr]  Downloading crates ...
[INFO] [stderr]   Downloaded trybuild v1.0.110
[INFO] [stderr]   Downloaded winapi-util v0.1.10
[INFO] [stderr]   Downloaded toml v0.9.5
[INFO] [stderr]   Downloaded toml_parser v1.0.2
[INFO] running `Command { std: "docker" "create" "-v" "/var/lib/crater-agent-workspace/builds/worker-1-tc1/source:/opt/rustwide/workdir:ro,Z" "-v" "/var/lib/crater-agent-workspace/builds/worker-1-tc1/target:/opt/rustwide/target:rw,Z" "-v" "/var/lib/crater-agent-workspace/cargo-home:/opt/rustwide/cargo-home:ro,Z" "-v" "/var/lib/crater-agent-workspace/rustup-home:/opt/rustwide/rustup-home:ro,Z" "-m" "1610612736" "--network" "none" "ghcr.io/rust-lang/crates-build-env/linux@sha256:77db811e55d90add9212f6832c23229e3de5f1c1f9905e8cb07319ea15df73ac" "sleep" "infinity", kill_on_drop: false }`
[INFO] [stdout] d5cb3d4c7e9eba3961263268dd459a96f02d7c493c039dd0a7f4bee5c3d91a5b
[INFO] running `Command { std: "docker" "start" "d5cb3d4c7e9eba3961263268dd459a96f02d7c493c039dd0a7f4bee5c3d91a5b", kill_on_drop: false }`
[INFO] running `Command { std: "docker" "inspect" "d5cb3d4c7e9eba3961263268dd459a96f02d7c493c039dd0a7f4bee5c3d91a5b", kill_on_drop: false }`
[INFO] running `Command { std: "docker" "exec" "-e" "SOURCE_DIR=/opt/rustwide/workdir" "-e" "CARGO_HOME=/opt/rustwide/cargo-home" "-e" "RUSTUP_HOME=/opt/rustwide/rustup-home" "-e" "CARGO_TARGET_DIR=/opt/rustwide/target" "-w" "/opt/rustwide/workdir" "--user" "0:0" "d5cb3d4c7e9eba3961263268dd459a96f02d7c493c039dd0a7f4bee5c3d91a5b" "/opt/rustwide/cargo-home/bin/cargo" "+1.99.0-beta.8" "metadata" "--no-deps" "--format-version=1", kill_on_drop: false }`
[INFO] running `Command { std: "docker" "inspect" "d5cb3d4c7e9eba3961263268dd459a96f02d7c493c039dd0a7f4bee5c3d91a5b", kill_on_drop: false }`
[INFO] running `Command { std: "docker" "exec" "-e" "SOURCE_DIR=/opt/rustwide/workdir" "-e" "CARGO_HOME=/opt/rustwide/cargo-home" "-e" "RUSTUP_HOME=/opt/rustwide/rustup-home" "-e" "CARGO_TARGET_DIR=/opt/rustwide/target" "-e" "CARGO_INCREMENTAL=0" "-e" "RUST_BACKTRACE=full" "-e" "RUSTFLAGS=--cap-lints=warn" "-e" "RUSTDOCFLAGS=--cap-lints=warn" "-w" "/opt/rustwide/workdir" "--user" "0:0" "d5cb3d4c7e9eba3961263268dd459a96f02d7c493c039dd0a7f4bee5c3d91a5b" "/opt/rustwide/cargo-home/bin/cargo" "+1.99.0-beta.8" "build" "--frozen" "--message-format=json" "--release", kill_on_drop: false }`
[INFO] [stderr]    Compiling proc-macro2 v1.0.101
[INFO] [stderr]    Compiling quote v1.0.40
[INFO] [stderr]    Compiling syn v2.0.106
[INFO] [stderr]    Compiling pathmod_derive v0.1.3 (/opt/rustwide/workdir)
[INFO] [stderr]     Finished `release` profile [optimized] target(s) in 6.51s
[INFO] running `Command { std: "docker" "inspect" "d5cb3d4c7e9eba3961263268dd459a96f02d7c493c039dd0a7f4bee5c3d91a5b", kill_on_drop: false }`
[INFO] running `Command { std: "docker" "exec" "-e" "SOURCE_DIR=/opt/rustwide/workdir" "-e" "CARGO_HOME=/opt/rustwide/cargo-home" "-e" "RUSTUP_HOME=/opt/rustwide/rustup-home" "-e" "CARGO_TARGET_DIR=/opt/rustwide/target" "-e" "CARGO_INCREMENTAL=0" "-e" "RUST_BACKTRACE=full" "-e" "RUSTFLAGS=--cap-lints=warn" "-e" "RUSTDOCFLAGS=--cap-lints=warn" "-w" "/opt/rustwide/workdir" "--user" "0:0" "d5cb3d4c7e9eba3961263268dd459a96f02d7c493c039dd0a7f4bee5c3d91a5b" "/opt/rustwide/cargo-home/bin/cargo" "+1.99.0-beta.8" "test" "--frozen" "--no-run" "--message-format=json" "--release", kill_on_drop: false }`
[INFO] [stderr]    Compiling serde v1.0.219
[INFO] [stderr]    Compiling serde_json v1.0.143
[INFO] [stderr]    Compiling target-triple v0.1.4
[INFO] [stderr]    Compiling winnow v0.7.13
[INFO] [stderr]    Compiling proc-macro2 v1.0.101
[INFO] [stderr]    Compiling toml_writer v1.0.2
[INFO] [stderr]    Compiling ryu v1.0.20
[INFO] [stderr]    Compiling memchr v2.7.5
[INFO] [stderr]    Compiling itoa v1.0.15
[INFO] [stderr]    Compiling termcolor v1.4.1
[INFO] [stderr]    Compiling serde_derive v1.0.219
[INFO] [stderr]    Compiling pathmod_derive v0.1.3 (/opt/rustwide/workdir)
[INFO] [stderr]    Compiling quote v1.0.40
[INFO] [stderr]    Compiling syn v2.0.106
[INFO] [stderr]    Compiling toml_parser v1.0.2
[INFO] [stderr]    Compiling serde_spanned v1.0.0
[INFO] [stderr]    Compiling toml_datetime v0.7.0
[INFO] [stderr]    Compiling toml v0.9.5
[INFO] [stderr]    Compiling trybuild v1.0.110
[INFO] [stderr]     Finished `release` profile [optimized] target(s) in 38.07s
[INFO] running `Command { std: "docker" "inspect" "d5cb3d4c7e9eba3961263268dd459a96f02d7c493c039dd0a7f4bee5c3d91a5b", kill_on_drop: false }`
[INFO] running `Command { std: "docker" "exec" "-e" "SOURCE_DIR=/opt/rustwide/workdir" "-e" "CARGO_HOME=/opt/rustwide/cargo-home" "-e" "RUSTUP_HOME=/opt/rustwide/rustup-home" "-e" "CARGO_TARGET_DIR=/opt/rustwide/target" "-e" "CARGO_INCREMENTAL=0" "-e" "RUST_BACKTRACE=full" "-e" "RUSTFLAGS=--cap-lints=warn" "-e" "RUSTDOCFLAGS=--cap-lints=warn" "-w" "/opt/rustwide/workdir" "--user" "0:0" "d5cb3d4c7e9eba3961263268dd459a96f02d7c493c039dd0a7f4bee5c3d91a5b" "/opt/rustwide/cargo-home/bin/cargo" "+1.99.0-beta.8" "test" "--frozen" "--release", kill_on_drop: false }`
[INFO] [stderr]     Finished `release` profile [optimized] target(s) in 0.04s
[INFO] [stderr]      Running unittests src/lib.rs (/opt/rustwide/target/release/deps/pathmod_derive-ff64d9f191e4a2c3)
[INFO] [stdout] 
[INFO] [stdout] running 11 tests
[INFO] [stdout] test tests::enum_access_empty_enum_generates_impl ... ok
[INFO] [stdout] test tests::errors_on_unit_struct ... ok
[INFO] [stdout] test tests::enum_access_error_on_non_enum ... ok
[INFO] [stdout] test tests::expands_named_struct ... ok
[INFO] [stdout] test tests::enum_access_error_on_multi_field_variant ... ok
[INFO] [stdout] test tests::enum_access_positive_single_field_tuple_variant ... ok
[INFO] [stdout] test tests::errors_on_enum ... ok
[INFO] [stdout] test tests::enum_access_error_on_named_single_field_variant ... ok
[INFO] [stdout] test tests::expands_generics_with_where_clause ... ok
[INFO] [stdout] test tests::expands_tuple_struct ... ok
[INFO] [stdout] test tests::enum_access_error_on_unit_variant ... ok
[INFO] [stdout] 
[INFO] [stdout] test result: ok. 11 passed; 0 failed; 0 ignored; 0 measured; 0 filtered out; finished in 0.01s
[INFO] [stdout] 
[INFO] [stderr]      Running tests/ui.rs (/opt/rustwide/target/release/deps/ui-5a13b9377ae96992)
[INFO] [stdout] 
[INFO] [stdout] running 1 test
[INFO] [stderr]    Compiling proc-macro2 v1.0.101
[INFO] [stderr]    Compiling unicode-ident v1.0.18
[INFO] [stderr]    Compiling quote v1.0.40
[INFO] [stderr]    Compiling syn v2.0.106
[INFO] [stderr]    Compiling pathmod_derive v0.1.3 (/opt/rustwide/workdir)
[INFO] [stderr]    Compiling pathmod_derive-tests v0.0.0 (/opt/rustwide/target/tests/trybuild/pathmod_derive)
[INFO] [stderr]     Finished `dev` profile [unoptimized + debuginfo] target(s) in 7.65s
[INFO] [stderr] 
[INFO] [stderr] 
[INFO] [stderr] test tests/ui/non_struct.rs [should fail to compile] ... mismatch
[INFO] [stderr] 
[INFO] [stderr] EXPECTED:
[INFO] [stderr] ┈┈┈┈┈┈┈┈┈┈┈┈┈┈┈┈┈┈┈┈┈┈┈┈┈┈┈┈┈┈┈┈┈┈┈┈┈┈┈┈┈┈┈┈┈┈┈┈┈┈┈┈┈┈┈┈┈┈┈┈
[INFO] [stderr] error: #[derive(Accessor)] can only be used on structs
[INFO] [stderr]  --> tests/ui/non_struct.rs:4:10
[INFO] [stderr]   |
[INFO] [stderr] 4 | #[derive(Accessor)]
[INFO] [stderr]   |          ^^^^^^^^
[INFO] [stderr]   |
[INFO] [stderr]   = note: this error originates in the derive macro `Accessor` (in Nightly builds, run with -Z macro-backtrace for more info)
[INFO] [stderr] ┈┈┈┈┈┈┈┈┈┈┈┈┈┈┈┈┈┈┈┈┈┈┈┈┈┈┈┈┈┈┈┈┈┈┈┈┈┈┈┈┈┈┈┈┈┈┈┈┈┈┈┈┈┈┈┈┈┈┈┈
[INFO] [stderr] 
[INFO] [stderr] ACTUAL OUTPUT:
[INFO] [stderr] ┈┈┈┈┈┈┈┈┈┈┈┈┈┈┈┈┈┈┈┈┈┈┈┈┈┈┈┈┈┈┈┈┈┈┈┈┈┈┈┈┈┈┈┈┈┈┈┈┈┈┈┈┈┈┈┈┈┈┈┈
[INFO] [stderr] error[E0433]: cannot find module or crate `pathmod` in this scope
[INFO] [stderr]  --> tests/ui/non_struct.rs:1:5
[INFO] [stderr]   |
[INFO] [stderr] 1 | use pathmod::prelude::*;
[INFO] [stderr]   |     ^^^^^^^ use of unresolved module or unlinked crate `pathmod`
[INFO] [stderr]   |
[INFO] [stderr]   = help: if you wanted to use a crate named `pathmod`, use `cargo add pathmod` to add it to your `Cargo.toml`
[INFO] [stderr] 
[INFO] [stderr] error: cannot find derive macro `Accessor` in this scope
[INFO] [stderr]  --> tests/ui/non_struct.rs:4:10
[INFO] [stderr]   |
[INFO] [stderr] 4 | #[derive(Accessor)]
[INFO] [stderr]   |          ^^^^^^^^
[INFO] [stderr] ┈┈┈┈┈┈┈┈┈┈┈┈┈┈┈┈┈┈┈┈┈┈┈┈┈┈┈┈┈┈┈┈┈┈┈┈┈┈┈┈┈┈┈┈┈┈┈┈┈┈┈┈┈┈┈┈┈┈┈┈
[INFO] [stderr] note: If the actual output is the correct output you can bless it by rerunning
[INFO] [stderr]       your test with the environment variable TRYBUILD=overwrite
[INFO] [stderr] 
[INFO] [stderr] test tests/ui/unit_struct.rs [should fail to compile] ... mismatch
[INFO] [stderr] 
[INFO] [stderr] EXPECTED:
[INFO] [stderr] ┈┈┈┈┈┈┈┈┈┈┈┈┈┈┈┈┈┈┈┈┈┈┈┈┈┈┈┈┈┈┈┈┈┈┈┈┈┈┈┈┈┈┈┈┈┈┈┈┈┈┈┈┈┈┈┈┈┈┈┈
[INFO] [stderr] error: #[derive(Accessor)] does not support unit structs
[INFO] [stderr]  --> tests/ui/unit_struct.rs:4:10
[INFO] [stderr]   |
[INFO] [stderr] 4 | #[derive(Accessor)]
[INFO] [stderr]   |          ^^^^^^^^
[INFO] [stderr]   |
[INFO] [stderr]   = note: this error originates in the derive macro `Accessor` (in Nightly builds, run with -Z macro-backtrace for more info)
[INFO] [stderr] ┈┈┈┈┈┈┈┈┈┈┈┈┈┈┈┈┈┈┈┈┈┈┈┈┈┈┈┈┈┈┈┈┈┈┈┈┈┈┈┈┈┈┈┈┈┈┈┈┈┈┈┈┈┈┈┈┈┈┈┈
[INFO] [stderr] 
[INFO] [stderr] ACTUAL OUTPUT:
[INFO] [stderr] ┈┈┈┈┈┈┈┈┈┈┈┈┈┈┈┈┈┈┈┈┈┈┈┈┈┈┈┈┈┈┈┈┈┈┈┈┈┈┈┈┈┈┈┈┈┈┈┈┈┈┈┈┈┈┈┈┈┈┈┈
[INFO] [stderr] error[E0433]: cannot find module or crate `pathmod` in this scope
[INFO] [stderr]  --> tests/ui/unit_struct.rs:1:5
[INFO] [stderr]   |
[INFO] [stderr] 1 | use pathmod::prelude::*;
[INFO] [stderr]   |     ^^^^^^^ use of unresolved module or unlinked crate `pathmod`
[INFO] [stderr]   |
[INFO] [stderr]   = help: if you wanted to use a crate named `pathmod`, use `cargo add pathmod` to add it to your `Cargo.toml`
[INFO] [stderr] 
[INFO] [stderr] error: cannot find derive macro `Accessor` in this scope
[INFO] [stderr]  --> tests/ui/unit_struct.rs:4:10
[INFO] [stderr]   |
[INFO] [stderr] 4 | #[derive(Accessor)]
[INFO] [stderr]   |          ^^^^^^^^
[INFO] [stderr] ┈┈┈┈┈┈┈┈┈┈┈┈┈┈┈┈┈┈┈┈┈┈┈┈┈┈┈┈┈┈┈┈┈┈┈┈┈┈┈┈┈┈┈┈┈┈┈┈┈┈┈┈┈┈┈┈┈┈┈┈
[INFO] [stderr] note: If the actual output is the correct output you can bless it by rerunning
[INFO] [stderr]       your test with the environment variable TRYBUILD=overwrite
[INFO] [stderr] 
[INFO] [stderr] test tests/ui/visibility_private_type.rs [should fail to compile] ... mismatch
[INFO] [stderr] 
[INFO] [stderr] EXPECTED:
[INFO] [stderr] ┈┈┈┈┈┈┈┈┈┈┈┈┈┈┈┈┈┈┈┈┈┈┈┈┈┈┈┈┈┈┈┈┈┈┈┈┈┈┈┈┈┈┈┈┈┈┈┈┈┈┈┈┈┈┈┈┈┈┈┈
[INFO] [stderr] error[E0603]: struct `Private` is private
[INFO] [stderr]   --> tests/ui/visibility_private_type.rs:19:16
[INFO] [stderr]    |
[INFO] [stderr] 19 |     let _ = m::Private::acc_field();
[INFO] [stderr]    |                ^^^^^^^ private struct
[INFO] [stderr]    |
[INFO] [stderr] note: the struct `Private` is defined here
[INFO] [stderr]   --> tests/ui/visibility_private_type.rs:4:5
[INFO] [stderr]    |
[INFO] [stderr] 4  |     struct Private {
[INFO] [stderr]    |     ^^^^^^^^^^^^^^
[INFO] [stderr] ┈┈┈┈┈┈┈┈┈┈┈┈┈┈┈┈┈┈┈┈┈┈┈┈┈┈┈┈┈┈┈┈┈┈┈┈┈┈┈┈┈┈┈┈┈┈┈┈┈┈┈┈┈┈┈┈┈┈┈┈
[INFO] [stderr] 
[INFO] [stderr] ACTUAL OUTPUT:
[INFO] [stderr] ┈┈┈┈┈┈┈┈┈┈┈┈┈┈┈┈┈┈┈┈┈┈┈┈┈┈┈┈┈┈┈┈┈┈┈┈┈┈┈┈┈┈┈┈┈┈┈┈┈┈┈┈┈┈┈┈┈┈┈┈
[INFO] [stderr] error[E0433]: cannot find module or crate `pathmod` in this scope
[INFO] [stderr]  --> tests/ui/visibility_private_type.rs:2:9
[INFO] [stderr]   |
[INFO] [stderr] 2 |     use pathmod::prelude::*;
[INFO] [stderr]   |         ^^^^^^^ use of unresolved module or unlinked crate `pathmod`
[INFO] [stderr]   |
[INFO] [stderr]   = help: if you wanted to use a crate named `pathmod`, use `cargo add pathmod` to add it to your `Cargo.toml`
[INFO] [stderr] 
[INFO] [stderr] error: cannot find derive macro `Accessor` in this scope
[INFO] [stderr]  --> tests/ui/visibility_private_type.rs:3:14
[INFO] [stderr]   |
[INFO] [stderr] 3 |     #[derive(Accessor)]
[INFO] [stderr]   |              ^^^^^^^^
[INFO] [stderr] 
[INFO] [stderr] error[E0603]: struct `Private` is private
[INFO] [stderr]   --> tests/ui/visibility_private_type.rs:19:16
[INFO] [stderr]    |
[INFO] [stderr] 19 |     let _ = m::Private::acc_field();
[INFO] [stderr]    |                ^^^^^^^ private struct
[INFO] [stderr]    |
[INFO] [stderr] note: the struct `Private` is defined here
[INFO] [stderr]   --> tests/ui/visibility_private_type.rs:4:5
[INFO] [stderr]    |
[INFO] [stderr]  4 |     struct Private {
[INFO] [stderr]    |     ^^^^^^^^^^^^^^
[INFO] [stderr] 
[INFO] [stderr] error[E0599]: no associated function or constant named `acc_field` found for struct `Private` in the current scope
[INFO] [stderr]   --> tests/ui/visibility_private_type.rs:12:26
[INFO] [stderr]    |
[INFO] [stderr]  4 |     struct Private {
[INFO] [stderr]    |     -------------- associated function or constant `acc_field` not found for this struct
[INFO] [stderr] ...
[INFO] [stderr] 12 |         let _ = Private::acc_field();
[INFO] [stderr]    |                          ^^^^^^^^^ associated function or constant not found in `Private`
[INFO] [stderr] 
[INFO] [stderr] error[E0599]: no associated function or constant named `acc_field` found for struct `Private` in the current scope
[INFO] [stderr]   --> tests/ui/visibility_private_type.rs:19:25
[INFO] [stderr]    |
[INFO] [stderr]  4 |     struct Private {
[INFO] [stderr]    |     -------------- associated function or constant `acc_field` not found for this struct
[INFO] [stderr] ...
[INFO] [stderr] 19 |     let _ = m::Private::acc_field();
[INFO] [stderr]    |                         ^^^^^^^^^ associated function or constant not found in `Private`
[INFO] [stderr] ┈┈┈┈┈┈┈┈┈┈┈┈┈┈┈┈┈┈┈┈┈┈┈┈┈┈┈┈┈┈┈┈┈┈┈┈┈┈┈┈┈┈┈┈┈┈┈┈┈┈┈┈┈┈┈┈┈┈┈┈
[INFO] [stderr] note: If the actual output is the correct output you can bless it by rerunning
[INFO] [stderr]       your test with the environment variable TRYBUILD=overwrite
[INFO] [stderr] 
[INFO] [stderr] test tests/ui/generic_ok.rs [should pass] ... error
[INFO] [stderr] ┈┈┈┈┈┈┈┈┈┈┈┈┈┈┈┈┈┈┈┈┈┈┈┈┈┈┈┈┈┈┈┈┈┈┈┈┈┈┈┈┈┈┈┈┈┈┈┈┈┈┈┈┈┈┈┈┈┈┈┈
[INFO] [stderr] error[E0433]: cannot find module or crate `pathmod` in this scope
[INFO] [stderr]  --> tests/ui/generic_ok.rs:1:5
[INFO] [stderr]   |
[INFO] [stderr] 1 | use pathmod::prelude::*;
[INFO] [stderr]   |     ^^^^^^^ use of unresolved module or unlinked crate `pathmod`
[INFO] [stderr]   |
[INFO] [stderr]   = help: if you wanted to use a crate named `pathmod`, use `cargo add pathmod` to add it to your `Cargo.toml`
[INFO] [stderr] 
[INFO] [stderr] error: cannot find derive macro `Accessor` in this scope
[INFO] [stderr]  --> tests/ui/generic_ok.rs:3:10
[INFO] [stderr]   |
[INFO] [stderr] 3 | #[derive(Accessor)]
[INFO] [stderr]   |          ^^^^^^^^
[INFO] [stderr] 
[INFO] [stderr] error[E0599]: no associated function or constant named `acc_value` found for struct `Wrapper<T>` in the current scope
[INFO] [stderr]  --> tests/ui/generic_ok.rs:8:31
[INFO] [stderr]   |
[INFO] [stderr] 4 | struct Wrapper<T> { value: T }
[INFO] [stderr]   | ----------------- associated function or constant `acc_value` not found for this struct
[INFO] [stderr] ...
[INFO] [stderr] 8 |     let acc = Wrapper::<u32>::acc_value();
[INFO] [stderr]   |                               ^^^^^^^^^ associated function or constant not found in `Wrapper<u32>`
[INFO] [stderr] ┈┈┈┈┈┈┈┈┈┈┈┈┈┈┈┈┈┈┈┈┈┈┈┈┈┈┈┈┈┈┈┈┈┈┈┈┈┈┈┈┈┈┈┈┈┈┈┈┈┈┈┈┈┈┈┈┈┈┈┈
[INFO] [stderr] 
[INFO] [stderr] test tests/ui/enum_non_enum.rs [should fail to compile] ... mismatch
[INFO] [stderr] 
[INFO] [stderr] EXPECTED:
[INFO] [stderr] ┈┈┈┈┈┈┈┈┈┈┈┈┈┈┈┈┈┈┈┈┈┈┈┈┈┈┈┈┈┈┈┈┈┈┈┈┈┈┈┈┈┈┈┈┈┈┈┈┈┈┈┈┈┈┈┈┈┈┈┈
[INFO] [stderr] error: #[derive(EnumAccess)] can only be used on enums
[INFO] [stderr]  --> tests/ui/enum_non_enum.rs:3:10
[INFO] [stderr]   |
[INFO] [stderr] 3 | #[derive(EnumAccess)]
[INFO] [stderr]   |          ^^^^^^^^^^
[INFO] [stderr]   |
[INFO] [stderr]   = note: this error originates in the derive macro `EnumAccess` (in Nightly builds, run with -Z macro-backtrace for more info)
[INFO] [stderr] ┈┈┈┈┈┈┈┈┈┈┈┈┈┈┈┈┈┈┈┈┈┈┈┈┈┈┈┈┈┈┈┈┈┈┈┈┈┈┈┈┈┈┈┈┈┈┈┈┈┈┈┈┈┈┈┈┈┈┈┈
[INFO] [stderr] 
[INFO] [stderr] ACTUAL OUTPUT:
[INFO] [stderr] ┈┈┈┈┈┈┈┈┈┈┈┈┈┈┈┈┈┈┈┈┈┈┈┈┈┈┈┈┈┈┈┈┈┈┈┈┈┈┈┈┈┈┈┈┈┈┈┈┈┈┈┈┈┈┈┈┈┈┈┈
[INFO] [stderr] error[E0433]: cannot find module or crate `pathmod` in this scope
[INFO] [stderr]  --> tests/ui/enum_non_enum.rs:1:5
[INFO] [stderr]   |
[INFO] [stderr] 1 | use pathmod::prelude::*;
[INFO] [stderr]   |     ^^^^^^^ use of unresolved module or unlinked crate `pathmod`
[INFO] [stderr]   |
[INFO] [stderr]   = help: if you wanted to use a crate named `pathmod`, use `cargo add pathmod` to add it to your `Cargo.toml`
[INFO] [stderr] 
[INFO] [stderr] error: cannot find derive macro `EnumAccess` in this scope
[INFO] [stderr]  --> tests/ui/enum_non_enum.rs:3:10
[INFO] [stderr]   |
[INFO] [stderr] 3 | #[derive(EnumAccess)]
[INFO] [stderr]   |          ^^^^^^^^^^
[INFO] [stderr] ┈┈┈┈┈┈┈┈┈┈┈┈┈┈┈┈┈┈┈┈┈┈┈┈┈┈┈┈┈┈┈┈┈┈┈┈┈┈┈┈┈┈┈┈┈┈┈┈┈┈┈┈┈┈┈┈┈┈┈┈
[INFO] [stderr] note: If the actual output is the correct output you can bless it by rerunning
[INFO] [stderr]       your test with the environment variable TRYBUILD=overwrite
[INFO] [stderr] 
[INFO] [stderr] test tests/ui/enum_unit.rs [should fail to compile] ... mismatch
[INFO] [stderr] 
[INFO] [stderr] EXPECTED:
[INFO] [stderr] ┈┈┈┈┈┈┈┈┈┈┈┈┈┈┈┈┈┈┈┈┈┈┈┈┈┈┈┈┈┈┈┈┈┈┈┈┈┈┈┈┈┈┈┈┈┈┈┈┈┈┈┈┈┈┈┈┈┈┈┈
[INFO] [stderr] error: #[derive(EnumAccess)] does not support unit variants in this MVP
[INFO] [stderr]  --> tests/ui/enum_unit.rs:3:10
[INFO] [stderr]   |
[INFO] [stderr] 3 | #[derive(EnumAccess)]
[INFO] [stderr]   |          ^^^^^^^^^^
[INFO] [stderr]   |
[INFO] [stderr]   = note: this error originates in the derive macro `EnumAccess` (in Nightly builds, run with -Z macro-backtrace for more info)
[INFO] [stderr] ┈┈┈┈┈┈┈┈┈┈┈┈┈┈┈┈┈┈┈┈┈┈┈┈┈┈┈┈┈┈┈┈┈┈┈┈┈┈┈┈┈┈┈┈┈┈┈┈┈┈┈┈┈┈┈┈┈┈┈┈
[INFO] [stderr] 
[INFO] [stderr] ACTUAL OUTPUT:
[INFO] [stderr] ┈┈┈┈┈┈┈┈┈┈┈┈┈┈┈┈┈┈┈┈┈┈┈┈┈┈┈┈┈┈┈┈┈┈┈┈┈┈┈┈┈┈┈┈┈┈┈┈┈┈┈┈┈┈┈┈┈┈┈┈
[INFO] [stderr] error[E0433]: cannot find module or crate `pathmod` in this scope
[INFO] [stderr]  --> tests/ui/enum_unit.rs:1:5
[INFO] [stderr]   |
[INFO] [stderr] 1 | use pathmod::prelude::*;
[INFO] [stderr]   |     ^^^^^^^ use of unresolved module or unlinked crate `pathmod`
[INFO] [stderr]   |
[INFO] [stderr]   = help: if you wanted to use a crate named `pathmod`, use `cargo add pathmod` to add it to your `Cargo.toml`
[INFO] [stderr] 
[INFO] [stderr] error: cannot find derive macro `EnumAccess` in this scope
[INFO] [stderr]  --> tests/ui/enum_unit.rs:3:10
[INFO] [stderr]   |
[INFO] [stderr] 3 | #[derive(EnumAccess)]
[INFO] [stderr]   |          ^^^^^^^^^^
[INFO] [stderr] ┈┈┈┈┈┈┈┈┈┈┈┈┈┈┈┈┈┈┈┈┈┈┈┈┈┈┈┈┈┈┈┈┈┈┈┈┈┈┈┈┈┈┈┈┈┈┈┈┈┈┈┈┈┈┈┈┈┈┈┈
[INFO] [stderr] note: If the actual output is the correct output you can bless it by rerunning
[INFO] [stderr]       your test with the environment variable TRYBUILD=overwrite
[INFO] [stderr] 
[INFO] [stderr] test tests/ui/enum_multi.rs [should fail to compile] ... mismatch
[INFO] [stderr] 
[INFO] [stderr] EXPECTED:
[INFO] [stderr] ┈┈┈┈┈┈┈┈┈┈┈┈┈┈┈┈┈┈┈┈┈┈┈┈┈┈┈┈┈┈┈┈┈┈┈┈┈┈┈┈┈┈┈┈┈┈┈┈┈┈┈┈┈┈┈┈┈┈┈┈
[INFO] [stderr] error: #[derive(EnumAccess)] supports only tuple variants with exactly one field
[INFO] [stderr]  --> tests/ui/enum_multi.rs:3:10
[INFO] [stderr]   |
[INFO] [stderr] 3 | #[derive(EnumAccess)]
[INFO] [stderr]   |          ^^^^^^^^^^
[INFO] [stderr]   |
[INFO] [stderr]   = note: this error originates in the derive macro `EnumAccess` (in Nightly builds, run with -Z macro-backtrace for more info)
[INFO] [stderr] ┈┈┈┈┈┈┈┈┈┈┈┈┈┈┈┈┈┈┈┈┈┈┈┈┈┈┈┈┈┈┈┈┈┈┈┈┈┈┈┈┈┈┈┈┈┈┈┈┈┈┈┈┈┈┈┈┈┈┈┈
[INFO] [stderr] 
[INFO] [stderr] ACTUAL OUTPUT:
[INFO] [stderr] ┈┈┈┈┈┈┈┈┈┈┈┈┈┈┈┈┈┈┈┈┈┈┈┈┈┈┈┈┈┈┈┈┈┈┈┈┈┈┈┈┈┈┈┈┈┈┈┈┈┈┈┈┈┈┈┈┈┈┈┈
[INFO] [stderr] error[E0433]: cannot find module or crate `pathmod` in this scope
[INFO] [stderr]  --> tests/ui/enum_multi.rs:1:5
[INFO] [stderr]   |
[INFO] [stderr] 1 | use pathmod::prelude::*;
[INFO] [stderr]   |     ^^^^^^^ use of unresolved module or unlinked crate `pathmod`
[INFO] [stderr]   |
[INFO] [stderr]   = help: if you wanted to use a crate named `pathmod`, use `cargo add pathmod` to add it to your `Cargo.toml`
[INFO] [stderr] 
[INFO] [stderr] error: cannot find derive macro `EnumAccess` in this scope
[INFO] [stderr]  --> tests/ui/enum_multi.rs:3:10
[INFO] [stderr]   |
[INFO] [stderr] 3 | #[derive(EnumAccess)]
[INFO] [stderr]   |          ^^^^^^^^^^
[INFO] [stderr] ┈┈┈┈┈┈┈┈┈┈┈┈┈┈┈┈┈┈┈┈┈┈┈┈┈┈┈┈┈┈┈┈┈┈┈┈┈┈┈┈┈┈┈┈┈┈┈┈┈┈┈┈┈┈┈┈┈┈┈┈
[INFO] [stderr] note: If the actual output is the correct output you can bless it by rerunning
[INFO] [stderr]       your test with the environment variable TRYBUILD=overwrite
[INFO] [stderr] 
[INFO] [stderr] test tests/ui/enum_named_single.rs [should fail to compile] ... mismatch
[INFO] [stderr] 
[INFO] [stderr] EXPECTED:
[INFO] [stderr] ┈┈┈┈┈┈┈┈┈┈┈┈┈┈┈┈┈┈┈┈┈┈┈┈┈┈┈┈┈┈┈┈┈┈┈┈┈┈┈┈┈┈┈┈┈┈┈┈┈┈┈┈┈┈┈┈┈┈┈┈
[INFO] [stderr] error: #[derive(EnumAccess)] currently supports only tuple variants with exactly one field; named-field single variants are not yet supported
[INFO] [stderr]  --> tests/ui/enum_named_single.rs:3:10
[INFO] [stderr]   |
[INFO] [stderr] 3 | #[derive(EnumAccess)]
[INFO] [stderr]   |          ^^^^^^^^^^
[INFO] [stderr]   |
[INFO] [stderr]   = note: this error originates in the derive macro `EnumAccess` (in Nightly builds, run with -Z macro-backtrace for more info)
[INFO] [stderr] ┈┈┈┈┈┈┈┈┈┈┈┈┈┈┈┈┈┈┈┈┈┈┈┈┈┈┈┈┈┈┈┈┈┈┈┈┈┈┈┈┈┈┈┈┈┈┈┈┈┈┈┈┈┈┈┈┈┈┈┈
[INFO] [stderr] 
[INFO] [stderr] ACTUAL OUTPUT:
[INFO] [stderr] ┈┈┈┈┈┈┈┈┈┈┈┈┈┈┈┈┈┈┈┈┈┈┈┈┈┈┈┈┈┈┈┈┈┈┈┈┈┈┈┈┈┈┈┈┈┈┈┈┈┈┈┈┈┈┈┈┈┈┈┈
[INFO] [stderr] error[E0433]: cannot find module or crate `pathmod` in this scope
[INFO] [stderr]  --> tests/ui/enum_named_single.rs:1:5
[INFO] [stderr]   |
[INFO] [stderr] 1 | use pathmod::prelude::*;
[INFO] [stderr]   |     ^^^^^^^ use of unresolved module or unlinked crate `pathmod`
[INFO] [stderr]   |
[INFO] [stderr]   = help: if you wanted to use a crate named `pathmod`, use `cargo add pathmod` to add it to your `Cargo.toml`
[INFO] [stderr] 
[INFO] [stderr] error: cannot find derive macro `EnumAccess` in this scope
[INFO] [stderr]  --> tests/ui/enum_named_single.rs:3:10
[INFO] [stderr]   |
[INFO] [stderr] 3 | #[derive(EnumAccess)]
[INFO] [stderr]   |          ^^^^^^^^^^
[INFO] [stderr] ┈┈┈┈┈┈┈┈┈┈┈┈┈┈┈┈┈┈┈┈┈┈┈┈┈┈┈┈┈┈┈┈┈┈┈┈┈┈┈┈┈┈┈┈┈┈┈┈┈┈┈┈┈┈┈┈┈┈┈┈
[INFO] [stderr] note: If the actual output is the correct output you can bless it by rerunning
[INFO] [stderr]       your test with the environment variable TRYBUILD=overwrite
[INFO] [stderr] 
[INFO] [stderr] 
[INFO] [stderr] 
[INFO] [stdout] test derive_errors ... FAILED
[INFO] [stderr] error: test failed, to rerun pass `--test ui`
[INFO] [stdout] 
[INFO] [stdout] failures:
[INFO] [stdout] 
[INFO] [stdout] ---- derive_errors stdout ----
[INFO] [stdout] 
[INFO] [stdout] thread 'derive_errors' (835) panicked at /opt/rustwide/cargo-home/registry/src/index.crates.io-1949cf8c6b5b557f/trybuild-1.0.110/src/run.rs:102:13:
[INFO] [stdout] 8 of 8 tests failed
[INFO] [stdout] stack backtrace:
[INFO] [stdout]    0:     0x6244693385b1 - <<std[70759c8f55707aa4]::sys::backtrace::BacktraceLock>::print::DisplayBacktrace as core[df12db4294e9bfd3]::fmt::Display>::fmt
[INFO] [stdout]    1:     0x62446934ecea - core[df12db4294e9bfd3]::fmt::write
[INFO] [stdout]    2:     0x62446933d12c - <alloc[2182bb758b4b3781]::vec::Vec<u8> as core[df12db4294e9bfd3]::io::write::Write>::write_fmt
[INFO] [stdout]    3:     0x624469311a96 - std[70759c8f55707aa4]::panicking::default_hook::{closure#0}
[INFO] [stdout]    4:     0x62446932fc29 - std[70759c8f55707aa4]::panicking::default_hook
[INFO] [stdout]    5:     0x6244692c8ea0 - test[9d35eded1c95d3be]::test_main_inner::<test[9d35eded1c95d3be]::test_main_static::{closure#0}>::{closure#0}
[INFO] [stdout]    6:     0x62446932fde2 - std[70759c8f55707aa4]::panicking::panic_with_hook
[INFO] [stdout]    7:     0x624469311b42 - std[70759c8f55707aa4]::panicking::panic_handler::{closure#0}
[INFO] [stdout]    8:     0x62446930a3d9 - std[70759c8f55707aa4]::sys::backtrace::__rust_end_short_backtrace::<std[70759c8f55707aa4]::panicking::panic_handler::{closure#0}, !>
[INFO] [stdout]    9:     0x62446931273d - __rustc[8fa7c3cbc660c2b3]::rust_begin_unwind
[INFO] [stdout]   10:     0x62446934f45c - core[df12db4294e9bfd3]::panicking::panic_fmt
[INFO] [stdout]   11:     0x6244692191cb - <trybuild[19549940ed267ca0]::Runner>::run
[INFO] [stdout]   12:     0x62446921c390 - <trybuild[19549940ed267ca0]::TestCases as core[df12db4294e9bfd3]::ops::drop::Drop>::drop
[INFO] [stdout]   13:     0x624469213c08 - <ui[d9e018f803ee2dac]::derive_errors::{closure#0} as core[df12db4294e9bfd3]::ops::function::FnOnce<()>>::call_once
[INFO] [stdout]   14:     0x6244692bc18b - test[9d35eded1c95d3be]::__rust_begin_short_backtrace::<core[df12db4294e9bfd3]::result::Result<(), alloc[2182bb758b4b3781]::string::String>, fn() -> core[df12db4294e9bfd3]::result::Result<(), alloc[2182bb758b4b3781]::string::String>>
[INFO] [stdout]   15:     0x6244692c97f5 - test[9d35eded1c95d3be]::run_test::{closure#0}
[INFO] [stdout]   16:     0x6244692c30b4 - std[70759c8f55707aa4]::sys::backtrace::__rust_begin_short_backtrace::<test[9d35eded1c95d3be]::run_test::{closure#1}, ()>
[INFO] [stdout]   17:     0x6244692cc952 - <std[70759c8f55707aa4]::thread::lifecycle::spawn_unchecked<test[9d35eded1c95d3be]::run_test::{closure#1}, ()>::{closure#1} as core[df12db4294e9bfd3]::ops::function::FnOnce<()>>::call_once::{shim:vtable#0}
[INFO] [stdout]   18:     0x624469337869 - <std[70759c8f55707aa4]::sys::thread::unix::Thread>::new::thread_start
[INFO] [stdout]   19:     0x78aee0ebfdfa - <unknown>
[INFO] [stdout]   20:     0x78aee0f533d4 - clone
[INFO] [stdout]   21:                0x0 - <unknown>
[INFO] [stdout] 
[INFO] [stdout] 
[INFO] [stdout] failures:
[INFO] [stdout]     derive_errors
[INFO] [stdout] 
[INFO] [stdout] test result: FAILED. 0 passed; 1 failed; 0 ignored; 0 measured; 0 filtered out; finished in 9.00s
[INFO] [stdout] 
[INFO] running `Command { std: "docker" "inspect" "d5cb3d4c7e9eba3961263268dd459a96f02d7c493c039dd0a7f4bee5c3d91a5b", kill_on_drop: false }`
[INFO] running `Command { std: "docker" "rm" "-f" "d5cb3d4c7e9eba3961263268dd459a96f02d7c493c039dd0a7f4bee5c3d91a5b", kill_on_drop: false }`
[INFO] [stdout] d5cb3d4c7e9eba3961263268dd459a96f02d7c493c039dd0a7f4bee5c3d91a5b
