[INFO] fetching crate pathfix 0.1.4-alpha.3...
[INFO] testing pathfix-0.1.4-alpha.3 against 1.99.0-beta.8+cargoflags=--release for beta-release-1.100-2
[INFO] extracting crate pathfix 0.1.4-alpha.3 into /workspace/builds/worker-3-tc1/source
[INFO] started tweaking crates.io crate pathfix 0.1.4-alpha.3
[INFO] finished tweaking crates.io crate pathfix 0.1.4-alpha.3
[INFO] tweaked toml for crates.io crate pathfix 0.1.4-alpha.3 written to /workspace/builds/worker-3-tc1/source/Cargo.toml
[INFO] validating manifest of crates.io crate pathfix 0.1.4-alpha.3 on toolchain 1.99.0-beta.8
[INFO] running `Command { std: CARGO_HOME="/workspace/cargo-home" RUSTUP_HOME="/workspace/rustup-home" "/workspace/cargo-home/bin/cargo" "+1.99.0-beta.8" "metadata" "--manifest-path" "Cargo.toml" "--no-deps", kill_on_drop: false }`
[INFO] crate crates.io crate pathfix 0.1.4-alpha.3 already has a lockfile, it will not be regenerated
[INFO] running `Command { std: CARGO_HOME="/workspace/cargo-home" RUSTUP_HOME="/workspace/rustup-home" "/workspace/cargo-home/bin/cargo" "+1.99.0-beta.8" "fetch" "--manifest-path" "Cargo.toml", kill_on_drop: false }`
[INFO] [stderr]     Updating crates.io index
[INFO] [stderr]  Downloading crates ...
[INFO] [stderr]   Downloaded serde v1.0.125
[INFO] [stderr]   Downloaded serde_derive v1.0.125
[INFO] [stderr]   Downloaded wait-timeout v0.2.0
[INFO] [stderr]   Downloaded doc-comment v0.3.3
[INFO] [stderr]   Downloaded users v0.11.0
[INFO] [stderr]   Downloaded hermit-abi v0.1.18
[INFO] [stderr]   Downloaded predicates-tree v1.0.2
[INFO] [stderr]   Downloaded thiserror-impl v1.0.24
[INFO] [stderr]   Downloaded os_str_bytes v2.4.0
[INFO] [stderr]   Downloaded treeline v0.1.0
[INFO] [stderr]   Downloaded predicates-core v1.0.2
[INFO] [stderr]   Downloaded textwrap v0.12.1
[INFO] [stderr]   Downloaded predicates v1.0.8
[INFO] [stderr]   Downloaded thiserror v1.0.24
[INFO] [stderr]   Downloaded clap_derive v3.0.0-beta.2
[INFO] [stderr]   Downloaded env_logger v0.8.3
[INFO] [stderr]   Downloaded toml v0.5.8
[INFO] [stderr]   Downloaded assert_cmd v1.0.3
[INFO] [stderr]   Downloaded proc-macro2 v1.0.26
[INFO] [stderr]   Downloaded indexmap v1.6.2
[INFO] [stderr]   Downloaded heck v0.3.2
[INFO] [stderr]   Downloaded unicode-segmentation v1.7.1
[INFO] [stderr]   Downloaded clap v3.0.0-beta.2
[INFO] [stderr]   Downloaded difference v2.0.0
[INFO] [stderr]   Downloaded syn v1.0.71
[INFO] [stderr]   Downloaded regex-syntax v0.6.23
[INFO] [stderr]   Downloaded bstr v0.2.15
[INFO] [stderr]   Downloaded libc v0.2.94
[INFO] running `Command { std: "docker" "create" "-v" "/var/lib/crater-agent-workspace/builds/worker-3-tc1/source:/opt/rustwide/workdir:ro,Z" "-v" "/var/lib/crater-agent-workspace/builds/worker-3-tc1/target:/opt/rustwide/target:rw,Z" "-v" "/var/lib/crater-agent-workspace/cargo-home:/opt/rustwide/cargo-home:ro,Z" "-v" "/var/lib/crater-agent-workspace/rustup-home:/opt/rustwide/rustup-home:ro,Z" "-m" "1610612736" "--network" "none" "ghcr.io/rust-lang/crates-build-env/linux@sha256:77db811e55d90add9212f6832c23229e3de5f1c1f9905e8cb07319ea15df73ac" "sleep" "infinity", kill_on_drop: false }`
[INFO] [stdout] 03b9b8c2cfcc3b00175f3af8fd5de2433cf1ec77eb6b42c764c645232d7ea8dc
[INFO] running `Command { std: "docker" "start" "03b9b8c2cfcc3b00175f3af8fd5de2433cf1ec77eb6b42c764c645232d7ea8dc", kill_on_drop: false }`
[INFO] running `Command { std: "docker" "inspect" "03b9b8c2cfcc3b00175f3af8fd5de2433cf1ec77eb6b42c764c645232d7ea8dc", kill_on_drop: false }`
[INFO] running `Command { std: "docker" "exec" "-e" "SOURCE_DIR=/opt/rustwide/workdir" "-e" "CARGO_HOME=/opt/rustwide/cargo-home" "-e" "RUSTUP_HOME=/opt/rustwide/rustup-home" "-e" "CARGO_TARGET_DIR=/opt/rustwide/target" "-w" "/opt/rustwide/workdir" "--user" "0:0" "03b9b8c2cfcc3b00175f3af8fd5de2433cf1ec77eb6b42c764c645232d7ea8dc" "/opt/rustwide/cargo-home/bin/cargo" "+1.99.0-beta.8" "metadata" "--no-deps" "--format-version=1", kill_on_drop: false }`
[INFO] running `Command { std: "docker" "inspect" "03b9b8c2cfcc3b00175f3af8fd5de2433cf1ec77eb6b42c764c645232d7ea8dc", kill_on_drop: false }`
[INFO] running `Command { std: "docker" "exec" "-e" "SOURCE_DIR=/opt/rustwide/workdir" "-e" "CARGO_HOME=/opt/rustwide/cargo-home" "-e" "RUSTUP_HOME=/opt/rustwide/rustup-home" "-e" "CARGO_TARGET_DIR=/opt/rustwide/target" "-e" "CARGO_INCREMENTAL=0" "-e" "RUST_BACKTRACE=full" "-e" "RUSTFLAGS=--cap-lints=warn" "-e" "RUSTDOCFLAGS=--cap-lints=warn" "-w" "/opt/rustwide/workdir" "--user" "0:0" "03b9b8c2cfcc3b00175f3af8fd5de2433cf1ec77eb6b42c764c645232d7ea8dc" "/opt/rustwide/cargo-home/bin/cargo" "+1.99.0-beta.8" "build" "--frozen" "--message-format=json" "--release", kill_on_drop: false }`
[INFO] [stderr]    Compiling proc-macro2 v1.0.26
[INFO] [stderr]    Compiling unicode-xid v0.2.1
[INFO] [stderr]    Compiling syn v1.0.71
[INFO] [stderr]    Compiling version_check v0.9.3
[INFO] [stderr]    Compiling libc v0.2.94
[INFO] [stderr]    Compiling autocfg v1.0.1
[INFO] [stderr]    Compiling serde_derive v1.0.125
[INFO] [stderr]    Compiling unicode-segmentation v1.7.1
[INFO] [stderr]    Compiling bitflags v1.2.1
[INFO] [stderr]    Compiling serde v1.0.125
[INFO] [stderr]    Compiling log v0.4.14
[INFO] [stderr]    Compiling hashbrown v0.9.1
[INFO] [stderr]    Compiling unicode-width v0.1.8
[INFO] [stderr]    Compiling cfg-if v1.0.0
[INFO] [stderr]    Compiling vec_map v0.8.2
[INFO] [stderr]    Compiling termcolor v1.1.2
[INFO] [stderr]    Compiling strsim v0.10.0
[INFO] [stderr]    Compiling os_str_bytes v2.4.0
[INFO] [stderr]    Compiling textwrap v0.12.1
[INFO] [stderr]    Compiling lazy_static v1.4.0
[INFO] [stderr]    Compiling indexmap v1.6.2
[INFO] [stderr]    Compiling proc-macro-error-attr v1.0.4
[INFO] [stderr]    Compiling proc-macro-error v1.0.4
[INFO] [stderr]    Compiling heck v0.3.2
[INFO] [stderr]    Compiling atty v0.2.14
[INFO] [stderr]    Compiling users v0.11.0
[INFO] [stderr]    Compiling quote v1.0.9
[INFO] [stderr]    Compiling clap_derive v3.0.0-beta.2
[INFO] [stderr]    Compiling thiserror-impl v1.0.24
[INFO] [stderr]    Compiling thiserror v1.0.24
[INFO] [stderr]    Compiling clap v3.0.0-beta.2
[INFO] [stderr]    Compiling toml v0.5.8
[INFO] [stderr]    Compiling pathfix v0.1.4-alpha.3 (/opt/rustwide/workdir)
[INFO] [stderr]     Finished `release` profile [optimized] target(s) in 33.28s
[INFO] running `Command { std: "docker" "inspect" "03b9b8c2cfcc3b00175f3af8fd5de2433cf1ec77eb6b42c764c645232d7ea8dc", kill_on_drop: false }`
[INFO] running `Command { std: "docker" "exec" "-e" "SOURCE_DIR=/opt/rustwide/workdir" "-e" "CARGO_HOME=/opt/rustwide/cargo-home" "-e" "RUSTUP_HOME=/opt/rustwide/rustup-home" "-e" "CARGO_TARGET_DIR=/opt/rustwide/target" "-e" "CARGO_INCREMENTAL=0" "-e" "RUST_BACKTRACE=full" "-e" "RUSTFLAGS=--cap-lints=warn" "-e" "RUSTDOCFLAGS=--cap-lints=warn" "-w" "/opt/rustwide/workdir" "--user" "0:0" "03b9b8c2cfcc3b00175f3af8fd5de2433cf1ec77eb6b42c764c645232d7ea8dc" "/opt/rustwide/cargo-home/bin/cargo" "+1.99.0-beta.8" "test" "--frozen" "--no-run" "--message-format=json" "--release", kill_on_drop: false }`
[INFO] [stderr]    Compiling memchr v2.3.4
[INFO] [stderr]    Compiling lazy_static v1.4.0
[INFO] [stderr]    Compiling cfg-if v1.0.0
[INFO] [stderr]    Compiling predicates-core v1.0.2
[INFO] [stderr]    Compiling doc-comment v0.3.3
[INFO] [stderr]    Compiling libc v0.2.94
[INFO] [stderr]    Compiling byteorder v1.4.3
[INFO] [stderr]    Compiling hashbrown v0.9.1
[INFO] [stderr]    Compiling unicode-width v0.1.8
[INFO] [stderr]    Compiling bitflags v1.2.1
[INFO] [stderr]    Compiling termcolor v1.1.2
[INFO] [stderr]    Compiling difference v2.0.0
[INFO] [stderr]    Compiling strsim v0.10.0
[INFO] [stderr]    Compiling serde v1.0.125
[INFO] [stderr]    Compiling os_str_bytes v2.4.0
[INFO] [stderr]    Compiling vec_map v0.8.2
[INFO] [stderr]    Compiling log v0.4.14
[INFO] [stderr]    Compiling treeline v0.1.0
[INFO] [stderr]    Compiling thiserror v1.0.24
[INFO] [stderr]    Compiling textwrap v0.12.1
[INFO] [stderr]    Compiling regex-automata v0.1.9
[INFO] [stderr]    Compiling predicates v1.0.8
[INFO] [stderr]    Compiling predicates-tree v1.0.2
[INFO] [stderr]    Compiling atty v0.2.14
[INFO] [stderr]    Compiling users v0.11.0
[INFO] [stderr]    Compiling wait-timeout v0.2.0
[INFO] [stderr]    Compiling bstr v0.2.15
[INFO] [stderr]    Compiling indexmap v1.6.2
[INFO] [stderr]    Compiling assert_cmd v1.0.3
[INFO] [stderr]    Compiling clap v3.0.0-beta.2
[INFO] [stderr]    Compiling toml v0.5.8
[INFO] [stderr]    Compiling pathfix v0.1.4-alpha.3 (/opt/rustwide/workdir)
[INFO] [stderr]     Finished `release` profile [optimized] target(s) in 34.05s
[INFO] running `Command { std: "docker" "inspect" "03b9b8c2cfcc3b00175f3af8fd5de2433cf1ec77eb6b42c764c645232d7ea8dc", kill_on_drop: false }`
[INFO] running `Command { std: "docker" "exec" "-e" "SOURCE_DIR=/opt/rustwide/workdir" "-e" "CARGO_HOME=/opt/rustwide/cargo-home" "-e" "RUSTUP_HOME=/opt/rustwide/rustup-home" "-e" "CARGO_TARGET_DIR=/opt/rustwide/target" "-e" "CARGO_INCREMENTAL=0" "-e" "RUST_BACKTRACE=full" "-e" "RUSTFLAGS=--cap-lints=warn" "-e" "RUSTDOCFLAGS=--cap-lints=warn" "-w" "/opt/rustwide/workdir" "--user" "0:0" "03b9b8c2cfcc3b00175f3af8fd5de2433cf1ec77eb6b42c764c645232d7ea8dc" "/opt/rustwide/cargo-home/bin/cargo" "+1.99.0-beta.8" "test" "--frozen" "--release", kill_on_drop: false }`
[INFO] [stderr]     Finished `release` profile [optimized] target(s) in 0.11s
[INFO] [stderr]      Running unittests src/lib.rs (/opt/rustwide/target/release/deps/pathfix-5334359bc6448499)
[INFO] [stdout] 
[INFO] [stdout] running 14 tests
[INFO] [stdout] test config::path::tests::test_from_env ... ok
[INFO] [stdout] test config::include_administrative::tests::test_default ... ok
[INFO] [stdout] test config::tests::test_new ... ok
[INFO] [stdout] test config::tests::test_merge ... ok
[INFO] [stdout] test config::path_flags::tests::test_serialize ... ok
[INFO] [stdout] test config::path_flags::tests::test_deserialize ... ok
[INFO] [stdout] test config::tests::test_included ... ok
[INFO] [stdout] test config::tests::test_with_env ... ok
[INFO] [stdout] test config::tests::test_from_txt ... ok
[INFO] [stderr]      Running unittests src/bin/pathfix/main.rs (/opt/rustwide/target/release/deps/pathfix-aabde441b570e1ef)
[INFO] [stdout] test config::path::tests::test_resolve ... ok
[INFO] [stdout] test config::path::tests::test_parse_path ... ok
[INFO] [stdout] test config::path::tests::test_from_path ... ok
[INFO] [stdout] test config::path::tests::test_merge ... ok
[INFO] [stdout] test config::tests::test_from_file ... ok
[INFO] [stdout] 
[INFO] [stdout] test result: ok. 14 passed; 0 failed; 0 ignored; 0 measured; 0 filtered out; finished in 0.01s
[INFO] [stdout] 
[INFO] [stderr]      Running tests/cmd_test.rs (/opt/rustwide/target/release/deps/cmd_test-bf6edb8d9b6b99c4)
[INFO] [stdout] 
[INFO] [stdout] running 0 tests
[INFO] [stdout] 
[INFO] [stdout] test result: ok. 0 passed; 0 failed; 0 ignored; 0 measured; 0 filtered out; finished in 0.00s
[INFO] [stdout] 
[INFO] [stdout] 
[INFO] [stdout] running 4 tests
[INFO] [stdout] test test_config ... ok
[INFO] [stdout] test test_env_dedup ... ok
[INFO] [stdout] test test_lines ... ok
[INFO] [stdout] test test_no_args ... ok
[INFO] [stderr]    Doc-tests pathfix
[INFO] [stdout] 
[INFO] [stdout] test result: ok. 4 passed; 0 failed; 0 ignored; 0 measured; 0 filtered out; finished in 0.06s
[INFO] [stdout] 
[INFO] [stdout] 
[INFO] [stdout] running 13 tests
[INFO] [stdout] test src/config/mod.rs - config::Config::with_env (line 132) ... FAILED
[INFO] [stdout] test src/config/mod.rs - config::Config::from_file (line 68) ... FAILED
[INFO] [stdout] test src/config/path_flags.rs - config::path_flags::PathFlags::this_system (line 69) ... FAILED
[INFO] [stdout] test src/config/mod.rs - config::Config::from_txt (line 97) ... FAILED
[INFO] [stdout] test src/config/path_flags.rs - config::path_flags::PathFlags::check (line 50) ... ok
[INFO] [stdout] test src/config/path_flags.rs - config::path_flags::PathFlags::new (line 37) ... ok
[INFO] [stdout] test src/config/path.rs - config::path::Path::normalize (line 80) ... ok
[INFO] [stdout] test src/config/path_flags.rs - config::path_flags::PathOsError (line 294) ... ok
[INFO] [stdout] test src/config/path_flags.rs - config::path_flags::PathOs (line 172) ... ok
[INFO] [stdout] test src/config/path_flags.rs - config::path_flags::PathOs::is_unix (line 231) ... ok
[INFO] [stdout] test src/config/include_administrative.rs - config::include_administrative::IncludeAdministrative::check_current_user (line 25) ... ok
[INFO] [stdout] test src/config/path_flags.rs - config::path_flags::PathFlags (line 21) ... ok
[INFO] [stdout] test src/config/mod.rs - config::Config::new (line 49) ... ok
[INFO] [stdout] 
[INFO] [stdout] failures:
[INFO] [stdout] 
[INFO] [stdout] ---- src/config/mod.rs - config::Config::with_env (line 132) stdout ----
[INFO] [stdout] Couldn't compile the test.
[INFO] [stdout] ---- src/config/mod.rs - config::Config::from_file (line 68) stdout ----
[INFO] [stdout] Couldn't compile the test.
[INFO] [stdout] ---- src/config/path_flags.rs - config::path_flags::PathFlags::this_system (line 69) stdout ----
[INFO] [stdout] Couldn't compile the test.
[INFO] [stdout] ---- src/config/mod.rs - config::Config::from_txt (line 97) stdout ----
[INFO] [stdout] Couldn't compile the test.
[INFO] [stdout] 
[INFO] [stdout] failures:
[INFO] [stdout]     src/config/mod.rs - config::Config::from_file (line 68)
[INFO] [stdout]     src/config/mod.rs - config::Config::from_txt (line 97)
[INFO] [stdout]     src/config/mod.rs - config::Config::with_env (line 132)
[INFO] [stdout]     src/config/path_flags.rs - config::path_flags::PathFlags::this_system (line 69)
[INFO] [stdout] 
[INFO] [stdout] test result: FAILED. 9 passed; 4 failed; 0 ignored; 0 measured; 0 filtered out; finished in 18.26s
[INFO] [stdout] 
[INFO] [stderr] error: doctest failed, to rerun pass `--doc`
[INFO] running `Command { std: "docker" "inspect" "03b9b8c2cfcc3b00175f3af8fd5de2433cf1ec77eb6b42c764c645232d7ea8dc", kill_on_drop: false }`
[INFO] running `Command { std: "docker" "rm" "-f" "03b9b8c2cfcc3b00175f3af8fd5de2433cf1ec77eb6b42c764c645232d7ea8dc", kill_on_drop: false }`
[INFO] [stdout] 03b9b8c2cfcc3b00175f3af8fd5de2433cf1ec77eb6b42c764c645232d7ea8dc
