[INFO] fetching crate pathfinder-mcp-search 0.5.12...
[INFO] testing pathfinder-mcp-search-0.5.12 against 1.100.0-beta.1+cargoflags=--release for beta-release-1.100-2
[INFO] extracting crate pathfinder-mcp-search 0.5.12 into /workspace/builds/worker-0-tc2/source
[INFO] started tweaking crates.io crate pathfinder-mcp-search 0.5.12
[INFO] finished tweaking crates.io crate pathfinder-mcp-search 0.5.12
[INFO] tweaked toml for crates.io crate pathfinder-mcp-search 0.5.12 written to /workspace/builds/worker-0-tc2/source/Cargo.toml
[INFO] validating manifest of crates.io crate pathfinder-mcp-search 0.5.12 on toolchain 1.100.0-beta.1
[INFO] running `Command { std: CARGO_HOME="/workspace/cargo-home" RUSTUP_HOME="/workspace/rustup-home" "/workspace/cargo-home/bin/cargo" "+1.100.0-beta.1" "metadata" "--manifest-path" "Cargo.toml" "--no-deps", kill_on_drop: false }`
[INFO] crate crates.io crate pathfinder-mcp-search 0.5.12 already has a lockfile, it will not be regenerated
[INFO] running `Command { std: CARGO_HOME="/workspace/cargo-home" RUSTUP_HOME="/workspace/rustup-home" "/workspace/cargo-home/bin/cargo" "+1.100.0-beta.1" "fetch" "--manifest-path" "Cargo.toml", kill_on_drop: false }`
[INFO] [stderr] warning: `package.homepage` is redundant with `package.repository`
[INFO] [stderr]    --> Cargo.toml:124:12
[INFO] [stderr]     |
[INFO] [stderr] 124 | homepage = "https://github.com/irahardianto/pathfinder"
[INFO] [stderr]     |            ^^^^^^^^^^^^^^^^^^^^^^^^^^^^^^^^^^^^^^^^^^^^
[INFO] [stderr] ...
[INFO] [stderr] 129 | repository = "https://github.com/irahardianto/pathfinder"
[INFO] [stderr]     |              --------------------------------------------
[INFO] [stderr]     |
[INFO] [stderr]     = note: `cargo::redundant_homepage` is set to `warn` by default
[INFO] [stderr] help: consider removing `package.homepage`
[INFO] [stderr] warning: `pathfinder-mcp-search` (manifest) generated 1 warning
[INFO] running `Command { std: "docker" "create" "-v" "/var/lib/crater-agent-workspace/builds/worker-0-tc2/source:/opt/rustwide/workdir:ro,Z" "-v" "/var/lib/crater-agent-workspace/builds/worker-0-tc2/target:/opt/rustwide/target:rw,Z" "-v" "/var/lib/crater-agent-workspace/cargo-home:/opt/rustwide/cargo-home:ro,Z" "-v" "/var/lib/crater-agent-workspace/rustup-home:/opt/rustwide/rustup-home:ro,Z" "-m" "1610612736" "--network" "none" "ghcr.io/rust-lang/crates-build-env/linux@sha256:77db811e55d90add9212f6832c23229e3de5f1c1f9905e8cb07319ea15df73ac" "sleep" "infinity", kill_on_drop: false }`
[INFO] [stdout] d3437a797d641077505c4749a2bda8d896665e8261142219c3eccaad82ff0ab6
[INFO] running `Command { std: "docker" "start" "d3437a797d641077505c4749a2bda8d896665e8261142219c3eccaad82ff0ab6", kill_on_drop: false }`
[INFO] running `Command { std: "docker" "inspect" "d3437a797d641077505c4749a2bda8d896665e8261142219c3eccaad82ff0ab6", kill_on_drop: false }`
[INFO] running `Command { std: "docker" "exec" "-e" "SOURCE_DIR=/opt/rustwide/workdir" "-e" "CARGO_HOME=/opt/rustwide/cargo-home" "-e" "RUSTUP_HOME=/opt/rustwide/rustup-home" "-e" "CARGO_TARGET_DIR=/opt/rustwide/target" "-w" "/opt/rustwide/workdir" "--user" "0:0" "d3437a797d641077505c4749a2bda8d896665e8261142219c3eccaad82ff0ab6" "/opt/rustwide/cargo-home/bin/cargo" "+1.100.0-beta.1" "metadata" "--no-deps" "--format-version=1", kill_on_drop: false }`
[INFO] running `Command { std: "docker" "inspect" "d3437a797d641077505c4749a2bda8d896665e8261142219c3eccaad82ff0ab6", kill_on_drop: false }`
[INFO] running `Command { std: "docker" "exec" "-e" "SOURCE_DIR=/opt/rustwide/workdir" "-e" "CARGO_HOME=/opt/rustwide/cargo-home" "-e" "RUSTUP_HOME=/opt/rustwide/rustup-home" "-e" "CARGO_TARGET_DIR=/opt/rustwide/target" "-e" "CARGO_INCREMENTAL=0" "-e" "RUST_BACKTRACE=full" "-e" "RUSTFLAGS=--cap-lints=warn" "-e" "RUSTDOCFLAGS=--cap-lints=warn" "-w" "/opt/rustwide/workdir" "--user" "0:0" "d3437a797d641077505c4749a2bda8d896665e8261142219c3eccaad82ff0ab6" "/opt/rustwide/cargo-home/bin/cargo" "+1.100.0-beta.1" "build" "--frozen" "--message-format=json" "--release", kill_on_drop: false }`
[INFO] [stderr] warning: `package.homepage` is redundant with `package.repository`
[INFO] [stderr]    --> Cargo.toml:124:12
[INFO] [stderr]     |
[INFO] [stderr] 124 | homepage = "https://github.com/irahardianto/pathfinder"
[INFO] [stderr]     |            ^^^^^^^^^^^^^^^^^^^^^^^^^^^^^^^^^^^^^^^^^^^^
[INFO] [stderr] ...
[INFO] [stderr] 129 | repository = "https://github.com/irahardianto/pathfinder"
[INFO] [stderr]     |              --------------------------------------------
[INFO] [stderr]     |
[INFO] [stderr]     = note: `cargo::redundant_homepage` is set to `warn` by default
[INFO] [stderr] help: consider removing `package.homepage`
[INFO] [stderr] warning: `pathfinder-mcp-search` (manifest) generated 1 warning
[INFO] [stderr]    Compiling crossbeam-utils v0.8.22
[INFO] [stderr]    Compiling typenum v1.20.1
[INFO] [stderr]    Compiling crossbeam-epoch v0.9.20
[INFO] [stderr]    Compiling ref-cast v1.0.26
[INFO] [stderr]    Compiling crossbeam-deque v0.8.7
[INFO] [stderr]    Compiling serde_json v1.0.151
[INFO] [stderr]    Compiling aho-corasick v1.1.4
[INFO] [stderr]    Compiling thiserror v2.0.19
[INFO] [stderr]    Compiling syn v3.0.3
[INFO] [stderr]    Compiling syn v2.0.119
[INFO] [stderr]    Compiling errno v0.3.14
[INFO] [stderr]    Compiling mio v1.2.2
[INFO] [stderr]    Compiling grep-matcher v0.1.9
[INFO] [stderr]    Compiling dyn-clone v1.0.20
[INFO] [stderr]    Compiling hashbrown v0.17.1
[INFO] [stderr]    Compiling encoding_rs_io v0.1.7
[INFO] [stderr]    Compiling memmap2 v0.9.11
[INFO] [stderr]    Compiling signal-hook-registry v1.4.8
[INFO] [stderr]    Compiling tokio v1.53.1
[INFO] [stderr]    Compiling lru v0.18.2
[INFO] [stderr]    Compiling hybrid-array v0.4.13
[INFO] [stderr]    Compiling regex-automata v0.4.16
[INFO] [stderr]    Compiling crypto-common v0.2.2
[INFO] [stderr]    Compiling block-buffer v0.12.1
[INFO] [stderr]    Compiling digest v0.11.3
[INFO] [stderr]    Compiling sha2 v0.11.0
[INFO] [stderr]    Compiling ref-cast-impl v1.0.26
[INFO] [stderr]    Compiling serde_derive v1.0.229
[INFO] [stderr]    Compiling thiserror-impl v2.0.19
[INFO] [stderr]    Compiling async-trait v0.1.91
[INFO] [stderr]    Compiling serde_derive_internals v0.29.1
[INFO] [stderr]    Compiling tracing-attributes v0.1.31
[INFO] [stderr]    Compiling schemars_derive v1.2.1
[INFO] [stderr]    Compiling tracing v0.1.44
[INFO] [stderr]    Compiling serde v1.0.229
[INFO] [stderr]    Compiling bstr v1.13.0
[INFO] [stderr]    Compiling regex v1.13.1
[INFO] [stderr]    Compiling globset v0.4.19
[INFO] [stderr]    Compiling grep-searcher v0.1.17
[INFO] [stderr]    Compiling grep-regex v0.1.14
[INFO] [stderr]    Compiling schemars v1.2.1
[INFO] [stderr]    Compiling ignore v0.4.31
[INFO] [stderr]    Compiling pathfinder-mcp-common v0.9.3
[INFO] [stderr]    Compiling pathfinder-mcp-search v0.5.12 (/opt/rustwide/workdir)
[INFO] [stderr]     Finished `release` profile [optimized] target(s) in 13.74s
[INFO] running `Command { std: "docker" "inspect" "d3437a797d641077505c4749a2bda8d896665e8261142219c3eccaad82ff0ab6", kill_on_drop: false }`
[INFO] running `Command { std: "docker" "exec" "-e" "SOURCE_DIR=/opt/rustwide/workdir" "-e" "CARGO_HOME=/opt/rustwide/cargo-home" "-e" "RUSTUP_HOME=/opt/rustwide/rustup-home" "-e" "CARGO_TARGET_DIR=/opt/rustwide/target" "-e" "CARGO_INCREMENTAL=0" "-e" "RUST_BACKTRACE=full" "-e" "RUSTFLAGS=--cap-lints=warn" "-e" "RUSTDOCFLAGS=--cap-lints=warn" "-w" "/opt/rustwide/workdir" "--user" "0:0" "d3437a797d641077505c4749a2bda8d896665e8261142219c3eccaad82ff0ab6" "/opt/rustwide/cargo-home/bin/cargo" "+1.100.0-beta.1" "test" "--frozen" "--no-run" "--message-format=json" "--release", kill_on_drop: false }`
[INFO] [stderr] warning: `package.homepage` is redundant with `package.repository`
[INFO] [stderr]    --> Cargo.toml:124:12
[INFO] [stderr]     |
[INFO] [stderr] 124 | homepage = "https://github.com/irahardianto/pathfinder"
[INFO] [stderr]     |            ^^^^^^^^^^^^^^^^^^^^^^^^^^^^^^^^^^^^^^^^^^^^
[INFO] [stderr] ...
[INFO] [stderr] 129 | repository = "https://github.com/irahardianto/pathfinder"
[INFO] [stderr]     |              --------------------------------------------
[INFO] [stderr]     |
[INFO] [stderr]     = note: `cargo::redundant_homepage` is set to `warn` by default
[INFO] [stderr] help: consider removing `package.homepage`
[INFO] [stderr] warning: `pathfinder-mcp-search` (manifest) generated 1 warning
[INFO] [stderr]    Compiling crossbeam-utils v0.8.22
[INFO] [stderr]    Compiling zerocopy v0.8.55
[INFO] [stderr]    Compiling zerocopy-derive v0.8.55
[INFO] [stderr]    Compiling smallvec v1.15.2
[INFO] [stderr]    Compiling cc v1.4.0
[INFO] [stderr]    Compiling num-traits v0.2.19
[INFO] [stderr]    Compiling either v1.17.0
[INFO] [stderr]    Compiling tokio-macros v2.7.1
[INFO] [stderr]    Compiling plotters-backend v0.3.7
[INFO] [stderr]    Compiling ciborium-io v0.2.2
[INFO] [stderr]    Compiling clap_builder v4.6.2
[INFO] [stderr]    Compiling cast v0.3.0
[INFO] [stderr]    Compiling bitflags v2.13.1
[INFO] [stderr]    Compiling getrandom v0.4.3
[INFO] [stderr]    Compiling tinytemplate v1.2.1
[INFO] [stderr]    Compiling page_size v0.6.0
[INFO] [stderr]    Compiling anes v0.1.6
[INFO] [stderr]    Compiling oorandom v11.1.5
[INFO] [stderr]    Compiling parking_lot_core v0.9.12
[INFO] [stderr]    Compiling plotters-svg v0.3.7
[INFO] [stderr]    Compiling rustix v1.1.4
[INFO] [stderr]    Compiling itertools v0.13.0
[INFO] [stderr]    Compiling parking_lot v0.12.5
[INFO] [stderr]    Compiling tokio v1.53.1
[INFO] [stderr]    Compiling crossbeam-epoch v0.9.20
[INFO] [stderr]    Compiling crossbeam-deque v0.8.7
[INFO] [stderr]    Compiling ignore v0.4.31
[INFO] [stderr]    Compiling rayon-core v1.13.0
[INFO] [stderr]    Compiling plotters v0.3.7
[INFO] [stderr]    Compiling rayon v1.12.0
[INFO] [stderr]    Compiling alloca v0.4.0
[INFO] [stderr]    Compiling criterion-plot v0.8.2
[INFO] [stderr]    Compiling tempfile v3.27.0
[INFO] [stderr]    Compiling clap v4.6.4
[INFO] [stderr]    Compiling half v2.7.1
[INFO] [stderr]    Compiling ciborium-ll v0.2.2
[INFO] [stderr]    Compiling ciborium v0.2.2
[INFO] [stderr]    Compiling pathfinder-mcp-common v0.9.3
[INFO] [stderr]    Compiling criterion v0.8.2
[INFO] [stderr]    Compiling pathfinder-mcp-search v0.5.12 (/opt/rustwide/workdir)
[INFO] [stderr]     Finished `release` profile [optimized] target(s) in 23.78s
[INFO] running `Command { std: "docker" "inspect" "d3437a797d641077505c4749a2bda8d896665e8261142219c3eccaad82ff0ab6", kill_on_drop: false }`
[INFO] running `Command { std: "docker" "exec" "-e" "SOURCE_DIR=/opt/rustwide/workdir" "-e" "CARGO_HOME=/opt/rustwide/cargo-home" "-e" "RUSTUP_HOME=/opt/rustwide/rustup-home" "-e" "CARGO_TARGET_DIR=/opt/rustwide/target" "-e" "CARGO_INCREMENTAL=0" "-e" "RUST_BACKTRACE=full" "-e" "RUSTFLAGS=--cap-lints=warn" "-e" "RUSTDOCFLAGS=--cap-lints=warn" "-w" "/opt/rustwide/workdir" "--user" "0:0" "d3437a797d641077505c4749a2bda8d896665e8261142219c3eccaad82ff0ab6" "/opt/rustwide/cargo-home/bin/cargo" "+1.100.0-beta.1" "test" "--frozen" "--release", kill_on_drop: false }`
[INFO] [stderr] warning: `package.homepage` is redundant with `package.repository`
[INFO] [stderr]    --> Cargo.toml:124:12
[INFO] [stderr]     |
[INFO] [stderr] 124 | homepage = "https://github.com/irahardianto/pathfinder"
[INFO] [stderr]     |            ^^^^^^^^^^^^^^^^^^^^^^^^^^^^^^^^^^^^^^^^^^^^
[INFO] [stderr] ...
[INFO] [stderr] 129 | repository = "https://github.com/irahardianto/pathfinder"
[INFO] [stderr]     |              --------------------------------------------
[INFO] [stderr]     |
[INFO] [stderr]     = note: `cargo::redundant_homepage` is set to `warn` by default
[INFO] [stderr] help: consider removing `package.homepage`
[INFO] [stderr] warning: `pathfinder-mcp-search` (manifest) generated 1 warning
[INFO] [stderr]     Finished `release` profile [optimized] target(s) in 0.15s
[INFO] [stderr]      Running unittests src/lib.rs (/opt/rustwide/target/release/build/pathfinder-mcp-search/0eb0a2678f8c0213/out/pathfinder_search-0eb0a2678f8c0213)
[INFO] [stdout] 
[INFO] [stdout] running 64 tests
[INFO] [stdout] test mock::tests::test_mock_returns_error_when_configured ... ok
[INFO] [stdout] test ripgrep::tests::test_search_default_impl ... ok
[INFO] [stdout] test ripgrep::tests::test_safe_truncate_bytes_at_multibyte_boundary ... ok
[INFO] [stdout] test mock::tests::test_mock_returns_configured_result ... ok
[INFO] [stdout] test mock::tests::test_mock_records_calls ... ok
[INFO] [stdout] test ripgrep::tests::test_search_empty_workspace ... ok
[INFO] [stdout] test mock::tests::test_mock_set_results_returns_sequentially ... ok
[INFO] [stdout] test ripgrep::tests::test_files_searched_count ... ok
[INFO] [stdout] test ripgrep::tests::test_decode_line_invalid_utf8 ... ok
[INFO] [stdout] test ripgrep::tests::test_filter_entry_windows_path_style ... ok
[INFO] [stdout] test ripgrep::tests::test_search_context_lines ... ok
[INFO] [stdout] test ripgrep::tests::test_search_empty_query ... ok
[INFO] [stdout] test ripgrep::tests::test_is_binary_extension_edge_cases ... ok
[INFO] [stdout] test ripgrep::tests::test_search_exclude_glob_multiple_patterns ... ok
[INFO] [stdout] test ripgrep::tests::test_search_excludes_coverage_directory ... ok
[INFO] [stdout] test ripgrep::tests::test_search_exclude_glob_skips_matching_files ... ok
[INFO] [stdout] test mock::tests::test_mock_defaults_to_empty_result ... ok
[INFO] [stdout] test ripgrep::tests::test_search_excludes_build_directory ... ok
[INFO] [stdout] test ripgrep::tests::test_search_context_lines_overlap ... ok
[INFO] [stdout] test ripgrep::tests::test_search_column_offset ... ok
[INFO] [stdout] test ripgrep::tests::test_search_excludes_next_directory ... ok
[INFO] [stdout] test ripgrep::tests::test_search_excludes_dist_directory ... ok
[INFO] [stdout] test ripgrep::tests::test_search_line_truncation ... ok
[INFO] [stdout] test ripgrep::tests::test_search_excludes_git_directory ... ok
[INFO] [stdout] test ripgrep::tests::test_search_excludes_turbo_directory ... ok
[INFO] [stdout] test ripgrep::tests::test_search_excludes_gradle_directory ... ok
[INFO] [stdout] test ripgrep::tests::test_regex_cache_same_pattern ... ok
[INFO] [stdout] test ripgrep::tests::test_search_invalid_glob_returns_error ... ok
[INFO] [stdout] test ripgrep::tests::test_search_excludes_nyc_output_directory ... ok
[INFO] [stdout] test ripgrep::tests::test_search_invalid_regex_returns_error ... ok
[INFO] [stdout] test ripgrep::tests::test_search_known_field_default_false ... ok
[INFO] [stdout] test ripgrep::tests::test_search_excludes_mypy_cache_directory ... ok
[INFO] [stdout] test ripgrep::tests::test_search_literal_not_found ... ok
[INFO] [stdout] test ripgrep::tests::test_binary_files_are_skipped ... ok
[INFO] [stdout] test ripgrep::tests::test_decode_line_valid_utf8 ... ok
[INFO] [stdout] test ripgrep::tests::test_search_match_has_version_hash ... ok
[INFO] [stdout] test ripgrep::tests::test_search_match_column_for_first_char ... ok
[INFO] [stdout] test ripgrep::tests::test_search_multiple_matches_in_one_file ... ok
[INFO] [stdout] test ripgrep::tests::test_search_max_results_truncation ... ok
[INFO] [stdout] test ripgrep::tests::test_search_match_count_exceeds_max_across_files ... ok
[INFO] [stdout] test ripgrep::tests::test_search_offset_beyond_results ... ok
[INFO] [stdout] test ripgrep::tests::test_search_excludes_node_modules_and_vendor ... ok
[INFO] [stdout] test ripgrep::tests::test_strip_line_endings_crlf ... ok
[INFO] [stdout] test ripgrep::tests::test_strip_line_endings_bare_cr ... ok
[INFO] [stdout] test ripgrep::tests::test_search_offset_pagination ... ok
[INFO] [stdout] test ripgrep::tests::test_search_offset_with_truncation ... ok
[INFO] [stdout] test ripgrep::tests::test_search_path_glob_restricts_files ... ok
[INFO] [stdout] test ripgrep::tests::test_strip_line_endings_lf_only ... ok
[INFO] [stdout] test ripgrep::tests::test_search_respects_deadline ... ok
[INFO] [stdout] test ripgrep::tests::test_search_literal_pattern_found ... ok
[INFO] [stdout] test ripgrep::tests::test_truncate_line_exact_boundary ... ok
[INFO] [stdout] test ripgrep::tests::test_search_regex_pattern ... ok
[INFO] [stdout] test ripgrep::tests::test_search_zero_context_lines ... ok
[INFO] [stdout] test ripgrep::tests::test_search_unreadable_file_skips ... FAILED
[INFO] [stdout] test ripgrep::tests::test_strip_line_endings_no_ending ... ok
[INFO] [stdout] test types::tests::test_search_match_serde_roundtrip ... ok
[INFO] [stdout] test ripgrep::tests::test_truncate_line_short ... ok
[INFO] [stdout] test ripgrep::tests::test_truncate_line_multibyte_char_boundary ... ok
[INFO] [stdout] test ripgrep::tests::test_truncate_line_over_boundary ... ok
[INFO] [stdout] test types::tests::test_search_match_skip_serializing_none_fields ... ok
[INFO] [stdout] test types::tests::test_search_match_version_hash_schema_describes_short_format ... ok
[INFO] [stdout] test types::tests::test_search_params_default_values ... ok
[INFO] [stdout] test ripgrep::tests::test_search_enclosing_semantic_path_is_null ... ok
[INFO] [stdout] test types::tests::test_search_result_serde_roundtrip ... ok
[INFO] [stdout] 
[INFO] [stdout] failures:
[INFO] [stdout] 
[INFO] [stdout] ---- ripgrep::tests::test_search_unreadable_file_skips stdout ----
[INFO] [stdout] 
[INFO] [stdout] thread 'ripgrep::tests::test_search_unreadable_file_skips' (2020) panicked at src/ripgrep_test.rs:1171:9:
[INFO] [stdout] assertion `left == right` failed
[INFO] [stdout]   left: 1
[INFO] [stdout]  right: 0
[INFO] [stdout] stack backtrace:
[INFO] [stdout]    0:     0x63b85dd112a1 - <<std[617be2ca0a6fd877]::sys::backtrace::BacktraceLock>::print::DisplayBacktrace as core[a373ad73a504971]::fmt::Display>::fmt
[INFO] [stdout]    1:     0x63b85dd2717a - core[a373ad73a504971]::fmt::write
[INFO] [stdout]    2:     0x63b85dd15a5c - <alloc[2e1b2a31b91974c5]::vec::Vec<u8> as core[a373ad73a504971]::io::write::Write>::write_fmt
[INFO] [stdout]    3:     0x63b85dceb336 - std[617be2ca0a6fd877]::panicking::default_hook::{closure#0}
[INFO] [stdout]    4:     0x63b85dd08b59 - std[617be2ca0a6fd877]::panicking::default_hook
[INFO] [stdout]    5:     0x63b85db2cbf0 - test[aada8e7e76ba119b]::test_main_inner::{closure#0}
[INFO] [stdout]    6:     0x63b85dd08d12 - std[617be2ca0a6fd877]::panicking::panic_with_hook
[INFO] [stdout]    7:     0x63b85dceb3e2 - std[617be2ca0a6fd877]::panicking::panic_handler::{closure#0}
[INFO] [stdout]    8:     0x63b85dce3f09 - std[617be2ca0a6fd877]::sys::backtrace::__rust_end_short_backtrace::<std[617be2ca0a6fd877]::panicking::panic_handler::{closure#0}, !>
[INFO] [stdout]    9:     0x63b85dcec0ad - __rustc[ea4f61d10b84890b]::rust_begin_unwind
[INFO] [stdout]   10:     0x63b85dd2795c - core[a373ad73a504971]::panicking::panic_fmt
[INFO] [stdout]   11:     0x63b85dd27873 - core[a373ad73a504971]::panicking::assert_failed_inner
[INFO] [stdout]   12:     0x63b85dd230bd - core[a373ad73a504971]::panicking::assert_failed::<usize, usize>
[INFO] [stdout]   13:     0x63b85dad3e4e - pathfinder_search[36e78ed7541ee8a]::ripgrep::tests::test_search_unreadable_file_skips::{closure#0}
[INFO] [stdout]   14:     0x63b85daf3c76 - <tokio[374483234fdb1eaa]::runtime::scheduler::current_thread::CoreGuard>::block_on::<core[a373ad73a504971]::pin::Pin<&mut core[a373ad73a504971]::pin::Pin<&mut dyn core[a373ad73a504971]::future::future::Future<Output = ()>>>>
[INFO] [stdout]   15:     0x63b85db160cb - tokio[374483234fdb1eaa]::runtime::context::runtime::enter_runtime::<<tokio[374483234fdb1eaa]::runtime::scheduler::current_thread::CurrentThread>::block_on<core[a373ad73a504971]::pin::Pin<&mut dyn core[a373ad73a504971]::future::future::Future<Output = ()>>>::{closure#0}, ()>
[INFO] [stdout]   16:     0x63b85db13eeb - <tokio[374483234fdb1eaa]::runtime::runtime::Runtime>::block_on::<core[a373ad73a504971]::pin::Pin<&mut dyn core[a373ad73a504971]::future::future::Future<Output = ()>>>
[INFO] [stdout]   17:     0x63b85dadf2de - <pathfinder_search[36e78ed7541ee8a]::ripgrep::tests::test_search_unreadable_file_skips::{closure#0} as core[a373ad73a504971]::ops::function::FnOnce<()>>::call_once
[INFO] [stdout]   18:     0x63b85db2003b - test[aada8e7e76ba119b]::__rust_begin_short_backtrace::<core[a373ad73a504971]::result::Result<(), alloc[2e1b2a31b91974c5]::string::String>, fn() -> core[a373ad73a504971]::result::Result<(), alloc[2e1b2a31b91974c5]::string::String>>
[INFO] [stdout]   19:     0x63b85db2d215 - test[aada8e7e76ba119b]::run_test::{closure#0}
[INFO] [stdout]   20:     0x63b85db26b04 - std[617be2ca0a6fd877]::sys::backtrace::__rust_begin_short_backtrace::<test[aada8e7e76ba119b]::run_test::{closure#1}, ()>
[INFO] [stdout]   21:     0x63b85db302a2 - <std[617be2ca0a6fd877]::thread::lifecycle::spawn_unchecked<test[aada8e7e76ba119b]::run_test::{closure#1}, ()>::{closure#1} as core[a373ad73a504971]::ops::function::FnOnce<()>>::call_once::{shim:vtable#0}
[INFO] [stdout]   22:     0x63b85dd10acf - <std[617be2ca0a6fd877]::sys::thread::unix::Thread>::new::thread_start
[INFO] [stdout]   23:     0x7aaef47dfdfa - <unknown>
[INFO] [stdout]   24:     0x7aaef48733d4 - clone
[INFO] [stdout]   25:                0x0 - <unknown>
[INFO] [stdout] 
[INFO] [stdout] 
[INFO] [stdout] failures:
[INFO] [stdout]     ripgrep::tests::test_search_unreadable_file_skips
[INFO] [stdout] 
[INFO] [stdout] test result: FAILED. 63 passed; 1 failed; 0 ignored; 0 measured; 0 filtered out; finished in 0.04s
[INFO] [stdout] 
[INFO] [stderr] error: test failed, to rerun pass `--lib`
[INFO] running `Command { std: "docker" "inspect" "d3437a797d641077505c4749a2bda8d896665e8261142219c3eccaad82ff0ab6", kill_on_drop: false }`
[INFO] running `Command { std: "docker" "rm" "-f" "d3437a797d641077505c4749a2bda8d896665e8261142219c3eccaad82ff0ab6", kill_on_drop: false }`
[INFO] [stdout] d3437a797d641077505c4749a2bda8d896665e8261142219c3eccaad82ff0ab6
