[INFO] fetching crate path-rs 0.1.0...
[INFO] testing path-rs-0.1.0 against 1.100.0-beta.1+cargoflags=--release for beta-release-1.100-2
[INFO] extracting crate path-rs 0.1.0 into /workspace/builds/worker-4-tc2/source
[INFO] started tweaking crates.io crate path-rs 0.1.0
[INFO] removed 0 missing examples
[INFO] removed 0 missing tests
[INFO] finished tweaking crates.io crate path-rs 0.1.0
[INFO] tweaked toml for crates.io crate path-rs 0.1.0 written to /workspace/builds/worker-4-tc2/source/Cargo.toml
[INFO] validating manifest of crates.io crate path-rs 0.1.0 on toolchain 1.100.0-beta.1
[INFO] running `Command { std: CARGO_HOME="/workspace/cargo-home" RUSTUP_HOME="/workspace/rustup-home" "/workspace/cargo-home/bin/cargo" "+1.100.0-beta.1" "metadata" "--manifest-path" "Cargo.toml" "--no-deps", kill_on_drop: false }`
[INFO] crate crates.io crate path-rs 0.1.0 already has a lockfile, it will not be regenerated
[INFO] running `Command { std: CARGO_HOME="/workspace/cargo-home" RUSTUP_HOME="/workspace/rustup-home" "/workspace/cargo-home/bin/cargo" "+1.100.0-beta.1" "fetch" "--manifest-path" "Cargo.toml", kill_on_drop: false }`
[INFO] [stderr] warning: `package.homepage` is redundant with `package.repository`
[INFO] [stderr]    --> Cargo.toml:150:12
[INFO] [stderr]     |
[INFO] [stderr] 150 | homepage = "https://github.com/xylex-group/path-rs"
[INFO] [stderr]     |            ^^^^^^^^^^^^^^^^^^^^^^^^^^^^^^^^^^^^^^^^
[INFO] [stderr] ...
[INFO] [stderr] 156 | repository = "https://github.com/xylex-group/path-rs"
[INFO] [stderr]     |              ----------------------------------------
[INFO] [stderr]     |
[INFO] [stderr]     = note: `cargo::redundant_homepage` is set to `warn` by default
[INFO] [stderr] help: consider removing `package.homepage`
[INFO] [stderr] warning: `path-rs` (manifest) generated 1 warning
[INFO] running `Command { std: "docker" "create" "-v" "/var/lib/crater-agent-workspace/builds/worker-4-tc2/source:/opt/rustwide/workdir:ro,Z" "-v" "/var/lib/crater-agent-workspace/builds/worker-4-tc2/target:/opt/rustwide/target:rw,Z" "-v" "/var/lib/crater-agent-workspace/cargo-home:/opt/rustwide/cargo-home:ro,Z" "-v" "/var/lib/crater-agent-workspace/rustup-home:/opt/rustwide/rustup-home:ro,Z" "-m" "1610612736" "--network" "none" "ghcr.io/rust-lang/crates-build-env/linux@sha256:77db811e55d90add9212f6832c23229e3de5f1c1f9905e8cb07319ea15df73ac" "sleep" "infinity", kill_on_drop: false }`
[INFO] [stdout] dc9cc0a905d2b68ee89a05b6d2e181cab54226fc12bb8b9de9bc6c6c29b6a590
[INFO] running `Command { std: "docker" "start" "dc9cc0a905d2b68ee89a05b6d2e181cab54226fc12bb8b9de9bc6c6c29b6a590", kill_on_drop: false }`
[INFO] running `Command { std: "docker" "inspect" "dc9cc0a905d2b68ee89a05b6d2e181cab54226fc12bb8b9de9bc6c6c29b6a590", kill_on_drop: false }`
[INFO] running `Command { std: "docker" "exec" "-e" "SOURCE_DIR=/opt/rustwide/workdir" "-e" "CARGO_HOME=/opt/rustwide/cargo-home" "-e" "RUSTUP_HOME=/opt/rustwide/rustup-home" "-e" "CARGO_TARGET_DIR=/opt/rustwide/target" "-w" "/opt/rustwide/workdir" "--user" "0:0" "dc9cc0a905d2b68ee89a05b6d2e181cab54226fc12bb8b9de9bc6c6c29b6a590" "/opt/rustwide/cargo-home/bin/cargo" "+1.100.0-beta.1" "metadata" "--no-deps" "--format-version=1", kill_on_drop: false }`
[INFO] running `Command { std: "docker" "inspect" "dc9cc0a905d2b68ee89a05b6d2e181cab54226fc12bb8b9de9bc6c6c29b6a590", kill_on_drop: false }`
[INFO] running `Command { std: "docker" "exec" "-e" "SOURCE_DIR=/opt/rustwide/workdir" "-e" "CARGO_HOME=/opt/rustwide/cargo-home" "-e" "RUSTUP_HOME=/opt/rustwide/rustup-home" "-e" "CARGO_TARGET_DIR=/opt/rustwide/target" "-e" "CARGO_INCREMENTAL=0" "-e" "RUST_BACKTRACE=full" "-e" "RUSTFLAGS=--cap-lints=warn" "-e" "RUSTDOCFLAGS=--cap-lints=warn" "-w" "/opt/rustwide/workdir" "--user" "0:0" "dc9cc0a905d2b68ee89a05b6d2e181cab54226fc12bb8b9de9bc6c6c29b6a590" "/opt/rustwide/cargo-home/bin/cargo" "+1.100.0-beta.1" "build" "--frozen" "--message-format=json" "--release", kill_on_drop: false }`
[INFO] [stderr] warning: `package.homepage` is redundant with `package.repository`
[INFO] [stderr]    --> Cargo.toml:150:12
[INFO] [stderr]     |
[INFO] [stderr] 150 | homepage = "https://github.com/xylex-group/path-rs"
[INFO] [stderr]     |            ^^^^^^^^^^^^^^^^^^^^^^^^^^^^^^^^^^^^^^^^
[INFO] [stderr] ...
[INFO] [stderr] 156 | repository = "https://github.com/xylex-group/path-rs"
[INFO] [stderr]     |              ----------------------------------------
[INFO] [stderr]     |
[INFO] [stderr]     = note: `cargo::redundant_homepage` is set to `warn` by default
[INFO] [stderr] help: consider removing `package.homepage`
[INFO] [stderr] warning: `path-rs` (manifest) generated 1 warning
[INFO] [stderr]    Compiling dunce v1.0.5
[INFO] [stderr]    Compiling aho-corasick v1.1.4
[INFO] [stderr]    Compiling bstr v1.13.0
[INFO] [stderr]    Compiling thiserror-impl v2.0.19
[INFO] [stderr]    Compiling dirs v6.0.0
[INFO] [stderr]    Compiling thiserror v2.0.19
[INFO] [stderr]    Compiling regex-automata v0.4.16
[INFO] [stderr]    Compiling globset v0.4.19
[INFO] [stderr]    Compiling path-rs v0.1.0 (/opt/rustwide/workdir)
[INFO] [stderr]     Finished `release` profile [optimized] target(s) in 12.40s
[INFO] running `Command { std: "docker" "inspect" "dc9cc0a905d2b68ee89a05b6d2e181cab54226fc12bb8b9de9bc6c6c29b6a590", kill_on_drop: false }`
[INFO] running `Command { std: "docker" "exec" "-e" "SOURCE_DIR=/opt/rustwide/workdir" "-e" "CARGO_HOME=/opt/rustwide/cargo-home" "-e" "RUSTUP_HOME=/opt/rustwide/rustup-home" "-e" "CARGO_TARGET_DIR=/opt/rustwide/target" "-e" "CARGO_INCREMENTAL=0" "-e" "RUST_BACKTRACE=full" "-e" "RUSTFLAGS=--cap-lints=warn" "-e" "RUSTDOCFLAGS=--cap-lints=warn" "-w" "/opt/rustwide/workdir" "--user" "0:0" "dc9cc0a905d2b68ee89a05b6d2e181cab54226fc12bb8b9de9bc6c6c29b6a590" "/opt/rustwide/cargo-home/bin/cargo" "+1.100.0-beta.1" "test" "--frozen" "--no-run" "--message-format=json" "--release", kill_on_drop: false }`
[INFO] [stderr] warning: `package.homepage` is redundant with `package.repository`
[INFO] [stderr]    --> Cargo.toml:150:12
[INFO] [stderr]     |
[INFO] [stderr] 150 | homepage = "https://github.com/xylex-group/path-rs"
[INFO] [stderr]     |            ^^^^^^^^^^^^^^^^^^^^^^^^^^^^^^^^^^^^^^^^
[INFO] [stderr] ...
[INFO] [stderr] 156 | repository = "https://github.com/xylex-group/path-rs"
[INFO] [stderr]     |              ----------------------------------------
[INFO] [stderr]     |
[INFO] [stderr]     = note: `cargo::redundant_homepage` is set to `warn` by default
[INFO] [stderr] help: consider removing `package.homepage`
[INFO] [stderr] warning: `path-rs` (manifest) generated 1 warning
[INFO] [stderr]    Compiling crossbeam-utils v0.8.22
[INFO] [stderr]    Compiling crossbeam-epoch v0.9.20
[INFO] [stderr]    Compiling crossbeam-deque v0.8.7
[INFO] [stderr]    Compiling aho-corasick v1.1.4
[INFO] [stderr]    Compiling getrandom v0.4.3
[INFO] [stderr]    Compiling num-traits v0.2.19
[INFO] [stderr]    Compiling bstr v1.13.0
[INFO] [stderr]    Compiling syn v2.0.119
[INFO] [stderr]    Compiling getrandom v0.3.4
[INFO] [stderr]    Compiling rustix v1.1.4
[INFO] [stderr]    Compiling fastrand v2.5.0
[INFO] [stderr]    Compiling serde_derive v1.0.229
[INFO] [stderr]    Compiling predicates-core v1.0.10
[INFO] [stderr]    Compiling clap_builder v4.6.5
[INFO] [stderr]    Compiling itertools v0.10.5
[INFO] [stderr]    Compiling wait-timeout v0.2.1
[INFO] [stderr]    Compiling termtree v0.5.1
[INFO] [stderr]    Compiling rand_core v0.9.5
[INFO] [stderr]    Compiling difflib v0.4.0
[INFO] [stderr]    Compiling is-terminal v0.4.17
[INFO] [stderr]    Compiling predicates-tree v1.0.13
[INFO] [stderr]    Compiling rand_xorshift v0.4.0
[INFO] [stderr]    Compiling rand v0.9.5
[INFO] [stderr]    Compiling predicates v3.1.4
[INFO] [stderr]    Compiling plotters v0.3.7
[INFO] [stderr]    Compiling regex-automata v0.4.16
[INFO] [stderr]    Compiling rayon-core v1.13.0
[INFO] [stderr]    Compiling criterion-plot v0.5.0
[INFO] [stderr]    Compiling rayon v1.12.0
[INFO] [stderr]    Compiling clap v4.6.5
[INFO] [stderr]    Compiling tempfile v3.27.0
[INFO] [stderr]    Compiling rusty-fork v0.3.1
[INFO] [stderr]    Compiling zerocopy-derive v0.8.55
[INFO] [stderr]    Compiling serde v1.0.229
[INFO] [stderr]    Compiling globset v0.4.19
[INFO] [stderr]    Compiling regex v1.13.1
[INFO] [stderr]    Compiling ignore v0.4.30
[INFO] [stderr]    Compiling path-rs v0.1.0 (/opt/rustwide/workdir)
[INFO] [stderr]    Compiling tinytemplate v1.2.1
[INFO] [stderr]    Compiling zerocopy v0.8.55
[INFO] [stderr]    Compiling globwalk v0.9.1
[INFO] [stderr]    Compiling assert_fs v1.1.4
[INFO] [stderr]    Compiling half v2.7.1
[INFO] [stderr]    Compiling ppv-lite86 v0.2.21
[INFO] [stderr]    Compiling rand_chacha v0.9.0
[INFO] [stderr]    Compiling ciborium-ll v0.2.2
[INFO] [stderr]    Compiling proptest v1.11.0
[INFO] [stderr]    Compiling ciborium v0.2.2
[INFO] [stderr]    Compiling criterion v0.5.1
[INFO] [stdout] warning: unused import: `is_drive_relative`
[INFO] [stdout]  --> tests/edge_normalize_resolve.rs:4:41
[INFO] [stdout]   |
[INFO] [stdout] 4 |     PathError, absolute, ensure_inside, is_drive_relative, is_lexically_inside, join_relative,
[INFO] [stdout]   |                                         ^^^^^^^^^^^^^^^^^
[INFO] [stdout]   |
[INFO] [stdout]   = note: `#[warn(unused_imports)]` (part of `#[warn(unused)]`) on by default
[INFO] [stdout] 
[INFO] [stdout] 
[INFO] [stdout] warning: unused import: `std::path::Path`
[INFO] [stdout]    --> src/platform.rs:177:9
[INFO] [stdout]     |
[INFO] [stdout] 177 |     use std::path::Path;
[INFO] [stdout]     |         ^^^^^^^^^^^^^^^
[INFO] [stdout]     |
[INFO] [stdout]     = note: `#[warn(unused_imports)]` (part of `#[warn(unused)]`) on by default
[INFO] [stdout] 
[INFO] [stdout] 
[INFO] [stderr]     Finished `release` profile [optimized] target(s) in 1m 10s
[INFO] running `Command { std: "docker" "inspect" "dc9cc0a905d2b68ee89a05b6d2e181cab54226fc12bb8b9de9bc6c6c29b6a590", kill_on_drop: false }`
[INFO] running `Command { std: "docker" "exec" "-e" "SOURCE_DIR=/opt/rustwide/workdir" "-e" "CARGO_HOME=/opt/rustwide/cargo-home" "-e" "RUSTUP_HOME=/opt/rustwide/rustup-home" "-e" "CARGO_TARGET_DIR=/opt/rustwide/target" "-e" "CARGO_INCREMENTAL=0" "-e" "RUST_BACKTRACE=full" "-e" "RUSTFLAGS=--cap-lints=warn" "-e" "RUSTDOCFLAGS=--cap-lints=warn" "-w" "/opt/rustwide/workdir" "--user" "0:0" "dc9cc0a905d2b68ee89a05b6d2e181cab54226fc12bb8b9de9bc6c6c29b6a590" "/opt/rustwide/cargo-home/bin/cargo" "+1.100.0-beta.1" "test" "--frozen" "--release", kill_on_drop: false }`
[INFO] [stderr] warning: `package.homepage` is redundant with `package.repository`
[INFO] [stderr]    --> Cargo.toml:150:12
[INFO] [stderr]     |
[INFO] [stderr] 150 | homepage = "https://github.com/xylex-group/path-rs"
[INFO] [stderr]     |            ^^^^^^^^^^^^^^^^^^^^^^^^^^^^^^^^^^^^^^^^
[INFO] [stderr] ...
[INFO] [stderr] 156 | repository = "https://github.com/xylex-group/path-rs"
[INFO] [stderr]     |              ----------------------------------------
[INFO] [stderr]     |
[INFO] [stderr]     = note: `cargo::redundant_homepage` is set to `warn` by default
[INFO] [stderr] help: consider removing `package.homepage`
[INFO] [stderr] warning: `path-rs` (manifest) generated 1 warning
[INFO] [stderr] warning: unused import: `is_drive_relative`
[INFO] [stderr]  --> tests/edge_normalize_resolve.rs:4:41
[INFO] [stderr]   |
[INFO] [stderr] 4 |     PathError, absolute, ensure_inside, is_drive_relative, is_lexically_inside, join_relative,
[INFO] [stderr]   |                                         ^^^^^^^^^^^^^^^^^
[INFO] [stderr]   |
[INFO] [stderr]   = note: `#[warn(unused_imports)]` (part of `#[warn(unused)]`) on by default
[INFO] [stderr] 
[INFO] [stderr] warning: unused import: `std::path::Path`
[INFO] [stderr]    --> src/platform.rs:177:9
[INFO] [stderr]     |
[INFO] [stderr] 177 |     use std::path::Path;
[INFO] [stderr]     |         ^^^^^^^^^^^^^^^
[INFO] [stderr]     |
[INFO] [stderr]     = note: `#[warn(unused_imports)]` (part of `#[warn(unused)]`) on by default
[INFO] [stderr] 
[INFO] [stderr] warning: `path-rs` (test "edge_normalize_resolve") generated 1 warning (run `cargo fix --test "edge_normalize_resolve" -p path-rs` to apply 1 suggestion)
[INFO] [stderr] warning: `path-rs` (lib test) generated 1 warning (run `cargo fix --lib -p path-rs --tests` to apply 1 suggestion)
[INFO] [stderr]     Finished `release` profile [optimized] target(s) in 0.23s
[INFO] [stderr]      Running unittests src/lib.rs (/opt/rustwide/target/release/build/path-rs/0e270cd55ce0efe8/out/path_rs-0e270cd55ce0efe8)
[INFO] [stdout] 
[INFO] [stdout] running 25 tests
[INFO] [stdout] test dirs::tests::app_name_validation ... ok
[INFO] [stdout] test expand::tests::unclosed_percent_strict ... ok
[INFO] [stdout] test dirs::tests::app_paths_platform ... ok
[INFO] [stdout] test dirs::tests::platform_dirs_available ... ok
[INFO] [stdout] test expand::tests::dollar_no_command_sub ... ok
[INFO] [stdout] test containment::tests::inside_and_escape ... ok
[INFO] [stdout] test identity::tests::case_and_separators ... ok
[INFO] [stdout] test match_path::tests::quoted_paths ... ok
[INFO] [stdout] test dirs::tests::app_paths_explicit_and_create ... ok
[INFO] [stdout] test identity::tests::dedup_preserves_first ... ok
[INFO] [stdout] test platform::tests::reserved_names ... ok
[INFO] [stdout] test expand::tests::unclosed_dollar_strict ... ok
[INFO] [stdout] test normalize::tests::empty_rejected ... ok
[INFO] [stdout] test platform::tests::wsl_translation ... FAILED
[INFO] [stdout] test resolve::tests::join_rejects_absolute ... ok
[INFO] [stdout] test normalize::tests::collapses_dot_and_parent ... ok
[INFO] [stdout] test resolve::tests::resolve_inside_allows_nested ... ok
[INFO] [stdout] test match_path::tests::command_line_boundary_avoids_prefix_false_positive ... ok
[INFO] [stdout] test resolve::tests::resolve_inside_blocks_escape ... ok
[INFO] [stdout] test expand::tests::dollar_digit_not_var ... ok
[INFO] [stdout] test normalize::tests::preserves_leading_parent_on_relative ... ok
[INFO] [stdout] test expand::tests::percent_escape ... ok
[INFO] [stdout] test expand::tests::tilde_only_at_start ... ok
[INFO] [stdout] test match_path::tests::executable_slash_variants ... FAILED
[INFO] [stdout] test utf8::tests::utf8_ok ... ok
[INFO] [stdout] 
[INFO] [stdout] failures:
[INFO] [stdout] 
[INFO] [stdout] ---- platform::tests::wsl_translation stdout ----
[INFO] [stdout] 
[INFO] [stdout] thread 'platform::tests::wsl_translation' (2439) panicked at src/platform.rs:191:9:
[INFO] [stdout] assertion `left == right` failed
[INFO] [stdout]   left: "C:\\/Users/floris"
[INFO] [stdout]  right: "C:\\Users\\floris"
[INFO] [stdout] stack backtrace:
[INFO] [stdout]    0:     0x5c1601e46841 - <<std[617be2ca0a6fd877]::sys::backtrace::BacktraceLock>::print::DisplayBacktrace as core[a373ad73a504971]::fmt::Display>::fmt
[INFO] [stdout]    1:     0x5c1601e5b68a - core[a373ad73a504971]::fmt::write
[INFO] [stdout]    2:     0x5c1601e4acbc - <alloc[2e1b2a31b91974c5]::vec::Vec<u8> as core[a373ad73a504971]::io::write::Write>::write_fmt
[INFO] [stdout]    3:     0x5c1601e215a6 - std[617be2ca0a6fd877]::panicking::default_hook::{closure#0}
[INFO] [stdout]    4:     0x5c1601e3e719 - std[617be2ca0a6fd877]::panicking::default_hook
[INFO] [stdout]    5:     0x5c1601dd9c90 - test[aada8e7e76ba119b]::test_main_inner::{closure#0}
[INFO] [stdout]    6:     0x5c1601e3e8d2 - std[617be2ca0a6fd877]::panicking::panic_with_hook
[INFO] [stdout]    7:     0x5c1601e21652 - std[617be2ca0a6fd877]::panicking::panic_handler::{closure#0}
[INFO] [stdout]    8:     0x5c1601e1a249 - std[617be2ca0a6fd877]::sys::backtrace::__rust_end_short_backtrace::<std[617be2ca0a6fd877]::panicking::panic_handler::{closure#0}, !>
[INFO] [stdout]    9:     0x5c1601e2225d - __rustc[ea4f61d10b84890b]::rust_begin_unwind
[INFO] [stdout]   10:     0x5c1601e5bdbc - core[a373ad73a504971]::panicking::panic_fmt
[INFO] [stdout]   11:     0x5c1601e5bcd3 - core[a373ad73a504971]::panicking::assert_failed_inner
[INFO] [stdout]   12:     0x5c1601dc9bf9 - core[a373ad73a504971]::panicking::assert_failed::<std[617be2ca0a6fd877]::path::PathBuf, std[617be2ca0a6fd877]::path::PathBuf>
[INFO] [stdout]   13:     0x5c1601dcafaa - <path_rs[8482ffd8a63375b5]::platform::tests::wsl_translation::{closure#0} as core[a373ad73a504971]::ops::function::FnOnce<()>>::call_once
[INFO] [stdout]   14:     0x5c1601dcd0db - test[aada8e7e76ba119b]::__rust_begin_short_backtrace::<core[a373ad73a504971]::result::Result<(), alloc[2e1b2a31b91974c5]::string::String>, fn() -> core[a373ad73a504971]::result::Result<(), alloc[2e1b2a31b91974c5]::string::String>>
[INFO] [stdout]   15:     0x5c1601dda2b5 - test[aada8e7e76ba119b]::run_test::{closure#0}
[INFO] [stdout]   16:     0x5c1601dd3ba4 - std[617be2ca0a6fd877]::sys::backtrace::__rust_begin_short_backtrace::<test[aada8e7e76ba119b]::run_test::{closure#1}, ()>
[INFO] [stdout]   17:     0x5c1601ddd342 - <std[617be2ca0a6fd877]::thread::lifecycle::spawn_unchecked<test[aada8e7e76ba119b]::run_test::{closure#1}, ()>::{closure#1} as core[a373ad73a504971]::ops::function::FnOnce<()>>::call_once::{shim:vtable#0}
[INFO] [stdout]   18:     0x5c1601e4609f - <std[617be2ca0a6fd877]::sys::thread::unix::Thread>::new::thread_start
[INFO] [stdout]   19:     0x70ef6cd88dfa - <unknown>
[INFO] [stdout]   20:     0x70ef6ce1c3d4 - clone
[INFO] [stdout]   21:                0x0 - <unknown>
[INFO] [stdout] 
[INFO] [stdout] ---- match_path::tests::executable_slash_variants stdout ----
[INFO] [stdout] 
[INFO] [stdout] thread 'match_path::tests::executable_slash_variants' (2433) panicked at src/match_path.rs:339:9:
[INFO] [stdout] assertion failed: executable_paths_match(r"C:\Program Files\Tool\app.exe",
[INFO] [stdout]         r"c:/program files/tool/app.exe", opts).unwrap()
[INFO] [stdout] stack backtrace:
[INFO] [stdout]    0:     0x5c1601e46841 - <<std[617be2ca0a6fd877]::sys::backtrace::BacktraceLock>::print::DisplayBacktrace as core[a373ad73a504971]::fmt::Display>::fmt
[INFO] [stdout]    1:     0x5c1601e5b68a - core[a373ad73a504971]::fmt::write
[INFO] [stdout]    2:     0x5c1601e4acbc - <alloc[2e1b2a31b91974c5]::vec::Vec<u8> as core[a373ad73a504971]::io::write::Write>::write_fmt
[INFO] [stdout]    3:     0x5c1601e215a6 - std[617be2ca0a6fd877]::panicking::default_hook::{closure#0}
[INFO] [stdout]    4:     0x5c1601e3e719 - std[617be2ca0a6fd877]::panicking::default_hook
[INFO] [stdout]    5:     0x5c1601dd9c90 - test[aada8e7e76ba119b]::test_main_inner::{closure#0}
[INFO] [stdout]    6:     0x5c1601e3e8d2 - std[617be2ca0a6fd877]::panicking::panic_with_hook
[INFO] [stdout]    7:     0x5c1601e21684 - std[617be2ca0a6fd877]::panicking::panic_handler::{closure#0}
[INFO] [stdout]    8:     0x5c1601e1a249 - std[617be2ca0a6fd877]::sys::backtrace::__rust_end_short_backtrace::<std[617be2ca0a6fd877]::panicking::panic_handler::{closure#0}, !>
[INFO] [stdout]    9:     0x5c1601e2225d - __rustc[ea4f61d10b84890b]::rust_begin_unwind
[INFO] [stdout]   10:     0x5c1601e5bdbc - core[a373ad73a504971]::panicking::panic_fmt
[INFO] [stdout]   11:     0x5c1601e5bd82 - core[a373ad73a504971]::panicking::panic
[INFO] [stdout]   12:     0x5c1601dc5e00 - <path_rs[8482ffd8a63375b5]::match_path::tests::executable_slash_variants::{closure#0} as core[a373ad73a504971]::ops::function::FnOnce<()>>::call_once
[INFO] [stdout]   13:     0x5c1601dcd0db - test[aada8e7e76ba119b]::__rust_begin_short_backtrace::<core[a373ad73a504971]::result::Result<(), alloc[2e1b2a31b91974c5]::string::String>, fn() -> core[a373ad73a504971]::result::Result<(), alloc[2e1b2a31b91974c5]::string::String>>
[INFO] [stdout]   14:     0x5c1601dda2b5 - test[aada8e7e76ba119b]::run_test::{closure#0}
[INFO] [stdout]   15:     0x5c1601dd3ba4 - std[617be2ca0a6fd877]::sys::backtrace::__rust_begin_short_backtrace::<test[aada8e7e76ba119b]::run_test::{closure#1}, ()>
[INFO] [stdout]   16:     0x5c1601ddd342 - <std[617be2ca0a6fd877]::thread::lifecycle::spawn_unchecked<test[aada8e7e76ba119b]::run_test::{closure#1}, ()>::{closure#1} as core[a373ad73a504971]::ops::function::FnOnce<()>>::call_once::{shim:vtable#0}
[INFO] [stdout]   17:     0x5c1601e4609f - <std[617be2ca0a6fd877]::sys::thread::unix::Thread>::new::thread_start
[INFO] [stdout]   18:     0x70ef6cd88dfa - <unknown>
[INFO] [stdout]   19:     0x70ef6ce1c3d4 - clone
[INFO] [stdout]   20:                0x0 - <unknown>
[INFO] [stdout] 
[INFO] [stdout] 
[INFO] [stdout] failures:
[INFO] [stdout]     match_path::tests::executable_slash_variants
[INFO] [stdout]     platform::tests::wsl_translation
[INFO] [stdout] 
[INFO] [stdout] test result: FAILED. 23 passed; 2 failed; 0 ignored; 0 measured; 0 filtered out; finished in 0.04s
[INFO] [stdout] 
[INFO] [stderr] error: test failed, to rerun pass `--lib`
[INFO] running `Command { std: "docker" "inspect" "dc9cc0a905d2b68ee89a05b6d2e181cab54226fc12bb8b9de9bc6c6c29b6a590", kill_on_drop: false }`
[INFO] running `Command { std: "docker" "rm" "-f" "dc9cc0a905d2b68ee89a05b6d2e181cab54226fc12bb8b9de9bc6c6c29b6a590", kill_on_drop: false }`
[INFO] [stdout] dc9cc0a905d2b68ee89a05b6d2e181cab54226fc12bb8b9de9bc6c6c29b6a590
