[INFO] fetching crate patchify 0.2.2...
[INFO] testing patchify-0.2.2 against 1.100.0-beta.1+cargoflags=--release for beta-release-1.100-2
[INFO] extracting crate patchify 0.2.2 into /workspace/builds/worker-7-tc2/source
[INFO] started tweaking crates.io crate patchify 0.2.2
[INFO] removed 0 missing examples
[INFO] removed 0 missing tests
[INFO] finished tweaking crates.io crate patchify 0.2.2
[INFO] tweaked toml for crates.io crate patchify 0.2.2 written to /workspace/builds/worker-7-tc2/source/Cargo.toml
[INFO] validating manifest of crates.io crate patchify 0.2.2 on toolchain 1.100.0-beta.1
[INFO] running `Command { std: CARGO_HOME="/workspace/cargo-home" RUSTUP_HOME="/workspace/rustup-home" "/workspace/cargo-home/bin/cargo" "+1.100.0-beta.1" "metadata" "--manifest-path" "Cargo.toml" "--no-deps", kill_on_drop: false }`
[INFO] crate crates.io crate patchify 0.2.2 already has a lockfile, it will not be regenerated
[INFO] running `Command { std: CARGO_HOME="/workspace/cargo-home" RUSTUP_HOME="/workspace/rustup-home" "/workspace/cargo-home/bin/cargo" "+1.100.0-beta.1" "fetch" "--manifest-path" "Cargo.toml", kill_on_drop: false }`
[INFO] running `Command { std: "docker" "create" "-v" "/var/lib/crater-agent-workspace/builds/worker-7-tc2/source:/opt/rustwide/workdir:ro,Z" "-v" "/var/lib/crater-agent-workspace/builds/worker-7-tc2/target:/opt/rustwide/target:rw,Z" "-v" "/var/lib/crater-agent-workspace/cargo-home:/opt/rustwide/cargo-home:ro,Z" "-v" "/var/lib/crater-agent-workspace/rustup-home:/opt/rustwide/rustup-home:ro,Z" "-m" "1610612736" "--network" "none" "ghcr.io/rust-lang/crates-build-env/linux@sha256:77db811e55d90add9212f6832c23229e3de5f1c1f9905e8cb07319ea15df73ac" "sleep" "infinity", kill_on_drop: false }`
[INFO] [stdout] a28370adbbb772b8ff981972c51d899c9f5a122be71cd3b9cc5df85a1dc1c6c7
[INFO] running `Command { std: "docker" "start" "a28370adbbb772b8ff981972c51d899c9f5a122be71cd3b9cc5df85a1dc1c6c7", kill_on_drop: false }`
[INFO] running `Command { std: "docker" "inspect" "a28370adbbb772b8ff981972c51d899c9f5a122be71cd3b9cc5df85a1dc1c6c7", kill_on_drop: false }`
[INFO] running `Command { std: "docker" "exec" "-e" "SOURCE_DIR=/opt/rustwide/workdir" "-e" "CARGO_HOME=/opt/rustwide/cargo-home" "-e" "RUSTUP_HOME=/opt/rustwide/rustup-home" "-e" "CARGO_TARGET_DIR=/opt/rustwide/target" "-w" "/opt/rustwide/workdir" "--user" "0:0" "a28370adbbb772b8ff981972c51d899c9f5a122be71cd3b9cc5df85a1dc1c6c7" "/opt/rustwide/cargo-home/bin/cargo" "+1.100.0-beta.1" "metadata" "--no-deps" "--format-version=1", kill_on_drop: false }`
[INFO] running `Command { std: "docker" "inspect" "a28370adbbb772b8ff981972c51d899c9f5a122be71cd3b9cc5df85a1dc1c6c7", kill_on_drop: false }`
[INFO] running `Command { std: "docker" "exec" "-e" "SOURCE_DIR=/opt/rustwide/workdir" "-e" "CARGO_HOME=/opt/rustwide/cargo-home" "-e" "RUSTUP_HOME=/opt/rustwide/rustup-home" "-e" "CARGO_TARGET_DIR=/opt/rustwide/target" "-e" "CARGO_INCREMENTAL=0" "-e" "RUST_BACKTRACE=full" "-e" "RUSTFLAGS=--cap-lints=warn" "-e" "RUSTDOCFLAGS=--cap-lints=warn" "-w" "/opt/rustwide/workdir" "--user" "0:0" "a28370adbbb772b8ff981972c51d899c9f5a122be71cd3b9cc5df85a1dc1c6c7" "/opt/rustwide/cargo-home/bin/cargo" "+1.100.0-beta.1" "build" "--frozen" "--message-format=json" "--release", kill_on_drop: false }`
[INFO] [stderr]    Compiling proc-macro2 v1.0.95
[INFO] [stderr]    Compiling unicode-ident v1.0.18
[INFO] [stderr]    Compiling autocfg v1.4.0
[INFO] [stderr]    Compiling libc v0.2.172
[INFO] [stderr]    Compiling pin-project-lite v0.2.16
[INFO] [stderr]    Compiling futures-core v0.3.31
[INFO] [stderr]    Compiling cfg-if v1.0.0
[INFO] [stderr]    Compiling once_cell v1.21.3
[INFO] [stderr]    Compiling bytes v1.10.1
[INFO] [stderr]    Compiling itoa v1.0.15
[INFO] [stderr]    Compiling futures-sink v0.3.31
[INFO] [stderr]    Compiling stable_deref_trait v1.2.0
[INFO] [stderr]    Compiling log v0.4.27
[INFO] [stderr]    Compiling memchr v2.7.4
[INFO] [stderr]    Compiling smallvec v1.15.0
[INFO] [stderr]    Compiling fnv v1.0.7
[INFO] [stderr]    Compiling futures-io v0.3.31
[INFO] [stderr]    Compiling shlex v1.3.0
[INFO] [stderr]    Compiling pin-utils v0.1.0
[INFO] [stderr]    Compiling futures-task v0.3.31
[INFO] [stderr]    Compiling serde v1.0.219
[INFO] [stderr]    Compiling version_check v0.9.5
[INFO] [stderr]    Compiling futures-channel v0.3.31
[INFO] [stderr]    Compiling vcpkg v0.2.15
[INFO] [stderr]    Compiling cc v1.2.25
[INFO] [stderr]    Compiling pkg-config v0.3.32
[INFO] [stderr]    Compiling slab v0.4.9
[INFO] [stderr]    Compiling typenum v1.18.0
[INFO] [stderr]    Compiling hashbrown v0.15.3
[INFO] [stderr]    Compiling equivalent v1.0.2
[INFO] [stderr]    Compiling semver v1.0.26
[INFO] [stderr]    Compiling litemap v0.8.0
[INFO] [stderr]    Compiling httparse v1.10.1
[INFO] [stderr]    Compiling tracing-core v0.1.33
[INFO] [stderr]    Compiling percent-encoding v2.3.1
[INFO] [stderr]    Compiling writeable v0.6.1
[INFO] [stderr]    Compiling tower-service v0.3.3
[INFO] [stderr]    Compiling bitflags v2.9.1
[INFO] [stderr]    Compiling generic-array v0.14.7
[INFO] [stderr]    Compiling atomic-waker v1.1.2
[INFO] [stderr]    Compiling icu_normalizer_data v2.0.0
[INFO] [stderr]    Compiling icu_properties_data v2.0.1
[INFO] [stderr]    Compiling try-lock v0.2.5
[INFO] [stderr]    Compiling want v0.3.1
[INFO] [stderr]    Compiling sync_wrapper v1.0.2
[INFO] [stderr]    Compiling openssl v0.10.73
[INFO] [stderr]    Compiling tower-layer v0.3.3
[INFO] [stderr]    Compiling rand_core v0.6.4
[INFO] [stderr]    Compiling foreign-types-shared v0.1.1
[INFO] [stderr]    Compiling httpdate v1.0.3
[INFO] [stderr]    Compiling foreign-types v0.3.2
[INFO] [stderr]    Compiling quote v1.0.40
[INFO] [stderr]    Compiling form_urlencoded v1.2.1
[INFO] [stderr]    Compiling lock_api v0.4.13
[INFO] [stderr]    Compiling num-traits v0.2.19
[INFO] [stderr]    Compiling syn v2.0.101
[INFO] [stderr]    Compiling rustc_version v0.4.1
[INFO] [stderr]    Compiling base64 v0.22.1
[INFO] [stderr]    Compiling ryu v1.0.20
[INFO] [stderr]    Compiling rustversion v1.0.21
[INFO] [stderr]    Compiling zeroize v1.8.1
[INFO] [stderr]    Compiling native-tls v0.2.14
[INFO] [stderr]    Compiling ipnet v2.11.0
[INFO] [stderr]    Compiling scopeguard v1.2.0
[INFO] [stderr]    Compiling openssl-probe v0.1.6
[INFO] [stderr]    Compiling cpufeatures v0.2.17
[INFO] [stderr]    Compiling serde_json v1.0.140
[INFO] [stderr]    Compiling mio v1.0.4
[INFO] [stderr]    Compiling socket2 v0.5.10
[INFO] [stderr]    Compiling mime v0.3.17
[INFO] [stderr]    Compiling signature v2.2.0
[INFO] [stderr]    Compiling indexmap v2.9.0
[INFO] [stderr]    Compiling getrandom v0.3.3
[INFO] [stderr]    Compiling curve25519-dalek v4.1.3
[INFO] [stderr]    Compiling subtle v2.6.1
[INFO] [stderr]    Compiling thiserror v2.0.12
[INFO] [stderr]    Compiling http v1.3.1
[INFO] [stderr]    Compiling rust_decimal v1.37.1
[INFO] [stderr]    Compiling parking_lot_core v0.9.11
[INFO] [stderr]    Compiling rustix v1.0.7
[INFO] [stderr]    Compiling utf8_iter v1.0.4
[INFO] [stderr]    Compiling ed25519 v2.2.3
[INFO] [stderr]    Compiling getrandom v0.2.16
[INFO] [stderr]    Compiling iri-string v0.7.8
[INFO] [stderr]    Compiling iana-time-zone v0.1.63
[INFO] [stderr]    Compiling linux-raw-sys v0.9.4
[INFO] [stderr]    Compiling arrayvec v0.7.6
[INFO] [stderr]    Compiling matchit v0.8.4
[INFO] [stderr]    Compiling nanorand v0.7.0
[INFO] [stderr]    Compiling spin v0.9.8
[INFO] [stderr]    Compiling rubedo-macros v0.6.4
[INFO] [stderr]    Compiling chrono v0.4.41
[INFO] [stderr]    Compiling rustls-pki-types v1.12.0
[INFO] [stderr]    Compiling encoding_rs v0.8.35
[INFO] [stderr]    Compiling hex v0.4.3
[INFO] [stderr]    Compiling fastrand v2.3.0
[INFO] [stderr]    Compiling parking_lot v0.12.4
[INFO] [stderr]    Compiling flume v0.11.1
[INFO] [stderr]    Compiling block-buffer v0.10.4
[INFO] [stderr]    Compiling crypto-common v0.1.6
[INFO] [stderr]    Compiling digest v0.10.7
[INFO] [stderr]    Compiling openssl-sys v0.9.109
[INFO] [stderr]    Compiling http-body v1.0.1
[INFO] [stderr]    Compiling http-body-util v0.1.3
[INFO] [stderr]    Compiling sha2 v0.10.9
[INFO] [stderr]    Compiling tempfile v3.20.0
[INFO] [stderr]    Compiling synstructure v0.13.2
[INFO] [stderr]    Compiling tokio-macros v2.5.0
[INFO] [stderr]    Compiling zerovec-derive v0.11.1
[INFO] [stderr]    Compiling displaydoc v0.2.5
[INFO] [stderr]    Compiling futures-macro v0.3.31
[INFO] [stderr]    Compiling tracing-attributes v0.1.28
[INFO] [stderr]    Compiling serde_derive v1.0.219
[INFO] [stderr]    Compiling openssl-macros v0.1.1
[INFO] [stderr]    Compiling curve25519-dalek-derive v0.1.1
[INFO] [stderr]    Compiling thiserror-impl v2.0.12
[INFO] [stderr]    Compiling zerofrom-derive v0.1.6
[INFO] [stderr]    Compiling yoke-derive v0.8.0
[INFO] [stderr]    Compiling tokio v1.45.1
[INFO] [stderr]    Compiling futures-util v0.3.31
[INFO] [stderr]    Compiling zerofrom v0.1.6
[INFO] [stderr]    Compiling tracing v0.1.41
[INFO] [stderr]    Compiling yoke v0.8.0
[INFO] [stderr]    Compiling ed25519-dalek v2.1.1
[INFO] [stderr]    Compiling zerotrie v0.2.2
[INFO] [stderr]    Compiling axum-core v0.5.2
[INFO] [stderr]    Compiling zerovec v0.11.2
[INFO] [stderr]    Compiling tinystr v0.8.1
[INFO] [stderr]    Compiling potential_utf v0.1.2
[INFO] [stderr]    Compiling icu_collections v2.0.0
[INFO] [stderr]    Compiling icu_locale_core v2.0.0
[INFO] [stderr]    Compiling icu_provider v2.0.0
[INFO] [stderr]    Compiling icu_normalizer v2.0.0
[INFO] [stderr]    Compiling icu_properties v2.0.1
[INFO] [stderr]    Compiling futures-executor v0.3.31
[INFO] [stderr]    Compiling futures v0.3.31
[INFO] [stderr]    Compiling idna_adapter v1.2.1
[INFO] [stderr]    Compiling idna v1.0.3
[INFO] [stderr]    Compiling url v2.5.4
[INFO] [stderr]    Compiling serde_urlencoded v0.7.1
[INFO] [stderr]    Compiling serde_path_to_error v0.1.17
[INFO] [stderr]    Compiling tokio-util v0.7.15
[INFO] [stderr]    Compiling tower v0.5.2
[INFO] [stderr]    Compiling tokio-native-tls v0.3.1
[INFO] [stderr]    Compiling tower-http v0.6.6
[INFO] [stderr]    Compiling h2 v0.4.10
[INFO] [stderr]    Compiling hyper v1.6.0
[INFO] [stderr]    Compiling hyper-util v0.1.13
[INFO] [stderr]    Compiling hyper-tls v0.6.0
[INFO] [stderr]    Compiling axum v0.8.4
[INFO] [stderr]    Compiling reqwest v0.12.19
[INFO] [stderr]    Compiling rubedo v0.6.4
[INFO] [stderr]    Compiling patchify v0.2.2 (/opt/rustwide/workdir)
[INFO] [stdout] warning: use of deprecated method `std::sync::atomic::Atomic::<usize>::fetch_update`: renamed to `try_update` for consistency
[INFO] [stdout]    --> src/client.rs:432:5
[INFO] [stdout]     |
[INFO] [stdout] 432 |             .fetch_update(Ordering::SeqCst, Ordering::SeqCst, |value| { value.checked_add(1) })
[INFO] [stdout]     |              ^^^^^^^^^^^^
[INFO] [stdout]     |
[INFO] [stdout]     = note: requested on the command line with `-D deprecated`
[INFO] [stdout] help: replace the use of the deprecated method
[INFO] [stdout]     |
[INFO] [stdout] 432 -             .fetch_update(Ordering::SeqCst, Ordering::SeqCst, |value| { value.checked_add(1) })
[INFO] [stdout] 432 +             .try_update(Ordering::SeqCst, Ordering::SeqCst, |value| { value.checked_add(1) })
[INFO] [stdout]     |
[INFO] [stdout] 
[INFO] [stdout] 
[INFO] [stdout] warning: use of deprecated method `std::sync::atomic::Atomic::<usize>::fetch_update`: renamed to `try_update` for consistency
[INFO] [stdout]    --> src/client.rs:455:5
[INFO] [stdout]     |
[INFO] [stdout] 455 |             .fetch_update(Ordering::SeqCst, Ordering::SeqCst, |value| { value.checked_sub(1) })
[INFO] [stdout]     |              ^^^^^^^^^^^^
[INFO] [stdout]     |
[INFO] [stdout] help: replace the use of the deprecated method
[INFO] [stdout]     |
[INFO] [stdout] 455 -             .fetch_update(Ordering::SeqCst, Ordering::SeqCst, |value| { value.checked_sub(1) })
[INFO] [stdout] 455 +             .try_update(Ordering::SeqCst, Ordering::SeqCst, |value| { value.checked_sub(1) })
[INFO] [stdout]     |
[INFO] [stdout] 
[INFO] [stdout] 
[INFO] [stderr]     Finished `release` profile [optimized] target(s) in 1m 24s
[INFO] running `Command { std: "docker" "inspect" "a28370adbbb772b8ff981972c51d899c9f5a122be71cd3b9cc5df85a1dc1c6c7", kill_on_drop: false }`
[INFO] running `Command { std: "docker" "exec" "-e" "SOURCE_DIR=/opt/rustwide/workdir" "-e" "CARGO_HOME=/opt/rustwide/cargo-home" "-e" "RUSTUP_HOME=/opt/rustwide/rustup-home" "-e" "CARGO_TARGET_DIR=/opt/rustwide/target" "-e" "CARGO_INCREMENTAL=0" "-e" "RUST_BACKTRACE=full" "-e" "RUSTFLAGS=--cap-lints=warn" "-e" "RUSTDOCFLAGS=--cap-lints=warn" "-w" "/opt/rustwide/workdir" "--user" "0:0" "a28370adbbb772b8ff981972c51d899c9f5a122be71cd3b9cc5df85a1dc1c6c7" "/opt/rustwide/cargo-home/bin/cargo" "+1.100.0-beta.1" "test" "--frozen" "--no-run" "--message-format=json" "--release", kill_on_drop: false }`
[INFO] [stderr]    Compiling log v0.4.27
[INFO] [stderr]    Compiling tracing-core v0.1.33
[INFO] [stderr]    Compiling serde_json v1.0.140
[INFO] [stderr]    Compiling signal-hook-registry v1.4.5
[INFO] [stderr]    Compiling getrandom v0.2.16
[INFO] [stderr]    Compiling proc-macro2-diagnostics v0.10.1
[INFO] [stderr]    Compiling syn v1.0.109
[INFO] [stderr]    Compiling native-tls v0.2.14
[INFO] [stderr]    Compiling zerocopy v0.8.25
[INFO] [stderr]    Compiling aho-corasick v1.1.3
[INFO] [stderr]    Compiling yansi v1.0.1
[INFO] [stderr]    Compiling camino v1.1.10
[INFO] [stderr]    Compiling predicates-core v1.0.9
[INFO] [stderr]    Compiling regex-syntax v0.8.5
[INFO] [stderr]    Compiling thiserror v1.0.69
[INFO] [stderr]    Compiling mockall_derive v0.13.1
[INFO] [stderr]    Compiling serde_spanned v0.6.8
[INFO] [stderr]    Compiling rand_core v0.6.4
[INFO] [stderr]    Compiling toml_datetime v0.6.9
[INFO] [stderr]    Compiling tokio v1.45.1
[INFO] [stderr]    Compiling thiserror-impl v1.0.69
[INFO] [stderr]    Compiling uncased v0.9.10
[INFO] [stderr]    Compiling termtree v0.5.1
[INFO] [stderr]    Compiling cfg-if v1.0.0
[INFO] [stderr]    Compiling anstyle v1.0.10
[INFO] [stderr]    Compiling winnow v0.7.10
[INFO] [stderr]    Compiling crypto-common v0.1.6
[INFO] [stderr]    Compiling regex-syntax v0.6.29
[INFO] [stderr]    Compiling tracing v0.1.41
[INFO] [stderr]    Compiling digest v0.10.7
[INFO] [stderr]    Compiling axum-core v0.5.2
[INFO] [stderr]    Compiling toml_write v0.1.1
[INFO] [stderr]    Compiling paste v1.0.15
[INFO] [stderr]    Compiling predicates v3.1.3
[INFO] [stderr]    Compiling sha2 v0.10.9
[INFO] [stderr]    Compiling curve25519-dalek v4.1.3
[INFO] [stderr]    Compiling pear_codegen v0.2.9
[INFO] [stderr]    Compiling predicates-tree v1.0.12
[INFO] [stderr]    Compiling nanorand v0.7.0
[INFO] [stderr]    Compiling cargo-platform v0.1.9
[INFO] [stderr]    Compiling async-trait v0.1.88
[INFO] [stderr]    Compiling num_cpus v1.17.0
[INFO] [stderr]    Compiling figment v0.10.19
[INFO] [stderr]    Compiling downcast v0.11.0
[INFO] [stderr]    Compiling ppv-lite86 v0.2.21
[INFO] [stderr]    Compiling fragile v2.0.1
[INFO] [stderr]    Compiling overload v0.1.1
[INFO] [stderr]    Compiling inlinable_string v0.1.15
[INFO] [stderr]    Compiling regex-automata v0.1.10
[INFO] [stderr]    Compiling lazy_static v1.5.0
[INFO] [stderr]    Compiling deadpool-runtime v0.1.4
[INFO] [stderr]    Compiling sharded-slab v0.1.7
[INFO] [stderr]    Compiling rand_chacha v0.3.1
[INFO] [stderr]    Compiling pear v0.2.9
[INFO] [stderr]    Compiling ed25519-dalek v2.1.1
[INFO] [stderr]    Compiling cargo_metadata v0.15.4
[INFO] [stderr]    Compiling assert-json-diff v2.0.2
[INFO] [stderr]    Compiling nu-ansi-term v0.46.0
[INFO] [stderr]    Compiling toml_edit v0.22.26
[INFO] [stderr]    Compiling flume v0.11.1
[INFO] [stderr]    Compiling regex-automata v0.4.9
[INFO] [stderr]    Compiling tracing-log v0.2.0
[INFO] [stderr]    Compiling thread_local v1.1.8
[INFO] [stderr]    Compiling rand v0.8.5
[INFO] [stderr]    Compiling smart-default v0.7.1
[INFO] [stderr]    Compiling claims v0.8.0
[INFO] [stderr]    Compiling matchers v0.1.0
[INFO] [stderr]    Compiling velcro_core v0.5.4
[INFO] [stderr]    Compiling mockall v0.13.1
[INFO] [stderr]    Compiling velcro_macros v0.5.4
[INFO] [stderr]    Compiling test-binary v3.0.2
[INFO] [stderr]    Compiling velcro v0.5.4
[INFO] [stderr]    Compiling toml v0.8.22
[INFO] [stderr]    Compiling tokio-util v0.7.15
[INFO] [stderr]    Compiling tower v0.5.2
[INFO] [stderr]    Compiling tokio-native-tls v0.3.1
[INFO] [stderr]    Compiling deadpool v0.10.0
[INFO] [stderr]    Compiling regex v1.11.1
[INFO] [stderr]    Compiling tower-http v0.6.6
[INFO] [stderr]    Compiling h2 v0.4.10
[INFO] [stderr]    Compiling tracing-subscriber v0.3.19
[INFO] [stderr]    Compiling hyper v1.6.0
[INFO] [stderr]    Compiling hyper-util v0.1.13
[INFO] [stderr]    Compiling hyper-tls v0.6.0
[INFO] [stderr]    Compiling axum v0.8.4
[INFO] [stderr]    Compiling wiremock v0.6.3
[INFO] [stderr]    Compiling reqwest v0.12.19
[INFO] [stderr]    Compiling sham v0.2.1
[INFO] [stderr]    Compiling rubedo v0.6.4
[INFO] [stderr]    Compiling patchify v0.2.2 (/opt/rustwide/workdir)
[INFO] [stdout] warning: use of deprecated method `std::sync::atomic::Atomic::<usize>::fetch_update`: renamed to `try_update` for consistency
[INFO] [stdout]    --> src/client.rs:432:5
[INFO] [stdout]     |
[INFO] [stdout] 432 |             .fetch_update(Ordering::SeqCst, Ordering::SeqCst, |value| { value.checked_add(1) })
[INFO] [stdout]     |              ^^^^^^^^^^^^
[INFO] [stdout]     |
[INFO] [stdout]     = note: requested on the command line with `-D deprecated`
[INFO] [stdout] help: replace the use of the deprecated method
[INFO] [stdout]     |
[INFO] [stdout] 432 -             .fetch_update(Ordering::SeqCst, Ordering::SeqCst, |value| { value.checked_add(1) })
[INFO] [stdout] 432 +             .try_update(Ordering::SeqCst, Ordering::SeqCst, |value| { value.checked_add(1) })
[INFO] [stdout]     |
[INFO] [stdout] 
[INFO] [stdout] 
[INFO] [stdout] warning: use of deprecated method `std::sync::atomic::Atomic::<usize>::fetch_update`: renamed to `try_update` for consistency
[INFO] [stdout]    --> src/client.rs:455:5
[INFO] [stdout]     |
[INFO] [stdout] 455 |             .fetch_update(Ordering::SeqCst, Ordering::SeqCst, |value| { value.checked_sub(1) })
[INFO] [stdout]     |              ^^^^^^^^^^^^
[INFO] [stdout]     |
[INFO] [stdout] help: replace the use of the deprecated method
[INFO] [stdout]     |
[INFO] [stdout] 455 -             .fetch_update(Ordering::SeqCst, Ordering::SeqCst, |value| { value.checked_sub(1) })
[INFO] [stdout] 455 +             .try_update(Ordering::SeqCst, Ordering::SeqCst, |value| { value.checked_sub(1) })
[INFO] [stdout]     |
[INFO] [stdout] 
[INFO] [stdout] 
[INFO] [stdout] warning: use of deprecated method `std::sync::atomic::Atomic::<usize>::fetch_update`: renamed to `try_update` for consistency
[INFO] [stdout]    --> src/client.rs:432:5
[INFO] [stdout]     |
[INFO] [stdout] 432 |             .fetch_update(Ordering::SeqCst, Ordering::SeqCst, |value| { value.checked_add(1) })
[INFO] [stdout]     |              ^^^^^^^^^^^^
[INFO] [stdout]     |
[INFO] [stdout]     = note: requested on the command line with `-D deprecated`
[INFO] [stdout] help: replace the use of the deprecated method
[INFO] [stdout]     |
[INFO] [stdout] 432 -             .fetch_update(Ordering::SeqCst, Ordering::SeqCst, |value| { value.checked_add(1) })
[INFO] [stdout] 432 +             .try_update(Ordering::SeqCst, Ordering::SeqCst, |value| { value.checked_add(1) })
[INFO] [stdout]     |
[INFO] [stdout] 
[INFO] [stdout] 
[INFO] [stdout] warning: use of deprecated method `std::sync::atomic::Atomic::<usize>::fetch_update`: renamed to `try_update` for consistency
[INFO] [stdout]    --> src/client.rs:455:5
[INFO] [stdout]     |
[INFO] [stdout] 455 |             .fetch_update(Ordering::SeqCst, Ordering::SeqCst, |value| { value.checked_sub(1) })
[INFO] [stdout]     |              ^^^^^^^^^^^^
[INFO] [stdout]     |
[INFO] [stdout] help: replace the use of the deprecated method
[INFO] [stdout]     |
[INFO] [stdout] 455 -             .fetch_update(Ordering::SeqCst, Ordering::SeqCst, |value| { value.checked_sub(1) })
[INFO] [stdout] 455 +             .try_update(Ordering::SeqCst, Ordering::SeqCst, |value| { value.checked_sub(1) })
[INFO] [stdout]     |
[INFO] [stdout] 
[INFO] [stdout] 
[INFO] [stderr]     Finished `release` profile [optimized] target(s) in 5m 25s
[INFO] running `Command { std: "docker" "inspect" "a28370adbbb772b8ff981972c51d899c9f5a122be71cd3b9cc5df85a1dc1c6c7", kill_on_drop: false }`
[INFO] running `Command { std: "docker" "exec" "-e" "SOURCE_DIR=/opt/rustwide/workdir" "-e" "CARGO_HOME=/opt/rustwide/cargo-home" "-e" "RUSTUP_HOME=/opt/rustwide/rustup-home" "-e" "CARGO_TARGET_DIR=/opt/rustwide/target" "-e" "CARGO_INCREMENTAL=0" "-e" "RUST_BACKTRACE=full" "-e" "RUSTFLAGS=--cap-lints=warn" "-e" "RUSTDOCFLAGS=--cap-lints=warn" "-w" "/opt/rustwide/workdir" "--user" "0:0" "a28370adbbb772b8ff981972c51d899c9f5a122be71cd3b9cc5df85a1dc1c6c7" "/opt/rustwide/cargo-home/bin/cargo" "+1.100.0-beta.1" "test" "--frozen" "--release", kill_on_drop: false }`
[INFO] [stderr] warning: use of deprecated method `std::sync::atomic::Atomic::<usize>::fetch_update`: renamed to `try_update` for consistency
[INFO] [stderr]    --> src/client.rs:432:5
[INFO] [stderr]     |
[INFO] [stderr] 432 |             .fetch_update(Ordering::SeqCst, Ordering::SeqCst, |value| { value.checked_add(1) })
[INFO] [stderr]     |              ^^^^^^^^^^^^
[INFO] [stderr]     |
[INFO] [stderr]     = note: requested on the command line with `-D deprecated`
[INFO] [stderr] help: replace the use of the deprecated method
[INFO] [stderr]     |
[INFO] [stderr] 432 -             .fetch_update(Ordering::SeqCst, Ordering::SeqCst, |value| { value.checked_add(1) })
[INFO] [stderr] 432 +             .try_update(Ordering::SeqCst, Ordering::SeqCst, |value| { value.checked_add(1) })
[INFO] [stderr]     |
[INFO] [stderr] 
[INFO] [stderr] warning: use of deprecated method `std::sync::atomic::Atomic::<usize>::fetch_update`: renamed to `try_update` for consistency
[INFO] [stderr]    --> src/client.rs:455:5
[INFO] [stderr]     |
[INFO] [stderr] 455 |             .fetch_update(Ordering::SeqCst, Ordering::SeqCst, |value| { value.checked_sub(1) })
[INFO] [stderr]     |              ^^^^^^^^^^^^
[INFO] [stderr]     |
[INFO] [stderr] help: replace the use of the deprecated method
[INFO] [stderr]     |
[INFO] [stderr] 455 -             .fetch_update(Ordering::SeqCst, Ordering::SeqCst, |value| { value.checked_sub(1) })
[INFO] [stderr] 455 +             .try_update(Ordering::SeqCst, Ordering::SeqCst, |value| { value.checked_sub(1) })
[INFO] [stderr]     |
[INFO] [stderr] 
[INFO] [stderr] warning: `patchify` (lib) generated 2 warnings (run `cargo fix --lib -p patchify` to apply 2 suggestions)
[INFO] [stderr] warning: `patchify` (lib test) generated 2 warnings (2 duplicates)
[INFO] [stderr]     Finished `release` profile [optimized] target(s) in 0.49s
[INFO] [stderr]      Running unittests src/lib.rs (/opt/rustwide/target/release/build/patchify/c5d7c4f41b487a90/out/patchify-c5d7c4f41b487a90)
[INFO] [stdout] 
[INFO] [stdout] running 74 tests
[INFO] [stdout] test client::tests::updater_private::decode_and_verify__err_failed_signature_verification ... ok
[INFO] [stdout] test client::tests::updater_private::decode_and_verify__err_invalid_body ... ok
[INFO] [stdout] test client::tests::updater_construction::new ... ok
[INFO] [stdout] test client::tests::updater_construction::new__err_unable_to_obtain_current_exe_path ... ok
[INFO] [stdout] test client::tests::functions::get_header__integer ... ok
[INFO] [stdout] test client::tests::functions::get_header__string ... ok
[INFO] [stdout] test client::tests::updater_private::check_for_updates__restart_failed ... ok
[INFO] [stdout] test client::tests::updater_private::check_for_updates__download_full ... ok
[INFO] [stdout] test client::tests::updater_private::check_for_updates__no_update_available ... ok
[INFO] [stdout] test client::tests::updater_private::check_for_updates__update_check_already_underway ... ok
[INFO] [stdout] test client::tests::updater_private::check_for_updates__complete_successful_process ... ok
[INFO] [stdout] test client::tests::updater_private::download_update__err_unable_to_create_download ... ok
[INFO] [stdout] test client::tests::updater_private::download_update__err_unable_to_create_tempdir ... ok
[INFO] [stdout] test client::tests::updater_private::check_for_updates__download_failed ... ok
[INFO] [stdout] test client::tests::updater_private::download_update__err_unable_to_write_to_download ... ok
[INFO] [stdout] test client::tests::updater_private::decode_and_verify__err_invalid_signature ... ok
[INFO] [stdout] test client::tests::updater_private::replace_executable__err_unable_to_get_file_metadata ... ok
[INFO] [stdout] test client::tests::updater_private::check_for_updates__restart_blocked ... ok
[INFO] [stdout] test client::tests::updater_private::check_for_updates__download_partial ... ok
[INFO] [stdout] test client::tests::updater_private::check_for_updates__install_failed ... ok
[INFO] [stdout] test client::tests::updater_private::decode_and_verify__err_invalid_payload ... ok
[INFO] [stdout] test client::tests::updater_private::decode_and_verify__err_missing_signature ... ok
[INFO] [stdout] test client::tests::updater_private::request__err_http_error ... ok
[INFO] [stdout] test client::tests::updater_private::decode_and_verify__err_unexpected_content_type ... ok
[INFO] [stdout] test client::tests::updater_private::replace_executable ... ok
[INFO] [stdout] test client::tests::updater_private::request__err_invalid_url ... ok
[INFO] [stdout] test client::tests::updater_private::decode_and_verify__latest_version ... ok
[INFO] [stdout] test client::tests::updater_private::decode_and_verify__err_missing_data ... ok
[INFO] [stdout] test client::tests::updater_private::replace_executable__err_unable_to_set_file_permissions ... ok
[INFO] [stdout] test client::tests::updater_private::download_update__err_missing_data ... ok
[INFO] [stdout] test client::tests::updater_private::download_update__err_unexpected_content_type ... ok
[INFO] [stdout] test client::tests::updater_private::replace_executable__err_unable_to_move_new_exe ... ok
[INFO] [stdout] test client::tests::updater_private::download_update__err_too_much_data ... ok
[INFO] [stdout] test client::tests::updater_private::download_update ... ok
[INFO] [stdout] test client::tests::updater_private::request__err_http_request_failed ... ok
[INFO] [stdout] test client::tests::updater_private::verify_update ... ok
[INFO] [stdout] test client::tests::updater_private::replace_executable__err_unable_to_rename_current_exe ... ok
[INFO] [stdout] test client::tests::updater_public::set_status ... ok
[INFO] [stdout] test client::tests::updater_private::decode_and_verify__version_hash ... ok
[INFO] [stdout] test client::tests::updater_private::restart ... ok
[INFO] [stdout] test client::tests::updater_private::request ... ok
[INFO] [stdout] test client::tests::updater_private::verify_update__err_failed_hash_verification ... ok
[INFO] [stdout] test client::tests::updater_public::deregister_action ... ok
[INFO] [stdout] test client::tests::updater_private::verify_update__err_invalid_payload ... ok
[INFO] [stdout] test client::tests::updater_public::deregister_action__when_restart_pending ... ok
[INFO] [stdout] test client::tests::updater_public::register_action__overflow ... ok
[INFO] [stdout] test client::tests::updater_public::deregister_action__when_updating ... ok
[INFO] [stdout] test client::tests::updater_public::register_action__when_updating ... ok
[INFO] [stdout] test client::tests::updater_public::register_action ... ok
[INFO] [stdout] test client::tests::updater_public::deregister_action__underflow ... ok
[INFO] [stdout] test client::tests::updater_public::status ... ok
[INFO] [stdout] test client::tests::updater_private::decode_and_verify__err_too_much_data ... ok
[INFO] [stdout] test server::tests::core::latest_version__empty ... ok
[INFO] [stdout] test client::tests::updater_public::subscribe ... ok
[INFO] [stdout] test client::tests::updater_public::subscribe__no_status_change_events ... ok
[INFO] [stdout] test client::tests::updater_public::is_safe_to_update ... ok
[INFO] [stdout] test server::tests::axum::get_latest_version ... ok
[INFO] [stdout] test server::tests::core::release_file ... ok
[INFO] [stdout] test server::tests::core::new__err_invalid ... ok
[INFO] [stdout] test server::tests::axum::get_hash_for_version__not_found ... ok
[INFO] [stdout] test server::tests::core::versions__empty ... ok
[INFO] [stdout] test server::tests::axum::sign_response__specific_key ... ok
[INFO] [stdout] test server::tests::core::release_file__not_found ... ok
[INFO] [stdout] test server::tests::core::latest_version ... ok
[INFO] [stdout] test server::tests::core::new ... ok
[INFO] [stdout] test server::tests::axum::get_release_file__not_found ... ok
[INFO] [stdout] test server::tests::axum::sign_response ... ok
[INFO] [stdout] test server::tests::core::new__err_missing ... ok
[INFO] [stdout] test server::tests::axum::get_release_file__missing ... ok
[INFO] [stdout] test server::tests::axum::get_release_file ... ok
[INFO] [stdout] test server::tests::axum::get_hash_for_version ... ok
[INFO] [stdout] test server::tests::core::versions ... ok
[INFO] [stdout] test server::tests::axum::get_release_file__medium_binary ... ok
[INFO] [stdout] test server::tests::axum::get_release_file__large_binary ... ok
[INFO] [stdout] 
[INFO] [stdout] test result: ok. 74 passed; 0 failed; 0 ignored; 0 measured; 0 filtered out; finished in 0.38s
[INFO] [stdout] 
[INFO] [stderr]      Running tests/client.rs (/opt/rustwide/target/release/build/patchify/aa902eab6d7aeef0/out/client-aa902eab6d7aeef0)
[INFO] [stdout] 
[INFO] [stdout] running 10 tests
[INFO] [stdout] test mock_actions::check_for_updates__complete_successful_process ... ok
[INFO] [stdout] test test_actions::upgrade_app_v1_to_v2 ... FAILED
[INFO] [stdout] test foundation::ping_test_server ... FAILED
[INFO] [stdout] test mock_actions::check_for_updates__no_update_available ... ok
[INFO] [stdout] test mock_actions::new__check_at_startup_only ... ok
[INFO] [stdout] test foundation::ping_mock_server ... ok
[INFO] [stdout] test mock_actions::new__no_check_at_startup_only ... ok
[INFO] [stdout] test mock_actions::check_for_updates__restart_blocked ... ok
[INFO] [stdout] test mock_actions::new__no_check_on_startup_but_checks_at_intervals ... ok
[INFO] [stdout] test mock_actions::new__check_at_startup_and_at_intervals ... ok
[INFO] [stdout] 
[INFO] [stdout] failures:
[INFO] [stdout] 
[INFO] [stdout] ---- test_actions::upgrade_app_v1_to_v2 stdout ----
[INFO] [stdout] 
[INFO] [stdout] thread 'test_actions::upgrade_app_v1_to_v2' (7440) panicked at tests/client.rs:329:85:
[INFO] [stdout] called `Result::unwrap()` on an `Err` value: CargoFailure("error: manifest path `/opt/rustwide/workdir/testbins/e2e-apisrv-server/Cargo.toml` does not exist\n")
[INFO] [stdout] stack backtrace:
[INFO] [stdout]    0:     0x5bff51e03646 - <unknown>
[INFO] [stdout]    1:     0x5bff51bdb77a - <unknown>
[INFO] [stdout]    2:     0x5bff51e0972c - <unknown>
[INFO] [stdout]    3:     0x5bff51ddc7c2 - <unknown>
[INFO] [stdout]    4:     0x5bff51df9501 - <unknown>
[INFO] [stdout]    5:     0x5bff51df9942 - <unknown>
[INFO] [stdout]    6:     0x5bff51ddc872 - <unknown>
[INFO] [stdout]    7:     0x5bff51dd5439 - <unknown>
[INFO] [stdout]    8:     0x5bff51ddd88d - <unknown>
[INFO] [stdout]    9:     0x5bff51bdbe9c - <unknown>
[INFO] [stdout]   10:     0x5bff51bdbc72 - <unknown>
[INFO] [stdout]   11:     0x5bff51bb1818 - <unknown>
[INFO] [stdout]   12:     0x5bff51bb88d4 - <unknown>
[INFO] [stdout]   13:     0x5bff51bab6ad - <unknown>
[INFO] [stdout]   14:     0x5bff51bb8008 - <unknown>
[INFO] [stdout]   15:     0x5bff51bb46df - <unknown>
[INFO] [stdout]   16:     0x5bff51e0c4bb - <unknown>
[INFO] [stdout]   17:     0x5bff51e1a364 - <unknown>
[INFO] [stdout]   18:     0x5bff51e13a94 - <unknown>
[INFO] [stdout]   19:     0x5bff51e1e122 - <unknown>
[INFO] [stdout]   20:     0x5bff51e02614 - <unknown>
[INFO] [stdout]   21:     0x763487205dfa - <unknown>
[INFO] [stdout]   22:     0x7634872993d4 - clone
[INFO] [stdout]   23:                0x0 - <unknown>
[INFO] [stdout] 
[INFO] [stdout] ---- foundation::ping_test_server stdout ----
[INFO] [stdout] 
[INFO] [stdout] thread 'foundation::ping_test_server' (7426) panicked at tests/client.rs:111:81:
[INFO] [stdout] called `Result::unwrap()` on an `Err` value: CargoFailure("error: manifest path `/opt/rustwide/workdir/testbins/standard-api-server/Cargo.toml` does not exist\n")
[INFO] [stdout] stack backtrace:
[INFO] [stdout]    0:     0x5bff51e03646 - <unknown>
[INFO] [stdout]    1:     0x5bff51bdb77a - <unknown>
[INFO] [stdout]    2:     0x5bff51e0972c - <unknown>
[INFO] [stdout]    3:     0x5bff51ddc7c2 - <unknown>
[INFO] [stdout]    4:     0x5bff51df9501 - <unknown>
[INFO] [stdout]    5:     0x5bff51df9942 - <unknown>
[INFO] [stdout]    6:     0x5bff51ddc872 - <unknown>
[INFO] [stdout]    7:     0x5bff51dd5439 - <unknown>
[INFO] [stdout]    8:     0x5bff51ddd88d - <unknown>
[INFO] [stdout]    9:     0x5bff51bdbe9c - <unknown>
[INFO] [stdout]   10:     0x5bff51bdbc72 - <unknown>
[INFO] [stdout]   11:     0x5bff51bc3ff9 - <unknown>
[INFO] [stdout]   12:     0x5bff51bb88d4 - <unknown>
[INFO] [stdout]   13:     0x5bff51bab6ad - <unknown>
[INFO] [stdout]   14:     0x5bff51bb8008 - <unknown>
[INFO] [stdout]   15:     0x5bff51bc636f - <unknown>
[INFO] [stdout]   16:     0x5bff51e0c4bb - <unknown>
[INFO] [stdout]   17:     0x5bff51e1a364 - <unknown>
[INFO] [stdout]   18:     0x5bff51e13a94 - <unknown>
[INFO] [stdout]   19:     0x5bff51e1e122 - <unknown>
[INFO] [stdout]   20:     0x5bff51e02614 - <unknown>
[INFO] [stdout]   21:     0x763487205dfa - <unknown>
[INFO] [stdout]   22:     0x7634872993d4 - clone
[INFO] [stdout]   23:                0x0 - <unknown>
[INFO] [stdout] 
[INFO] [stdout] 
[INFO] [stdout] failures:
[INFO] [stdout]     foundation::ping_test_server
[INFO] [stdout]     test_actions::upgrade_app_v1_to_v2
[INFO] [stdout] 
[INFO] [stdout] test result: FAILED. 8 passed; 2 failed; 0 ignored; 0 measured; 0 filtered out; finished in 0.33s
[INFO] [stdout] 
[INFO] [stderr] error: test failed, to rerun pass `--test client`
[INFO] running `Command { std: "docker" "inspect" "a28370adbbb772b8ff981972c51d899c9f5a122be71cd3b9cc5df85a1dc1c6c7", kill_on_drop: false }`
[INFO] running `Command { std: "docker" "rm" "-f" "a28370adbbb772b8ff981972c51d899c9f5a122be71cd3b9cc5df85a1dc1c6c7", kill_on_drop: false }`
[INFO] [stdout] a28370adbbb772b8ff981972c51d899c9f5a122be71cd3b9cc5df85a1dc1c6c7
