[INFO] fetching crate patch-prolog-repl 0.4.10...
[INFO] testing patch-prolog-repl-0.4.10 against 1.99.0-beta.8+cargoflags=--release for beta-release-1.100-2
[INFO] extracting crate patch-prolog-repl 0.4.10 into /workspace/builds/worker-6-tc1/source
[INFO] started tweaking crates.io crate patch-prolog-repl 0.4.10
[INFO] finished tweaking crates.io crate patch-prolog-repl 0.4.10
[INFO] tweaked toml for crates.io crate patch-prolog-repl 0.4.10 written to /workspace/builds/worker-6-tc1/source/Cargo.toml
[INFO] validating manifest of crates.io crate patch-prolog-repl 0.4.10 on toolchain 1.99.0-beta.8
[INFO] running `Command { std: CARGO_HOME="/workspace/cargo-home" RUSTUP_HOME="/workspace/rustup-home" "/workspace/cargo-home/bin/cargo" "+1.99.0-beta.8" "metadata" "--manifest-path" "Cargo.toml" "--no-deps", kill_on_drop: false }`
[INFO] crate crates.io crate patch-prolog-repl 0.4.10 already has a lockfile, it will not be regenerated
[INFO] running `Command { std: CARGO_HOME="/workspace/cargo-home" RUSTUP_HOME="/workspace/rustup-home" "/workspace/cargo-home/bin/cargo" "+1.99.0-beta.8" "fetch" "--manifest-path" "Cargo.toml", kill_on_drop: false }`
[INFO] [stderr]     Updating crates.io index
[INFO] [stderr]  Downloading crates ...
[INFO] [stderr]   Downloaded instability v0.3.14
[INFO] [stderr]   Downloaded vim-line v7.7.5
[INFO] [stderr]   Downloaded mac_address v1.2.0
[INFO] [stderr]   Downloaded pest_derive v2.9.2
[INFO] [stderr]   Downloaded pest_meta v2.9.2
[INFO] [stderr]   Downloaded pest_generator v2.9.2
[INFO] [stderr]   Downloaded patch-prolog-shared v0.4.10
[INFO] [stderr]   Downloaded patch-prolog-frontend v0.4.10
[INFO] running `Command { std: "docker" "create" "-v" "/var/lib/crater-agent-workspace/builds/worker-6-tc1/source:/opt/rustwide/workdir:ro,Z" "-v" "/var/lib/crater-agent-workspace/builds/worker-6-tc1/target:/opt/rustwide/target:rw,Z" "-v" "/var/lib/crater-agent-workspace/cargo-home:/opt/rustwide/cargo-home:ro,Z" "-v" "/var/lib/crater-agent-workspace/rustup-home:/opt/rustwide/rustup-home:ro,Z" "-m" "1610612736" "--network" "none" "ghcr.io/rust-lang/crates-build-env/linux@sha256:77db811e55d90add9212f6832c23229e3de5f1c1f9905e8cb07319ea15df73ac" "sleep" "infinity", kill_on_drop: false }`
[INFO] [stdout] e2b1521c2f579d4d9c9e238fc66db52d3fc9f34b13040c98d3cbc3935afe29e2
[INFO] running `Command { std: "docker" "start" "e2b1521c2f579d4d9c9e238fc66db52d3fc9f34b13040c98d3cbc3935afe29e2", kill_on_drop: false }`
[INFO] running `Command { std: "docker" "inspect" "e2b1521c2f579d4d9c9e238fc66db52d3fc9f34b13040c98d3cbc3935afe29e2", kill_on_drop: false }`
[INFO] running `Command { std: "docker" "exec" "-e" "SOURCE_DIR=/opt/rustwide/workdir" "-e" "CARGO_HOME=/opt/rustwide/cargo-home" "-e" "RUSTUP_HOME=/opt/rustwide/rustup-home" "-e" "CARGO_TARGET_DIR=/opt/rustwide/target" "-w" "/opt/rustwide/workdir" "--user" "0:0" "e2b1521c2f579d4d9c9e238fc66db52d3fc9f34b13040c98d3cbc3935afe29e2" "/opt/rustwide/cargo-home/bin/cargo" "+1.99.0-beta.8" "metadata" "--no-deps" "--format-version=1", kill_on_drop: false }`
[INFO] running `Command { std: "docker" "inspect" "e2b1521c2f579d4d9c9e238fc66db52d3fc9f34b13040c98d3cbc3935afe29e2", kill_on_drop: false }`
[INFO] running `Command { std: "docker" "exec" "-e" "SOURCE_DIR=/opt/rustwide/workdir" "-e" "CARGO_HOME=/opt/rustwide/cargo-home" "-e" "RUSTUP_HOME=/opt/rustwide/rustup-home" "-e" "CARGO_TARGET_DIR=/opt/rustwide/target" "-e" "CARGO_INCREMENTAL=0" "-e" "RUST_BACKTRACE=full" "-e" "RUSTFLAGS=--cap-lints=warn" "-e" "RUSTDOCFLAGS=--cap-lints=warn" "-w" "/opt/rustwide/workdir" "--user" "0:0" "e2b1521c2f579d4d9c9e238fc66db52d3fc9f34b13040c98d3cbc3935afe29e2" "/opt/rustwide/cargo-home/bin/cargo" "+1.99.0-beta.8" "build" "--frozen" "--message-format=json" "--release", kill_on_drop: false }`
[INFO] [stderr]    Compiling thiserror v2.0.21
[INFO] [stderr]    Compiling syn v3.0.6
[INFO] [stderr]    Compiling syn v2.0.119
[INFO] [stderr]    Compiling itertools v0.14.0
[INFO] [stderr]    Compiling castaway v0.2.4
[INFO] [stderr]    Compiling errno v0.3.14
[INFO] [stderr]    Compiling rustix v1.1.5
[INFO] [stderr]    Compiling lru v0.18.5
[INFO] [stderr]    Compiling compact_str v0.9.1
[INFO] [stderr]    Compiling signal-hook-registry v1.4.8
[INFO] [stderr]    Compiling smallvec v1.16.2
[INFO] [stderr]    Compiling signal-hook v0.3.18
[INFO] [stderr]    Compiling parking_lot_core v0.9.12
[INFO] [stderr]    Compiling mio v1.2.4
[INFO] [stderr]    Compiling time v0.3.55
[INFO] [stderr]    Compiling parking_lot v0.12.5
[INFO] [stderr]    Compiling signal-hook-mio v0.2.5
[INFO] [stderr]    Compiling line-clipping v0.3.8
[INFO] [stderr]    Compiling clap_lex v1.1.1
[INFO] [stderr]    Compiling clap_builder v4.6.7
[INFO] [stderr]    Compiling getrandom v0.4.3
[INFO] [stderr]    Compiling patch-prolog-shared v0.4.10
[INFO] [stderr]    Compiling unicode-truncate v2.0.1
[INFO] [stderr]    Compiling shlex v2.0.1
[INFO] [stderr]    Compiling vim-line v7.7.5
[INFO] [stderr]    Compiling patch-prolog-frontend v0.4.10
[INFO] [stderr]    Compiling strum_macros v0.28.0
[INFO] [stderr]    Compiling derive_more-impl v2.1.1
[INFO] [stderr]    Compiling derive_more v2.1.1
[INFO] [stderr]    Compiling crossterm v0.29.0
[INFO] [stderr]    Compiling tempfile v3.27.0
[INFO] [stderr]    Compiling darling_core v0.24.1
[INFO] [stderr]    Compiling strum v0.28.0
[INFO] [stderr]    Compiling thiserror-impl v2.0.21
[INFO] [stderr]    Compiling clap_derive v4.6.7
[INFO] [stderr]    Compiling kasuari v0.4.12
[INFO] [stderr]    Compiling ratatui-core v0.1.2
[INFO] [stderr]    Compiling clap v4.6.7
[INFO] [stderr]    Compiling darling_macro v0.24.1
[INFO] [stderr]    Compiling darling v0.24.1
[INFO] [stderr]    Compiling instability v0.3.14
[INFO] [stderr]    Compiling ratatui-widgets v0.3.2
[INFO] [stderr]    Compiling ratatui-crossterm v0.1.2
[INFO] [stderr]    Compiling ratatui-macros v0.7.2
[INFO] [stderr]    Compiling ratatui v0.30.2
[INFO] [stderr]    Compiling patch-prolog-repl v0.4.10 (/opt/rustwide/workdir)
[INFO] [stderr]     Finished `release` profile [optimized] target(s) in 1m 07s
[INFO] running `Command { std: "docker" "inspect" "e2b1521c2f579d4d9c9e238fc66db52d3fc9f34b13040c98d3cbc3935afe29e2", kill_on_drop: false }`
[INFO] running `Command { std: "docker" "exec" "-e" "SOURCE_DIR=/opt/rustwide/workdir" "-e" "CARGO_HOME=/opt/rustwide/cargo-home" "-e" "RUSTUP_HOME=/opt/rustwide/rustup-home" "-e" "CARGO_TARGET_DIR=/opt/rustwide/target" "-e" "CARGO_INCREMENTAL=0" "-e" "RUST_BACKTRACE=full" "-e" "RUSTFLAGS=--cap-lints=warn" "-e" "RUSTDOCFLAGS=--cap-lints=warn" "-w" "/opt/rustwide/workdir" "--user" "0:0" "e2b1521c2f579d4d9c9e238fc66db52d3fc9f34b13040c98d3cbc3935afe29e2" "/opt/rustwide/cargo-home/bin/cargo" "+1.99.0-beta.8" "test" "--frozen" "--no-run" "--message-format=json" "--release", kill_on_drop: false }`
[INFO] [stderr]    Compiling patch-prolog-repl v0.4.10 (/opt/rustwide/workdir)
[INFO] [stderr]     Finished `release` profile [optimized] target(s) in 3.73s
[INFO] running `Command { std: "docker" "inspect" "e2b1521c2f579d4d9c9e238fc66db52d3fc9f34b13040c98d3cbc3935afe29e2", kill_on_drop: false }`
[INFO] running `Command { std: "docker" "exec" "-e" "SOURCE_DIR=/opt/rustwide/workdir" "-e" "CARGO_HOME=/opt/rustwide/cargo-home" "-e" "RUSTUP_HOME=/opt/rustwide/rustup-home" "-e" "CARGO_TARGET_DIR=/opt/rustwide/target" "-e" "CARGO_INCREMENTAL=0" "-e" "RUST_BACKTRACE=full" "-e" "RUSTFLAGS=--cap-lints=warn" "-e" "RUSTDOCFLAGS=--cap-lints=warn" "-w" "/opt/rustwide/workdir" "--user" "0:0" "e2b1521c2f579d4d9c9e238fc66db52d3fc9f34b13040c98d3cbc3935afe29e2" "/opt/rustwide/cargo-home/bin/cargo" "+1.99.0-beta.8" "test" "--frozen" "--release", kill_on_drop: false }`
[INFO] [stderr]     Finished `release` profile [optimized] target(s) in 0.18s
[INFO] [stderr]      Running unittests src/main.rs (/opt/rustwide/target/release/deps/plgr-11c3c23d4867d109)
[INFO] [stdout] 
[INFO] [stdout] running 42 tests
[INFO] [stdout] test app::tests::empty_candidate_tab_is_a_no_op ... ok
[INFO] [stdout] test app::tests::directive_line_is_predicate_mode_not_command ... ok
[INFO] [stdout] test app::tests::command_mode_for_colon_lines ... ok
[INFO] [stdout] test app::tests::replace_session_swaps_in_split_clauses ... ok
[INFO] [stdout] test app::tests::tab_cycles_through_command_candidates_and_wraps ... ok
[INFO] [stdout] test app::tests::replace_session_rejects_bad_source_and_keeps_buffer ... ok
[INFO] [stdout] test app::tests::plain_input_is_predicate_mode ... ok
[INFO] [stdout] test app::tests::edit_after_tab_recomputes_from_scratch ... ok
[INFO] [stdout] test completion::tests::command_candidates_return_canonical_not_aliases ... ok
[INFO] [stdout] test persist::tests::filename_is_collision_free_vs_underscore_paths ... ok
[INFO] [stdout] test persist::tests::filename_is_injective_over_near_neighbours ... ok
[INFO] [stdout] test persist::tests::save_load_roundtrips_through_the_filesystem ... ok
[INFO] [stdout] test app::tests::non_tab_key_ends_the_cycle ... ok
[INFO] [stdout] test completion::tests::command_candidates_by_prefix ... ok
[INFO] [stdout] test completion::tests::command_candidates_empty_prefix_offers_all_sorted ... ok
[INFO] [stdout] test persist::tests::filename_encodes_separators_and_spaces ... ok
[INFO] [stdout] test app::tests::tab_cycles_through_predicate_candidates ... ok
[INFO] [stdout] test completion::tests::predicate_candidates_include_stdlib ... ok
[INFO] [stdout] test completion::tests::predicate_candidates_filter_by_prefix ... ok
[INFO] [stdout] test run::tests::error_message_prefers_stdout_then_stderr ... ok
[INFO] [stdout] test persist::tests::strip_cwd_tag_passes_through_untagged_source ... ok
[INFO] [stdout] test rule3_guard::does_not_depend_on_the_solver_runtime ... ok
[INFO] [stdout] test persist::tests::strip_cwd_tag_removes_only_leading_metadata ... ok
[INFO] [stdout] test rule3_guard::defines_no_solve_function ... ok
[INFO] [stdout] test run::tests::fetch_runs_a_real_compiled_binary ... FAILED
[INFO] [stdout] test run::tests::no_solutions_is_empty_not_none ... ok
[INFO] [stdout] test run::tests::splits_single_var_one_per_line ... ok
[INFO] [stdout] test session::tests::commands_and_parse_meta_are_in_sync ... ok
[INFO] [stdout] test run::tests::partial_trailing_group_is_none ... ok
[INFO] [stdout] test run::tests::splits_multi_var_solutions_into_groups ... ok
[INFO] [stdout] test run::tests::value_containing_equals_is_kept_intact ... ok
[INFO] [stdout] test session::tests::block_comment_does_not_split_and_rides_with_clause ... ok
[INFO] [stdout] test run::tests::all_anonymous_solutions_are_true ... ok
[INFO] [stdout] test session::tests::float_dot_is_not_a_boundary ... ok
[INFO] [stdout] test session::tests::commands_table_is_the_documented_surface ... ok
[INFO] [stdout] test session::tests::dot_inside_quoted_atom_is_not_a_boundary ... ok
[INFO] [stdout] test session::tests::keeps_clauses_spanning_multiple_lines ... ok
[INFO] [stdout] test session::tests::predicate_names_cover_heads_and_dynamic_decls ... ok
[INFO] [stdout] test run::tests::lhs_of_splits_on_first_equals ... ok
[INFO] [stdout] test session::tests::splits_multiple_clauses_in_order ... ok
[INFO] [stdout] test session::tests::directive_is_its_own_clause ... ok
[INFO] [stdout] test session::tests::skips_comment_only_and_blank_spans ... ok
[INFO] [stdout] 
[INFO] [stdout] failures:
[INFO] [stdout] 
[INFO] [stdout] ---- run::tests::fetch_runs_a_real_compiled_binary stdout ----
[INFO] [stdout] 
[INFO] [stdout] thread 'run::tests::fetch_runs_a_real_compiled_binary' (960) panicked at src/run.rs:313:9:
[INFO] [stdout] plgc not found: run `cargo build -p patch-prolog-compiler` or set $PLGC
[INFO] [stdout] stack backtrace:
[INFO] [stdout]    0:     0x5b2b55bbc111 - <<std[70759c8f55707aa4]::sys::backtrace::BacktraceLock>::print::DisplayBacktrace as core[df12db4294e9bfd3]::fmt::Display>::fmt
[INFO] [stdout]    1:     0x5b2b55bd1f5a - core[df12db4294e9bfd3]::fmt::write
[INFO] [stdout]    2:     0x5b2b55bc089c - <alloc[2182bb758b4b3781]::vec::Vec<u8> as core[df12db4294e9bfd3]::io::write::Write>::write_fmt
[INFO] [stdout]    3:     0x5b2b55b96266 - std[70759c8f55707aa4]::panicking::default_hook::{closure#0}
[INFO] [stdout]    4:     0x5b2b55bb3759 - std[70759c8f55707aa4]::panicking::default_hook
[INFO] [stdout]    5:     0x5b2b55b39860 - test[9d35eded1c95d3be]::test_main_inner::<test[9d35eded1c95d3be]::test_main_static::{closure#0}>::{closure#0}
[INFO] [stdout]    6:     0x5b2b55bb3912 - std[70759c8f55707aa4]::panicking::panic_with_hook
[INFO] [stdout]    7:     0x5b2b55b96344 - std[70759c8f55707aa4]::panicking::panic_handler::{closure#0}
[INFO] [stdout]    8:     0x5b2b55b8ebb9 - std[70759c8f55707aa4]::sys::backtrace::__rust_end_short_backtrace::<std[70759c8f55707aa4]::panicking::panic_handler::{closure#0}, !>
[INFO] [stdout]    9:     0x5b2b55b96fad - __rustc[8fa7c3cbc660c2b3]::rust_begin_unwind
[INFO] [stdout]   10:     0x5b2b55bd268c - core[df12db4294e9bfd3]::panicking::panic_fmt
[INFO] [stdout]   11:     0x5b2b55b2629b - plgr[43ce5d99d3500f9e]::run::tests::fetch_runs_a_real_compiled_binary
[INFO] [stdout]   12:     0x5b2b55b23ba9 - <plgr[43ce5d99d3500f9e]::run::tests::fetch_runs_a_real_compiled_binary::{closure#0} as core[df12db4294e9bfd3]::ops::function::FnOnce<()>>::call_once
[INFO] [stdout]   13:     0x5b2b55b2cb4b - test[9d35eded1c95d3be]::__rust_begin_short_backtrace::<core[df12db4294e9bfd3]::result::Result<(), alloc[2182bb758b4b3781]::string::String>, fn() -> core[df12db4294e9bfd3]::result::Result<(), alloc[2182bb758b4b3781]::string::String>>
[INFO] [stdout]   14:     0x5b2b55b3a1b5 - test[9d35eded1c95d3be]::run_test::{closure#0}
[INFO] [stdout]   15:     0x5b2b55b33a74 - std[70759c8f55707aa4]::sys::backtrace::__rust_begin_short_backtrace::<test[9d35eded1c95d3be]::run_test::{closure#1}, ()>
[INFO] [stdout]   16:     0x5b2b55b3d312 - <std[70759c8f55707aa4]::thread::lifecycle::spawn_unchecked<test[9d35eded1c95d3be]::run_test::{closure#1}, ()>::{closure#1} as core[df12db4294e9bfd3]::ops::function::FnOnce<()>>::call_once::{shim:vtable#0}
[INFO] [stdout]   17:     0x5b2b55bbb489 - <std[70759c8f55707aa4]::sys::thread::unix::Thread>::new::thread_start
[INFO] [stdout]   18:     0x7ed4d00f3dfa - <unknown>
[INFO] [stdout]   19:     0x7ed4d01873d4 - clone
[INFO] [stdout]   20:                0x0 - <unknown>
[INFO] [stdout] 
[INFO] [stdout] 
[INFO] [stdout] failures:
[INFO] [stdout]     run::tests::fetch_runs_a_real_compiled_binary
[INFO] [stdout] 
[INFO] [stdout] test result: FAILED. 41 passed; 1 failed; 0 ignored; 0 measured; 0 filtered out; finished in 0.04s
[INFO] [stdout] 
[INFO] [stderr] error: test failed, to rerun pass `--bin plgr`
[INFO] running `Command { std: "docker" "inspect" "e2b1521c2f579d4d9c9e238fc66db52d3fc9f34b13040c98d3cbc3935afe29e2", kill_on_drop: false }`
[INFO] running `Command { std: "docker" "rm" "-f" "e2b1521c2f579d4d9c9e238fc66db52d3fc9f34b13040c98d3cbc3935afe29e2", kill_on_drop: false }`
[INFO] [stdout] e2b1521c2f579d4d9c9e238fc66db52d3fc9f34b13040c98d3cbc3935afe29e2
