[INFO] fetching crate pastelogue 0.1.0...
[INFO] testing pastelogue-0.1.0 against 1.99.0-beta.8+cargoflags=--release for beta-release-1.100-2
[INFO] extracting crate pastelogue 0.1.0 into /workspace/builds/worker-1-tc1/source
[INFO] started tweaking crates.io crate pastelogue 0.1.0
[INFO] finished tweaking crates.io crate pastelogue 0.1.0
[INFO] tweaked toml for crates.io crate pastelogue 0.1.0 written to /workspace/builds/worker-1-tc1/source/Cargo.toml
[INFO] validating manifest of crates.io crate pastelogue 0.1.0 on toolchain 1.99.0-beta.8
[INFO] running `Command { std: CARGO_HOME="/workspace/cargo-home" RUSTUP_HOME="/workspace/rustup-home" "/workspace/cargo-home/bin/cargo" "+1.99.0-beta.8" "metadata" "--manifest-path" "Cargo.toml" "--no-deps", kill_on_drop: false }`
[INFO] crate crates.io crate pastelogue 0.1.0 already has a lockfile, it will not be regenerated
[INFO] running `Command { std: CARGO_HOME="/workspace/cargo-home" RUSTUP_HOME="/workspace/rustup-home" "/workspace/cargo-home/bin/cargo" "+1.99.0-beta.8" "fetch" "--manifest-path" "Cargo.toml", kill_on_drop: false }`
[INFO] [stderr]  Downloading crates ...
[INFO] [stderr]   Downloaded serde v1.0.102
[INFO] [stderr]   Downloaded ryu v1.0.2
[INFO] [stderr]   Downloaded kamadak-exif v0.3.1
[INFO] [stderr]   Downloaded serde_json v1.0.41
[INFO] running `Command { std: "docker" "create" "-v" "/var/lib/crater-agent-workspace/builds/worker-1-tc1/source:/opt/rustwide/workdir:ro,Z" "-v" "/var/lib/crater-agent-workspace/builds/worker-1-tc1/target:/opt/rustwide/target:rw,Z" "-v" "/var/lib/crater-agent-workspace/cargo-home:/opt/rustwide/cargo-home:ro,Z" "-v" "/var/lib/crater-agent-workspace/rustup-home:/opt/rustwide/rustup-home:ro,Z" "-m" "1610612736" "--network" "none" "ghcr.io/rust-lang/crates-build-env/linux@sha256:77db811e55d90add9212f6832c23229e3de5f1c1f9905e8cb07319ea15df73ac" "sleep" "infinity", kill_on_drop: false }`
[INFO] [stdout] b19b460d203f414ad2264026829976d9cd4bffa5a5f42e3d33c9b144872fa3c7
[INFO] running `Command { std: "docker" "start" "b19b460d203f414ad2264026829976d9cd4bffa5a5f42e3d33c9b144872fa3c7", kill_on_drop: false }`
[INFO] running `Command { std: "docker" "inspect" "b19b460d203f414ad2264026829976d9cd4bffa5a5f42e3d33c9b144872fa3c7", kill_on_drop: false }`
[INFO] running `Command { std: "docker" "exec" "-e" "SOURCE_DIR=/opt/rustwide/workdir" "-e" "CARGO_HOME=/opt/rustwide/cargo-home" "-e" "RUSTUP_HOME=/opt/rustwide/rustup-home" "-e" "CARGO_TARGET_DIR=/opt/rustwide/target" "-w" "/opt/rustwide/workdir" "--user" "0:0" "b19b460d203f414ad2264026829976d9cd4bffa5a5f42e3d33c9b144872fa3c7" "/opt/rustwide/cargo-home/bin/cargo" "+1.99.0-beta.8" "metadata" "--no-deps" "--format-version=1", kill_on_drop: false }`
[INFO] running `Command { std: "docker" "inspect" "b19b460d203f414ad2264026829976d9cd4bffa5a5f42e3d33c9b144872fa3c7", kill_on_drop: false }`
[INFO] running `Command { std: "docker" "exec" "-e" "SOURCE_DIR=/opt/rustwide/workdir" "-e" "CARGO_HOME=/opt/rustwide/cargo-home" "-e" "RUSTUP_HOME=/opt/rustwide/rustup-home" "-e" "CARGO_TARGET_DIR=/opt/rustwide/target" "-e" "CARGO_INCREMENTAL=0" "-e" "RUST_BACKTRACE=full" "-e" "RUSTFLAGS=--cap-lints=warn" "-e" "RUSTDOCFLAGS=--cap-lints=warn" "-w" "/opt/rustwide/workdir" "--user" "0:0" "b19b460d203f414ad2264026829976d9cd4bffa5a5f42e3d33c9b144872fa3c7" "/opt/rustwide/cargo-home/bin/cargo" "+1.99.0-beta.8" "build" "--frozen" "--message-format=json" "--release", kill_on_drop: false }`
[INFO] [stderr]    Compiling memchr v2.2.1
[INFO] [stderr]    Compiling ryu v1.0.2
[INFO] [stderr]    Compiling serde v1.0.102
[INFO] [stderr]    Compiling regex-syntax v0.6.12
[INFO] [stderr]    Compiling itoa v0.4.4
[INFO] [stderr]    Compiling same-file v1.0.5
[INFO] [stderr]    Compiling kamadak-exif v0.3.1
[INFO] [stderr]    Compiling walkdir v2.2.9
[INFO] [stderr]    Compiling aho-corasick v0.7.6
[INFO] [stderr]    Compiling regex v1.3.1
[INFO] [stderr]    Compiling serde_json v1.0.41
[INFO] [stderr]    Compiling pastelogue v0.1.0 (/opt/rustwide/workdir)
[INFO] [stderr]     Finished `release` profile [optimized] target(s) in 15.25s
[INFO] running `Command { std: "docker" "inspect" "b19b460d203f414ad2264026829976d9cd4bffa5a5f42e3d33c9b144872fa3c7", kill_on_drop: false }`
[INFO] running `Command { std: "docker" "exec" "-e" "SOURCE_DIR=/opt/rustwide/workdir" "-e" "CARGO_HOME=/opt/rustwide/cargo-home" "-e" "RUSTUP_HOME=/opt/rustwide/rustup-home" "-e" "CARGO_TARGET_DIR=/opt/rustwide/target" "-e" "CARGO_INCREMENTAL=0" "-e" "RUST_BACKTRACE=full" "-e" "RUSTFLAGS=--cap-lints=warn" "-e" "RUSTDOCFLAGS=--cap-lints=warn" "-w" "/opt/rustwide/workdir" "--user" "0:0" "b19b460d203f414ad2264026829976d9cd4bffa5a5f42e3d33c9b144872fa3c7" "/opt/rustwide/cargo-home/bin/cargo" "+1.99.0-beta.8" "test" "--frozen" "--no-run" "--message-format=json" "--release", kill_on_drop: false }`
[INFO] [stderr]    Compiling pastelogue v0.1.0 (/opt/rustwide/workdir)
[INFO] [stderr]     Finished `release` profile [optimized] target(s) in 0.98s
[INFO] running `Command { std: "docker" "inspect" "b19b460d203f414ad2264026829976d9cd4bffa5a5f42e3d33c9b144872fa3c7", kill_on_drop: false }`
[INFO] running `Command { std: "docker" "exec" "-e" "SOURCE_DIR=/opt/rustwide/workdir" "-e" "CARGO_HOME=/opt/rustwide/cargo-home" "-e" "RUSTUP_HOME=/opt/rustwide/rustup-home" "-e" "CARGO_TARGET_DIR=/opt/rustwide/target" "-e" "CARGO_INCREMENTAL=0" "-e" "RUST_BACKTRACE=full" "-e" "RUSTFLAGS=--cap-lints=warn" "-e" "RUSTDOCFLAGS=--cap-lints=warn" "-w" "/opt/rustwide/workdir" "--user" "0:0" "b19b460d203f414ad2264026829976d9cd4bffa5a5f42e3d33c9b144872fa3c7" "/opt/rustwide/cargo-home/bin/cargo" "+1.99.0-beta.8" "test" "--frozen" "--release", kill_on_drop: false }`
[INFO] [stderr]     Finished `release` profile [optimized] target(s) in 0.06s
[INFO] [stderr]      Running unittests src/lib.rs (/opt/rustwide/target/release/deps/pastelogue-f08576faf0571e7f)
[INFO] [stdout] 
[INFO] [stdout] running 9 tests
[INFO] [stdout] test check_file::tests::it_should_generate_desired_filename ... ok
[INFO] [stdout] test check_file::tests::it_checks_location_with_wrong_directory_path ... ok
[INFO] [stdout] test check_file::tests::it_checks_wrong_location ... ok
[INFO] [stdout] test extract_metadata::tests::it_should_fail_on_invalid_file ... ok
[INFO] [stdout] test check_file::tests::it_checks_location_with_wrong_filename ... ok
[INFO] [stdout] test check_file::tests::it_should_generate_desired_directory_path ... ok
[INFO] [stdout] test check_file::tests::it_checks_correct_location ... ok
[INFO] [stdout] test extract_metadata::tests::it_should_read_metadata_from_file_without_exif ... ok
[INFO] [stdout] test extract_metadata::tests::it_should_read_metadata ... FAILED
[INFO] [stdout] 
[INFO] [stdout] failures:
[INFO] [stdout] 
[INFO] [stdout] ---- extract_metadata::tests::it_should_read_metadata stdout ----
[INFO] [stdout] 
[INFO] [stdout] thread 'extract_metadata::tests::it_should_read_metadata' (499) panicked at src/exiv2.rs:15:10:
[INFO] [stdout] failed to execute exiv2json process: Os { code: 2, kind: NotFound, message: "No such file or directory" }
[INFO] [stderr] error: test failed, to rerun pass `--lib`
[INFO] [stdout] stack backtrace:
[INFO] [stdout]    0:     0x55a084d73ee1 - <<std[70759c8f55707aa4]::sys::backtrace::BacktraceLock>::print::DisplayBacktrace as core[df12db4294e9bfd3]::fmt::Display>::fmt
[INFO] [stdout]    1:     0x55a084d89e9a - core[df12db4294e9bfd3]::fmt::write
[INFO] [stdout]    2:     0x55a084d7842c - <alloc[2182bb758b4b3781]::vec::Vec<u8> as core[df12db4294e9bfd3]::io::write::Write>::write_fmt
[INFO] [stdout]    3:     0x55a084d50046 - std[70759c8f55707aa4]::panicking::default_hook::{closure#0}
[INFO] [stdout]    4:     0x55a084d6c5a9 - std[70759c8f55707aa4]::panicking::default_hook
[INFO] [stdout]    5:     0x55a084c890f0 - test[9d35eded1c95d3be]::test_main_inner::<test[9d35eded1c95d3be]::test_main_static::{closure#0}>::{closure#0}
[INFO] [stdout]    6:     0x55a084d6c762 - std[70759c8f55707aa4]::panicking::panic_with_hook
[INFO] [stdout]    7:     0x55a084d500f2 - std[70759c8f55707aa4]::panicking::panic_handler::{closure#0}
[INFO] [stdout]    8:     0x55a084d48e49 - std[70759c8f55707aa4]::sys::backtrace::__rust_end_short_backtrace::<std[70759c8f55707aa4]::panicking::panic_handler::{closure#0}, !>
[INFO] [stdout]    9:     0x55a084d50ced - __rustc[8fa7c3cbc660c2b3]::rust_begin_unwind
[INFO] [stdout]   10:     0x55a084d8a5fc - core[df12db4294e9bfd3]::panicking::panic_fmt
[INFO] [stdout]   11:     0x55a084d8a3d2 - core[df12db4294e9bfd3]::result::unwrap_failed
[INFO] [stdout]   12:     0x55a084c7abf4 - pastelogue[30d96c1a048e9842]::exiv2::read_metadata_from_file
[INFO] [stdout]   13:     0x55a084c787a9 - <pastelogue[30d96c1a048e9842]::extract_metadata::tests::it_should_read_metadata::{closure#0} as core[df12db4294e9bfd3]::ops::function::FnOnce<()>>::call_once
[INFO] [stdout]   14:     0x55a084c7c3db - test[9d35eded1c95d3be]::__rust_begin_short_backtrace::<core[df12db4294e9bfd3]::result::Result<(), alloc[2182bb758b4b3781]::string::String>, fn() -> core[df12db4294e9bfd3]::result::Result<(), alloc[2182bb758b4b3781]::string::String>>
[INFO] [stdout]   15:     0x55a084c89a45 - test[9d35eded1c95d3be]::run_test::{closure#0}
[INFO] [stdout]   16:     0x55a084c83304 - std[70759c8f55707aa4]::sys::backtrace::__rust_begin_short_backtrace::<test[9d35eded1c95d3be]::run_test::{closure#1}, ()>
[INFO] [stdout]   17:     0x55a084c8cba2 - <std[70759c8f55707aa4]::thread::lifecycle::spawn_unchecked<test[9d35eded1c95d3be]::run_test::{closure#1}, ()>::{closure#1} as core[df12db4294e9bfd3]::ops::function::FnOnce<()>>::call_once::{shim:vtable#0}
[INFO] [stdout]   18:     0x55a084d737b9 - <std[70759c8f55707aa4]::sys::thread::unix::Thread>::new::thread_start
[INFO] [stdout]   19:     0x751e0aa06dfa - <unknown>
[INFO] [stdout]   20:     0x751e0aa9a3d4 - clone
[INFO] [stdout]   21:                0x0 - <unknown>
[INFO] [stdout] 
[INFO] [stdout] 
[INFO] [stdout] failures:
[INFO] [stdout]     extract_metadata::tests::it_should_read_metadata
[INFO] [stdout] 
[INFO] [stdout] test result: FAILED. 8 passed; 1 failed; 0 ignored; 0 measured; 0 filtered out; finished in 0.01s
[INFO] [stdout] 
[INFO] running `Command { std: "docker" "inspect" "b19b460d203f414ad2264026829976d9cd4bffa5a5f42e3d33c9b144872fa3c7", kill_on_drop: false }`
[INFO] running `Command { std: "docker" "rm" "-f" "b19b460d203f414ad2264026829976d9cd4bffa5a5f42e3d33c9b144872fa3c7", kill_on_drop: false }`
[INFO] [stdout] b19b460d203f414ad2264026829976d9cd4bffa5a5f42e3d33c9b144872fa3c7
