[INFO] fetching crate partial-borrow 1.0.1...
[INFO] testing partial-borrow-1.0.1 against 1.100.0-beta.1+cargoflags=--release for beta-release-1.100-2
[INFO] extracting crate partial-borrow 1.0.1 into /workspace/builds/worker-4-tc2/source
[INFO] started tweaking crates.io crate partial-borrow 1.0.1
[INFO] finished tweaking crates.io crate partial-borrow 1.0.1
[INFO] tweaked toml for crates.io crate partial-borrow 1.0.1 written to /workspace/builds/worker-4-tc2/source/Cargo.toml
[INFO] validating manifest of crates.io crate partial-borrow 1.0.1 on toolchain 1.100.0-beta.1
[INFO] running `Command { std: CARGO_HOME="/workspace/cargo-home" RUSTUP_HOME="/workspace/rustup-home" "/workspace/cargo-home/bin/cargo" "+1.100.0-beta.1" "metadata" "--manifest-path" "Cargo.toml" "--no-deps", kill_on_drop: false }`
[INFO] crate crates.io crate partial-borrow 1.0.1 already has a lockfile, it will not be regenerated
[INFO] running `Command { std: CARGO_HOME="/workspace/cargo-home" RUSTUP_HOME="/workspace/rustup-home" "/workspace/cargo-home/bin/cargo" "+1.100.0-beta.1" "fetch" "--manifest-path" "Cargo.toml", kill_on_drop: false }`
[INFO] running `Command { std: "docker" "create" "-v" "/var/lib/crater-agent-workspace/builds/worker-4-tc2/source:/opt/rustwide/workdir:ro,Z" "-v" "/var/lib/crater-agent-workspace/builds/worker-4-tc2/target:/opt/rustwide/target:rw,Z" "-v" "/var/lib/crater-agent-workspace/cargo-home:/opt/rustwide/cargo-home:ro,Z" "-v" "/var/lib/crater-agent-workspace/rustup-home:/opt/rustwide/rustup-home:ro,Z" "-m" "1610612736" "--network" "none" "ghcr.io/rust-lang/crates-build-env/linux@sha256:77db811e55d90add9212f6832c23229e3de5f1c1f9905e8cb07319ea15df73ac" "sleep" "infinity", kill_on_drop: false }`
[INFO] [stdout] d8058c04d3ad9e8bce4640c40b8012b76dea0bf6b15648188de57f14994fe3d4
[INFO] running `Command { std: "docker" "start" "d8058c04d3ad9e8bce4640c40b8012b76dea0bf6b15648188de57f14994fe3d4", kill_on_drop: false }`
[INFO] running `Command { std: "docker" "inspect" "d8058c04d3ad9e8bce4640c40b8012b76dea0bf6b15648188de57f14994fe3d4", kill_on_drop: false }`
[INFO] running `Command { std: "docker" "exec" "-e" "SOURCE_DIR=/opt/rustwide/workdir" "-e" "CARGO_HOME=/opt/rustwide/cargo-home" "-e" "RUSTUP_HOME=/opt/rustwide/rustup-home" "-e" "CARGO_TARGET_DIR=/opt/rustwide/target" "-w" "/opt/rustwide/workdir" "--user" "0:0" "d8058c04d3ad9e8bce4640c40b8012b76dea0bf6b15648188de57f14994fe3d4" "/opt/rustwide/cargo-home/bin/cargo" "+1.100.0-beta.1" "metadata" "--no-deps" "--format-version=1", kill_on_drop: false }`
[INFO] running `Command { std: "docker" "inspect" "d8058c04d3ad9e8bce4640c40b8012b76dea0bf6b15648188de57f14994fe3d4", kill_on_drop: false }`
[INFO] running `Command { std: "docker" "exec" "-e" "SOURCE_DIR=/opt/rustwide/workdir" "-e" "CARGO_HOME=/opt/rustwide/cargo-home" "-e" "RUSTUP_HOME=/opt/rustwide/rustup-home" "-e" "CARGO_TARGET_DIR=/opt/rustwide/target" "-e" "CARGO_INCREMENTAL=0" "-e" "RUST_BACKTRACE=full" "-e" "RUSTFLAGS=--cap-lints=warn" "-e" "RUSTDOCFLAGS=--cap-lints=warn" "-w" "/opt/rustwide/workdir" "--user" "0:0" "d8058c04d3ad9e8bce4640c40b8012b76dea0bf6b15648188de57f14994fe3d4" "/opt/rustwide/cargo-home/bin/cargo" "+1.100.0-beta.1" "build" "--frozen" "--message-format=json" "--release", kill_on_drop: false }`
[INFO] [stderr]    Compiling proc-macro2 v1.0.43
[INFO] [stderr]    Compiling quote v1.0.21
[INFO] [stderr]    Compiling unicode-ident v1.0.3
[INFO] [stderr]    Compiling syn v1.0.99
[INFO] [stderr]    Compiling autocfg v1.1.0
[INFO] [stderr]    Compiling version_check v0.9.4
[INFO] [stderr]    Compiling strsim v0.10.0
[INFO] [stderr]    Compiling fnv v1.0.7
[INFO] [stderr]    Compiling ident_case v1.0.1
[INFO] [stderr]    Compiling libc v0.2.132
[INFO] [stderr]    Compiling cfg-if v1.0.0
[INFO] [stderr]    Compiling fastrand v1.8.0
[INFO] [stderr]    Compiling either v1.8.0
[INFO] [stderr]    Compiling hashbrown v0.12.3
[INFO] [stderr]    Compiling remove_dir_all v0.5.3
[INFO] [stderr]    Compiling proc-macro-error-attr v1.0.4
[INFO] [stderr]    Compiling proc-macro-error v1.0.4
[INFO] [stderr]    Compiling itertools v0.10.3
[INFO] [stderr]    Compiling indexmap v1.9.1
[INFO] [stderr]    Compiling memoffset v0.6.5
[INFO] [stderr]    Compiling tempfile v3.3.0
[INFO] [stderr]    Compiling darling_core v0.14.1
[INFO] [stderr]    Compiling fehler-macros v1.0.0
[INFO] [stderr]    Compiling darling_macro v0.14.1
[INFO] [stderr]    Compiling fehler v1.0.0
[INFO] [stderr]    Compiling darling v0.14.1
[INFO] [stderr]    Compiling partial-borrow-macros v1.0.1
[INFO] [stderr]    Compiling partial-borrow v1.0.1 (/opt/rustwide/workdir)
[INFO] [stderr]     Finished `release` profile [optimized] target(s) in 11.24s
[INFO] running `Command { std: "docker" "inspect" "d8058c04d3ad9e8bce4640c40b8012b76dea0bf6b15648188de57f14994fe3d4", kill_on_drop: false }`
[INFO] running `Command { std: "docker" "exec" "-e" "SOURCE_DIR=/opt/rustwide/workdir" "-e" "CARGO_HOME=/opt/rustwide/cargo-home" "-e" "RUSTUP_HOME=/opt/rustwide/rustup-home" "-e" "CARGO_TARGET_DIR=/opt/rustwide/target" "-e" "CARGO_INCREMENTAL=0" "-e" "RUST_BACKTRACE=full" "-e" "RUSTFLAGS=--cap-lints=warn" "-e" "RUSTDOCFLAGS=--cap-lints=warn" "-w" "/opt/rustwide/workdir" "--user" "0:0" "d8058c04d3ad9e8bce4640c40b8012b76dea0bf6b15648188de57f14994fe3d4" "/opt/rustwide/cargo-home/bin/cargo" "+1.100.0-beta.1" "test" "--frozen" "--no-run" "--message-format=json" "--release", kill_on_drop: false }`
[INFO] [stderr]    Compiling serde v1.0.144
[INFO] [stderr]    Compiling serde_derive v1.0.144
[INFO] [stderr]    Compiling serde_json v1.0.85
[INFO] [stderr]    Compiling ryu v1.0.11
[INFO] [stderr]    Compiling itoa v1.0.3
[INFO] [stderr]    Compiling trybuild v1.0.64
[INFO] [stderr]    Compiling glob v0.3.0
[INFO] [stderr]    Compiling termcolor v1.1.3
[INFO] [stderr]    Compiling once_cell v1.14.0
[INFO] [stderr]    Compiling easy-ext v1.0.0
[INFO] [stderr]    Compiling toml v0.5.9
[INFO] [stderr]    Compiling partial-borrow v1.0.1 (/opt/rustwide/workdir)
[INFO] [stderr]     Finished `release` profile [optimized] target(s) in 20.97s
[INFO] running `Command { std: "docker" "inspect" "d8058c04d3ad9e8bce4640c40b8012b76dea0bf6b15648188de57f14994fe3d4", kill_on_drop: false }`
[INFO] running `Command { std: "docker" "exec" "-e" "SOURCE_DIR=/opt/rustwide/workdir" "-e" "CARGO_HOME=/opt/rustwide/cargo-home" "-e" "RUSTUP_HOME=/opt/rustwide/rustup-home" "-e" "CARGO_TARGET_DIR=/opt/rustwide/target" "-e" "CARGO_INCREMENTAL=0" "-e" "RUST_BACKTRACE=full" "-e" "RUSTFLAGS=--cap-lints=warn" "-e" "RUSTDOCFLAGS=--cap-lints=warn" "-w" "/opt/rustwide/workdir" "--user" "0:0" "d8058c04d3ad9e8bce4640c40b8012b76dea0bf6b15648188de57f14994fe3d4" "/opt/rustwide/cargo-home/bin/cargo" "+1.100.0-beta.1" "test" "--frozen" "--release", kill_on_drop: false }`
[INFO] [stderr]     Finished `release` profile [optimized] target(s) in 0.09s
[INFO] [stderr]      Running unittests src/lib.rs (/opt/rustwide/target/release/build/partial-borrow/04b25d9478f5e21f/out/partial_borrow-04b25d9478f5e21f)
[INFO] [stdout] 
[INFO] [stdout] running 8 tests
[INFO] [stdout] test test::treborrow::split_from_from ... ok
[INFO] [stdout] test test::treborrow::downgrade ... ok
[INFO] [stdout] test test::treborrow::split_off ... ok
[INFO] [stdout] test test::treborrow::split_into_into ... ok
[INFO] [stdout] test test::tgenerics::test ... ok
[INFO] [stdout] test test::treborrow::asref ... ok
[INFO] [stdout] test test::treborrow::split_into ... ok
[INFO] [stderr] warning: `/opt/rustwide/target/tests/partial-borrow/.cargo/config` is deprecated in favor of `config.toml`
[INFO] [stderr]   |
[INFO] [stderr]   = help: if you need to support cargo 1.38 or earlier, you can symlink `config` to `config.toml`
[INFO] [stderr]    Compiling proc-macro2 v1.0.43
[INFO] [stderr]    Compiling unicode-ident v1.0.3
[INFO] [stderr]    Compiling quote v1.0.21
[INFO] [stderr]    Compiling syn v1.0.99
[INFO] [stderr]    Compiling autocfg v1.1.0
[INFO] [stderr]    Compiling version_check v0.9.4
[INFO] [stderr]    Compiling strsim v0.10.0
[INFO] [stderr]    Compiling libc v0.2.132
[INFO] [stderr]    Compiling fnv v1.0.7
[INFO] [stderr]    Compiling ident_case v1.0.1
[INFO] [stderr]    Compiling either v1.8.0
[INFO] [stderr]    Compiling fastrand v1.8.0
[INFO] [stderr]    Compiling cfg-if v1.0.0
[INFO] [stderr]    Compiling hashbrown v0.12.3
[INFO] [stderr]    Compiling remove_dir_all v0.5.3
[INFO] [stderr]    Compiling easy-ext v1.0.0
[INFO] [stderr]    Compiling itertools v0.10.3
[INFO] [stderr]    Compiling proc-macro-error-attr v1.0.4
[INFO] [stderr]    Compiling proc-macro-error v1.0.4
[INFO] [stderr]    Compiling indexmap v1.9.1
[INFO] [stderr]    Compiling memoffset v0.6.5
[INFO] [stderr]    Compiling tempfile v3.3.0
[INFO] [stderr]    Compiling darling_core v0.14.1
[INFO] [stderr]    Compiling fehler-macros v1.0.0
[INFO] [stderr]    Compiling darling_macro v0.14.1
[INFO] [stderr]    Compiling darling v0.14.1
[INFO] [stderr]    Compiling fehler v1.0.0
[INFO] [stderr]    Compiling partial-borrow-macros v1.0.1
[INFO] [stderr]     Checking partial-borrow v1.0.1 (/opt/rustwide/workdir)
[INFO] [stderr]     Checking partial-borrow-tests v0.0.0 (/opt/rustwide/target/tests/partial-borrow)
[INFO] [stderr]     Finished `dev` profile [unoptimized + debuginfo] target(s) in 13.41s
[INFO] [stderr] 
[INFO] [stderr] 
[INFO] [stderr] test reject/autobad-deref-field-const-mut.rs ... mismatch
[INFO] [stderr] 
[INFO] [stderr] EXPECTED:
[INFO] [stderr] ┈┈┈┈┈┈┈┈┈┈┈┈┈┈┈┈┈┈┈┈┈┈┈┈┈┈┈┈┈┈┈┈┈┈┈┈┈┈┈┈┈┈┈┈┈┈┈┈┈┈┈┈┈┈┈┈┈┈┈┈
[INFO] [stderr] error[E0596]: cannot borrow data in dereference of `F_a<Const, usize, X>` as mutable
[INFO] [stderr]   --> $DIR/autobad-deref-field-const-mut.rs:15:24
[INFO] [stderr]    |
[INFO] [stderr] 15 |   let _f: &mut usize = &mut *d.a;
[INFO] [stderr]    |                        ^^^^^^^^^ cannot borrow as mutable
[INFO] [stderr]    |
[INFO] [stderr]    = help: trait `DerefMut` is required to modify through a dereference, but it is not implemented for `F_a<Const, usize, X>`
[INFO] [stderr] ┈┈┈┈┈┈┈┈┈┈┈┈┈┈┈┈┈┈┈┈┈┈┈┈┈┈┈┈┈┈┈┈┈┈┈┈┈┈┈┈┈┈┈┈┈┈┈┈┈┈┈┈┈┈┈┈┈┈┈┈
[INFO] [stderr] 
[INFO] [stderr] ACTUAL OUTPUT:
[INFO] [stderr] ┈┈┈┈┈┈┈┈┈┈┈┈┈┈┈┈┈┈┈┈┈┈┈┈┈┈┈┈┈┈┈┈┈┈┈┈┈┈┈┈┈┈┈┈┈┈┈┈┈┈┈┈┈┈┈┈┈┈┈┈
[INFO] [stderr] error[E0596]: cannot borrow data in dereference of `F_a<partial_borrow::perms::Const, usize, X>` as mutable
[INFO] [stderr]   --> reject/autobad-deref-field-const-mut.rs:15:24
[INFO] [stderr]    |
[INFO] [stderr] 15 |   let _f: &mut usize = &mut *d.a;
[INFO] [stderr]    |                        ^^^^^^^^^ cannot borrow as mutable
[INFO] [stderr]    |
[INFO] [stderr]    = help: trait `DerefMut` is required to modify through a dereference, but it is not implemented for `F_a<partial_borrow::perms::Const, usize, X>`
[INFO] [stderr] ┈┈┈┈┈┈┈┈┈┈┈┈┈┈┈┈┈┈┈┈┈┈┈┈┈┈┈┈┈┈┈┈┈┈┈┈┈┈┈┈┈┈┈┈┈┈┈┈┈┈┈┈┈┈┈┈┈┈┈┈
[INFO] [stderr] note: If the actual output is the correct output you can bless it by rerunning
[INFO] [stderr]       your test with the environment variable TRYBUILD=overwrite
[INFO] [stderr] 
[INFO] [stderr] test reject/autobad-deref-field-no-const.rs ... mismatch
[INFO] [stderr] 
[INFO] [stderr] EXPECTED:
[INFO] [stderr] ┈┈┈┈┈┈┈┈┈┈┈┈┈┈┈┈┈┈┈┈┈┈┈┈┈┈┈┈┈┈┈┈┈┈┈┈┈┈┈┈┈┈┈┈┈┈┈┈┈┈┈┈┈┈┈┈┈┈┈┈
[INFO] [stderr] error[E0614]: type `F_a<No, usize, X>` cannot be dereferenced
[INFO] [stderr]   --> $DIR/autobad-deref-field-no-const.rs:15:23
[INFO] [stderr]    |
[INFO] [stderr] 15 |   let _f: & usize = & *d.a;
[INFO] [stderr]    |                       ^^^^
[INFO] [stderr] ┈┈┈┈┈┈┈┈┈┈┈┈┈┈┈┈┈┈┈┈┈┈┈┈┈┈┈┈┈┈┈┈┈┈┈┈┈┈┈┈┈┈┈┈┈┈┈┈┈┈┈┈┈┈┈┈┈┈┈┈
[INFO] [stderr] 
[INFO] [stderr] ACTUAL OUTPUT:
[INFO] [stderr] ┈┈┈┈┈┈┈┈┈┈┈┈┈┈┈┈┈┈┈┈┈┈┈┈┈┈┈┈┈┈┈┈┈┈┈┈┈┈┈┈┈┈┈┈┈┈┈┈┈┈┈┈┈┈┈┈┈┈┈┈
[INFO] [stderr] error[E0614]: type `F_a<partial_borrow::perms::No, usize, X>` cannot be dereferenced
[INFO] [stderr]   --> reject/autobad-deref-field-no-const.rs:15:23
[INFO] [stderr]    |
[INFO] [stderr] 15 |   let _f: & usize = & *d.a;
[INFO] [stderr]    |                       ^^^^ can't be dereferenced
[INFO] [stderr] ┈┈┈┈┈┈┈┈┈┈┈┈┈┈┈┈┈┈┈┈┈┈┈┈┈┈┈┈┈┈┈┈┈┈┈┈┈┈┈┈┈┈┈┈┈┈┈┈┈┈┈┈┈┈┈┈┈┈┈┈
[INFO] [stderr] note: If the actual output is the correct output you can bless it by rerunning
[INFO] [stderr]       your test with the environment variable TRYBUILD=overwrite
[INFO] [stderr] 
[INFO] [stderr] test reject/autobad-deref-field-no-mut.rs ... mismatch
[INFO] [stderr] 
[INFO] [stderr] EXPECTED:
[INFO] [stderr] ┈┈┈┈┈┈┈┈┈┈┈┈┈┈┈┈┈┈┈┈┈┈┈┈┈┈┈┈┈┈┈┈┈┈┈┈┈┈┈┈┈┈┈┈┈┈┈┈┈┈┈┈┈┈┈┈┈┈┈┈
[INFO] [stderr] error[E0614]: type `F_a<No, usize, X>` cannot be dereferenced
[INFO] [stderr]   --> $DIR/autobad-deref-field-no-mut.rs:15:29
[INFO] [stderr]    |
[INFO] [stderr] 15 |   let _f: &mut usize = &mut *d.a;
[INFO] [stderr]    |                             ^^^^
[INFO] [stderr] ┈┈┈┈┈┈┈┈┈┈┈┈┈┈┈┈┈┈┈┈┈┈┈┈┈┈┈┈┈┈┈┈┈┈┈┈┈┈┈┈┈┈┈┈┈┈┈┈┈┈┈┈┈┈┈┈┈┈┈┈
[INFO] [stderr] 
[INFO] [stderr] ACTUAL OUTPUT:
[INFO] [stderr] ┈┈┈┈┈┈┈┈┈┈┈┈┈┈┈┈┈┈┈┈┈┈┈┈┈┈┈┈┈┈┈┈┈┈┈┈┈┈┈┈┈┈┈┈┈┈┈┈┈┈┈┈┈┈┈┈┈┈┈┈
[INFO] [stderr] error[E0614]: type `F_a<partial_borrow::perms::No, usize, X>` cannot be dereferenced
[INFO] [stderr]   --> reject/autobad-deref-field-no-mut.rs:15:29
[INFO] [stderr]    |
[INFO] [stderr] 15 |   let _f: &mut usize = &mut *d.a;
[INFO] [stderr]    |                             ^^^^ can't be dereferenced
[INFO] [stderr] ┈┈┈┈┈┈┈┈┈┈┈┈┈┈┈┈┈┈┈┈┈┈┈┈┈┈┈┈┈┈┈┈┈┈┈┈┈┈┈┈┈┈┈┈┈┈┈┈┈┈┈┈┈┈┈┈┈┈┈┈
[INFO] [stderr] note: If the actual output is the correct output you can bless it by rerunning
[INFO] [stderr]       your test with the environment variable TRYBUILD=overwrite
[INFO] [stderr] 
[INFO] [stderr] test reject/autobad-deref-whole-const-mut.rs ... mismatch
[INFO] [stderr] 
[INFO] [stderr] EXPECTED:
[INFO] [stderr] ┈┈┈┈┈┈┈┈┈┈┈┈┈┈┈┈┈┈┈┈┈┈┈┈┈┈┈┈┈┈┈┈┈┈┈┈┈┈┈┈┈┈┈┈┈┈┈┈┈┈┈┈┈┈┈┈┈┈┈┈
[INFO] [stderr] error[E0596]: cannot borrow data in dereference of `X__Partial<Const>` as mutable
[INFO] [stderr]   --> $DIR/autobad-deref-whole-const-mut.rs:15:20
[INFO] [stderr]    |
[INFO] [stderr] 15 |   let _o: &mut X = &mut **d;
[INFO] [stderr]    |                    ^^^^^^^^ cannot borrow as mutable
[INFO] [stderr]    |
[INFO] [stderr]    = help: trait `DerefMut` is required to modify through a dereference, but it is not implemented for `X__Partial<Const>`
[INFO] [stderr] ┈┈┈┈┈┈┈┈┈┈┈┈┈┈┈┈┈┈┈┈┈┈┈┈┈┈┈┈┈┈┈┈┈┈┈┈┈┈┈┈┈┈┈┈┈┈┈┈┈┈┈┈┈┈┈┈┈┈┈┈
[INFO] [stderr] 
[INFO] [stderr] ACTUAL OUTPUT:
[INFO] [stderr] ┈┈┈┈┈┈┈┈┈┈┈┈┈┈┈┈┈┈┈┈┈┈┈┈┈┈┈┈┈┈┈┈┈┈┈┈┈┈┈┈┈┈┈┈┈┈┈┈┈┈┈┈┈┈┈┈┈┈┈┈
[INFO] [stderr] error[E0596]: cannot borrow data in dereference of `X__Partial<partial_borrow::perms::Const>` as mutable
[INFO] [stderr]   --> reject/autobad-deref-whole-const-mut.rs:15:20
[INFO] [stderr]    |
[INFO] [stderr] 15 |   let _o: &mut X = &mut **d;
[INFO] [stderr]    |                    ^^^^^^^^ cannot borrow as mutable
[INFO] [stderr]    |
[INFO] [stderr]    = help: trait `DerefMut` is required to modify through a dereference, but it is not implemented for `X__Partial<partial_borrow::perms::Const>`
[INFO] [stderr] ┈┈┈┈┈┈┈┈┈┈┈┈┈┈┈┈┈┈┈┈┈┈┈┈┈┈┈┈┈┈┈┈┈┈┈┈┈┈┈┈┈┈┈┈┈┈┈┈┈┈┈┈┈┈┈┈┈┈┈┈
[INFO] [stderr] note: If the actual output is the correct output you can bless it by rerunning
[INFO] [stderr]       your test with the environment variable TRYBUILD=overwrite
[INFO] [stderr] 
[INFO] [stderr] test reject/autobad-deref-whole-no-const.rs ... mismatch
[INFO] [stderr] 
[INFO] [stderr] EXPECTED:
[INFO] [stderr] ┈┈┈┈┈┈┈┈┈┈┈┈┈┈┈┈┈┈┈┈┈┈┈┈┈┈┈┈┈┈┈┈┈┈┈┈┈┈┈┈┈┈┈┈┈┈┈┈┈┈┈┈┈┈┈┈┈┈┈┈
[INFO] [stderr] error[E0614]: type `X__Partial<No>` cannot be dereferenced
[INFO] [stderr]   --> $DIR/autobad-deref-whole-no-const.rs:15:19
[INFO] [stderr]    |
[INFO] [stderr] 15 |   let _o: & X = & **d;
[INFO] [stderr]    |                   ^^^
[INFO] [stderr] ┈┈┈┈┈┈┈┈┈┈┈┈┈┈┈┈┈┈┈┈┈┈┈┈┈┈┈┈┈┈┈┈┈┈┈┈┈┈┈┈┈┈┈┈┈┈┈┈┈┈┈┈┈┈┈┈┈┈┈┈
[INFO] [stderr] 
[INFO] [stderr] ACTUAL OUTPUT:
[INFO] [stderr] ┈┈┈┈┈┈┈┈┈┈┈┈┈┈┈┈┈┈┈┈┈┈┈┈┈┈┈┈┈┈┈┈┈┈┈┈┈┈┈┈┈┈┈┈┈┈┈┈┈┈┈┈┈┈┈┈┈┈┈┈
[INFO] [stderr] error[E0614]: type `X__Partial<partial_borrow::perms::No>` cannot be dereferenced
[INFO] [stderr]   --> reject/autobad-deref-whole-no-const.rs:15:19
[INFO] [stderr]    |
[INFO] [stderr] 15 |   let _o: & X = & **d;
[INFO] [stderr]    |                   ^^^ can't be dereferenced
[INFO] [stderr] ┈┈┈┈┈┈┈┈┈┈┈┈┈┈┈┈┈┈┈┈┈┈┈┈┈┈┈┈┈┈┈┈┈┈┈┈┈┈┈┈┈┈┈┈┈┈┈┈┈┈┈┈┈┈┈┈┈┈┈┈
[INFO] [stderr] note: If the actual output is the correct output you can bless it by rerunning
[INFO] [stderr]       your test with the environment variable TRYBUILD=overwrite
[INFO] [stderr] 
[INFO] [stderr] test reject/autobad-deref-whole-no-mut.rs ... mismatch
[INFO] [stderr] 
[INFO] [stderr] EXPECTED:
[INFO] [stderr] ┈┈┈┈┈┈┈┈┈┈┈┈┈┈┈┈┈┈┈┈┈┈┈┈┈┈┈┈┈┈┈┈┈┈┈┈┈┈┈┈┈┈┈┈┈┈┈┈┈┈┈┈┈┈┈┈┈┈┈┈
[INFO] [stderr] error[E0614]: type `X__Partial<No>` cannot be dereferenced
[INFO] [stderr]   --> $DIR/autobad-deref-whole-no-mut.rs:15:25
[INFO] [stderr]    |
[INFO] [stderr] 15 |   let _o: &mut X = &mut **d;
[INFO] [stderr]    |                         ^^^
[INFO] [stderr] ┈┈┈┈┈┈┈┈┈┈┈┈┈┈┈┈┈┈┈┈┈┈┈┈┈┈┈┈┈┈┈┈┈┈┈┈┈┈┈┈┈┈┈┈┈┈┈┈┈┈┈┈┈┈┈┈┈┈┈┈
[INFO] [stderr] 
[INFO] [stderr] ACTUAL OUTPUT:
[INFO] [stderr] ┈┈┈┈┈┈┈┈┈┈┈┈┈┈┈┈┈┈┈┈┈┈┈┈┈┈┈┈┈┈┈┈┈┈┈┈┈┈┈┈┈┈┈┈┈┈┈┈┈┈┈┈┈┈┈┈┈┈┈┈
[INFO] [stderr] error[E0614]: type `X__Partial<partial_borrow::perms::No>` cannot be dereferenced
[INFO] [stderr]   --> reject/autobad-deref-whole-no-mut.rs:15:25
[INFO] [stderr]    |
[INFO] [stderr] 15 |   let _o: &mut X = &mut **d;
[INFO] [stderr]    |                         ^^^ can't be dereferenced
[INFO] [stderr] ┈┈┈┈┈┈┈┈┈┈┈┈┈┈┈┈┈┈┈┈┈┈┈┈┈┈┈┈┈┈┈┈┈┈┈┈┈┈┈┈┈┈┈┈┈┈┈┈┈┈┈┈┈┈┈┈┈┈┈┈
[INFO] [stderr] note: If the actual output is the correct output you can bless it by rerunning
[INFO] [stderr]       your test with the environment variable TRYBUILD=overwrite
[INFO] [stderr] 
[INFO] [stderr] test reject/autobad-dg-const-mut.rs ... mismatch
[INFO] [stderr] 
[INFO] [stderr] EXPECTED:
[INFO] [stderr] ┈┈┈┈┈┈┈┈┈┈┈┈┈┈┈┈┈┈┈┈┈┈┈┈┈┈┈┈┈┈┈┈┈┈┈┈┈┈┈┈┈┈┈┈┈┈┈┈┈┈┈┈┈┈┈┈┈┈┈┈
[INFO] [stderr] error[E0277]: the trait bound `Mut: IsDowngradeFrom<Const>` is not satisfied
[INFO] [stderr]   --> $DIR/autobad-dg-const-mut.rs:15:37
[INFO] [stderr]    |
[INFO] [stderr] 15 |   let e: &mut partial!(X mut a) = d.as_mut();
[INFO] [stderr]    |                                     ^^^^^^ the trait `IsDowngradeFrom<Const>` is not implemented for `Mut`
[INFO] [stderr]    |
[INFO] [stderr]    = help: the trait `IsDowngradeFrom<Mut>` is implemented for `Mut`
[INFO] [stderr] note: required because of the requirements on the impl of `AsMut<X__Partial<Mut>>` for `X__Partial<Const>`
[INFO] [stderr]   --> $DIR/autobad-dg-const-mut.rs:9:10
[INFO] [stderr]    |
[INFO] [stderr] 9  | #[derive(PartialBorrow,Default)]
[INFO] [stderr]    |          ^^^^^^^^^^^^^
[INFO] [stderr]    = note: this error originates in the derive macro `PartialBorrow` (in Nightly builds, run with -Z macro-backtrace for more info)
[INFO] [stderr] ┈┈┈┈┈┈┈┈┈┈┈┈┈┈┈┈┈┈┈┈┈┈┈┈┈┈┈┈┈┈┈┈┈┈┈┈┈┈┈┈┈┈┈┈┈┈┈┈┈┈┈┈┈┈┈┈┈┈┈┈
[INFO] [stderr] 
[INFO] [stderr] ACTUAL OUTPUT:
[INFO] [stderr] ┈┈┈┈┈┈┈┈┈┈┈┈┈┈┈┈┈┈┈┈┈┈┈┈┈┈┈┈┈┈┈┈┈┈┈┈┈┈┈┈┈┈┈┈┈┈┈┈┈┈┈┈┈┈┈┈┈┈┈┈
[INFO] [stderr] error[E0277]: the trait bound `Mut: IsDowngradeFrom<Const>` is not satisfied
[INFO] [stderr]    --> reject/autobad-dg-const-mut.rs:15:37
[INFO] [stderr]     |
[INFO] [stderr]  15 |   let e: &mut partial!(X mut a) = d.as_mut();
[INFO] [stderr]     |                                     ^^^^^^ the trait `partial_borrow::perms::IsDowngradeFrom<partial_borrow::perms::Const>` is not implemented for `partial_borrow::perms::Mut`
[INFO] [stderr]     |
[INFO] [stderr] help: the trait `IsDowngradeFrom<partial_borrow::perms::Const>` is not implemented for `partial_borrow::perms::Mut`
[INFO] [stderr]       but trait `IsDowngradeFrom<partial_borrow::perms::Mut>` is implemented for it
[INFO] [stderr]    --> src/lib.rs
[INFO] [stderr]     |
[INFO] [stderr]     |   unsafe impl IsDowngradeFrom<Mut>   for Mut   { type Remaining = No;    }
[INFO] [stderr]     |   ^^^^^^^^^^^^^^^^^^^^^^^^^^^^^^^^^^^^^^^^^^
[INFO] [stderr]     = help: for that trait implementation, expected `partial_borrow::perms::Mut`, found `partial_borrow::perms::Const`
[INFO] [stderr] note: required for `X__Partial<partial_borrow::perms::Const>` to implement `AsMut<X__Partial<partial_borrow::perms::Mut>>`
[INFO] [stderr]    --> reject/autobad-dg-const-mut.rs:9:10
[INFO] [stderr]     |
[INFO] [stderr]   9 | #[derive(PartialBorrow,Default)]
[INFO] [stderr]     |          ^^^^^^^^^^^^^ type parameter would need to implement `AsMut<X__Partial<partial_borrow::perms::Mut>>`
[INFO] [stderr]     = note: the full name for the type has been written to '/opt/rustwide/target/tests/target/x86_64-unknown-linux-gnu/debug/build/partial-borrow-tests/e0f8dd0e521633dc/out/$CRATE-e0f8dd0e521633dc.long-type-1657724509578601940.txt'
[INFO] [stderr]     = note: consider using `--verbose` to print the full type name to the console
[INFO] [stderr]     = note: this error originates in the derive macro `PartialBorrow` (in Nightly builds, run with -Z macro-backtrace for more info)
[INFO] [stderr] ┈┈┈┈┈┈┈┈┈┈┈┈┈┈┈┈┈┈┈┈┈┈┈┈┈┈┈┈┈┈┈┈┈┈┈┈┈┈┈┈┈┈┈┈┈┈┈┈┈┈┈┈┈┈┈┈┈┈┈┈
[INFO] [stderr] note: If the actual output is the correct output you can bless it by rerunning
[INFO] [stderr]       your test with the environment variable TRYBUILD=overwrite
[INFO] [stderr] 
[INFO] [stderr] test reject/autobad-dg-no-const.rs ... mismatch
[INFO] [stderr] 
[INFO] [stderr] EXPECTED:
[INFO] [stderr] ┈┈┈┈┈┈┈┈┈┈┈┈┈┈┈┈┈┈┈┈┈┈┈┈┈┈┈┈┈┈┈┈┈┈┈┈┈┈┈┈┈┈┈┈┈┈┈┈┈┈┈┈┈┈┈┈┈┈┈┈
[INFO] [stderr] error[E0277]: the trait bound `Const: IsDowngradeFrom<No>` is not satisfied
[INFO] [stderr]   --> $DIR/autobad-dg-no-const.rs:15:39
[INFO] [stderr]    |
[INFO] [stderr] 15 |   let e: &mut partial!(X const a) = d.as_mut();
[INFO] [stderr]    |                                       ^^^^^^ the trait `IsDowngradeFrom<No>` is not implemented for `Const`
[INFO] [stderr]    |
[INFO] [stderr]    = help: the following other types implement trait `IsDowngradeFrom<P>`:
[INFO] [stderr]              <Const as IsDowngradeFrom<Const>>
[INFO] [stderr]              <Const as IsDowngradeFrom<Mut>>
[INFO] [stderr] note: required because of the requirements on the impl of `AsMut<X__Partial<Const>>` for `X__Partial<No>`
[INFO] [stderr]   --> $DIR/autobad-dg-no-const.rs:9:10
[INFO] [stderr]    |
[INFO] [stderr] 9  | #[derive(PartialBorrow,Default)]
[INFO] [stderr]    |          ^^^^^^^^^^^^^
[INFO] [stderr]    = note: this error originates in the derive macro `PartialBorrow` (in Nightly builds, run with -Z macro-backtrace for more info)
[INFO] [stderr] ┈┈┈┈┈┈┈┈┈┈┈┈┈┈┈┈┈┈┈┈┈┈┈┈┈┈┈┈┈┈┈┈┈┈┈┈┈┈┈┈┈┈┈┈┈┈┈┈┈┈┈┈┈┈┈┈┈┈┈┈
[INFO] [stderr] 
[INFO] [stderr] ACTUAL OUTPUT:
[INFO] [stderr] ┈┈┈┈┈┈┈┈┈┈┈┈┈┈┈┈┈┈┈┈┈┈┈┈┈┈┈┈┈┈┈┈┈┈┈┈┈┈┈┈┈┈┈┈┈┈┈┈┈┈┈┈┈┈┈┈┈┈┈┈
[INFO] [stderr] error[E0277]: the trait bound `Const: IsDowngradeFrom<No>` is not satisfied
[INFO] [stderr]    --> reject/autobad-dg-no-const.rs:15:39
[INFO] [stderr]     |
[INFO] [stderr]  15 |   let e: &mut partial!(X const a) = d.as_mut();
[INFO] [stderr]     |                                       ^^^^^^ the trait `partial_borrow::perms::IsDowngradeFrom<partial_borrow::perms::No>` is not implemented for `partial_borrow::perms::Const`
[INFO] [stderr]     |
[INFO] [stderr] help: `partial_borrow::perms::Const` implements trait `partial_borrow::perms::IsDowngradeFrom<P>`
[INFO] [stderr]    --> src/lib.rs
[INFO] [stderr]     |
[INFO] [stderr]     |   unsafe impl IsDowngradeFrom<Mut>   for Const { type Remaining = Const; }
[INFO] [stderr]     |   ^^^^^^^^^^^^^^^^^^^^^^^^^^^^^^^^^^^^^^^^^^^^ `partial_borrow::perms::IsDowngradeFrom<partial_borrow::perms::Mut>`
[INFO] [stderr] ...
[INFO] [stderr]     |   unsafe impl IsDowngradeFrom<Const> for Const { type Remaining = Const; }
[INFO] [stderr]     |   ^^^^^^^^^^^^^^^^^^^^^^^^^^^^^^^^^^^^^^^^^^^^ `partial_borrow::perms::IsDowngradeFrom<partial_borrow::perms::Const>`
[INFO] [stderr] note: required for `X__Partial<partial_borrow::perms::No>` to implement `AsMut<X__Partial<partial_borrow::perms::Const>>`
[INFO] [stderr]    --> reject/autobad-dg-no-const.rs:9:10
[INFO] [stderr]     |
[INFO] [stderr]   9 | #[derive(PartialBorrow,Default)]
[INFO] [stderr]     |          ^^^^^^^^^^^^^ type parameter would need to implement `AsMut<X__Partial<partial_borrow::perms::Const>>`
[INFO] [stderr]     = note: the full name for the type has been written to '/opt/rustwide/target/tests/target/x86_64-unknown-linux-gnu/debug/build/partial-borrow-tests/d632329bb56c703b/out/$CRATE-d632329bb56c703b.long-type-2788064359360932141.txt'
[INFO] [stderr]     = note: consider using `--verbose` to print the full type name to the console
[INFO] [stderr]     = note: this error originates in the derive macro `PartialBorrow` (in Nightly builds, run with -Z macro-backtrace for more info)
[INFO] [stderr] ┈┈┈┈┈┈┈┈┈┈┈┈┈┈┈┈┈┈┈┈┈┈┈┈┈┈┈┈┈┈┈┈┈┈┈┈┈┈┈┈┈┈┈┈┈┈┈┈┈┈┈┈┈┈┈┈┈┈┈┈
[INFO] [stderr] note: If the actual output is the correct output you can bless it by rerunning
[INFO] [stderr]       your test with the environment variable TRYBUILD=overwrite
[INFO] [stderr] 
[INFO] [stderr] test reject/autobad-dg-no-mut.rs ... mismatch
[INFO] [stderr] 
[INFO] [stderr] EXPECTED:
[INFO] [stderr] ┈┈┈┈┈┈┈┈┈┈┈┈┈┈┈┈┈┈┈┈┈┈┈┈┈┈┈┈┈┈┈┈┈┈┈┈┈┈┈┈┈┈┈┈┈┈┈┈┈┈┈┈┈┈┈┈┈┈┈┈
[INFO] [stderr] error[E0277]: the trait bound `Mut: IsDowngradeFrom<No>` is not satisfied
[INFO] [stderr]   --> $DIR/autobad-dg-no-mut.rs:15:37
[INFO] [stderr]    |
[INFO] [stderr] 15 |   let e: &mut partial!(X mut a) = d.as_mut();
[INFO] [stderr]    |                                     ^^^^^^ the trait `IsDowngradeFrom<No>` is not implemented for `Mut`
[INFO] [stderr]    |
[INFO] [stderr]    = help: the trait `IsDowngradeFrom<Mut>` is implemented for `Mut`
[INFO] [stderr] note: required because of the requirements on the impl of `AsMut<X__Partial<Mut>>` for `X__Partial<No>`
[INFO] [stderr]   --> $DIR/autobad-dg-no-mut.rs:9:10
[INFO] [stderr]    |
[INFO] [stderr] 9  | #[derive(PartialBorrow,Default)]
[INFO] [stderr]    |          ^^^^^^^^^^^^^
[INFO] [stderr]    = note: this error originates in the derive macro `PartialBorrow` (in Nightly builds, run with -Z macro-backtrace for more info)
[INFO] [stderr] ┈┈┈┈┈┈┈┈┈┈┈┈┈┈┈┈┈┈┈┈┈┈┈┈┈┈┈┈┈┈┈┈┈┈┈┈┈┈┈┈┈┈┈┈┈┈┈┈┈┈┈┈┈┈┈┈┈┈┈┈
[INFO] [stderr] 
[INFO] [stderr] ACTUAL OUTPUT:
[INFO] [stderr] ┈┈┈┈┈┈┈┈┈┈┈┈┈┈┈┈┈┈┈┈┈┈┈┈┈┈┈┈┈┈┈┈┈┈┈┈┈┈┈┈┈┈┈┈┈┈┈┈┈┈┈┈┈┈┈┈┈┈┈┈
[INFO] [stderr] error[E0277]: the trait bound `partial_borrow::perms::Mut: partial_borrow::perms::IsDowngradeFrom<partial_borrow::perms::No>` is not satisfied
[INFO] [stderr]    --> reject/autobad-dg-no-mut.rs:15:37
[INFO] [stderr]     |
[INFO] [stderr]  15 |   let e: &mut partial!(X mut a) = d.as_mut();
[INFO] [stderr]     |                                     ^^^^^^ the trait `partial_borrow::perms::IsDowngradeFrom<partial_borrow::perms::No>` is not implemented for `partial_borrow::perms::Mut`
[INFO] [stderr]     |
[INFO] [stderr] help: the trait `IsDowngradeFrom<partial_borrow::perms::No>` is not implemented for `partial_borrow::perms::Mut`
[INFO] [stderr]       but trait `IsDowngradeFrom<partial_borrow::perms::Mut>` is implemented for it
[INFO] [stderr]    --> src/lib.rs
[INFO] [stderr]     |
[INFO] [stderr]     |   unsafe impl IsDowngradeFrom<Mut>   for Mut   { type Remaining = No;    }
[INFO] [stderr]     |   ^^^^^^^^^^^^^^^^^^^^^^^^^^^^^^^^^^^^^^^^^^
[INFO] [stderr]     = help: for that trait implementation, expected `partial_borrow::perms::Mut`, found `partial_borrow::perms::No`
[INFO] [stderr] note: required for `X__Partial<partial_borrow::perms::No>` to implement `AsMut<X__Partial<partial_borrow::perms::Mut>>`
[INFO] [stderr]    --> reject/autobad-dg-no-mut.rs:9:10
[INFO] [stderr]     |
[INFO] [stderr]   9 | #[derive(PartialBorrow,Default)]
[INFO] [stderr]     |          ^^^^^^^^^^^^^ type parameter would need to implement `AsMut<X__Partial<partial_borrow::perms::Mut>>`
[INFO] [stderr]     = note: this error originates in the derive macro `PartialBorrow` (in Nightly builds, run with -Z macro-backtrace for more info)
[INFO] [stderr] ┈┈┈┈┈┈┈┈┈┈┈┈┈┈┈┈┈┈┈┈┈┈┈┈┈┈┈┈┈┈┈┈┈┈┈┈┈┈┈┈┈┈┈┈┈┈┈┈┈┈┈┈┈┈┈┈┈┈┈┈
[INFO] [stderr] note: If the actual output is the correct output you can bless it by rerunning
[INFO] [stderr]       your test with the environment variable TRYBUILD=overwrite
[INFO] [stderr] 
[INFO] [stderr] test reject/autobad-split-const-const-mut.rs ... mismatch
[INFO] [stderr] 
[INFO] [stderr] EXPECTED:
[INFO] [stderr] ┈┈┈┈┈┈┈┈┈┈┈┈┈┈┈┈┈┈┈┈┈┈┈┈┈┈┈┈┈┈┈┈┈┈┈┈┈┈┈┈┈┈┈┈┈┈┈┈┈┈┈┈┈┈┈┈┈┈┈┈
[INFO] [stderr] error[E0277]: the trait bound `Const: CanSplitInto<Const, Mut>` is not satisfied
[INFO] [stderr]   --> $DIR/autobad-split-const-const-mut.rs:14:43
[INFO] [stderr]    |
[INFO] [stderr] 14 |               &mut partial!(X mut a)) = i.into();
[INFO] [stderr]    |                                           ^^^^ the trait `CanSplitInto<Const, Mut>` is not implemented for `Const`
[INFO] [stderr]    |
[INFO] [stderr]    = help: the following other types implement trait `CanSplitInto<R, S>`:
[INFO] [stderr]              <Const as CanSplitInto<Const, Const>>
[INFO] [stderr]              <Const as CanSplitInto<Const, No>>
[INFO] [stderr]              <Const as CanSplitInto<No, Const>>
[INFO] [stderr]              <Const as CanSplitInto<No, No>>
[INFO] [stderr] note: required because of the requirements on the impl of `From<&mut X__Partial<Const>>` for `(&mut X__Partial<Const>, &mut X__Partial<Mut>)`
[INFO] [stderr]   --> $DIR/autobad-split-const-const-mut.rs:7:10
[INFO] [stderr]    |
[INFO] [stderr] 7  | #[derive(PartialBorrow,Default)]
[INFO] [stderr]    |          ^^^^^^^^^^^^^
[INFO] [stderr]    = note: required because of the requirements on the impl of `Into<(&mut X__Partial<Const>, &mut X__Partial<Mut>)>` for `&mut X__Partial<Const>`
[INFO] [stderr]    = note: this error originates in the derive macro `PartialBorrow` (in Nightly builds, run with -Z macro-backtrace for more info)
[INFO] [stderr] ┈┈┈┈┈┈┈┈┈┈┈┈┈┈┈┈┈┈┈┈┈┈┈┈┈┈┈┈┈┈┈┈┈┈┈┈┈┈┈┈┈┈┈┈┈┈┈┈┈┈┈┈┈┈┈┈┈┈┈┈
[INFO] [stderr] 
[INFO] [stderr] ACTUAL OUTPUT:
[INFO] [stderr] ┈┈┈┈┈┈┈┈┈┈┈┈┈┈┈┈┈┈┈┈┈┈┈┈┈┈┈┈┈┈┈┈┈┈┈┈┈┈┈┈┈┈┈┈┈┈┈┈┈┈┈┈┈┈┈┈┈┈┈┈
[INFO] [stderr] error[E0277]: the trait bound `Const: CanSplitInto<Const, Mut>` is not satisfied
[INFO] [stderr]    --> reject/autobad-split-const-const-mut.rs:14:43
[INFO] [stderr]     |
[INFO] [stderr]  14 |               &mut partial!(X mut a)) = i.into();
[INFO] [stderr]     |                                           ^^^^ unsatisfied trait bound
[INFO] [stderr]     |
[INFO] [stderr]     = help: the trait `partial_borrow::perms::CanSplitInto<partial_borrow::perms::Const, partial_borrow::perms::Mut>` is not implemented for `partial_borrow::perms::Const`
[INFO] [stderr] help: `partial_borrow::perms::Const` implements trait `partial_borrow::perms::CanSplitInto<R, S>`
[INFO] [stderr]    --> src/lib.rs
[INFO] [stderr]     |
[INFO] [stderr]     |   unsafe impl CanSplitInto<Const,Const> for Const { }
[INFO] [stderr]     |   ^^^^^^^^^^^^^^^^^^^^^^^^^^^^^^^^^^^^^^^^^^^^^^^ `CanSplitInto<Const, Const>`
[INFO] [stderr]     |   unsafe impl CanSplitInto<Const,No   > for Const { }
[INFO] [stderr]     |   ^^^^^^^^^^^^^^^^^^^^^^^^^^^^^^^^^^^^^^^^^^^^^^^ `partial_borrow::perms::CanSplitInto<partial_borrow::perms::Const, partial_borrow::perms::No>`
[INFO] [stderr]     |   unsafe impl CanSplitInto<No,   Const> for Const { }
[INFO] [stderr]     |   ^^^^^^^^^^^^^^^^^^^^^^^^^^^^^^^^^^^^^^^^^^^^^^^ `partial_borrow::perms::CanSplitInto<partial_borrow::perms::No, partial_borrow::perms::Const>`
[INFO] [stderr]     |   unsafe impl CanSplitInto<No,   No   > for Const { }
[INFO] [stderr]     |   ^^^^^^^^^^^^^^^^^^^^^^^^^^^^^^^^^^^^^^^^^^^^^^^ `partial_borrow::perms::CanSplitInto<partial_borrow::perms::No, partial_borrow::perms::No>`
[INFO] [stderr] note: required for `(&mut X__Partial<partial_borrow::perms::Const>, &mut X__Partial<partial_borrow::perms::Mut>)` to implement `From<&mut X__Partial<partial_borrow::perms::Const>>`
[INFO] [stderr]    --> reject/autobad-split-const-const-mut.rs:7:10
[INFO] [stderr]     |
[INFO] [stderr]   7 | #[derive(PartialBorrow,Default)]
[INFO] [stderr]     |          ^^^^^^^^^^^^^ type parameter would need to implement `From<&mut X__Partial<partial_borrow::perms::Const>>`
[INFO] [stderr]     = note: required for `&mut X__Partial<partial_borrow::perms::Const>` to implement `Into<(&mut X__Partial<Const>, &mut X__Partial<Mut>)>`
[INFO] [stderr]     = note: the full name for the type has been written to '/opt/rustwide/target/tests/target/x86_64-unknown-linux-gnu/debug/build/partial-borrow-tests/cefc78b7d2981045/out/$CRATE-cefc78b7d2981045.long-type-7181976786176774606.txt'
[INFO] [stderr]     = note: consider using `--verbose` to print the full type name to the console
[INFO] [stderr]     = note: this error originates in the derive macro `PartialBorrow` (in Nightly builds, run with -Z macro-backtrace for more info)
[INFO] [stderr] ┈┈┈┈┈┈┈┈┈┈┈┈┈┈┈┈┈┈┈┈┈┈┈┈┈┈┈┈┈┈┈┈┈┈┈┈┈┈┈┈┈┈┈┈┈┈┈┈┈┈┈┈┈┈┈┈┈┈┈┈
[INFO] [stderr] note: If the actual output is the correct output you can bless it by rerunning
[INFO] [stderr]       your test with the environment variable TRYBUILD=overwrite
[INFO] [stderr] 
[INFO] [stderr] test reject/autobad-split-const-mut-const.rs ... mismatch
[INFO] [stderr] 
[INFO] [stderr] EXPECTED:
[INFO] [stderr] ┈┈┈┈┈┈┈┈┈┈┈┈┈┈┈┈┈┈┈┈┈┈┈┈┈┈┈┈┈┈┈┈┈┈┈┈┈┈┈┈┈┈┈┈┈┈┈┈┈┈┈┈┈┈┈┈┈┈┈┈
[INFO] [stderr] error[E0277]: the trait bound `Const: CanSplitInto<Mut, Const>` is not satisfied
[INFO] [stderr]   --> $DIR/autobad-split-const-mut-const.rs:16:45
[INFO] [stderr]    |
[INFO] [stderr] 16 |               &mut partial!(X const a)) = i.into();
[INFO] [stderr]    |                                             ^^^^ the trait `CanSplitInto<Mut, Const>` is not implemented for `Const`
[INFO] [stderr]    |
[INFO] [stderr]    = help: the following other types implement trait `CanSplitInto<R, S>`:
[INFO] [stderr]              <Const as CanSplitInto<Const, Const>>
[INFO] [stderr]              <Const as CanSplitInto<Const, No>>
[INFO] [stderr]              <Const as CanSplitInto<No, Const>>
[INFO] [stderr]              <Const as CanSplitInto<No, No>>
[INFO] [stderr] note: required because of the requirements on the impl of `From<&mut X__Partial<Const>>` for `(&mut X__Partial<Mut>, &mut X__Partial<Const>)`
[INFO] [stderr]   --> $DIR/autobad-split-const-mut-const.rs:9:10
[INFO] [stderr]    |
[INFO] [stderr] 9  | #[derive(PartialBorrow,Default)]
[INFO] [stderr]    |          ^^^^^^^^^^^^^
[INFO] [stderr]    = note: required because of the requirements on the impl of `Into<(&mut X__Partial<Mut>, &mut X__Partial<Const>)>` for `&mut X__Partial<Const>`
[INFO] [stderr]    = note: this error originates in the derive macro `PartialBorrow` (in Nightly builds, run with -Z macro-backtrace for more info)
[INFO] [stderr] ┈┈┈┈┈┈┈┈┈┈┈┈┈┈┈┈┈┈┈┈┈┈┈┈┈┈┈┈┈┈┈┈┈┈┈┈┈┈┈┈┈┈┈┈┈┈┈┈┈┈┈┈┈┈┈┈┈┈┈┈
[INFO] [stderr] 
[INFO] [stderr] ACTUAL OUTPUT:
[INFO] [stderr] ┈┈┈┈┈┈┈┈┈┈┈┈┈┈┈┈┈┈┈┈┈┈┈┈┈┈┈┈┈┈┈┈┈┈┈┈┈┈┈┈┈┈┈┈┈┈┈┈┈┈┈┈┈┈┈┈┈┈┈┈
[INFO] [stderr] error[E0277]: the trait bound `Const: CanSplitInto<Mut, Const>` is not satisfied
[INFO] [stderr]    --> reject/autobad-split-const-mut-const.rs:16:45
[INFO] [stderr]     |
[INFO] [stderr]  16 |               &mut partial!(X const a)) = i.into();
[INFO] [stderr]     |                                             ^^^^ unsatisfied trait bound
[INFO] [stderr]     |
[INFO] [stderr]     = help: the trait `partial_borrow::perms::CanSplitInto<partial_borrow::perms::Mut, partial_borrow::perms::Const>` is not implemented for `partial_borrow::perms::Const`
[INFO] [stderr] help: `partial_borrow::perms::Const` implements trait `partial_borrow::perms::CanSplitInto<R, S>`
[INFO] [stderr]    --> src/lib.rs
[INFO] [stderr]     |
[INFO] [stderr]     |   unsafe impl CanSplitInto<Const,Const> for Const { }
[INFO] [stderr]     |   ^^^^^^^^^^^^^^^^^^^^^^^^^^^^^^^^^^^^^^^^^^^^^^^ `CanSplitInto<Const, Const>`
[INFO] [stderr]     |   unsafe impl CanSplitInto<Const,No   > for Const { }
[INFO] [stderr]     |   ^^^^^^^^^^^^^^^^^^^^^^^^^^^^^^^^^^^^^^^^^^^^^^^ `partial_borrow::perms::CanSplitInto<partial_borrow::perms::Const, partial_borrow::perms::No>`
[INFO] [stderr]     |   unsafe impl CanSplitInto<No,   Const> for Const { }
[INFO] [stderr]     |   ^^^^^^^^^^^^^^^^^^^^^^^^^^^^^^^^^^^^^^^^^^^^^^^ `partial_borrow::perms::CanSplitInto<partial_borrow::perms::No, partial_borrow::perms::Const>`
[INFO] [stderr]     |   unsafe impl CanSplitInto<No,   No   > for Const { }
[INFO] [stderr]     |   ^^^^^^^^^^^^^^^^^^^^^^^^^^^^^^^^^^^^^^^^^^^^^^^ `partial_borrow::perms::CanSplitInto<partial_borrow::perms::No, partial_borrow::perms::No>`
[INFO] [stderr] note: required for `(&mut X__Partial<partial_borrow::perms::Mut>, &mut X__Partial<partial_borrow::perms::Const>)` to implement `From<&mut X__Partial<partial_borrow::perms::Const>>`
[INFO] [stderr]    --> reject/autobad-split-const-mut-const.rs:9:10
[INFO] [stderr]     |
[INFO] [stderr]   9 | #[derive(PartialBorrow,Default)]
[INFO] [stderr]     |          ^^^^^^^^^^^^^ type parameter would need to implement `From<&mut X__Partial<partial_borrow::perms::Const>>`
[INFO] [stderr]     = note: required for `&mut X__Partial<partial_borrow::perms::Const>` to implement `Into<(&mut X__Partial<Mut>, &mut X__Partial<Const>)>`
[INFO] [stderr]     = note: the full name for the type has been written to '/opt/rustwide/target/tests/target/x86_64-unknown-linux-gnu/debug/build/partial-borrow-tests/6ceebb19366e6624/out/$CRATE-6ceebb19366e6624.long-type-10570132238405844749.txt'
[INFO] [stderr]     = note: consider using `--verbose` to print the full type name to the console
[INFO] [stderr]     = note: this error originates in the derive macro `PartialBorrow` (in Nightly builds, run with -Z macro-backtrace for more info)
[INFO] [stderr] ┈┈┈┈┈┈┈┈┈┈┈┈┈┈┈┈┈┈┈┈┈┈┈┈┈┈┈┈┈┈┈┈┈┈┈┈┈┈┈┈┈┈┈┈┈┈┈┈┈┈┈┈┈┈┈┈┈┈┈┈
[INFO] [stderr] note: If the actual output is the correct output you can bless it by rerunning
[INFO] [stderr]       your test with the environment variable TRYBUILD=overwrite
[INFO] [stderr] 
[INFO] [stderr] test reject/autobad-split-const-mut-mut.rs ... mismatch
[INFO] [stderr] 
[INFO] [stderr] EXPECTED:
[INFO] [stderr] ┈┈┈┈┈┈┈┈┈┈┈┈┈┈┈┈┈┈┈┈┈┈┈┈┈┈┈┈┈┈┈┈┈┈┈┈┈┈┈┈┈┈┈┈┈┈┈┈┈┈┈┈┈┈┈┈┈┈┈┈
[INFO] [stderr] error[E0277]: the trait bound `Const: CanSplitInto<Mut, Mut>` is not satisfied
[INFO] [stderr]   --> $DIR/autobad-split-const-mut-mut.rs:16:43
[INFO] [stderr]    |
[INFO] [stderr] 16 |               &mut partial!(X mut a)) = i.into();
[INFO] [stderr]    |                                           ^^^^ the trait `CanSplitInto<Mut, Mut>` is not implemented for `Const`
[INFO] [stderr]    |
[INFO] [stderr]    = help: the following other types implement trait `CanSplitInto<R, S>`:
[INFO] [stderr]              <Const as CanSplitInto<Const, Const>>
[INFO] [stderr]              <Const as CanSplitInto<Const, No>>
[INFO] [stderr]              <Const as CanSplitInto<No, Const>>
[INFO] [stderr]              <Const as CanSplitInto<No, No>>
[INFO] [stderr] note: required because of the requirements on the impl of `From<&mut X__Partial<Const>>` for `(&mut X__Partial<Mut>, &mut X__Partial<Mut>)`
[INFO] [stderr]   --> $DIR/autobad-split-const-mut-mut.rs:9:10
[INFO] [stderr]    |
[INFO] [stderr] 9  | #[derive(PartialBorrow,Default)]
[INFO] [stderr]    |          ^^^^^^^^^^^^^
[INFO] [stderr]    = note: required because of the requirements on the impl of `Into<(&mut X__Partial<Mut>, &mut X__Partial<Mut>)>` for `&mut X__Partial<Const>`
[INFO] [stderr]    = note: this error originates in the derive macro `PartialBorrow` (in Nightly builds, run with -Z macro-backtrace for more info)
[INFO] [stderr] ┈┈┈┈┈┈┈┈┈┈┈┈┈┈┈┈┈┈┈┈┈┈┈┈┈┈┈┈┈┈┈┈┈┈┈┈┈┈┈┈┈┈┈┈┈┈┈┈┈┈┈┈┈┈┈┈┈┈┈┈
[INFO] [stderr] 
[INFO] [stderr] ACTUAL OUTPUT:
[INFO] [stderr] ┈┈┈┈┈┈┈┈┈┈┈┈┈┈┈┈┈┈┈┈┈┈┈┈┈┈┈┈┈┈┈┈┈┈┈┈┈┈┈┈┈┈┈┈┈┈┈┈┈┈┈┈┈┈┈┈┈┈┈┈
[INFO] [stderr] error[E0277]: the trait bound `Const: CanSplitInto<Mut, Mut>` is not satisfied
[INFO] [stderr]    --> reject/autobad-split-const-mut-mut.rs:16:43
[INFO] [stderr]     |
[INFO] [stderr]  16 |               &mut partial!(X mut a)) = i.into();
[INFO] [stderr]     |                                           ^^^^ unsatisfied trait bound
[INFO] [stderr]     |
[INFO] [stderr]     = help: the trait `partial_borrow::perms::CanSplitInto<partial_borrow::perms::Mut, partial_borrow::perms::Mut>` is not implemented for `partial_borrow::perms::Const`
[INFO] [stderr] help: `partial_borrow::perms::Const` implements trait `partial_borrow::perms::CanSplitInto<R, S>`
[INFO] [stderr]    --> src/lib.rs
[INFO] [stderr]     |
[INFO] [stderr]     |   unsafe impl CanSplitInto<Const,Const> for Const { }
[INFO] [stderr]     |   ^^^^^^^^^^^^^^^^^^^^^^^^^^^^^^^^^^^^^^^^^^^^^^^ `CanSplitInto<Const, Const>`
[INFO] [stderr]     |   unsafe impl CanSplitInto<Const,No   > for Const { }
[INFO] [stderr]     |   ^^^^^^^^^^^^^^^^^^^^^^^^^^^^^^^^^^^^^^^^^^^^^^^ `partial_borrow::perms::CanSplitInto<partial_borrow::perms::Const, partial_borrow::perms::No>`
[INFO] [stderr]     |   unsafe impl CanSplitInto<No,   Const> for Const { }
[INFO] [stderr]     |   ^^^^^^^^^^^^^^^^^^^^^^^^^^^^^^^^^^^^^^^^^^^^^^^ `partial_borrow::perms::CanSplitInto<partial_borrow::perms::No, partial_borrow::perms::Const>`
[INFO] [stderr]     |   unsafe impl CanSplitInto<No,   No   > for Const { }
[INFO] [stderr]     |   ^^^^^^^^^^^^^^^^^^^^^^^^^^^^^^^^^^^^^^^^^^^^^^^ `partial_borrow::perms::CanSplitInto<partial_borrow::perms::No, partial_borrow::perms::No>`
[INFO] [stderr] note: required for `(&mut X__Partial<partial_borrow::perms::Mut>, &mut X__Partial<partial_borrow::perms::Mut>)` to implement `From<&mut X__Partial<partial_borrow::perms::Const>>`
[INFO] [stderr]    --> reject/autobad-split-const-mut-mut.rs:9:10
[INFO] [stderr]     |
[INFO] [stderr]   9 | #[derive(PartialBorrow,Default)]
[INFO] [stderr]     |          ^^^^^^^^^^^^^ type parameter would need to implement `From<&mut X__Partial<partial_borrow::perms::Const>>`
[INFO] [stderr]     = note: required for `&mut X__Partial<partial_borrow::perms::Const>` to implement `Into<(&mut X__Partial<Mut>, &mut X__Partial<Mut>)>`
[INFO] [stderr]     = note: the full name for the type has been written to '/opt/rustwide/target/tests/target/x86_64-unknown-linux-gnu/debug/build/partial-borrow-tests/217d0723dd84ae33/out/$CRATE-217d0723dd84ae33.long-type-4560480138645421990.txt'
[INFO] [stderr]     = note: consider using `--verbose` to print the full type name to the console
[INFO] [stderr]     = note: this error originates in the derive macro `PartialBorrow` (in Nightly builds, run with -Z macro-backtrace for more info)
[INFO] [stderr] ┈┈┈┈┈┈┈┈┈┈┈┈┈┈┈┈┈┈┈┈┈┈┈┈┈┈┈┈┈┈┈┈┈┈┈┈┈┈┈┈┈┈┈┈┈┈┈┈┈┈┈┈┈┈┈┈┈┈┈┈
[INFO] [stderr] note: If the actual output is the correct output you can bless it by rerunning
[INFO] [stderr]       your test with the environment variable TRYBUILD=overwrite
[INFO] [stderr] 
[INFO] [stderr] test reject/autobad-split-const-mut-no.rs ... mismatch
[INFO] [stderr] 
[INFO] [stderr] EXPECTED:
[INFO] [stderr] ┈┈┈┈┈┈┈┈┈┈┈┈┈┈┈┈┈┈┈┈┈┈┈┈┈┈┈┈┈┈┈┈┈┈┈┈┈┈┈┈┈┈┈┈┈┈┈┈┈┈┈┈┈┈┈┈┈┈┈┈
[INFO] [stderr] error[E0277]: the trait bound `Const: CanSplitInto<Mut, No>` is not satisfied
[INFO] [stderr]   --> $DIR/autobad-split-const-mut-no.rs:16:41
[INFO] [stderr]    |
[INFO] [stderr] 16 |               &mut partial!(X ! a)) = i.into();
[INFO] [stderr]    |                                         ^^^^ the trait `CanSplitInto<Mut, No>` is not implemented for `Const`
[INFO] [stderr]    |
[INFO] [stderr]    = help: the following other types implement trait `CanSplitInto<R, S>`:
[INFO] [stderr]              <Const as CanSplitInto<Const, Const>>
[INFO] [stderr]              <Const as CanSplitInto<Const, No>>
[INFO] [stderr]              <Const as CanSplitInto<No, Const>>
[INFO] [stderr]              <Const as CanSplitInto<No, No>>
[INFO] [stderr] note: required because of the requirements on the impl of `From<&mut X__Partial<Const>>` for `(&mut X__Partial<Mut>, &mut X__Partial<No>)`
[INFO] [stderr]   --> $DIR/autobad-split-const-mut-no.rs:9:10
[INFO] [stderr]    |
[INFO] [stderr] 9  | #[derive(PartialBorrow,Default)]
[INFO] [stderr]    |          ^^^^^^^^^^^^^
[INFO] [stderr]    = note: required because of the requirements on the impl of `Into<(&mut X__Partial<Mut>, &mut X__Partial<No>)>` for `&mut X__Partial<Const>`
[INFO] [stderr]    = note: this error originates in the derive macro `PartialBorrow` (in Nightly builds, run with -Z macro-backtrace for more info)
[INFO] [stderr] ┈┈┈┈┈┈┈┈┈┈┈┈┈┈┈┈┈┈┈┈┈┈┈┈┈┈┈┈┈┈┈┈┈┈┈┈┈┈┈┈┈┈┈┈┈┈┈┈┈┈┈┈┈┈┈┈┈┈┈┈
[INFO] [stderr] 
[INFO] [stderr] ACTUAL OUTPUT:
[INFO] [stderr] ┈┈┈┈┈┈┈┈┈┈┈┈┈┈┈┈┈┈┈┈┈┈┈┈┈┈┈┈┈┈┈┈┈┈┈┈┈┈┈┈┈┈┈┈┈┈┈┈┈┈┈┈┈┈┈┈┈┈┈┈
[INFO] [stderr] error[E0277]: the trait bound `Const: CanSplitInto<Mut, No>` is not satisfied
[INFO] [stderr]    --> reject/autobad-split-const-mut-no.rs:16:41
[INFO] [stderr]     |
[INFO] [stderr]  16 |               &mut partial!(X ! a)) = i.into();
[INFO] [stderr]     |                                         ^^^^ unsatisfied trait bound
[INFO] [stderr]     |
[INFO] [stderr]     = help: the trait `partial_borrow::perms::CanSplitInto<partial_borrow::perms::Mut, partial_borrow::perms::No>` is not implemented for `partial_borrow::perms::Const`
[INFO] [stderr] help: `partial_borrow::perms::Const` implements trait `partial_borrow::perms::CanSplitInto<R, S>`
[INFO] [stderr]    --> src/lib.rs
[INFO] [stderr]     |
[INFO] [stderr]     |   unsafe impl CanSplitInto<Const,Const> for Const { }
[INFO] [stderr]     |   ^^^^^^^^^^^^^^^^^^^^^^^^^^^^^^^^^^^^^^^^^^^^^^^ `CanSplitInto<Const, Const>`
[INFO] [stderr]     |   unsafe impl CanSplitInto<Const,No   > for Const { }
[INFO] [stderr]     |   ^^^^^^^^^^^^^^^^^^^^^^^^^^^^^^^^^^^^^^^^^^^^^^^ `partial_borrow::perms::CanSplitInto<partial_borrow::perms::Const, partial_borrow::perms::No>`
[INFO] [stderr]     |   unsafe impl CanSplitInto<No,   Const> for Const { }
[INFO] [stderr]     |   ^^^^^^^^^^^^^^^^^^^^^^^^^^^^^^^^^^^^^^^^^^^^^^^ `partial_borrow::perms::CanSplitInto<partial_borrow::perms::No, partial_borrow::perms::Const>`
[INFO] [stderr]     |   unsafe impl CanSplitInto<No,   No   > for Const { }
[INFO] [stderr]     |   ^^^^^^^^^^^^^^^^^^^^^^^^^^^^^^^^^^^^^^^^^^^^^^^ `partial_borrow::perms::CanSplitInto<partial_borrow::perms::No, partial_borrow::perms::No>`
[INFO] [stderr] note: required for `(&mut X__Partial<partial_borrow::perms::Mut>, &mut X__Partial<partial_borrow::perms::No>)` to implement `From<&mut X__Partial<partial_borrow::perms::Const>>`
[INFO] [stderr]    --> reject/autobad-split-const-mut-no.rs:9:10
[INFO] [stderr]     |
[INFO] [stderr]   9 | #[derive(PartialBorrow,Default)]
[INFO] [stderr]     |          ^^^^^^^^^^^^^ type parameter would need to implement `From<&mut X__Partial<partial_borrow::perms::Const>>`
[INFO] [stderr]     = note: required for `&mut X__Partial<partial_borrow::perms::Const>` to implement `Into<(&mut X__Partial<Mut>, &mut X__Partial<No>)>`
[INFO] [stderr]     = note: the full name for the type has been written to '/opt/rustwide/target/tests/target/x86_64-unknown-linux-gnu/debug/build/partial-borrow-tests/c28d22bf2d3e5944/out/$CRATE-c28d22bf2d3e5944.long-type-13213123741231901420.txt'
[INFO] [stderr]     = note: consider using `--verbose` to print the full type name to the console
[INFO] [stderr]     = note: this error originates in the derive macro `PartialBorrow` (in Nightly builds, run with -Z macro-backtrace for more info)
[INFO] [stderr] ┈┈┈┈┈┈┈┈┈┈┈┈┈┈┈┈┈┈┈┈┈┈┈┈┈┈┈┈┈┈┈┈┈┈┈┈┈┈┈┈┈┈┈┈┈┈┈┈┈┈┈┈┈┈┈┈┈┈┈┈
[INFO] [stderr] note: If the actual output is the correct output you can bless it by rerunning
[INFO] [stderr]       your test with the environment variable TRYBUILD=overwrite
[INFO] [stderr] 
[INFO] [stderr] test reject/autobad-split-mut-const-mut.rs ... mismatch
[INFO] [stderr] 
[INFO] [stderr] EXPECTED:
[INFO] [stderr] ┈┈┈┈┈┈┈┈┈┈┈┈┈┈┈┈┈┈┈┈┈┈┈┈┈┈┈┈┈┈┈┈┈┈┈┈┈┈┈┈┈┈┈┈┈┈┈┈┈┈┈┈┈┈┈┈┈┈┈┈
[INFO] [stderr] error[E0277]: the trait bound `Mut: CanSplitInto<Const, Mut>` is not satisfied
[INFO] [stderr]   --> $DIR/autobad-split-mut-const-mut.rs:14:43
[INFO] [stderr]    |
[INFO] [stderr] 14 |               &mut partial!(X mut a)) = i.into();
[INFO] [stderr]    |                                           ^^^^ the trait `CanSplitInto<Const, Mut>` is not implemented for `Mut`
[INFO] [stderr]    |
[INFO] [stderr]    = help: the following other types implement trait `CanSplitInto<R, S>`:
[INFO] [stderr]              <Mut as CanSplitInto<Const, Const>>
[INFO] [stderr]              <Mut as CanSplitInto<Const, No>>
[INFO] [stderr]              <Mut as CanSplitInto<Mut, No>>
[INFO] [stderr]              <Mut as CanSplitInto<No, Const>>
[INFO] [stderr]              <Mut as CanSplitInto<No, Mut>>
[INFO] [stderr]              <Mut as CanSplitInto<No, No>>
[INFO] [stderr] note: required because of the requirements on the impl of `From<&mut X__Partial<Mut>>` for `(&mut X__Partial<Const>, &mut X__Partial<Mut>)`
[INFO] [stderr]   --> $DIR/autobad-split-mut-const-mut.rs:7:10
[INFO] [stderr]    |
[INFO] [stderr] 7  | #[derive(PartialBorrow,Default)]
[INFO] [stderr]    |          ^^^^^^^^^^^^^
[INFO] [stderr]    = note: required because of the requirements on the impl of `Into<(&mut X__Partial<Const>, &mut X__Partial<Mut>)>` for `&mut X__Partial<Mut>`
[INFO] [stderr]    = note: this error originates in the derive macro `PartialBorrow` (in Nightly builds, run with -Z macro-backtrace for more info)
[INFO] [stderr] ┈┈┈┈┈┈┈┈┈┈┈┈┈┈┈┈┈┈┈┈┈┈┈┈┈┈┈┈┈┈┈┈┈┈┈┈┈┈┈┈┈┈┈┈┈┈┈┈┈┈┈┈┈┈┈┈┈┈┈┈
[INFO] [stderr] 
[INFO] [stderr] ACTUAL OUTPUT:
[INFO] [stderr] ┈┈┈┈┈┈┈┈┈┈┈┈┈┈┈┈┈┈┈┈┈┈┈┈┈┈┈┈┈┈┈┈┈┈┈┈┈┈┈┈┈┈┈┈┈┈┈┈┈┈┈┈┈┈┈┈┈┈┈┈
[INFO] [stderr] error[E0277]: the trait bound `Mut: CanSplitInto<Const, Mut>` is not satisfied
[INFO] [stderr]   --> reject/autobad-split-mut-const-mut.rs:14:43
[INFO] [stderr]    |
[INFO] [stderr] 14 |               &mut partial!(X mut a)) = i.into();
[INFO] [stderr]    |                                           ^^^^ unsatisfied trait bound
[INFO] [stderr]    |
[INFO] [stderr]    = help: the trait `partial_borrow::perms::CanSplitInto<partial_borrow::perms::Const, partial_borrow::perms::Mut>` is not implemented for `partial_borrow::perms::Mut`
[INFO] [stderr]    = help: `partial_borrow::perms::Mut` implements trait `partial_borrow::perms::CanSplitInto<R, S>`:
[INFO] [stderr]              CanSplitInto<Const, Const>
[INFO] [stderr]              partial_borrow::perms::CanSplitInto<partial_borrow::perms::Const, partial_borrow::perms::No>
[INFO] [stderr]              partial_borrow::perms::CanSplitInto<partial_borrow::perms::Mut, partial_borrow::perms::No>
[INFO] [stderr]              partial_borrow::perms::CanSplitInto<partial_borrow::perms::No, partial_borrow::perms::Const>
[INFO] [stderr]              partial_borrow::perms::CanSplitInto<partial_borrow::perms::No, partial_borrow::perms::Mut>
[INFO] [stderr]              partial_borrow::perms::CanSplitInto<partial_borrow::perms::No, partial_borrow::perms::No>
[INFO] [stderr] note: required for `(&mut X__Partial<partial_borrow::perms::Const>, &mut X__Partial<partial_borrow::perms::Mut>)` to implement `From<&mut X__Partial<partial_borrow::perms::Mut>>`
[INFO] [stderr]   --> reject/autobad-split-mut-const-mut.rs:7:10
[INFO] [stderr]    |
[INFO] [stderr]  7 | #[derive(PartialBorrow,Default)]
[INFO] [stderr]    |          ^^^^^^^^^^^^^ type parameter would need to implement `From<&mut X__Partial<partial_borrow::perms::Mut>>`
[INFO] [stderr]    = note: required for `&mut X__Partial<partial_borrow::perms::Mut>` to implement `Into<(&mut X__Partial<Const>, &mut X__Partial<Mut>)>`
[INFO] [stderr]    = note: the full name for the type has been written to '/opt/rustwide/target/tests/target/x86_64-unknown-linux-gnu/debug/build/partial-borrow-tests/9e19518b93d780e5/out/$CRATE-9e19518b93d780e5.long-type-13685550192689224816.txt'
[INFO] [stderr]    = note: consider using `--verbose` to print the full type name to the console
[INFO] [stderr]    = note: this error originates in the derive macro `PartialBorrow` (in Nightly builds, run with -Z macro-backtrace for more info)
[INFO] [stderr] ┈┈┈┈┈┈┈┈┈┈┈┈┈┈┈┈┈┈┈┈┈┈┈┈┈┈┈┈┈┈┈┈┈┈┈┈┈┈┈┈┈┈┈┈┈┈┈┈┈┈┈┈┈┈┈┈┈┈┈┈
[INFO] [stderr] note: If the actual output is the correct output you can bless it by rerunning
[INFO] [stderr]       your test with the environment variable TRYBUILD=overwrite
[INFO] [stderr] 
[INFO] [stderr] test reject/autobad-split-mut-mut-const.rs ... mismatch
[INFO] [stderr] 
[INFO] [stderr] EXPECTED:
[INFO] [stderr] ┈┈┈┈┈┈┈┈┈┈┈┈┈┈┈┈┈┈┈┈┈┈┈┈┈┈┈┈┈┈┈┈┈┈┈┈┈┈┈┈┈┈┈┈┈┈┈┈┈┈┈┈┈┈┈┈┈┈┈┈
[INFO] [stderr] error[E0277]: the trait bound `Mut: CanSplitInto<Mut, Const>` is not satisfied
[INFO] [stderr]   --> $DIR/autobad-split-mut-mut-const.rs:16:45
[INFO] [stderr]    |
[INFO] [stderr] 16 |               &mut partial!(X const a)) = i.into();
[INFO] [stderr]    |                                             ^^^^ the trait `CanSplitInto<Mut, Const>` is not implemented for `Mut`
[INFO] [stderr]    |
[INFO] [stderr]    = help: the following other types implement trait `CanSplitInto<R, S>`:
[INFO] [stderr]              <Mut as CanSplitInto<Const, Const>>
[INFO] [stderr]              <Mut as CanSplitInto<Const, No>>
[INFO] [stderr]              <Mut as CanSplitInto<Mut, No>>
[INFO] [stderr]              <Mut as CanSplitInto<No, Const>>
[INFO] [stderr]              <Mut as CanSplitInto<No, Mut>>
[INFO] [stderr]              <Mut as CanSplitInto<No, No>>
[INFO] [stderr] note: required because of the requirements on the impl of `From<&mut X__Partial<Mut>>` for `(&mut X__Partial<Mut>, &mut X__Partial<Const>)`
[INFO] [stderr]   --> $DIR/autobad-split-mut-mut-const.rs:9:10
[INFO] [stderr]    |
[INFO] [stderr] 9  | #[derive(PartialBorrow,Default)]
[INFO] [stderr]    |          ^^^^^^^^^^^^^
[INFO] [stderr]    = note: required because of the requirements on the impl of `Into<(&mut X__Partial<Mut>, &mut X__Partial<Const>)>` for `&mut X__Partial<Mut>`
[INFO] [stderr]    = note: this error originates in the derive macro `PartialBorrow` (in Nightly builds, run with -Z macro-backtrace for more info)
[INFO] [stderr] ┈┈┈┈┈┈┈┈┈┈┈┈┈┈┈┈┈┈┈┈┈┈┈┈┈┈┈┈┈┈┈┈┈┈┈┈┈┈┈┈┈┈┈┈┈┈┈┈┈┈┈┈┈┈┈┈┈┈┈┈
[INFO] [stderr] 
[INFO] [stderr] ACTUAL OUTPUT:
[INFO] [stderr] ┈┈┈┈┈┈┈┈┈┈┈┈┈┈┈┈┈┈┈┈┈┈┈┈┈┈┈┈┈┈┈┈┈┈┈┈┈┈┈┈┈┈┈┈┈┈┈┈┈┈┈┈┈┈┈┈┈┈┈┈
[INFO] [stderr] error[E0277]: the trait bound `Mut: CanSplitInto<Mut, Const>` is not satisfied
[INFO] [stderr]   --> reject/autobad-split-mut-mut-const.rs:16:45
[INFO] [stderr]    |
[INFO] [stderr] 16 |               &mut partial!(X const a)) = i.into();
[INFO] [stderr]    |                                             ^^^^ unsatisfied trait bound
[INFO] [stderr]    |
[INFO] [stderr]    = help: the trait `partial_borrow::perms::CanSplitInto<partial_borrow::perms::Mut, partial_borrow::perms::Const>` is not implemented for `partial_borrow::perms::Mut`
[INFO] [stderr]    = help: `partial_borrow::perms::Mut` implements trait `partial_borrow::perms::CanSplitInto<R, S>`:
[INFO] [stderr]              CanSplitInto<Const, Const>
[INFO] [stderr]              partial_borrow::perms::CanSplitInto<partial_borrow::perms::Const, partial_borrow::perms::No>
[INFO] [stderr]              partial_borrow::perms::CanSplitInto<partial_borrow::perms::Mut, partial_borrow::perms::No>
[INFO] [stderr]              partial_borrow::perms::CanSplitInto<partial_borrow::perms::No, partial_borrow::perms::Const>
[INFO] [stderr]              partial_borrow::perms::CanSplitInto<partial_borrow::perms::No, partial_borrow::perms::Mut>
[INFO] [stderr]              partial_borrow::perms::CanSplitInto<partial_borrow::perms::No, partial_borrow::perms::No>
[INFO] [stderr] note: required for `(&mut X__Partial<partial_borrow::perms::Mut>, &mut X__Partial<partial_borrow::perms::Const>)` to implement `From<&mut X__Partial<partial_borrow::perms::Mut>>`
[INFO] [stderr]   --> reject/autobad-split-mut-mut-const.rs:9:10
[INFO] [stderr]    |
[INFO] [stderr]  9 | #[derive(PartialBorrow,Default)]
[INFO] [stderr]    |          ^^^^^^^^^^^^^ type parameter would need to implement `From<&mut X__Partial<partial_borrow::perms::Mut>>`
[INFO] [stderr]    = note: required for `&mut X__Partial<partial_borrow::perms::Mut>` to implement `Into<(&mut X__Partial<Mut>, &mut X__Partial<Const>)>`
[INFO] [stderr]    = note: the full name for the type has been written to '/opt/rustwide/target/tests/target/x86_64-unknown-linux-gnu/debug/build/partial-borrow-tests/34c3d1f92b81da4d/out/$CRATE-34c3d1f92b81da4d.long-type-15733412148207915404.txt'
[INFO] [stderr]    = note: consider using `--verbose` to print the full type name to the console
[INFO] [stderr]    = note: this error originates in the derive macro `PartialBorrow` (in Nightly builds, run with -Z macro-backtrace for more info)
[INFO] [stderr] ┈┈┈┈┈┈┈┈┈┈┈┈┈┈┈┈┈┈┈┈┈┈┈┈┈┈┈┈┈┈┈┈┈┈┈┈┈┈┈┈┈┈┈┈┈┈┈┈┈┈┈┈┈┈┈┈┈┈┈┈
[INFO] [stderr] note: If the actual output is the correct output you can bless it by rerunning
[INFO] [stderr]       your test with the environment variable TRYBUILD=overwrite
[INFO] [stderr] 
[INFO] [stderr] test reject/autobad-split-mut-mut-mut.rs ... mismatch
[INFO] [stderr] 
[INFO] [stderr] EXPECTED:
[INFO] [stderr] ┈┈┈┈┈┈┈┈┈┈┈┈┈┈┈┈┈┈┈┈┈┈┈┈┈┈┈┈┈┈┈┈┈┈┈┈┈┈┈┈┈┈┈┈┈┈┈┈┈┈┈┈┈┈┈┈┈┈┈┈
[INFO] [stderr] error[E0277]: the trait bound `Mut: CanSplitInto<Mut, Mut>` is not satisfied
[INFO] [stderr]   --> $DIR/autobad-split-mut-mut-mut.rs:16:43
[INFO] [stderr]    |
[INFO] [stderr] 16 |               &mut partial!(X mut a)) = i.into();
[INFO] [stderr]    |                                           ^^^^ the trait `CanSplitInto<Mut, Mut>` is not implemented for `Mut`
[INFO] [stderr]    |
[INFO] [stderr]    = help: the following other types implement trait `CanSplitInto<R, S>`:
[INFO] [stderr]              <Mut as CanSplitInto<Const, Const>>
[INFO] [stderr]              <Mut as CanSplitInto<Const, No>>
[INFO] [stderr]              <Mut as CanSplitInto<Mut, No>>
[INFO] [stderr]              <Mut as CanSplitInto<No, Const>>
[INFO] [stderr]              <Mut as CanSplitInto<No, Mut>>
[INFO] [stderr]              <Mut as CanSplitInto<No, No>>
[INFO] [stderr] note: required because of the requirements on the impl of `From<&mut X__Partial<Mut>>` for `(&mut X__Partial<Mut>, &mut X__Partial<Mut>)`
[INFO] [stderr]   --> $DIR/autobad-split-mut-mut-mut.rs:9:10
[INFO] [stderr]    |
[INFO] [stderr] 9  | #[derive(PartialBorrow,Default)]
[INFO] [stderr]    |          ^^^^^^^^^^^^^
[INFO] [stderr]    = note: required because of the requirements on the impl of `Into<(&mut X__Partial<Mut>, &mut X__Partial<Mut>)>` for `&mut X__Partial<Mut>`
[INFO] [stderr]    = note: this error originates in the derive macro `PartialBorrow` (in Nightly builds, run with -Z macro-backtrace for more info)
[INFO] [stderr] ┈┈┈┈┈┈┈┈┈┈┈┈┈┈┈┈┈┈┈┈┈┈┈┈┈┈┈┈┈┈┈┈┈┈┈┈┈┈┈┈┈┈┈┈┈┈┈┈┈┈┈┈┈┈┈┈┈┈┈┈
[INFO] [stderr] 
[INFO] [stderr] ACTUAL OUTPUT:
[INFO] [stderr] ┈┈┈┈┈┈┈┈┈┈┈┈┈┈┈┈┈┈┈┈┈┈┈┈┈┈┈┈┈┈┈┈┈┈┈┈┈┈┈┈┈┈┈┈┈┈┈┈┈┈┈┈┈┈┈┈┈┈┈┈
[INFO] [stderr] error[E0277]: the trait bound `Mut: CanSplitInto<Mut, Mut>` is not satisfied
[INFO] [stderr]   --> reject/autobad-split-mut-mut-mut.rs:16:43
[INFO] [stderr]    |
[INFO] [stderr] 16 |               &mut partial!(X mut a)) = i.into();
[INFO] [stderr]    |                                           ^^^^ unsatisfied trait bound
[INFO] [stderr]    |
[INFO] [stderr]    = help: the trait `partial_borrow::perms::CanSplitInto<partial_borrow::perms::Mut, partial_borrow::perms::Mut>` is not implemented for `partial_borrow::perms::Mut`
[INFO] [stderr]    = help: `partial_borrow::perms::Mut` implements trait `partial_borrow::perms::CanSplitInto<R, S>`:
[INFO] [stderr]              CanSplitInto<Const, Const>
[INFO] [stderr]              partial_borrow::perms::CanSplitInto<partial_borrow::perms::Const, partial_borrow::perms::No>
[INFO] [stderr]              partial_borrow::perms::CanSplitInto<partial_borrow::perms::Mut, partial_borrow::perms::No>
[INFO] [stderr]              partial_borrow::perms::CanSplitInto<partial_borrow::perms::No, partial_borrow::perms::Const>
[INFO] [stderr]              partial_borrow::perms::CanSplitInto<partial_borrow::perms::No, partial_borrow::perms::Mut>
[INFO] [stderr]              partial_borrow::perms::CanSplitInto<partial_borrow::perms::No, partial_borrow::perms::No>
[INFO] [stderr] note: required for `(&mut X__Partial<partial_borrow::perms::Mut>, &mut X__Partial<partial_borrow::perms::Mut>)` to implement `From<&mut X__Partial<partial_borrow::perms::Mut>>`
[INFO] [stderr]   --> reject/autobad-split-mut-mut-mut.rs:9:10
[INFO] [stderr]    |
[INFO] [stderr]  9 | #[derive(PartialBorrow,Default)]
[INFO] [stderr]    |          ^^^^^^^^^^^^^ type parameter would need to implement `From<&mut X__Partial<partial_borrow::perms::Mut>>`
[INFO] [stderr]    = note: required for `&mut X__Partial<partial_borrow::perms::Mut>` to implement `Into<(&mut X__Partial<Mut>, &mut X__Partial<Mut>)>`
[INFO] [stderr]    = note: the full name for the type has been written to '/opt/rustwide/target/tests/target/x86_64-unknown-linux-gnu/debug/build/partial-borrow-tests/0ee241fdab49cb97/out/$CRATE-0ee241fdab49cb97.long-type-2407731609583538009.txt'
[INFO] [stderr]    = note: consider using `--verbose` to print the full type name to the console
[INFO] [stderr]    = note: this error originates in the derive macro `PartialBorrow` (in Nightly builds, run with -Z macro-backtrace for more info)
[INFO] [stderr] ┈┈┈┈┈┈┈┈┈┈┈┈┈┈┈┈┈┈┈┈┈┈┈┈┈┈┈┈┈┈┈┈┈┈┈┈┈┈┈┈┈┈┈┈┈┈┈┈┈┈┈┈┈┈┈┈┈┈┈┈
[INFO] [stderr] note: If the actual output is the correct output you can bless it by rerunning
[INFO] [stderr]       your test with the environment variable TRYBUILD=overwrite
[INFO] [stderr] 
[INFO] [stderr] test reject/autobad-split-no-const-const.rs ... mismatch
[INFO] [stderr] 
[INFO] [stderr] EXPECTED:
[INFO] [stderr] ┈┈┈┈┈┈┈┈┈┈┈┈┈┈┈┈┈┈┈┈┈┈┈┈┈┈┈┈┈┈┈┈┈┈┈┈┈┈┈┈┈┈┈┈┈┈┈┈┈┈┈┈┈┈┈┈┈┈┈┈
[INFO] [stderr] error[E0277]: the trait bound `No: CanSplitInto<Const, Const>` is not satisfied
[INFO] [stderr]   --> $DIR/autobad-split-no-const-const.rs:16:45
[INFO] [stderr]    |
[INFO] [stderr] 16 |               &mut partial!(X const a)) = i.into();
[INFO] [stderr]    |                                             ^^^^ the trait `CanSplitInto<Const, Const>` is not implemented for `No`
[INFO] [stderr]    |
[INFO] [stderr]    = help: the trait `CanSplitInto<No, No>` is implemented for `No`
[INFO] [stderr] note: required because of the requirements on the impl of `From<&mut X__Partial<No>>` for `(&mut X__Partial<Const>, &mut X__Partial<Const>)`
[INFO] [stderr]   --> $DIR/autobad-split-no-const-const.rs:9:10
[INFO] [stderr]    |
[INFO] [stderr] 9  | #[derive(PartialBorrow,Default)]
[INFO] [stderr]    |          ^^^^^^^^^^^^^
[INFO] [stderr]    = note: required because of the requirements on the impl of `Into<(&mut X__Partial<Const>, &mut X__Partial<Const>)>` for `&mut X__Partial<No>`
[INFO] [stderr]    = note: this error originates in the derive macro `PartialBorrow` (in Nightly builds, run with -Z macro-backtrace for more info)
[INFO] [stderr] ┈┈┈┈┈┈┈┈┈┈┈┈┈┈┈┈┈┈┈┈┈┈┈┈┈┈┈┈┈┈┈┈┈┈┈┈┈┈┈┈┈┈┈┈┈┈┈┈┈┈┈┈┈┈┈┈┈┈┈┈
[INFO] [stderr] 
[INFO] [stderr] ACTUAL OUTPUT:
[INFO] [stderr] ┈┈┈┈┈┈┈┈┈┈┈┈┈┈┈┈┈┈┈┈┈┈┈┈┈┈┈┈┈┈┈┈┈┈┈┈┈┈┈┈┈┈┈┈┈┈┈┈┈┈┈┈┈┈┈┈┈┈┈┈
[INFO] [stderr] error[E0277]: the trait bound `No: CanSplitInto<Const, Const>` is not satisfied
[INFO] [stderr]    --> reject/autobad-split-no-const-const.rs:16:45
[INFO] [stderr]     |
[INFO] [stderr]  16 |               &mut partial!(X const a)) = i.into();
[INFO] [stderr]     |                                             ^^^^ unsatisfied trait bound
[INFO] [stderr]     |
[INFO] [stderr] help: the trait `CanSplitInto<partial_borrow::perms::Const, partial_borrow::perms::Const>` is not implemented for `partial_borrow::perms::No`
[INFO] [stderr]       but trait `CanSplitInto<partial_borrow::perms::No, partial_borrow::perms::No>` is implemented for it
[INFO] [stderr]    --> src/lib.rs
[INFO] [stderr]     |
[INFO] [stderr]     |   unsafe impl CanSplitInto<No,No> for No { }
[INFO] [stderr]     |   ^^^^^^^^^^^^^^^^^^^^^^^^^^^^^^^^^^^^^^
[INFO] [stderr] note: required for `(&mut X__Partial<Const>, &mut X__Partial<Const>)` to implement `From<&mut X__Partial<partial_borrow::perms::No>>`
[INFO] [stderr]    --> reject/autobad-split-no-const-const.rs:9:10
[INFO] [stderr]     |
[INFO] [stderr]   9 | #[derive(PartialBorrow,Default)]
[INFO] [stderr]     |          ^^^^^^^^^^^^^ type parameter would need to implement `From<&mut X__Partial<partial_borrow::perms::No>>`
[INFO] [stderr]     = note: required for `&mut X__Partial<partial_borrow::perms::No>` to implement `Into<(&mut X__Partial<Const>, &mut X__Partial<Const>)>`
[INFO] [stderr]     = note: the full name for the type has been written to '/opt/rustwide/target/tests/target/x86_64-unknown-linux-gnu/debug/build/partial-borrow-tests/4edd2dbd60bf952f/out/$CRATE-4edd2dbd60bf952f.long-type-1301678435669982411.txt'
[INFO] [stderr]     = note: consider using `--verbose` to print the full type name to the console
[INFO] [stderr]     = note: this error originates in the derive macro `PartialBorrow` (in Nightly builds, run with -Z macro-backtrace for more info)
[INFO] [stderr] ┈┈┈┈┈┈┈┈┈┈┈┈┈┈┈┈┈┈┈┈┈┈┈┈┈┈┈┈┈┈┈┈┈┈┈┈┈┈┈┈┈┈┈┈┈┈┈┈┈┈┈┈┈┈┈┈┈┈┈┈
[INFO] [stderr] note: If the actual output is the correct output you can bless it by rerunning
[INFO] [stderr]       your test with the environment variable TRYBUILD=overwrite
[INFO] [stderr] 
[INFO] [stderr] test reject/autobad-split-no-const-no.rs ... mismatch
[INFO] [stderr] 
[INFO] [stderr] EXPECTED:
[INFO] [stderr] ┈┈┈┈┈┈┈┈┈┈┈┈┈┈┈┈┈┈┈┈┈┈┈┈┈┈┈┈┈┈┈┈┈┈┈┈┈┈┈┈┈┈┈┈┈┈┈┈┈┈┈┈┈┈┈┈┈┈┈┈
[INFO] [stderr] error[E0277]: the trait bound `No: CanSplitInto<Const, No>` is not satisfied
[INFO] [stderr]   --> $DIR/autobad-split-no-const-no.rs:16:41
[INFO] [stderr]    |
[INFO] [stderr] 16 |               &mut partial!(X ! a)) = i.into();
[INFO] [stderr]    |                                         ^^^^ the trait `CanSplitInto<Const, No>` is not implemented for `No`
[INFO] [stderr]    |
[INFO] [stderr]    = help: the trait `CanSplitInto<No, No>` is implemented for `No`
[INFO] [stderr] note: required because of the requirements on the impl of `From<&mut X__Partial<No>>` for `(&mut X__Partial<Const>, &mut X__Partial<No>)`
[INFO] [stderr]   --> $DIR/autobad-split-no-const-no.rs:9:10
[INFO] [stderr]    |
[INFO] [stderr] 9  | #[derive(PartialBorrow,Default)]
[INFO] [stderr]    |          ^^^^^^^^^^^^^
[INFO] [stderr]    = note: required because of the requirements on the impl of `Into<(&mut X__Partial<Const>, &mut X__Partial<No>)>` for `&mut X__Partial<No>`
[INFO] [stderr]    = note: this error originates in the derive macro `PartialBorrow` (in Nightly builds, run with -Z macro-backtrace for more info)
[INFO] [stderr] ┈┈┈┈┈┈┈┈┈┈┈┈┈┈┈┈┈┈┈┈┈┈┈┈┈┈┈┈┈┈┈┈┈┈┈┈┈┈┈┈┈┈┈┈┈┈┈┈┈┈┈┈┈┈┈┈┈┈┈┈
[INFO] [stderr] 
[INFO] [stderr] ACTUAL OUTPUT:
[INFO] [stderr] ┈┈┈┈┈┈┈┈┈┈┈┈┈┈┈┈┈┈┈┈┈┈┈┈┈┈┈┈┈┈┈┈┈┈┈┈┈┈┈┈┈┈┈┈┈┈┈┈┈┈┈┈┈┈┈┈┈┈┈┈
[INFO] [stderr] error[E0277]: the trait bound `No: CanSplitInto<Const, No>` is not satisfied
[INFO] [stderr]    --> reject/autobad-split-no-const-no.rs:16:41
[INFO] [stderr]     |
[INFO] [stderr]  16 |               &mut partial!(X ! a)) = i.into();
[INFO] [stderr]     |                                         ^^^^ unsatisfied trait bound
[INFO] [stderr]     |
[INFO] [stderr] help: the trait `CanSplitInto<partial_borrow::perms::Const, No>` is not implemented for `partial_borrow::perms::No`
[INFO] [stderr]       but trait `CanSplitInto<partial_borrow::perms::No, No>` is implemented for it
[INFO] [stderr]    --> src/lib.rs
[INFO] [stderr]     |
[INFO] [stderr]     |   unsafe impl CanSplitInto<No,No> for No { }
[INFO] [stderr]     |   ^^^^^^^^^^^^^^^^^^^^^^^^^^^^^^^^^^^^^^
[INFO] [stderr]     = help: for that trait implementation, expected `partial_borrow::perms::No`, found `partial_borrow::perms::Const`
[INFO] [stderr] note: required for `(&mut X__Partial<partial_borrow::perms::Const>, &mut X__Partial<partial_borrow::perms::No>)` to implement `From<&mut X__Partial<partial_borrow::perms::No>>`
[INFO] [stderr]    --> reject/autobad-split-no-const-no.rs:9:10
[INFO] [stderr]     |
[INFO] [stderr]   9 | #[derive(PartialBorrow,Default)]
[INFO] [stderr]     |          ^^^^^^^^^^^^^ type parameter would need to implement `From<&mut X__Partial<partial_borrow::perms::No>>`
[INFO] [stderr]     = note: required for `&mut X__Partial<partial_borrow::perms::No>` to implement `Into<(&mut X__Partial<Const>, &mut X__Partial<No>)>`
[INFO] [stderr]     = note: the full name for the type has been written to '/opt/rustwide/target/tests/target/x86_64-unknown-linux-gnu/debug/build/partial-borrow-tests/688f4d9d29389a62/out/$CRATE-688f4d9d29389a62.long-type-16286176510065436506.txt'
[INFO] [stderr]     = note: consider using `--verbose` to print the full type name to the console
[INFO] [stderr]     = note: this error originates in the derive macro `PartialBorrow` (in Nightly builds, run with -Z macro-backtrace for more info)
[INFO] [stderr] ┈┈┈┈┈┈┈┈┈┈┈┈┈┈┈┈┈┈┈┈┈┈┈┈┈┈┈┈┈┈┈┈┈┈┈┈┈┈┈┈┈┈┈┈┈┈┈┈┈┈┈┈┈┈┈┈┈┈┈┈
[INFO] [stderr] note: If the actual output is the correct output you can bless it by rerunning
[INFO] [stderr]       your test with the environment variable TRYBUILD=overwrite
[INFO] [stderr] 
[INFO] [stderr] test reject/autobad-split-no-mut-const.rs ... mismatch
[INFO] [stderr] 
[INFO] [stderr] EXPECTED:
[INFO] [stderr] ┈┈┈┈┈┈┈┈┈┈┈┈┈┈┈┈┈┈┈┈┈┈┈┈┈┈┈┈┈┈┈┈┈┈┈┈┈┈┈┈┈┈┈┈┈┈┈┈┈┈┈┈┈┈┈┈┈┈┈┈
[INFO] [stderr] error[E0277]: the trait bound `No: CanSplitInto<Mut, Const>` is not satisfied
[INFO] [stderr]   --> $DIR/autobad-split-no-mut-const.rs:16:45
[INFO] [stderr]    |
[INFO] [stderr] 16 |               &mut partial!(X const a)) = i.into();
[INFO] [stderr]    |                                             ^^^^ the trait `CanSplitInto<Mut, Const>` is not implemented for `No`
[INFO] [stderr]    |
[INFO] [stderr]    = help: the trait `CanSplitInto<No, No>` is implemented for `No`
[INFO] [stderr] note: required because of the requirements on the impl of `From<&mut X__Partial<No>>` for `(&mut X__Partial<Mut>, &mut X__Partial<Const>)`
[INFO] [stderr]   --> $DIR/autobad-split-no-mut-const.rs:9:10
[INFO] [stderr]    |
[INFO] [stderr] 9  | #[derive(PartialBorrow,Default)]
[INFO] [stderr]    |          ^^^^^^^^^^^^^
[INFO] [stderr]    = note: required because of the requirements on the impl of `Into<(&mut X__Partial<Mut>, &mut X__Partial<Const>)>` for `&mut X__Partial<No>`
[INFO] [stderr]    = note: this error originates in the derive macro `PartialBorrow` (in Nightly builds, run with -Z macro-backtrace for more info)
[INFO] [stderr] ┈┈┈┈┈┈┈┈┈┈┈┈┈┈┈┈┈┈┈┈┈┈┈┈┈┈┈┈┈┈┈┈┈┈┈┈┈┈┈┈┈┈┈┈┈┈┈┈┈┈┈┈┈┈┈┈┈┈┈┈
[INFO] [stderr] 
[INFO] [stderr] ACTUAL OUTPUT:
[INFO] [stderr] ┈┈┈┈┈┈┈┈┈┈┈┈┈┈┈┈┈┈┈┈┈┈┈┈┈┈┈┈┈┈┈┈┈┈┈┈┈┈┈┈┈┈┈┈┈┈┈┈┈┈┈┈┈┈┈┈┈┈┈┈
[INFO] [stderr] error[E0277]: the trait bound `No: CanSplitInto<Mut, Const>` is not satisfied
[INFO] [stderr]    --> reject/autobad-split-no-mut-const.rs:16:45
[INFO] [stderr]     |
[INFO] [stderr]  16 |               &mut partial!(X const a)) = i.into();
[INFO] [stderr]     |                                             ^^^^ unsatisfied trait bound
[INFO] [stderr]     |
[INFO] [stderr] help: the trait `CanSplitInto<partial_borrow::perms::Mut, partial_borrow::perms::Const>` is not implemented for `partial_borrow::perms::No`
[INFO] [stderr]       but trait `CanSplitInto<partial_borrow::perms::No, partial_borrow::perms::No>` is implemented for it
[INFO] [stderr]    --> src/lib.rs
[INFO] [stderr]     |
[INFO] [stderr]     |   unsafe impl CanSplitInto<No,No> for No { }
[INFO] [stderr]     |   ^^^^^^^^^^^^^^^^^^^^^^^^^^^^^^^^^^^^^^
[INFO] [stderr] note: required for `(&mut X__Partial<partial_borrow::perms::Mut>, &mut X__Partial<partial_borrow::perms::Const>)` to implement `From<&mut X__Partial<partial_borrow::perms::No>>`
[INFO] [stderr]    --> reject/autobad-split-no-mut-const.rs:9:10
[INFO] [stderr]     |
[INFO] [stderr]   9 | #[derive(PartialBorrow,Default)]
[INFO] [stderr]     |          ^^^^^^^^^^^^^ type parameter would need to implement `From<&mut X__Partial<partial_borrow::perms::No>>`
[INFO] [stderr]     = note: required for `&mut X__Partial<partial_borrow::perms::No>` to implement `Into<(&mut X__Partial<Mut>, &mut X__Partial<Const>)>`
[INFO] [stderr]     = note: the full name for the type has been written to '/opt/rustwide/target/tests/target/x86_64-unknown-linux-gnu/debug/build/partial-borrow-tests/12bee9deb7b7a8c7/out/$CRATE-12bee9deb7b7a8c7.long-type-1233242881140856346.txt'
[INFO] [stderr]     = note: consider using `--verbose` to print the full type name to the console
[INFO] [stderr]     = note: this error originates in the derive macro `PartialBorrow` (in Nightly builds, run with -Z macro-backtrace for more info)
[INFO] [stderr] ┈┈┈┈┈┈┈┈┈┈┈┈┈┈┈┈┈┈┈┈┈┈┈┈┈┈┈┈┈┈┈┈┈┈┈┈┈┈┈┈┈┈┈┈┈┈┈┈┈┈┈┈┈┈┈┈┈┈┈┈
[INFO] [stderr] note: If the actual output is the correct output you can bless it by rerunning
[INFO] [stderr]       your test with the environment variable TRYBUILD=overwrite
[INFO] [stderr] 
[INFO] [stderr] test reject/autobad-split-no-mut-mut.rs ... mismatch
[INFO] [stderr] 
[INFO] [stderr] EXPECTED:
[INFO] [stderr] ┈┈┈┈┈┈┈┈┈┈┈┈┈┈┈┈┈┈┈┈┈┈┈┈┈┈┈┈┈┈┈┈┈┈┈┈┈┈┈┈┈┈┈┈┈┈┈┈┈┈┈┈┈┈┈┈┈┈┈┈
[INFO] [stderr] error[E0277]: the trait bound `No: CanSplitInto<Mut, Mut>` is not satisfied
[INFO] [stderr]   --> $DIR/autobad-split-no-mut-mut.rs:16:43
[INFO] [stderr]    |
[INFO] [stderr] 16 |               &mut partial!(X mut a)) = i.into();
[INFO] [stderr]    |                                           ^^^^ the trait `CanSplitInto<Mut, Mut>` is not implemented for `No`
[INFO] [stderr]    |
[INFO] [stderr]    = help: the trait `CanSplitInto<No, No>` is implemented for `No`
[INFO] [stderr] note: required because of the requirements on the impl of `From<&mut X__Partial<No>>` for `(&mut X__Partial<Mut>, &mut X__Partial<Mut>)`
[INFO] [stderr]   --> $DIR/autobad-split-no-mut-mut.rs:9:10
[INFO] [stderr]    |
[INFO] [stderr] 9  | #[derive(PartialBorrow,Default)]
[INFO] [stderr]    |          ^^^^^^^^^^^^^
[INFO] [stderr]    = note: required because of the requirements on the impl of `Into<(&mut X__Partial<Mut>, &mut X__Partial<Mut>)>` for `&mut X__Partial<No>`
[INFO] [stderr]    = note: this error originates in the derive macro `PartialBorrow` (in Nightly builds, run with -Z macro-backtrace for more info)
[INFO] [stderr] ┈┈┈┈┈┈┈┈┈┈┈┈┈┈┈┈┈┈┈┈┈┈┈┈┈┈┈┈┈┈┈┈┈┈┈┈┈┈┈┈┈┈┈┈┈┈┈┈┈┈┈┈┈┈┈┈┈┈┈┈
[INFO] [stderr] 
[INFO] [stderr] ACTUAL OUTPUT:
[INFO] [stderr] ┈┈┈┈┈┈┈┈┈┈┈┈┈┈┈┈┈┈┈┈┈┈┈┈┈┈┈┈┈┈┈┈┈┈┈┈┈┈┈┈┈┈┈┈┈┈┈┈┈┈┈┈┈┈┈┈┈┈┈┈
[INFO] [stderr] error[E0277]: the trait bound `No: CanSplitInto<Mut, Mut>` is not satisfied
[INFO] [stderr]    --> reject/autobad-split-no-mut-mut.rs:16:43
[INFO] [stderr]     |
[INFO] [stderr]  16 |               &mut partial!(X mut a)) = i.into();
[INFO] [stderr]     |                                           ^^^^ unsatisfied trait bound
[INFO] [stderr]     |
[INFO] [stderr] help: the trait `CanSplitInto<partial_borrow::perms::Mut, partial_borrow::perms::Mut>` is not implemented for `partial_borrow::perms::No`
[INFO] [stderr]       but trait `CanSplitInto<partial_borrow::perms::No, partial_borrow::perms::No>` is implemented for it
[INFO] [stderr]    --> src/lib.rs
[INFO] [stderr]     |
[INFO] [stderr]     |   unsafe impl CanSplitInto<No,No> for No { }
[INFO] [stderr]     |   ^^^^^^^^^^^^^^^^^^^^^^^^^^^^^^^^^^^^^^
[INFO] [stderr] note: required for `(&mut X__Partial<partial_borrow::perms::Mut>, &mut X__Partial<partial_borrow::perms::Mut>)` to implement `From<&mut X__Partial<partial_borrow::perms::No>>`
[INFO] [stderr]    --> reject/autobad-split-no-mut-mut.rs:9:10
[INFO] [stderr]     |
[INFO] [stderr]   9 | #[derive(PartialBorrow,Default)]
[INFO] [stderr]     |          ^^^^^^^^^^^^^ type parameter would need to implement `From<&mut X__Partial<partial_borrow::perms::No>>`
[INFO] [stderr]     = note: required for `&mut X__Partial<partial_borrow::perms::No>` to implement `Into<(&mut X__Partial<Mut>, &mut X__Partial<Mut>)>`
[INFO] [stderr]     = note: the full name for the type has been written to '/opt/rustwide/target/tests/target/x86_64-unknown-linux-gnu/debug/build/partial-borrow-tests/1065fc894bc6226b/out/$CRATE-1065fc894bc6226b.long-type-11431998108800896584.txt'
[INFO] [stderr]     = note: consider using `--verbose` to print the full type name to the console
[INFO] [stderr]     = note: this error originates in the derive macro `PartialBorrow` (in Nightly builds, run with -Z macro-backtrace for more info)
[INFO] [stderr] ┈┈┈┈┈┈┈┈┈┈┈┈┈┈┈┈┈┈┈┈┈┈┈┈┈┈┈┈┈┈┈┈┈┈┈┈┈┈┈┈┈┈┈┈┈┈┈┈┈┈┈┈┈┈┈┈┈┈┈┈
[INFO] [stderr] note: If the actual output is the correct output you can bless it by rerunning
[INFO] [stderr]       your test with the environment variable TRYBUILD=overwrite
[INFO] [stderr] 
[INFO] [stderr] test reject/autobad-split-no-mut-no.rs ... mismatch
[INFO] [stderr] 
[INFO] [stderr] EXPECTED:
[INFO] [stderr] ┈┈┈┈┈┈┈┈┈┈┈┈┈┈┈┈┈┈┈┈┈┈┈┈┈┈┈┈┈┈┈┈┈┈┈┈┈┈┈┈┈┈┈┈┈┈┈┈┈┈┈┈┈┈┈┈┈┈┈┈
[INFO] [stderr] error[E0277]: the trait bound `No: CanSplitInto<Mut, No>` is not satisfied
[INFO] [stderr]   --> $DIR/autobad-split-no-mut-no.rs:16:41
[INFO] [stderr]    |
[INFO] [stderr] 16 |               &mut partial!(X ! a)) = i.into();
[INFO] [stderr]    |                                         ^^^^ the trait `CanSplitInto<Mut, No>` is not implemented for `No`
[INFO] [stderr]    |
[INFO] [stderr]    = help: the trait `CanSplitInto<No, No>` is implemented for `No`
[INFO] [stderr] note: required because of the requirements on the impl of `From<&mut X__Partial<No>>` for `(&mut X__Partial<Mut>, &mut X__Partial<No>)`
[INFO] [stderr]   --> $DIR/autobad-split-no-mut-no.rs:9:10
[INFO] [stderr]    |
[INFO] [stderr] 9  | #[derive(PartialBorrow,Default)]
[INFO] [stderr]    |          ^^^^^^^^^^^^^
[INFO] [stderr]    = note: required because of the requirements on the impl of `Into<(&mut X__Partial<Mut>, &mut X__Partial<No>)>` for `&mut X__Partial<No>`
[INFO] [stderr]    = note: this error originates in the derive macro `PartialBorrow` (in Nightly builds, run with -Z macro-backtrace for more info)
[INFO] [stderr] ┈┈┈┈┈┈┈┈┈┈┈┈┈┈┈┈┈┈┈┈┈┈┈┈┈┈┈┈┈┈┈┈┈┈┈┈┈┈┈┈┈┈┈┈┈┈┈┈┈┈┈┈┈┈┈┈┈┈┈┈
[INFO] [stderr] 
[INFO] [stderr] ACTUAL OUTPUT:
[INFO] [stderr] ┈┈┈┈┈┈┈┈┈┈┈┈┈┈┈┈┈┈┈┈┈┈┈┈┈┈┈┈┈┈┈┈┈┈┈┈┈┈┈┈┈┈┈┈┈┈┈┈┈┈┈┈┈┈┈┈┈┈┈┈
[INFO] [stderr] error[E0277]: the trait bound `No: CanSplitInto<Mut, No>` is not satisfied
[INFO] [stderr]    --> reject/autobad-split-no-mut-no.rs:16:41
[INFO] [stderr]     |
[INFO] [stderr]  16 |               &mut partial!(X ! a)) = i.into();
[INFO] [stderr]     |                                         ^^^^ unsatisfied trait bound
[INFO] [stderr]     |
[INFO] [stderr] help: the trait `CanSplitInto<partial_borrow::perms::Mut, No>` is not implemented for `partial_borrow::perms::No`
[INFO] [stderr]       but trait `CanSplitInto<partial_borrow::perms::No, No>` is implemented for it
[INFO] [stderr]    --> src/lib.rs
[INFO] [stderr]     |
[INFO] [stderr]     |   unsafe impl CanSplitInto<No,No> for No { }
[INFO] [stderr]     |   ^^^^^^^^^^^^^^^^^^^^^^^^^^^^^^^^^^^^^^
[INFO] [stderr]     = help: for that trait implementation, expected `partial_borrow::perms::No`, found `partial_borrow::perms::Mut`
[INFO] [stderr] note: required for `(&mut X__Partial<partial_borrow::perms::Mut>, &mut X__Partial<partial_borrow::perms::No>)` to implement `From<&mut X__Partial<partial_borrow::perms::No>>`
[INFO] [stderr]    --> reject/autobad-split-no-mut-no.rs:9:10
[INFO] [stderr]     |
[INFO] [stderr]   9 | #[derive(PartialBorrow,Default)]
[INFO] [stderr]     |          ^^^^^^^^^^^^^ type parameter would need to implement `From<&mut X__Partial<partial_borrow::perms::No>>`
[INFO] [stderr]     = note: required for `&mut X__Partial<partial_borrow::perms::No>` to implement `Into<(&mut X__Partial<Mut>, &mut X__Partial<No>)>`
[INFO] [stderr]     = note: the full name for the type has been written to '/opt/rustwide/target/tests/target/x86_64-unknown-linux-gnu/debug/build/partial-borrow-tests/b3f1015076e8d18d/out/$CRATE-b3f1015076e8d18d.long-type-7691535954635351800.txt'
[INFO] [stderr]     = note: consider using `--verbose` to print the full type name to the console
[INFO] [stderr]     = note: this error originates in the derive macro `PartialBorrow` (in Nightly builds, run with -Z macro-backtrace for more info)
[INFO] [stderr] ┈┈┈┈┈┈┈┈┈┈┈┈┈┈┈┈┈┈┈┈┈┈┈┈┈┈┈┈┈┈┈┈┈┈┈┈┈┈┈┈┈┈┈┈┈┈┈┈┈┈┈┈┈┈┈┈┈┈┈┈
[INFO] [stderr] note: If the actual output is the correct output you can bless it by rerunning
[INFO] [stderr]       your test with the environment variable TRYBUILD=overwrite
[INFO] [stderr] 
[INFO] [stderr] test reject/autobad-split-whole-mut-const.rs ... mismatch
[INFO] [stderr] 
[INFO] [stderr] EXPECTED:
[INFO] [stderr] ┈┈┈┈┈┈┈┈┈┈┈┈┈┈┈┈┈┈┈┈┈┈┈┈┈┈┈┈┈┈┈┈┈┈┈┈┈┈┈┈┈┈┈┈┈┈┈┈┈┈┈┈┈┈┈┈┈┈┈┈
[INFO] [stderr] error[E0277]: the trait bound `Mut: CanSplitInto<Mut, Const>` is not satisfied
[INFO] [stderr]   --> $DIR/autobad-split-whole-mut-const.rs:16:45
[INFO] [stderr]    |
[INFO] [stderr] 16 |               &mut partial!(X const a)) = i.into();
[INFO] [stderr]    |                                             ^^^^ the trait `CanSplitInto<Mut, Const>` is not implemented for `Mut`
[INFO] [stderr]    |
[INFO] [stderr]    = help: the following other types implement trait `CanSplitInto<R, S>`:
[INFO] [stderr]              <Mut as CanSplitInto<Const, Const>>
[INFO] [stderr]              <Mut as CanSplitInto<Const, No>>
[INFO] [stderr]              <Mut as CanSplitInto<Mut, No>>
[INFO] [stderr]              <Mut as CanSplitInto<No, Const>>
[INFO] [stderr]              <Mut as CanSplitInto<No, Mut>>
[INFO] [stderr]              <Mut as CanSplitInto<No, No>>
[INFO] [stderr] note: required because of the requirements on the impl of `From<&mut X>` for `(&mut X__Partial<Mut>, &mut X__Partial<Const>)`
[INFO] [stderr]   --> $DIR/autobad-split-whole-mut-const.rs:9:10
[INFO] [stderr]    |
[INFO] [stderr] 9  | #[derive(PartialBorrow,Default)]
[INFO] [stderr]    |          ^^^^^^^^^^^^^
[INFO] [stderr]    = note: required because of the requirements on the impl of `Into<(&mut X__Partial<Mut>, &mut X__Partial<Const>)>` for `&mut X`
[INFO] [stderr]    = note: this error originates in the derive macro `PartialBorrow` (in Nightly builds, run with -Z macro-backtrace for more info)
[INFO] [stderr] ┈┈┈┈┈┈┈┈┈┈┈┈┈┈┈┈┈┈┈┈┈┈┈┈┈┈┈┈┈┈┈┈┈┈┈┈┈┈┈┈┈┈┈┈┈┈┈┈┈┈┈┈┈┈┈┈┈┈┈┈
[INFO] [stderr] 
[INFO] [stderr] ACTUAL OUTPUT:
[INFO] [stderr] ┈┈┈┈┈┈┈┈┈┈┈┈┈┈┈┈┈┈┈┈┈┈┈┈┈┈┈┈┈┈┈┈┈┈┈┈┈┈┈┈┈┈┈┈┈┈┈┈┈┈┈┈┈┈┈┈┈┈┈┈
[INFO] [stderr] error[E0277]: the trait bound `Mut: CanSplitInto<Mut, Const>` is not satisfied
[INFO] [stderr]   --> reject/autobad-split-whole-mut-const.rs:16:45
[INFO] [stderr]    |
[INFO] [stderr] 16 |               &mut partial!(X const a)) = i.into();
[INFO] [stderr]    |                                             ^^^^ unsatisfied trait bound
[INFO] [stderr]    |
[INFO] [stderr]    = help: the trait `partial_borrow::perms::CanSplitInto<partial_borrow::perms::Mut, partial_borrow::perms::Const>` is not implemented for `partial_borrow::perms::Mut`
[INFO] [stderr]    = help: `partial_borrow::perms::Mut` implements trait `partial_borrow::perms::CanSplitInto<R, S>`:
[INFO] [stderr]              CanSplitInto<Const, Const>
[INFO] [stderr]              partial_borrow::perms::CanSplitInto<partial_borrow::perms::Const, partial_borrow::perms::No>
[INFO] [stderr]              partial_borrow::perms::CanSplitInto<partial_borrow::perms::Mut, partial_borrow::perms::No>
[INFO] [stderr]              partial_borrow::perms::CanSplitInto<partial_borrow::perms::No, partial_borrow::perms::Const>
[INFO] [stderr]              partial_borrow::perms::CanSplitInto<partial_borrow::perms::No, partial_borrow::perms::Mut>
[INFO] [stderr]              partial_borrow::perms::CanSplitInto<partial_borrow::perms::No, partial_borrow::perms::No>
[INFO] [stderr] note: required for `(&mut X__Partial<partial_borrow::perms::Mut>, &mut X__Partial<partial_borrow::perms::Const>)` to implement `From<&mut X>`
[INFO] [stderr]   --> reject/autobad-split-whole-mut-const.rs:9:10
[INFO] [stderr]    |
[INFO] [stderr]  9 | #[derive(PartialBorrow,Default)]
[INFO] [stderr]    |          ^^^^^^^^^^^^^ type parameter would need to implement `From<&mut X>`
[INFO] [stderr]    = note: required for `&mut X` to implement `Into<(&mut X__Partial<Mut>, &mut X__Partial<Const>)>`
[INFO] [stderr]    = note: the full name for the type has been written to '/opt/rustwide/target/tests/target/x86_64-unknown-linux-gnu/debug/build/partial-borrow-tests/38722e260a7f5ec3/out/$CRATE-38722e260a7f5ec3.long-type-9592170873156678538.txt'
[INFO] [stderr]    = note: consider using `--verbose` to print the full type name to the console
[INFO] [stderr]    = note: this error originates in the derive macro `PartialBorrow` (in Nightly builds, run with -Z macro-backtrace for more info)
[INFO] [stderr] ┈┈┈┈┈┈┈┈┈┈┈┈┈┈┈┈┈┈┈┈┈┈┈┈┈┈┈┈┈┈┈┈┈┈┈┈┈┈┈┈┈┈┈┈┈┈┈┈┈┈┈┈┈┈┈┈┈┈┈┈
[INFO] [stderr] note: If the actual output is the correct output you can bless it by rerunning
[INFO] [stderr]       your test with the environment variable TRYBUILD=overwrite
[INFO] [stderr] 
[INFO] [stderr] test reject/autobad-split-whole-mut-mut.rs ... mismatch
[INFO] [stderr] 
[INFO] [stderr] EXPECTED:
[INFO] [stderr] ┈┈┈┈┈┈┈┈┈┈┈┈┈┈┈┈┈┈┈┈┈┈┈┈┈┈┈┈┈┈┈┈┈┈┈┈┈┈┈┈┈┈┈┈┈┈┈┈┈┈┈┈┈┈┈┈┈┈┈┈
[INFO] [stderr] error[E0277]: the trait bound `Mut: CanSplitInto<Mut, Mut>` is not satisfied
[INFO] [stderr]   --> $DIR/autobad-split-whole-mut-mut.rs:16:43
[INFO] [stderr]    |
[INFO] [stderr] 16 |               &mut partial!(X mut a)) = i.into();
[INFO] [stderr]    |                                           ^^^^ the trait `CanSplitInto<Mut, Mut>` is not implemented for `Mut`
[INFO] [stderr]    |
[INFO] [stderr]    = help: the following other types implement trait `CanSplitInto<R, S>`:
[INFO] [stderr]              <Mut as CanSplitInto<Const, Const>>
[INFO] [stderr]              <Mut as CanSplitInto<Const, No>>
[INFO] [stderr]              <Mut as CanSplitInto<Mut, No>>
[INFO] [stderr]              <Mut as CanSplitInto<No, Const>>
[INFO] [stderr]              <Mut as CanSplitInto<No, Mut>>
[INFO] [stderr]              <Mut as CanSplitInto<No, No>>
[INFO] [stderr] note: required because of the requirements on the impl of `From<&mut X>` for `(&mut X__Partial<Mut>, &mut X__Partial<Mut>)`
[INFO] [stderr]   --> $DIR/autobad-split-whole-mut-mut.rs:9:10
[INFO] [stderr]    |
[INFO] [stderr] 9  | #[derive(PartialBorrow,Default)]
[INFO] [stderr]    |          ^^^^^^^^^^^^^
[INFO] [stderr]    = note: required because of the requirements on the impl of `Into<(&mut X__Partial<Mut>, &mut X__Partial<Mut>)>` for `&mut X`
[INFO] [stderr]    = note: this error originates in the derive macro `PartialBorrow` (in Nightly builds, run with -Z macro-backtrace for more info)
[INFO] [stderr] ┈┈┈┈┈┈┈┈┈┈┈┈┈┈┈┈┈┈┈┈┈┈┈┈┈┈┈┈┈┈┈┈┈┈┈┈┈┈┈┈┈┈┈┈┈┈┈┈┈┈┈┈┈┈┈┈┈┈┈┈
[INFO] [stderr] 
[INFO] [stderr] ACTUAL OUTPUT:
[INFO] [stderr] ┈┈┈┈┈┈┈┈┈┈┈┈┈┈┈┈┈┈┈┈┈┈┈┈┈┈┈┈┈┈┈┈┈┈┈┈┈┈┈┈┈┈┈┈┈┈┈┈┈┈┈┈┈┈┈┈┈┈┈┈
[INFO] [stderr] error[E0277]: the trait bound `Mut: CanSplitInto<Mut, Mut>` is not satisfied
[INFO] [stderr]   --> reject/autobad-split-whole-mut-mut.rs:16:43
[INFO] [stderr]    |
[INFO] [stderr] 16 |               &mut partial!(X mut a)) = i.into();
[INFO] [stderr]    |                                           ^^^^ unsatisfied trait bound
[INFO] [stderr]    |
[INFO] [stderr]    = help: the trait `partial_borrow::perms::CanSplitInto<partial_borrow::perms::Mut, partial_borrow::perms::Mut>` is not implemented for `partial_borrow::perms::Mut`
[INFO] [stderr]    = help: `partial_borrow::perms::Mut` implements trait `partial_borrow::perms::CanSplitInto<R, S>`:
[INFO] [stderr]              CanSplitInto<Const, Const>
[INFO] [stderr]              partial_borrow::perms::CanSplitInto<partial_borrow::perms::Const, partial_borrow::perms::No>
[INFO] [stderr]              partial_borrow::perms::CanSplitInto<partial_borrow::perms::Mut, partial_borrow::perms::No>
[INFO] [stderr]              partial_borrow::perms::CanSplitInto<partial_borrow::perms::No, partial_borrow::perms::Const>
[INFO] [stderr]              partial_borrow::perms::CanSplitInto<partial_borrow::perms::No, partial_borrow::perms::Mut>
[INFO] [stderr]              partial_borrow::perms::CanSplitInto<partial_borrow::perms::No, partial_borrow::perms::No>
[INFO] [stderr] note: required for `(&mut X__Partial<partial_borrow::perms::Mut>, &mut X__Partial<partial_borrow::perms::Mut>)` to implement `From<&mut X>`
[INFO] [stderr]   --> reject/autobad-split-whole-mut-mut.rs:9:10
[INFO] [stderr]    |
[INFO] [stderr]  9 | #[derive(PartialBorrow,Default)]
[INFO] [stderr]    |          ^^^^^^^^^^^^^ type parameter would need to implement `From<&mut X>`
[INFO] [stderr]    = note: required for `&mut X` to implement `Into<(&mut X__Partial<Mut>, &mut X__Partial<Mut>)>`
[INFO] [stderr]    = note: the full name for the type has been written to '/opt/rustwide/target/tests/target/x86_64-unknown-linux-gnu/debug/build/partial-borrow-tests/6904bd06e3d20645/out/$CRATE-6904bd06e3d20645.long-type-3918613199880821743.txt'
[INFO] [stderr]    = note: consider using `--verbose` to print the full type name to the console
[INFO] [stderr]    = note: this error originates in the derive macro `PartialBorrow` (in Nightly builds, run with -Z macro-backtrace for more info)
[INFO] [stderr] ┈┈┈┈┈┈┈┈┈┈┈┈┈┈┈┈┈┈┈┈┈┈┈┈┈┈┈┈┈┈┈┈┈┈┈┈┈┈┈┈┈┈┈┈┈┈┈┈┈┈┈┈┈┈┈┈┈┈┈┈
[INFO] [stderr] note: If the actual output is the correct output you can bless it by rerunning
[INFO] [stderr]       your test with the environment variable TRYBUILD=overwrite
[INFO] [stderr] 
[INFO] [stderr] test reject/bad-field.rs ... ok
[INFO] [stderr] 
[INFO] [stderr] 
[INFO] [stdout] test test::reject ... FAILED
[INFO] [stdout] 
[INFO] [stdout] failures:
[INFO] [stdout] 
[INFO] [stdout] ---- test::reject stdout ----
[INFO] [stdout] 
[INFO] [stdout] thread 'test::reject' (1170) panicked at /opt/rustwide/cargo-home/registry/src/index.crates.io-1949cf8c6b5b557f/trybuild-1.0.64/src/run.rs:101:13:
[INFO] [stdout] 23 of 24 tests failed
[INFO] [stdout] stack backtrace:
[INFO] [stdout]    0:     0x59b0041bc991 - <<std[617be2ca0a6fd877]::sys::backtrace::BacktraceLock>::print::DisplayBacktrace as core[a373ad73a504971]::fmt::Display>::fmt
[INFO] [stdout]    1:     0x59b0041d21da - core[a373ad73a504971]::fmt::write
[INFO] [stdout]    2:     0x59b0041c125c - <alloc[2e1b2a31b91974c5]::vec::Vec<u8> as core[a373ad73a504971]::io::write::Write>::write_fmt
[INFO] [stdout]    3:     0x59b004195cc6 - std[617be2ca0a6fd877]::panicking::default_hook::{closure#0}
[INFO] [stdout]    4:     0x59b0041b3849 - std[617be2ca0a6fd877]::panicking::default_hook
[INFO] [stdout]    5:     0x59b00414dd20 - test[aada8e7e76ba119b]::test_main_inner::{closure#0}
[INFO] [stdout]    6:     0x59b0041b3a02 - std[617be2ca0a6fd877]::panicking::panic_with_hook
[INFO] [stdout]    7:     0x59b004195d72 - std[617be2ca0a6fd877]::panicking::panic_handler::{closure#0}
[INFO] [stdout]    8:     0x59b00418e709 - std[617be2ca0a6fd877]::sys::backtrace::__rust_end_short_backtrace::<std[617be2ca0a6fd877]::panicking::panic_handler::{closure#0}, !>
[INFO] [stdout]    9:     0x59b00419697d - __rustc[ea4f61d10b84890b]::rust_begin_unwind
[INFO] [stdout]   10:     0x59b0041d290c - core[a373ad73a504971]::panicking::panic_fmt
[INFO] [stdout]   11:     0x59b0040c28cb - <trybuild[133f7fa7d30ee332]::TestCases as core[a373ad73a504971]::ops::drop::Drop>::drop
[INFO] [stdout]   12:     0x59b0040b9388 - partial_borrow[fb97b21f21a187b3]::test::reject
[INFO] [stdout]   13:     0x59b0040bbbb9 - <partial_borrow[fb97b21f21a187b3]::test::reject::{closure#0} as core[a373ad73a504971]::ops::function::FnOnce<()>>::call_once
[INFO] [stdout]   14:     0x59b00414116b - test[aada8e7e76ba119b]::__rust_begin_short_backtrace::<core[a373ad73a504971]::result::Result<(), alloc[2e1b2a31b91974c5]::string::String>, fn() -> core[a373ad73a504971]::result::Result<(), alloc[2e1b2a31b91974c5]::string::String>>
[INFO] [stdout]   15:     0x59b00414e345 - test[aada8e7e76ba119b]::run_test::{closure#0}
[INFO] [stdout]   16:     0x59b004147c34 - std[617be2ca0a6fd877]::sys::backtrace::__rust_begin_short_backtrace::<test[aada8e7e76ba119b]::run_test::{closure#1}, ()>
[INFO] [stdout]   17:     0x59b0041513d2 - <std[617be2ca0a6fd877]::thread::lifecycle::spawn_unchecked<test[aada8e7e76ba119b]::run_test::{closure#1}, ()>::{closure#1} as core[a373ad73a504971]::ops::function::FnOnce<()>>::call_once::{shim:vtable#0}
[INFO] [stdout]   18:     0x59b0041bbbbf - <std[617be2ca0a6fd877]::sys::thread::unix::Thread>::new::thread_start
[INFO] [stdout]   19:     0x7ec1c89cbdfa - <unknown>
[INFO] [stdout]   20:     0x7ec1c8a5f3d4 - clone
[INFO] [stdout]   21:                0x0 - <unknown>
[INFO] [stdout] 
[INFO] [stdout] 
[INFO] [stdout] failures:
[INFO] [stdout]     test::reject
[INFO] [stdout] 
[INFO] [stdout] test result: FAILED. 7 passed; 1 failed; 0 ignored; 0 measured; 0 filtered out; finished in 18.52s
[INFO] [stdout] 
[INFO] [stderr] error: test failed, to rerun pass `--lib`
[INFO] running `Command { std: "docker" "inspect" "d8058c04d3ad9e8bce4640c40b8012b76dea0bf6b15648188de57f14994fe3d4", kill_on_drop: false }`
[INFO] running `Command { std: "docker" "rm" "-f" "d8058c04d3ad9e8bce4640c40b8012b76dea0bf6b15648188de57f14994fe3d4", kill_on_drop: false }`
[INFO] [stdout] d8058c04d3ad9e8bce4640c40b8012b76dea0bf6b15648188de57f14994fe3d4
