[INFO] fetching crate partial-bind 0.1.0...
[INFO] testing partial-bind-0.1.0 against 1.100.0-beta.1+cargoflags=--release for beta-release-1.100-2
[INFO] extracting crate partial-bind 0.1.0 into /workspace/builds/worker-7-tc2/source
[INFO] started tweaking crates.io crate partial-bind 0.1.0
[INFO] finished tweaking crates.io crate partial-bind 0.1.0
[INFO] tweaked toml for crates.io crate partial-bind 0.1.0 written to /workspace/builds/worker-7-tc2/source/Cargo.toml
[INFO] validating manifest of crates.io crate partial-bind 0.1.0 on toolchain 1.100.0-beta.1
[INFO] running `Command { std: CARGO_HOME="/workspace/cargo-home" RUSTUP_HOME="/workspace/rustup-home" "/workspace/cargo-home/bin/cargo" "+1.100.0-beta.1" "metadata" "--manifest-path" "Cargo.toml" "--no-deps", kill_on_drop: false }`
[INFO] crate crates.io crate partial-bind 0.1.0 already has a lockfile, it will not be regenerated
[INFO] running `Command { std: CARGO_HOME="/workspace/cargo-home" RUSTUP_HOME="/workspace/rustup-home" "/workspace/cargo-home/bin/cargo" "+1.100.0-beta.1" "fetch" "--manifest-path" "Cargo.toml", kill_on_drop: false }`
[INFO] running `Command { std: "docker" "create" "-v" "/var/lib/crater-agent-workspace/builds/worker-7-tc2/source:/opt/rustwide/workdir:ro,Z" "-v" "/var/lib/crater-agent-workspace/builds/worker-7-tc2/target:/opt/rustwide/target:rw,Z" "-v" "/var/lib/crater-agent-workspace/cargo-home:/opt/rustwide/cargo-home:ro,Z" "-v" "/var/lib/crater-agent-workspace/rustup-home:/opt/rustwide/rustup-home:ro,Z" "-m" "1610612736" "--network" "none" "ghcr.io/rust-lang/crates-build-env/linux@sha256:77db811e55d90add9212f6832c23229e3de5f1c1f9905e8cb07319ea15df73ac" "sleep" "infinity", kill_on_drop: false }`
[INFO] [stdout] 46794e3544e3918b97a90e676aa1050575a4d7eb3952aca1f063a94afaada43a
[INFO] running `Command { std: "docker" "start" "46794e3544e3918b97a90e676aa1050575a4d7eb3952aca1f063a94afaada43a", kill_on_drop: false }`
[INFO] running `Command { std: "docker" "inspect" "46794e3544e3918b97a90e676aa1050575a4d7eb3952aca1f063a94afaada43a", kill_on_drop: false }`
[INFO] running `Command { std: "docker" "exec" "-e" "SOURCE_DIR=/opt/rustwide/workdir" "-e" "CARGO_HOME=/opt/rustwide/cargo-home" "-e" "RUSTUP_HOME=/opt/rustwide/rustup-home" "-e" "CARGO_TARGET_DIR=/opt/rustwide/target" "-w" "/opt/rustwide/workdir" "--user" "0:0" "46794e3544e3918b97a90e676aa1050575a4d7eb3952aca1f063a94afaada43a" "/opt/rustwide/cargo-home/bin/cargo" "+1.100.0-beta.1" "metadata" "--no-deps" "--format-version=1", kill_on_drop: false }`
[INFO] running `Command { std: "docker" "inspect" "46794e3544e3918b97a90e676aa1050575a4d7eb3952aca1f063a94afaada43a", kill_on_drop: false }`
[INFO] running `Command { std: "docker" "exec" "-e" "SOURCE_DIR=/opt/rustwide/workdir" "-e" "CARGO_HOME=/opt/rustwide/cargo-home" "-e" "RUSTUP_HOME=/opt/rustwide/rustup-home" "-e" "CARGO_TARGET_DIR=/opt/rustwide/target" "-e" "CARGO_INCREMENTAL=0" "-e" "RUST_BACKTRACE=full" "-e" "RUSTFLAGS=--cap-lints=warn" "-e" "RUSTDOCFLAGS=--cap-lints=warn" "-w" "/opt/rustwide/workdir" "--user" "0:0" "46794e3544e3918b97a90e676aa1050575a4d7eb3952aca1f063a94afaada43a" "/opt/rustwide/cargo-home/bin/cargo" "+1.100.0-beta.1" "build" "--frozen" "--message-format=json" "--release", kill_on_drop: false }`
[INFO] [stderr]    Compiling unicode-ident v1.0.18
[INFO] [stderr]    Compiling proc-macro2 v1.0.101
[INFO] [stderr]    Compiling quote v1.0.40
[INFO] [stderr]    Compiling syn v2.0.106
[INFO] [stderr]    Compiling partial-bind v0.1.0 (/opt/rustwide/workdir)
[INFO] [stderr]     Finished `release` profile [optimized] target(s) in 5.91s
[INFO] running `Command { std: "docker" "inspect" "46794e3544e3918b97a90e676aa1050575a4d7eb3952aca1f063a94afaada43a", kill_on_drop: false }`
[INFO] running `Command { std: "docker" "exec" "-e" "SOURCE_DIR=/opt/rustwide/workdir" "-e" "CARGO_HOME=/opt/rustwide/cargo-home" "-e" "RUSTUP_HOME=/opt/rustwide/rustup-home" "-e" "CARGO_TARGET_DIR=/opt/rustwide/target" "-e" "CARGO_INCREMENTAL=0" "-e" "RUST_BACKTRACE=full" "-e" "RUSTFLAGS=--cap-lints=warn" "-e" "RUSTDOCFLAGS=--cap-lints=warn" "-w" "/opt/rustwide/workdir" "--user" "0:0" "46794e3544e3918b97a90e676aa1050575a4d7eb3952aca1f063a94afaada43a" "/opt/rustwide/cargo-home/bin/cargo" "+1.100.0-beta.1" "test" "--frozen" "--no-run" "--message-format=json" "--release", kill_on_drop: false }`
[INFO] [stderr]    Compiling partial-bind v0.1.0 (/opt/rustwide/workdir)
[INFO] [stderr]     Finished `release` profile [optimized] target(s) in 0.47s
[INFO] running `Command { std: "docker" "inspect" "46794e3544e3918b97a90e676aa1050575a4d7eb3952aca1f063a94afaada43a", kill_on_drop: false }`
[INFO] running `Command { std: "docker" "exec" "-e" "SOURCE_DIR=/opt/rustwide/workdir" "-e" "CARGO_HOME=/opt/rustwide/cargo-home" "-e" "RUSTUP_HOME=/opt/rustwide/rustup-home" "-e" "CARGO_TARGET_DIR=/opt/rustwide/target" "-e" "CARGO_INCREMENTAL=0" "-e" "RUST_BACKTRACE=full" "-e" "RUSTFLAGS=--cap-lints=warn" "-e" "RUSTDOCFLAGS=--cap-lints=warn" "-w" "/opt/rustwide/workdir" "--user" "0:0" "46794e3544e3918b97a90e676aa1050575a4d7eb3952aca1f063a94afaada43a" "/opt/rustwide/cargo-home/bin/cargo" "+1.100.0-beta.1" "test" "--frozen" "--release", kill_on_drop: false }`
[INFO] [stderr]     Finished `release` profile [optimized] target(s) in 0.03s
[INFO] [stderr]      Running unittests src/lib.rs (/opt/rustwide/target/release/build/partial-bind/4531ac490d19e5ea/out/partial_bind-4531ac490d19e5ea)
[INFO] [stdout] 
[INFO] [stdout] running 0 tests
[INFO] [stdout] 
[INFO] [stdout] test result: ok. 0 passed; 0 failed; 0 ignored; 0 measured; 0 filtered out; finished in 0.00s
[INFO] [stdout] 
[INFO] [stderr]    Doc-tests partial_bind
[INFO] [stdout] 
[INFO] [stdout] running 1 test
[INFO] [stdout] test src/lib.rs - bind (line 12) ... FAILED
[INFO] [stdout] 
[INFO] [stdout] failures:
[INFO] [stdout] 
[INFO] [stdout] ---- src/lib.rs - bind (line 12) stdout ----
[INFO] [stdout] error: in expressions, `_` can only be used on the left-hand side of an assignment
[INFO] [stdout]   --> src/lib.rs:14:23
[INFO] [stdout]    |
[INFO] [stdout] 14 | let bar = bind(foo(1, _, 3, _));
[INFO] [stdout]    |                       ^ `_` not allowed here
[INFO] [stdout] 
[INFO] [stdout] error: in expressions, `_` can only be used on the left-hand side of an assignment
[INFO] [stdout]   --> src/lib.rs:14:29
[INFO] [stdout]    |
[INFO] [stdout] 14 | let bar = bind(foo(1, _, 3, _));
[INFO] [stdout]    |                             ^ `_` not allowed here
[INFO] [stdout] 
[INFO] [stdout] error: in expressions, `_` can only be used on the left-hand side of an assignment
[INFO] [stdout]   --> src/lib.rs:17:20
[INFO] [stdout]    |
[INFO] [stdout] 17 | let baz = bind(foo(_, 2, _, 4));
[INFO] [stdout]    |                    ^ `_` not allowed here
[INFO] [stdout] 
[INFO] [stdout] error: in expressions, `_` can only be used on the left-hand side of an assignment
[INFO] [stdout]   --> src/lib.rs:17:26
[INFO] [stdout]    |
[INFO] [stdout] 17 | let baz = bind(foo(_, 2, _, 4));
[INFO] [stdout]    |                          ^ `_` not allowed here
[INFO] [stdout] 
[INFO] [stdout] error[E0425]: cannot find function `bind` in this scope
[INFO] [stdout]   --> src/lib.rs:14:11
[INFO] [stdout]    |
[INFO] [stdout] 14 | let bar = bind(foo(1, _, 3, _));
[INFO] [stdout]    |           ^^^^ not found in this scope
[INFO] [stdout] 
[INFO] [stdout] error[E0425]: cannot find function `bind` in this scope
[INFO] [stdout]   --> src/lib.rs:17:11
[INFO] [stdout]    |
[INFO] [stdout] 17 | let baz = bind(foo(_, 2, _, 4));
[INFO] [stdout]    |           ^^^^ not found in this scope
[INFO] [stdout] 
[INFO] [stdout] error[E0308]: mismatched types
[INFO] [stdout]   --> src/lib.rs:13:42
[INFO] [stdout]    |
[INFO] [stdout] 13 | fn foo(a: i32, b: i32, c: i32, d: i32) { a + b + c + d }
[INFO] [stdout]    |                                       -  ^^^^^^^^^^^^^ expected `()`, found `i32`
[INFO] [stdout]    |                                       |
[INFO] [stdout]    |                                       help: try adding a return type: `-> i32`
[INFO] [stdout] 
[INFO] [stdout] error: aborting due to 7 previous errors
[INFO] [stdout] 
[INFO] [stdout] Some errors have detailed explanations: E0308, E0425.
[INFO] [stdout] For more information about an error, try `rustc --explain E0308`.
[INFO] [stdout] Couldn't compile the test.
[INFO] [stdout] 
[INFO] [stdout] failures:
[INFO] [stdout]     src/lib.rs - bind (line 12)
[INFO] [stdout] 
[INFO] [stdout] test result: FAILED. 0 passed; 1 failed; 0 ignored; 0 measured; 0 filtered out; finished in 0.07s
[INFO] [stdout] 
[INFO] [stdout] all doctests ran in 0.15s; merged doctests compilation took 0.07s
[INFO] [stderr] error: doctest failed, to rerun pass `--doc`
[INFO] running `Command { std: "docker" "inspect" "46794e3544e3918b97a90e676aa1050575a4d7eb3952aca1f063a94afaada43a", kill_on_drop: false }`
[INFO] running `Command { std: "docker" "rm" "-f" "46794e3544e3918b97a90e676aa1050575a4d7eb3952aca1f063a94afaada43a", kill_on_drop: false }`
[INFO] [stdout] 46794e3544e3918b97a90e676aa1050575a4d7eb3952aca1f063a94afaada43a
