[INFO] fetching crate pars-core 0.2.5...
[INFO] testing pars-core-0.2.5 against 1.100.0-beta.1+cargoflags=--release for beta-release-1.100-2
[INFO] extracting crate pars-core 0.2.5 into /workspace/builds/worker-5-tc2/source
[INFO] started tweaking crates.io crate pars-core 0.2.5
[INFO] finished tweaking crates.io crate pars-core 0.2.5
[INFO] tweaked toml for crates.io crate pars-core 0.2.5 written to /workspace/builds/worker-5-tc2/source/Cargo.toml
[INFO] validating manifest of crates.io crate pars-core 0.2.5 on toolchain 1.100.0-beta.1
[INFO] running `Command { std: CARGO_HOME="/workspace/cargo-home" RUSTUP_HOME="/workspace/rustup-home" "/workspace/cargo-home/bin/cargo" "+1.100.0-beta.1" "metadata" "--manifest-path" "Cargo.toml" "--no-deps", kill_on_drop: false }`
[INFO] crate crates.io crate pars-core 0.2.5 already has a lockfile, it will not be regenerated
[INFO] running `Command { std: CARGO_HOME="/workspace/cargo-home" RUSTUP_HOME="/workspace/rustup-home" "/workspace/cargo-home/bin/cargo" "+1.100.0-beta.1" "fetch" "--manifest-path" "Cargo.toml", kill_on_drop: false }`
[INFO] running `Command { std: "docker" "create" "-v" "/var/lib/crater-agent-workspace/builds/worker-5-tc2/source:/opt/rustwide/workdir:ro,Z" "-v" "/var/lib/crater-agent-workspace/builds/worker-5-tc2/target:/opt/rustwide/target:rw,Z" "-v" "/var/lib/crater-agent-workspace/cargo-home:/opt/rustwide/cargo-home:ro,Z" "-v" "/var/lib/crater-agent-workspace/rustup-home:/opt/rustwide/rustup-home:ro,Z" "-m" "1610612736" "--network" "none" "ghcr.io/rust-lang/crates-build-env/linux@sha256:77db811e55d90add9212f6832c23229e3de5f1c1f9905e8cb07319ea15df73ac" "sleep" "infinity", kill_on_drop: false }`
[INFO] [stdout] 765b20bf68c5817d318f37a156a12426eecaad81e4cd425bfe7ddb8912d99059
[INFO] running `Command { std: "docker" "start" "765b20bf68c5817d318f37a156a12426eecaad81e4cd425bfe7ddb8912d99059", kill_on_drop: false }`
[INFO] running `Command { std: "docker" "inspect" "765b20bf68c5817d318f37a156a12426eecaad81e4cd425bfe7ddb8912d99059", kill_on_drop: false }`
[INFO] running `Command { std: "docker" "exec" "-e" "SOURCE_DIR=/opt/rustwide/workdir" "-e" "CARGO_HOME=/opt/rustwide/cargo-home" "-e" "RUSTUP_HOME=/opt/rustwide/rustup-home" "-e" "CARGO_TARGET_DIR=/opt/rustwide/target" "-w" "/opt/rustwide/workdir" "--user" "0:0" "765b20bf68c5817d318f37a156a12426eecaad81e4cd425bfe7ddb8912d99059" "/opt/rustwide/cargo-home/bin/cargo" "+1.100.0-beta.1" "metadata" "--no-deps" "--format-version=1", kill_on_drop: false }`
[INFO] running `Command { std: "docker" "inspect" "765b20bf68c5817d318f37a156a12426eecaad81e4cd425bfe7ddb8912d99059", kill_on_drop: false }`
[INFO] running `Command { std: "docker" "exec" "-e" "SOURCE_DIR=/opt/rustwide/workdir" "-e" "CARGO_HOME=/opt/rustwide/cargo-home" "-e" "RUSTUP_HOME=/opt/rustwide/rustup-home" "-e" "CARGO_TARGET_DIR=/opt/rustwide/target" "-e" "CARGO_INCREMENTAL=0" "-e" "RUST_BACKTRACE=full" "-e" "RUSTFLAGS=--cap-lints=warn" "-e" "RUSTDOCFLAGS=--cap-lints=warn" "-w" "/opt/rustwide/workdir" "--user" "0:0" "765b20bf68c5817d318f37a156a12426eecaad81e4cd425bfe7ddb8912d99059" "/opt/rustwide/cargo-home/bin/cargo" "+1.100.0-beta.1" "build" "--frozen" "--message-format=json" "--release", kill_on_drop: false }`
[INFO] [stderr]    Compiling zerocopy v0.8.48
[INFO] [stderr]    Compiling indexmap v2.14.0
[INFO] [stderr]    Compiling winnow v0.7.15
[INFO] [stderr]    Compiling bitflags v2.11.1
[INFO] [stderr]    Compiling anyhow v1.0.102
[INFO] [stderr]    Compiling regex-automata v0.4.14
[INFO] [stderr]    Compiling parking_lot_core v0.9.12
[INFO] [stderr]    Compiling directories v6.0.0
[INFO] [stderr]    Compiling secrecy v0.10.3
[INFO] [stderr]    Compiling chrono v0.4.44
[INFO] [stderr]    Compiling os_pipe v1.2.3
[INFO] [stderr]    Compiling clean-path v0.2.1
[INFO] [stderr]    Compiling fs_extra v1.3.0
[INFO] [stderr]    Compiling log v0.4.30
[INFO] [stderr]    Compiling toml_datetime v0.6.11
[INFO] [stderr]    Compiling serde_spanned v0.6.9
[INFO] [stderr]    Compiling bumpalo v3.20.3
[INFO] [stderr]    Compiling rustix v1.1.4
[INFO] [stderr]    Compiling parking_lot v0.12.5
[INFO] [stderr]    Compiling tempfile v3.27.0
[INFO] [stderr]    Compiling toml_edit v0.22.27
[INFO] [stderr]    Compiling regex v1.12.3
[INFO] [stderr]    Compiling ppv-lite86 v0.2.21
[INFO] [stderr]    Compiling toml v0.8.23
[INFO] [stderr]    Compiling rand_chacha v0.9.0
[INFO] [stderr]    Compiling rand v0.9.4
[INFO] [stderr]    Compiling random-pick v1.2.17
[INFO] [stderr]    Compiling passwords v3.1.16
[INFO] [stderr]    Compiling pars-core v0.2.5 (/opt/rustwide/workdir)
[INFO] [stderr] warning: unused dependency `os_pipe`
[INFO] [stderr]   --> Cargo.toml:32:15
[INFO] [stderr]    |
[INFO] [stderr] 32 | [dependencies.os_pipe]
[INFO] [stderr]    |               ^^^^^^^^
[INFO] [stderr]    |
[INFO] [stderr]    = note: `cargo::unused_dependencies` is set to `warn` by default
[INFO] [stderr] help: consider removing the dependency on `os_pipe`
[INFO] [stderr] warning: `pars-core` (manifest) generated 1 warning
[INFO] [stderr]     Finished `release` profile [optimized] target(s) in 28.21s
[INFO] running `Command { std: "docker" "inspect" "765b20bf68c5817d318f37a156a12426eecaad81e4cd425bfe7ddb8912d99059", kill_on_drop: false }`
[INFO] running `Command { std: "docker" "exec" "-e" "SOURCE_DIR=/opt/rustwide/workdir" "-e" "CARGO_HOME=/opt/rustwide/cargo-home" "-e" "RUSTUP_HOME=/opt/rustwide/rustup-home" "-e" "CARGO_TARGET_DIR=/opt/rustwide/target" "-e" "CARGO_INCREMENTAL=0" "-e" "RUST_BACKTRACE=full" "-e" "RUSTFLAGS=--cap-lints=warn" "-e" "RUSTDOCFLAGS=--cap-lints=warn" "-w" "/opt/rustwide/workdir" "--user" "0:0" "765b20bf68c5817d318f37a156a12426eecaad81e4cd425bfe7ddb8912d99059" "/opt/rustwide/cargo-home/bin/cargo" "+1.100.0-beta.1" "test" "--frozen" "--no-run" "--message-format=json" "--release", kill_on_drop: false }`
[INFO] [stderr]    Compiling syn v2.0.117
[INFO] [stderr]    Compiling sdd v3.0.10
[INFO] [stderr]    Compiling futures-executor v0.3.32
[INFO] [stderr]    Compiling yansi v1.0.1
[INFO] [stderr]    Compiling diff v0.1.13
[INFO] [stderr]    Compiling scc v2.4.0
[INFO] [stderr]    Compiling pretty_assertions v1.4.1
[INFO] [stderr]    Compiling serde_derive v1.0.228
[INFO] [stderr]    Compiling serial_test_derive v3.4.0
[INFO] [stderr]    Compiling serial_test v3.4.0
[INFO] [stderr]    Compiling serde v1.0.228
[INFO] [stderr]    Compiling serde_spanned v0.6.9
[INFO] [stderr]    Compiling toml_datetime v0.6.11
[INFO] [stderr]    Compiling toml_edit v0.22.27
[INFO] [stderr]    Compiling toml v0.8.23
[INFO] [stderr]    Compiling pars-core v0.2.5 (/opt/rustwide/workdir)
[INFO] [stderr] warning: unused dependency `os_pipe`
[INFO] [stderr]   --> Cargo.toml:32:15
[INFO] [stderr]    |
[INFO] [stderr] 32 | [dependencies.os_pipe]
[INFO] [stderr]    |               ^^^^^^^^
[INFO] [stderr]    |
[INFO] [stderr]    = note: `cargo::unused_dependencies` is set to `warn` by default
[INFO] [stderr] help: consider removing the dependency on `os_pipe`
[INFO] [stderr] help: to still use for development builds, move to `dev-dependencies`
[INFO] [stderr] warning: `pars-core` (manifest) generated 1 warning
[INFO] [stderr]     Finished `release` profile [optimized] target(s) in 30.51s
[INFO] running `Command { std: "docker" "inspect" "765b20bf68c5817d318f37a156a12426eecaad81e4cd425bfe7ddb8912d99059", kill_on_drop: false }`
[INFO] running `Command { std: "docker" "exec" "-e" "SOURCE_DIR=/opt/rustwide/workdir" "-e" "CARGO_HOME=/opt/rustwide/cargo-home" "-e" "RUSTUP_HOME=/opt/rustwide/rustup-home" "-e" "CARGO_TARGET_DIR=/opt/rustwide/target" "-e" "CARGO_INCREMENTAL=0" "-e" "RUST_BACKTRACE=full" "-e" "RUSTFLAGS=--cap-lints=warn" "-e" "RUSTDOCFLAGS=--cap-lints=warn" "-w" "/opt/rustwide/workdir" "--user" "0:0" "765b20bf68c5817d318f37a156a12426eecaad81e4cd425bfe7ddb8912d99059" "/opt/rustwide/cargo-home/bin/cargo" "+1.100.0-beta.1" "test" "--frozen" "--release", kill_on_drop: false }`
[INFO] [stderr] warning: unused dependency `os_pipe`
[INFO] [stderr]   --> Cargo.toml:32:15
[INFO] [stderr]    |
[INFO] [stderr] 32 | [dependencies.os_pipe]
[INFO] [stderr]    |               ^^^^^^^^
[INFO] [stderr]    |
[INFO] [stderr]    = note: `cargo::unused_dependencies` is set to `warn` by default
[INFO] [stderr] help: consider removing the dependency on `os_pipe`
[INFO] [stderr] help: to still use for development builds, move to `dev-dependencies`
[INFO] [stderr] warning: `pars-core` (manifest) generated 1 warning
[INFO] [stderr]     Finished `release` profile [optimized] target(s) in 0.17s
[INFO] [stderr]      Running unittests src/lib.rs (/opt/rustwide/target/release/build/pars-core/674c3343687d0a74/out/pars_core-674c3343687d0a74)
[INFO] [stdout] 
[INFO] [stdout] running 38 tests
[INFO] [stdout] test clipboard::wayland::tests::wayland_clipboard_test ... ignored, Clipboard tests need desktop environment
[INFO] [stdout] test clipboard::xorg::tests::xorg_clipboard_test ... ignored, Clipboard tests need desktop environment
[INFO] [stdout] test operation::copy_or_rename::tests::copy_test ... ignored, need run interactively
[INFO] [stdout] test operation::copy_or_rename::tests::path_attack_protection_test ... ignored, need run interactively
[INFO] [stdout] test operation::copy_or_rename::tests::re_encrypt_case_test ... ignored, need run interactively
[INFO] [stdout] test operation::copy_or_rename::tests::rename_test ... ignored, need run interactively
[INFO] [stdout] test operation::edit::tests::basic ... ignored, need run interactively
[INFO] [stdout] test operation::generate::tests::basic_password_generation ... ignored, need run interactively
[INFO] [stdout] test operation::generate::tests::force_overwrite ... ignored, need run interactively
[INFO] [stdout] test operation::generate::tests::inplace_generation ... ignored, need run interactively
[INFO] [stdout] test operation::generate::tests::invalid_flag ... ignored, need run interactively
[INFO] [stdout] test operation::generate::tests::invalid_path ... ignored, need run interactively
[INFO] [stdout] test operation::generate::tests::no_symbols ... ignored, need run interactively
[INFO] [stdout] test config::cli::tests::generate_default_config_test ... ok
[INFO] [stdout] test operation::grep::tests::grep_content_match ... ignored, need run interactively
[INFO] [stdout] test operation::grep::tests::grep_filename_match ... ignored, need run interactively
[INFO] [stdout] test operation::grep::tests::grep_no_matches ... ignored, need run interactively
[INFO] [stdout] test operation::copy_or_rename::tests::copy_to_non_existent_parent_dir_test ... ok
[INFO] [stdout] test config::cli::tests::load_save_test ... ok
[INFO] [stdout] test operation::insert::tests::basic_insert ... ignored, need run interactively
[INFO] [stdout] test operation::insert::tests::force_overwrite ... ignored, need run interactively
[INFO] [stdout] test operation::insert::tests::invalid_path ... ignored, need run interactively
[INFO] [stdout] test operation::insert::tests::multiline_insert ... ignored, need run interactively
[INFO] [stdout] test config::cli::tests::invalid_path_test ... ok
[INFO] [stdout] test operation::copy_or_rename::tests::rename_to_non_existent_parent_dir_test ... ok
[INFO] [stdout] test operation::init::tests::init_empty_repo ... ok
[INFO] [stdout] test operation::ls_or_show::tests::tree_dir ... ok
[INFO] [stdout] test util::tree::print::tests::tree_normal_case ... ok
[INFO] [stderr] Removed 'file3'
[INFO] [stderr] Cannot remove 'dir2': Is a directory.
[INFO] [stdout] Are you sure you would like to delete 'file3' in repo '/tmp/pass-rs-test/.tmp4LiM0S'? [y/N]: Are you sure you would like to delete 'dir2' in repo '/tmp/pass-rs-test/.tmp4LiM0S'? [y/N]: Are you sure you would like to delete 'dir2' in repo '/tmp/pass-rs-test/.tmp4LiM0S'? [y/N]: Removed directory '/tmp/pass-rs-test/.tmp4LiM0S/dir2'
[INFO] [stdout] Are you sure you would like to delete 'dir1' in repo '/tmp/pass-rs-test/.tmp4LiM0S'? [y/N]: Removed file '/tmp/pass-rs-test/.tmp4LiM0S/dir1/file1.gpg'
[INFO] [stdout] Removed file '/tmp/pass-rs-test/.tmp4LiM0S/dir1/file2.gpg'
[INFO] [stdout] Removed directory '/tmp/pass-rs-test/.tmp4LiM0S/dir1'
[INFO] [stderr] Cannot remove 'non-exist-file': No such file or directory
[INFO] [stdout] Noting to remove
[INFO] [stdout] test util::tree::print::tests::test_filtered_case ... ok
[INFO] [stdout] test util::tree::print::tests::test_recursive_detection ... ok
[INFO] [stdout] test util::tree::print::tests::test_symbolic_link ... ok
[INFO] [stdout] test operation::find::tests::basic ... ok
[INFO] [stdout] test operation::remove::test::remove_io_test ... ok
[INFO] [stdout] test operation::insert::tests::wrong_insert ... ok
[INFO] [stdout] test pgp::crypto::tests::encrypt_with_key ... FAILED
[INFO] [stdout] test pgp::key_management::tests::pgp_key_gen_batch ... ok
[INFO] [stdout] test pgp::crypto::tests::decrypt_file ... FAILED
[INFO] [stdout] test pgp::key_management::tests::pgp_key_edit_batch ... ok
[INFO] [stdout] 
[INFO] [stdout] failures:
[INFO] [stdout] 
[INFO] [stdout] ---- pgp::crypto::tests::encrypt_with_key stdout ----
[INFO] [stdout] 
[INFO] [stdout] thread 'pgp::crypto::tests::encrypt_with_key' (947) panicked at src/pgp/crypto.rs:142:61:
[INFO] [stdout] called `Result::unwrap()` on an `Err` value: PGP encryption failed: gpg: can't create 'encrypt.gpg': Read-only file system
[INFO] [stdout] gpg: [stdin]: encryption failed: Read-only file system
[INFO] [stdout] 
[INFO] [stdout] 
[INFO] [stdout] Stack backtrace:
[INFO] [stdout]    0: <anyhow::kind::Adhoc>::new::<alloc::string::String>
[INFO] [stdout]    1: <pars_core::pgp::PGPClient>::encrypt
[INFO] [stdout]    2: <pars_core::pgp::crypto::tests::encrypt_with_key::{closure#0} as core::ops::function::FnOnce<()>>::call_once
[INFO] [stdout]    3: serial_test::serial_code_lock::local_serial_core
[INFO] [stdout]    4: <pars_core::pgp::crypto::tests::encrypt_with_key::{closure#0} as core::ops::function::FnOnce<()>>::call_once
[INFO] [stdout]    5: test::__rust_begin_short_backtrace::<core::result::Result<(), alloc::string::String>, fn() -> core::result::Result<(), alloc::string::String>>
[INFO] [stdout]    6: test::run_test::{closure#0}
[INFO] [stdout]    7: std::sys::backtrace::__rust_begin_short_backtrace::<test::run_test::{closure#1}, ()>
[INFO] [stdout]    8: <std::thread::lifecycle::spawn_unchecked<test::run_test::{closure#1}, ()>::{closure#1} as core::ops::function::FnOnce<()>>::call_once::{shim:vtable#0}
[INFO] [stdout]    9: <std::sys::thread::unix::Thread>::new::thread_start
[INFO] [stdout]   10: <unknown>
[INFO] [stdout]   11: clone
[INFO] [stdout] stack backtrace:
[INFO] [stdout]    0:     0x5c3b2416ac51 - <<std[617be2ca0a6fd877]::sys::backtrace::BacktraceLock>::print::DisplayBacktrace as core[a373ad73a504971]::fmt::Display>::fmt
[INFO] [stdout]    1:     0x5c3b241829ca - core[a373ad73a504971]::fmt::write
[INFO] [stdout]    2:     0x5c3b2416fa9c - <alloc[2e1b2a31b91974c5]::vec::Vec<u8> as core[a373ad73a504971]::io::write::Write>::write_fmt
[INFO] [stdout]    3:     0x5c3b24142176 - std[617be2ca0a6fd877]::panicking::default_hook::{closure#0}
[INFO] [stdout]    4:     0x5c3b24160b59 - std[617be2ca0a6fd877]::panicking::default_hook
[INFO] [stdout]    5:     0x5c3b24010bc0 - test[aada8e7e76ba119b]::test_main_inner::{closure#0}
[INFO] [stdout]    6:     0x5c3b24160e82 - std[617be2ca0a6fd877]::panicking::panic_with_hook
[INFO] [stdout]    7:     0x5c3b24142222 - std[617be2ca0a6fd877]::panicking::panic_handler::{closure#0}
[INFO] [stdout]    8:     0x5c3b2413a519 - std[617be2ca0a6fd877]::sys::backtrace::__rust_end_short_backtrace::<std[617be2ca0a6fd877]::panicking::panic_handler::{closure#0}, !>
[INFO] [stdout]    9:     0x5c3b2414325d - __rustc[ea4f61d10b84890b]::rust_begin_unwind
[INFO] [stdout]   10:     0x5c3b241831ac - core[a373ad73a504971]::panicking::panic_fmt
[INFO] [stdout]   11:     0x5c3b24182f82 - core[a373ad73a504971]::result::unwrap_failed
[INFO] [stdout]   12:     0x5c3b23faf502 - <pars_core[b89681070b061d5a]::pgp::crypto::tests::encrypt_with_key::{closure#0} as core[a373ad73a504971]::ops::function::FnOnce<()>>::call_once
[INFO] [stdout]   13:     0x5c3b24116037 - serial_test[2fab263387c57e09]::serial_code_lock::local_serial_core
[INFO] [stdout]   14:     0x5c3b23fae94d - <pars_core[b89681070b061d5a]::pgp::crypto::tests::encrypt_with_key::{closure#0} as core[a373ad73a504971]::ops::function::FnOnce<()>>::call_once
[INFO] [stdout]   15:     0x5c3b2400400b - test[aada8e7e76ba119b]::__rust_begin_short_backtrace::<core[a373ad73a504971]::result::Result<(), alloc[2e1b2a31b91974c5]::string::String>, fn() -> core[a373ad73a504971]::result::Result<(), alloc[2e1b2a31b91974c5]::string::String>>
[INFO] [stdout]   16:     0x5c3b240111e5 - test[aada8e7e76ba119b]::run_test::{closure#0}
[INFO] [stdout]   17:     0x5c3b2400aad4 - std[617be2ca0a6fd877]::sys::backtrace::__rust_begin_short_backtrace::<test[aada8e7e76ba119b]::run_test::{closure#1}, ()>
[INFO] [stdout]   18:     0x5c3b24014272 - <std[617be2ca0a6fd877]::thread::lifecycle::spawn_unchecked<test[aada8e7e76ba119b]::run_test::{closure#1}, ()>::{closure#1} as core[a373ad73a504971]::ops::function::FnOnce<()>>::call_once::{shim:vtable#0}
[INFO] [stdout]   19:     0x5c3b24169e6f - <std[617be2ca0a6fd877]::sys::thread::unix::Thread>::new::thread_start
[INFO] [stdout]   20:     0x78452d65adfa - <unknown>
[INFO] [stdout]   21:     0x78452d6ee3d4 - clone
[INFO] [stdout]   22:                0x0 - <unknown>
[INFO] [stdout] 
[INFO] [stdout] ---- pgp::crypto::tests::decrypt_file stdout ----
[INFO] [stdout] 
[INFO] [stdout] thread 'pgp::crypto::tests::decrypt_file' (945) panicked at src/pgp/crypto.rs:202:61:
[INFO] [stdout] called `Result::unwrap()` on an `Err` value: PGP encryption failed: gpg: can't create 'decrypt.gpg': Read-only file system
[INFO] [stdout] gpg: [stdin]: encryption failed: Read-only file system
[INFO] [stdout] 
[INFO] [stdout] 
[INFO] [stdout] Stack backtrace:
[INFO] [stdout]    0: <anyhow::kind::Adhoc>::new::<alloc::string::String>
[INFO] [stdout]    1: <pars_core::pgp::PGPClient>::encrypt
[INFO] [stdout]    2: <pars_core::pgp::crypto::tests::decrypt_file::{closure#0} as core::ops::function::FnOnce<()>>::call_once
[INFO] [stdout]    3: serial_test::serial_code_lock::local_serial_core
[INFO] [stdout]    4: <pars_core::pgp::crypto::tests::decrypt_file::{closure#0} as core::ops::function::FnOnce<()>>::call_once
[INFO] [stdout]    5: test::__rust_begin_short_backtrace::<core::result::Result<(), alloc::string::String>, fn() -> core::result::Result<(), alloc::string::String>>
[INFO] [stdout]    6: test::run_test::{closure#0}
[INFO] [stdout]    7: std::sys::backtrace::__rust_begin_short_backtrace::<test::run_test::{closure#1}, ()>
[INFO] [stdout]    8: <std::thread::lifecycle::spawn_unchecked<test::run_test::{closure#1}, ()>::{closure#1} as core::ops::function::FnOnce<()>>::call_once::{shim:vtable#0}
[INFO] [stdout]    9: <std::sys::thread::unix::Thread>::new::thread_start
[INFO] [stdout]   10: <unknown>
[INFO] [stdout]   11: clone
[INFO] [stdout] stack backtrace:
[INFO] [stdout]    0:     0x5c3b2416ac51 - <<std[617be2ca0a6fd877]::sys::backtrace::BacktraceLock>::print::DisplayBacktrace as core[a373ad73a504971]::fmt::Display>::fmt
[INFO] [stdout]    1:     0x5c3b241829ca - core[a373ad73a504971]::fmt::write
[INFO] [stdout]    2:     0x5c3b2416fa9c - <alloc[2e1b2a31b91974c5]::vec::Vec<u8> as core[a373ad73a504971]::io::write::Write>::write_fmt
[INFO] [stdout]    3:     0x5c3b24142176 - std[617be2ca0a6fd877]::panicking::default_hook::{closure#0}
[INFO] [stdout]    4:     0x5c3b24160b59 - std[617be2ca0a6fd877]::panicking::default_hook
[INFO] [stdout]    5:     0x5c3b24010bc0 - test[aada8e7e76ba119b]::test_main_inner::{closure#0}
[INFO] [stdout]    6:     0x5c3b24160e82 - std[617be2ca0a6fd877]::panicking::panic_with_hook
[INFO] [stdout]    7:     0x5c3b24142222 - std[617be2ca0a6fd877]::panicking::panic_handler::{closure#0}
[INFO] [stdout]    8:     0x5c3b2413a519 - std[617be2ca0a6fd877]::sys::backtrace::__rust_end_short_backtrace::<std[617be2ca0a6fd877]::panicking::panic_handler::{closure#0}, !>
[INFO] [stdout]    9:     0x5c3b2414325d - __rustc[ea4f61d10b84890b]::rust_begin_unwind
[INFO] [stdout]   10:     0x5c3b241831ac - core[a373ad73a504971]::panicking::panic_fmt
[INFO] [stdout]   11:     0x5c3b24182f82 - core[a373ad73a504971]::result::unwrap_failed
[INFO] [stdout]   12:     0x5c3b23faef40 - <pars_core[b89681070b061d5a]::pgp::crypto::tests::decrypt_file::{closure#0} as core[a373ad73a504971]::ops::function::FnOnce<()>>::call_once
[INFO] [stdout]   13:     0x5c3b24116037 - serial_test[2fab263387c57e09]::serial_code_lock::local_serial_core
[INFO] [stdout]   14:     0x5c3b23fae8cd - <pars_core[b89681070b061d5a]::pgp::crypto::tests::decrypt_file::{closure#0} as core[a373ad73a504971]::ops::function::FnOnce<()>>::call_once
[INFO] [stdout]   15:     0x5c3b2400400b - test[aada8e7e76ba119b]::__rust_begin_short_backtrace::<core[a373ad73a504971]::result::Result<(), alloc[2e1b2a31b91974c5]::string::String>, fn() -> core[a373ad73a504971]::result::Result<(), alloc[2e1b2a31b91974c5]::string::String>>
[INFO] [stdout]   16:     0x5c3b240111e5 - test[aada8e7e76ba119b]::run_test::{closure#0}
[INFO] [stdout]   17:     0x5c3b2400aad4 - std[617be2ca0a6fd877]::sys::backtrace::__rust_begin_short_backtrace::<test[aada8e7e76ba119b]::run_test::{closure#1}, ()>
[INFO] [stdout]   18:     0x5c3b24014272 - <std[617be2ca0a6fd877]::thread::lifecycle::spawn_unchecked<test[aada8e7e76ba119b]::run_test::{closure#1}, ()>::{closure#1} as core[a373ad73a504971]::ops::function::FnOnce<()>>::call_once::{shim:vtable#0}
[INFO] [stdout]   19:     0x5c3b24169e6f - <std[617be2ca0a6fd877]::sys::thread::unix::Thread>::new::thread_start
[INFO] [stdout]   20:     0x78452d65adfa - <unknown>
[INFO] [stdout]   21:     0x78452d6ee3d4 - clone
[INFO] [stdout]   22:                0x0 - <unknown>
[INFO] [stdout] 
[INFO] [stdout] thread 'pgp::crypto::tests::decrypt_file' (945) panicked at src/pgp/crypto.rs:209:46:
[INFO] [stdout] called `Result::unwrap()` on an `Err` value: Os { code: 30, kind: ReadOnlyFilesystem, message: "Read-only file system" }
[INFO] [stdout] stack backtrace:
[INFO] [stdout]    0:     0x5c3b2416ac51 - <<std[617be2ca0a6fd877]::sys::backtrace::BacktraceLock>::print::DisplayBacktrace as core[a373ad73a504971]::fmt::Display>::fmt
[INFO] [stdout]    1:     0x5c3b241829ca - core[a373ad73a504971]::fmt::write
[INFO] [stdout]    2:     0x5c3b2416fa9c - <alloc[2e1b2a31b91974c5]::vec::Vec<u8> as core[a373ad73a504971]::io::write::Write>::write_fmt
[INFO] [stdout]    3:     0x5c3b24142176 - std[617be2ca0a6fd877]::panicking::default_hook::{closure#0}
[INFO] [stdout]    4:     0x5c3b24160b59 - std[617be2ca0a6fd877]::panicking::default_hook
[INFO] [stdout]    5:     0x5c3b24010bc0 - test[aada8e7e76ba119b]::test_main_inner::{closure#0}
[INFO] [stdout]    6:     0x5c3b24160e82 - std[617be2ca0a6fd877]::panicking::panic_with_hook
[INFO] [stdout]    7:     0x5c3b24142222 - std[617be2ca0a6fd877]::panicking::panic_handler::{closure#0}
[INFO] [stdout]    8:     0x5c3b2413a519 - std[617be2ca0a6fd877]::sys::backtrace::__rust_end_short_backtrace::<std[617be2ca0a6fd877]::panicking::panic_handler::{closure#0}, !>
[INFO] [stdout]    9:     0x5c3b2414325d - __rustc[ea4f61d10b84890b]::rust_begin_unwind
[INFO] [stdout]   10:     0x5c3b241831ac - core[a373ad73a504971]::panicking::panic_fmt
[INFO] [stdout]   11:     0x5c3b24182f82 - core[a373ad73a504971]::result::unwrap_failed
[INFO] [stdout]   12:     0x5c3b23faee71 - <pars_core[b89681070b061d5a]::pgp::crypto::tests::decrypt_file::{closure#0} as core[a373ad73a504971]::ops::function::FnOnce<()>>::call_once
[INFO] [stdout]   13:     0x5c3b24116037 - serial_test[2fab263387c57e09]::serial_code_lock::local_serial_core
[INFO] [stdout]   14:     0x5c3b23fae8cd - <pars_core[b89681070b061d5a]::pgp::crypto::tests::decrypt_file::{closure#0} as core[a373ad73a504971]::ops::function::FnOnce<()>>::call_once
[INFO] [stdout]   15:     0x5c3b2400400b - test[aada8e7e76ba119b]::__rust_begin_short_backtrace::<core[a373ad73a504971]::result::Result<(), alloc[2e1b2a31b91974c5]::string::String>, fn() -> core[a373ad73a504971]::result::Result<(), alloc[2e1b2a31b91974c5]::string::String>>
[INFO] [stdout]   16:     0x5c3b240111e5 - test[aada8e7e76ba119b]::run_test::{closure#0}
[INFO] [stdout]   17:     0x5c3b2400aad4 - std[617be2ca0a6fd877]::sys::backtrace::__rust_begin_short_backtrace::<test[aada8e7e76ba119b]::run_test::{closure#1}, ()>
[INFO] [stdout]   18:     0x5c3b24014272 - <std[617be2ca0a6fd877]::thread::lifecycle::spawn_unchecked<test[aada8e7e76ba119b]::run_test::{closure#1}, ()>::{closure#1} as core[a373ad73a504971]::ops::function::FnOnce<()>>::call_once::{shim:vtable#0}
[INFO] [stdout]   19:     0x5c3b24169e6f - <std[617be2ca0a6fd877]::sys::thread::unix::Thread>::new::thread_start
[INFO] [stdout]   20:     0x78452d65adfa - <unknown>
[INFO] [stdout]   21:     0x78452d6ee3d4 - clone
[INFO] [stdout]   22:                0x0 - <unknown>
[INFO] [stdout] 
[INFO] [stdout] 
[INFO] [stdout] failures:
[INFO] [stdout]     pgp::crypto::tests::decrypt_file
[INFO] [stdout]     pgp::crypto::tests::encrypt_with_key
[INFO] [stdout] 
[INFO] [stdout] test result: FAILED. 16 passed; 2 failed; 20 ignored; 0 measured; 0 filtered out; finished in 16.97s
[INFO] [stdout] 
[INFO] [stderr] error: test failed, to rerun pass `--lib`
[INFO] running `Command { std: "docker" "inspect" "765b20bf68c5817d318f37a156a12426eecaad81e4cd425bfe7ddb8912d99059", kill_on_drop: false }`
[INFO] running `Command { std: "docker" "rm" "-f" "765b20bf68c5817d318f37a156a12426eecaad81e4cd425bfe7ddb8912d99059", kill_on_drop: false }`
[INFO] [stdout] 765b20bf68c5817d318f37a156a12426eecaad81e4cd425bfe7ddb8912d99059
