[INFO] fetching crate park-cli 0.2.1...
[INFO] testing park-cli-0.2.1 against 1.99.0-beta.8+cargoflags=--release for beta-release-1.100-2
[INFO] extracting crate park-cli 0.2.1 into /workspace/builds/worker-6-tc1/source
[INFO] started tweaking crates.io crate park-cli 0.2.1
[INFO] removed 0 missing tests
[INFO] finished tweaking crates.io crate park-cli 0.2.1
[INFO] tweaked toml for crates.io crate park-cli 0.2.1 written to /workspace/builds/worker-6-tc1/source/Cargo.toml
[INFO] validating manifest of crates.io crate park-cli 0.2.1 on toolchain 1.99.0-beta.8
[INFO] running `Command { std: CARGO_HOME="/workspace/cargo-home" RUSTUP_HOME="/workspace/rustup-home" "/workspace/cargo-home/bin/cargo" "+1.99.0-beta.8" "metadata" "--manifest-path" "Cargo.toml" "--no-deps", kill_on_drop: false }`
[INFO] crate crates.io crate park-cli 0.2.1 already has a lockfile, it will not be regenerated
[INFO] running `Command { std: CARGO_HOME="/workspace/cargo-home" RUSTUP_HOME="/workspace/rustup-home" "/workspace/cargo-home/bin/cargo" "+1.99.0-beta.8" "fetch" "--manifest-path" "Cargo.toml", kill_on_drop: false }`
[INFO] [stderr]     Updating crates.io index
[INFO] [stderr]  Downloading crates ...
[INFO] [stderr]   Downloaded park-e2e-macros v0.2.1
[INFO] running `Command { std: "docker" "create" "-v" "/var/lib/crater-agent-workspace/builds/worker-6-tc1/source:/opt/rustwide/workdir:ro,Z" "-v" "/var/lib/crater-agent-workspace/builds/worker-6-tc1/target:/opt/rustwide/target:rw,Z" "-v" "/var/lib/crater-agent-workspace/cargo-home:/opt/rustwide/cargo-home:ro,Z" "-v" "/var/lib/crater-agent-workspace/rustup-home:/opt/rustwide/rustup-home:ro,Z" "-m" "1610612736" "--network" "none" "ghcr.io/rust-lang/crates-build-env/linux@sha256:77db811e55d90add9212f6832c23229e3de5f1c1f9905e8cb07319ea15df73ac" "sleep" "infinity", kill_on_drop: false }`
[INFO] [stdout] 5941573d8e8089b490bfc76295bdaaac67cfaa7b03ae74d150eefb0adaec92ba
[INFO] running `Command { std: "docker" "start" "5941573d8e8089b490bfc76295bdaaac67cfaa7b03ae74d150eefb0adaec92ba", kill_on_drop: false }`
[INFO] running `Command { std: "docker" "inspect" "5941573d8e8089b490bfc76295bdaaac67cfaa7b03ae74d150eefb0adaec92ba", kill_on_drop: false }`
[INFO] running `Command { std: "docker" "exec" "-e" "SOURCE_DIR=/opt/rustwide/workdir" "-e" "CARGO_HOME=/opt/rustwide/cargo-home" "-e" "RUSTUP_HOME=/opt/rustwide/rustup-home" "-e" "CARGO_TARGET_DIR=/opt/rustwide/target" "-w" "/opt/rustwide/workdir" "--user" "0:0" "5941573d8e8089b490bfc76295bdaaac67cfaa7b03ae74d150eefb0adaec92ba" "/opt/rustwide/cargo-home/bin/cargo" "+1.99.0-beta.8" "metadata" "--no-deps" "--format-version=1", kill_on_drop: false }`
[INFO] running `Command { std: "docker" "inspect" "5941573d8e8089b490bfc76295bdaaac67cfaa7b03ae74d150eefb0adaec92ba", kill_on_drop: false }`
[INFO] running `Command { std: "docker" "exec" "-e" "SOURCE_DIR=/opt/rustwide/workdir" "-e" "CARGO_HOME=/opt/rustwide/cargo-home" "-e" "RUSTUP_HOME=/opt/rustwide/rustup-home" "-e" "CARGO_TARGET_DIR=/opt/rustwide/target" "-e" "CARGO_INCREMENTAL=0" "-e" "RUST_BACKTRACE=full" "-e" "RUSTFLAGS=--cap-lints=warn" "-e" "RUSTDOCFLAGS=--cap-lints=warn" "-w" "/opt/rustwide/workdir" "--user" "0:0" "5941573d8e8089b490bfc76295bdaaac67cfaa7b03ae74d150eefb0adaec92ba" "/opt/rustwide/cargo-home/bin/cargo" "+1.99.0-beta.8" "build" "--frozen" "--message-format=json" "--release", kill_on_drop: false }`
[INFO] [stderr]    Compiling libc v0.2.189
[INFO] [stderr]    Compiling cfg_aliases v0.2.2
[INFO] [stderr]    Compiling hashbrown v0.15.5
[INFO] [stderr]    Compiling bitflags v2.13.1
[INFO] [stderr]    Compiling libsqlite3-sys v0.35.0
[INFO] [stderr]    Compiling syn v3.0.4
[INFO] [stderr]    Compiling clap_builder v4.6.6
[INFO] [stderr]    Compiling park-cli v0.2.1 (/opt/rustwide/workdir)
[INFO] [stderr]    Compiling park-e2e-macros v0.2.1
[INFO] [stderr]    Compiling nix v0.30.1
[INFO] [stderr]    Compiling hashlink v0.10.0
[INFO] [stderr]    Compiling errno v0.3.14
[INFO] [stderr]    Compiling mio v1.2.2
[INFO] [stderr]    Compiling socket2 v0.6.5
[INFO] [stderr]    Compiling signal-hook-registry v1.4.8
[INFO] [stderr]    Compiling tokio-macros v2.7.2
[INFO] [stderr]    Compiling thiserror-impl v2.0.20
[INFO] [stderr]    Compiling serde_derive v1.0.229
[INFO] [stderr]    Compiling clap_derive v4.6.4
[INFO] [stderr]    Compiling tokio v1.53.1
[INFO] [stderr]    Compiling thiserror v2.0.20
[INFO] [stderr]    Compiling clap v4.6.6
[INFO] [stderr]    Compiling serde v1.0.229
[INFO] [stderr]    Compiling rusqlite v0.37.0
[INFO] [stderr]     Finished `release` profile [optimized] target(s) in 2m 01s
[INFO] running `Command { std: "docker" "inspect" "5941573d8e8089b490bfc76295bdaaac67cfaa7b03ae74d150eefb0adaec92ba", kill_on_drop: false }`
[INFO] running `Command { std: "docker" "exec" "-e" "SOURCE_DIR=/opt/rustwide/workdir" "-e" "CARGO_HOME=/opt/rustwide/cargo-home" "-e" "RUSTUP_HOME=/opt/rustwide/rustup-home" "-e" "CARGO_TARGET_DIR=/opt/rustwide/target" "-e" "CARGO_INCREMENTAL=0" "-e" "RUST_BACKTRACE=full" "-e" "RUSTFLAGS=--cap-lints=warn" "-e" "RUSTDOCFLAGS=--cap-lints=warn" "-w" "/opt/rustwide/workdir" "--user" "0:0" "5941573d8e8089b490bfc76295bdaaac67cfaa7b03ae74d150eefb0adaec92ba" "/opt/rustwide/cargo-home/bin/cargo" "+1.99.0-beta.8" "test" "--frozen" "--no-run" "--message-format=json" "--release", kill_on_drop: false }`
[INFO] [stderr]    Compiling park-cli v0.2.1 (/opt/rustwide/workdir)
[INFO] [stderr]     Finished `release` profile [optimized] target(s) in 14.33s
[INFO] running `Command { std: "docker" "inspect" "5941573d8e8089b490bfc76295bdaaac67cfaa7b03ae74d150eefb0adaec92ba", kill_on_drop: false }`
[INFO] running `Command { std: "docker" "exec" "-e" "SOURCE_DIR=/opt/rustwide/workdir" "-e" "CARGO_HOME=/opt/rustwide/cargo-home" "-e" "RUSTUP_HOME=/opt/rustwide/rustup-home" "-e" "CARGO_TARGET_DIR=/opt/rustwide/target" "-e" "CARGO_INCREMENTAL=0" "-e" "RUST_BACKTRACE=full" "-e" "RUSTFLAGS=--cap-lints=warn" "-e" "RUSTDOCFLAGS=--cap-lints=warn" "-w" "/opt/rustwide/workdir" "--user" "0:0" "5941573d8e8089b490bfc76295bdaaac67cfaa7b03ae74d150eefb0adaec92ba" "/opt/rustwide/cargo-home/bin/cargo" "+1.99.0-beta.8" "test" "--frozen" "--release", kill_on_drop: false }`
[INFO] [stderr]     Finished `release` profile [optimized] target(s) in 0.07s
[INFO] [stderr]      Running unittests src/lib.rs (/opt/rustwide/target/release/deps/park_cli-12a8455fd7cdc1c6)
[INFO] [stdout] 
[INFO] [stdout] running 60 tests
[INFO] [stdout] test cli::tests::parses_explicit_run_alias ... ok
[INFO] [stdout] test cli::tests::accepts_colons_in_launch_names ... ok
[INFO] [stdout] test cli::tests::parses_wait_conditions_and_durations ... ok
[INFO] [stdout] test cli::tests::requires_a_help_topic ... ok
[INFO] [stdout] test cli::tests::parses_short_launch_and_preserves_command_arguments ... ok
[INFO] [stdout] test cli::tests::parses_skills_help ... ok
[INFO] [stdout] test cli::tests::parses_command_arguments_that_begin_with_a_dash ... ok
[INFO] [stdout] test cli::tests::rejects_non_ascii_or_whitespace_in_launch_names ... ok
[INFO] [stdout] test cli::tests::parses_a_dash_prefixed_name ... ok
[INFO] [stdout] test daemon::monitor::tests::capture_reports_an_unwritable_log_destination ... ok
[INFO] [stdout] test cli::tests::requires_one_wait_condition ... ok
[INFO] [stdout] test daemon::tests::rejects_unknown_protocol_versions ... ok
[INFO] [stdout] test daemon::tests::rejects_invalid_daemon_project_paths ... ok
[INFO] [stdout] test client::tests::starts_only_for_missing_or_refused_daemon_sockets ... ok
[INFO] [stdout] test daemon::wait::tests::empty_match_is_immediate ... ok
[INFO] [stdout] test daemon::wait::tests::matches_states_and_terminal_exit ... ok
[INFO] [stdout] test help::tests::renders_machine_readable_skills_guide ... ok
[INFO] [stdout] test ipc::tests::rejects_response_with_a_mismatched_version_or_request_id ... ok
[INFO] [stdout] test daemon::tests::invalid_process_identifiers_are_never_considered_live ... ok
[INFO] [stdout] test ipc::tests::serializes_structured_error_response ... ok
[INFO] [stdout] test ipc::tests::serializes_versioned_status_request ... ok
[INFO] [stdout] test cli::tests::parses_status_and_json ... ok
[INFO] [stdout] test daemon::logs::tests::filters_lines_before_applying_tail ... ok
[INFO] [stdout] test daemon::tests::canonicalizes_daemon_project_paths_before_dispatch ... ok
[INFO] [stdout] test help::tests::renders_human_skills_guide ... ok
[INFO] [stdout] test ipc::tests::rejects_a_message_without_the_newline_delimiter ... ok
[INFO] [stdout] test ipc::tests::serializes_exact_launch_arguments ... ok
[INFO] [stdout] test cli::tests::parses_operation_word_as_a_name_when_launch_separator_follows ... ok
[INFO] [stdout] test daemon::logs::tests::combined_output_is_stdout_then_stderr ... ok
[INFO] [stdout] test ipc::tests::serializes_wait_condition_and_timeout ... ok
[INFO] [stdout] test lifecycle::tests::accepts_normal_start_and_stop_transitions ... ok
[INFO] [stdout] test cli::tests::parses_long_operation_alias ... ok
[INFO] [stdout] test os_string::tests::rejects_invalid_hex ... ok
[INFO] [stdout] test project::tests::canonicalizes_relative_project_paths ... ok
[INFO] [stdout] test registry::tests::allows_identical_names_in_distinct_projects ... ok
[INFO] [stdout] test registry::tests::lookup_requires_the_complete_process_key ... ok
[INFO] [stdout] test registry::tests::rejects_duplicate_name_in_the_same_project ... ok
[INFO] [stdout] test result::tests::serializes_error_result_schema ... ok
[INFO] [stdout] test result::tests::serializes_success_result_schema ... ok
[INFO] [stdout] test os_string::tests::encodes_and_decodes_arbitrary_bytes ... ok
[INFO] [stdout] test project::tests::rejects_a_non_directory_project_path ... ok
[INFO] [stdout] test storage::tests::resolves_explicit_xdg_paths_and_safe_fallbacks ... ok
[INFO] [stdout] test project::tests::symlink_aliases_resolve_to_the_same_project ... ok
[INFO] [stdout] test daemon::tests::only_one_owner_can_hold_the_daemon_lock ... ok
[INFO] [stdout] test cli::tests::distinguishes_a_long_operation_alias_from_a_dash_prefixed_name ... ok
[INFO] [stdout] test lifecycle::tests::recognizes_terminal_states ... ok
[INFO] [stdout] test lifecycle::tests::rejects_invalid_transitions_and_actions ... ok
[INFO] [stdout] test storage::tests::creates_separate_logs_and_safe_encoded_paths ... ok
[INFO] [stdout] test ipc::tests::rejects_an_oversized_unterminated_message_without_unbounded_buffering ... ok
[INFO] [stdout] test storage::tests::stores_records_in_normalized_tables ... ok
[INFO] [stdout] test storage::tests::rejects_a_record_with_mismatched_identity_columns ... ok
[INFO] [stdout] test storage::tests::reconciles_dead_active_records_without_discarding_logs ... ok
[INFO] [stdout] test storage::tests::round_trips_exact_non_utf8_process_arguments ... ok
[INFO] [stdout] test daemon::tests::ps_and_status_return_persisted_records ... ok
[INFO] [stdout] test storage::tests::conditional_record_saves_reject_stale_observations ... ok
[INFO] [stdout] test storage::tests::rejects_a_record_with_invalid_stored_fields ... ok
[INFO] [stdout] test storage::tests::atomically_persists_and_replaces_records ... ok
[INFO] [stdout] test daemon::monitor::tests::monitor_failures_are_persisted_as_failed_records ... ok
[INFO] [stdout] test storage::tests::retains_logs_and_rejects_removal_of_active_records ... ok
[INFO] [stdout] test storage::tests::treats_persisted_records_with_invalid_names_as_absent ... ok
[INFO] [stdout] 
[INFO] [stdout] test result: ok. 60 passed; 0 failed; 0 ignored; 0 measured; 0 filtered out; finished in 0.19s
[INFO] [stdout] 
[INFO] [stderr]      Running unittests src/main.rs (/opt/rustwide/target/release/deps/park-ceceae8f8a1a96a5)
[INFO] [stdout] 
[INFO] [stdout] running 2 tests
[INFO] [stdout] test render::tests::renders_process_list_for_humans ... ok
[INFO] [stdout] test render::tests::decodes_process_strings_for_json ... ok
[INFO] [stdout] 
[INFO] [stdout] test result: ok. 2 passed; 0 failed; 0 ignored; 0 measured; 0 filtered out; finished in 0.01s
[INFO] [stdout] 
[INFO] [stderr]      Running unittests src/bin/park-e2e.rs (/opt/rustwide/target/release/deps/park_e2e-0c615b8c36f6f93b)
[INFO] [stderr]      Running tests/daemon_integration.rs (/opt/rustwide/target/release/deps/daemon_integration-6f3ba462158bdc76)
[INFO] [stdout] 
[INFO] [stdout] running 0 tests
[INFO] [stdout] 
[INFO] [stdout] test result: ok. 0 passed; 0 failed; 0 ignored; 0 measured; 0 filtered out; finished in 0.00s
[INFO] [stdout] 
[INFO] [stdout] 
[INFO] [stdout] running 23 tests
[INFO] [stdout] test concurrent_first_clients_share_one_daemon_owner ... ok
[INFO] [stdout] test replaces_stale_runtime_state_before_serving ... ok
[INFO] [stdout] test concurrent_same_key_launches_return_one_success_and_duplicate_errors ... ok
[INFO] [stdout] test launches_captures_both_streams_and_retains_the_terminal_record ... ok
[INFO] [stdout] test follows_log_output_until_the_process_exits ... ok
[INFO] [stdout] test reads_retained_logs_with_stream_selection_and_filters ... ok
[INFO] [stdout] test ps_orders_records_by_name ... ok
[INFO] [stdout] test reads_empty_retained_logs_successfully ... ok
[INFO] [stdout] test status_returns_the_missing_record_exit_code ... ok
[INFO] [stdout] test rejects_duplicate_keys_and_retains_spawn_failures ... ok
[INFO] [stdout] test starts_on_demand_and_reconnects_to_the_same_daemon ... ok
[INFO] [stdout] test stale_logs_without_a_record_do_not_block_a_later_launch ... ok
[INFO] [stdout] test restarts_and_starts_retained_terminal_records ... ok
[INFO] [stdout] test supports_named_signals_and_rejects_unknown_signals ... ok
[INFO] [stdout] test wait_times_out_and_reports_missing_records ... ok
[INFO] [stdout] test drains_large_output_without_blocking_the_child ... ok
[INFO] [stdout] test daemon_crash_kills_the_managed_process_group_and_reconciles_the_record ... FAILED
[INFO] [stdout] test disconnected_wait_client_does_not_block_daemon_operations ... FAILED
[INFO] [stdout] test removes_terminal_records_and_clean_keeps_active_records ... FAILED
[INFO] [stdout] test waits_for_state_exit_and_literal_output_matches ... FAILED
[INFO] [stdout] test restart_stops_an_active_record_before_relaunching_it ... FAILED
[INFO] [stdout] test escalates_when_the_managed_command_ignores_sigterm ... FAILED
[INFO] [stdout] test stops_a_managed_process_group_and_escalates_when_forced ... FAILED
[INFO] [stdout] 
[INFO] [stdout] failures:
[INFO] [stdout] 
[INFO] [stdout] ---- daemon_crash_kills_the_managed_process_group_and_reconciles_the_record stdout ----
[INFO] [stdout] 
[INFO] [stdout] thread 'daemon_crash_kills_the_managed_process_group_and_reconciles_the_record' (1074) panicked at tests/daemon_integration.rs:604:5:
[INFO] [stdout] managed child should not survive its daemon
[INFO] [stdout] stack backtrace:
[INFO] [stdout]    0:     0x5d7d6e108cc1 - <<std[70759c8f55707aa4]::sys::backtrace::BacktraceLock>::print::DisplayBacktrace as core[df12db4294e9bfd3]::fmt::Display>::fmt
[INFO] [stdout]    1:     0x5d7d6e11e01a - core[df12db4294e9bfd3]::fmt::write
[INFO] [stdout]    2:     0x5d7d6e10d3dc - <alloc[2182bb758b4b3781]::vec::Vec<u8> as core[df12db4294e9bfd3]::io::write::Write>::write_fmt
[INFO] [stdout]    3:     0x5d7d6e0e3576 - std[70759c8f55707aa4]::panicking::default_hook::{closure#0}
[INFO] [stdout]    4:     0x5d7d6e100669 - std[70759c8f55707aa4]::panicking::default_hook
[INFO] [stdout]    5:     0x5d7d6e0976f0 - test[9d35eded1c95d3be]::test_main_inner::<test[9d35eded1c95d3be]::test_main_static::{closure#0}>::{closure#0}
[INFO] [stdout]    6:     0x5d7d6e100822 - std[70759c8f55707aa4]::panicking::panic_with_hook
[INFO] [stdout]    7:     0x5d7d6e0e3654 - std[70759c8f55707aa4]::panicking::panic_handler::{closure#0}
[INFO] [stdout]    8:     0x5d7d6e0dc0f9 - std[70759c8f55707aa4]::sys::backtrace::__rust_end_short_backtrace::<std[70759c8f55707aa4]::panicking::panic_handler::{closure#0}, !>
[INFO] [stdout]    9:     0x5d7d6e0e421d - __rustc[8fa7c3cbc660c2b3]::rust_begin_unwind
[INFO] [stdout]   10:     0x5d7d6e11e77c - core[df12db4294e9bfd3]::panicking::panic_fmt
[INFO] [stdout]   11:     0x5d7d6dee5341 - <daemon_integration[e51ca172e7f63bfe]::daemon_crash_kills_the_managed_process_group_and_reconciles_the_record::{closure#0} as core[df12db4294e9bfd3]::ops::function::FnOnce<()>>::call_once
[INFO] [stdout]   12:     0x5d7d6e08a9db - test[9d35eded1c95d3be]::__rust_begin_short_backtrace::<core[df12db4294e9bfd3]::result::Result<(), alloc[2182bb758b4b3781]::string::String>, fn() -> core[df12db4294e9bfd3]::result::Result<(), alloc[2182bb758b4b3781]::string::String>>
[INFO] [stdout]   13:     0x5d7d6e098045 - test[9d35eded1c95d3be]::run_test::{closure#0}
[INFO] [stdout]   14:     0x5d7d6e091904 - std[70759c8f55707aa4]::sys::backtrace::__rust_begin_short_backtrace::<test[9d35eded1c95d3be]::run_test::{closure#1}, ()>
[INFO] [stdout]   15:     0x5d7d6e09b1a2 - <std[70759c8f55707aa4]::thread::lifecycle::spawn_unchecked<test[9d35eded1c95d3be]::run_test::{closure#1}, ()>::{closure#1} as core[df12db4294e9bfd3]::ops::function::FnOnce<()>>::call_once::{shim:vtable#0}
[INFO] [stdout]   16:     0x5d7d6e108039 - <std[70759c8f55707aa4]::sys::thread::unix::Thread>::new::thread_start
[INFO] [stdout]   17:     0x7db424a3bdfa - <unknown>
[INFO] [stdout]   18:     0x7db424acf3d4 - clone
[INFO] [stdout]   19:                0x0 - <unknown>
[INFO] [stdout] 
[INFO] [stdout] ---- disconnected_wait_client_does_not_block_daemon_operations stdout ----
[INFO] [stdout] 
[INFO] [stdout] thread 'disconnected_wait_client_does_not_block_daemon_operations' (1075) panicked at tests/daemon_integration.rs:428:5:
[INFO] [stdout] stderr: [101, 114, 114, 111, 114, 58, 32, 112, 114, 111, 99, 101, 115, 115, 32, 100, 105, 100, 32, 110, 111, 116, 32, 114, 101, 97, 99, 104, 32, 97, 32, 116, 101, 114, 109, 105, 110, 97, 108, 32, 115, 116, 97, 116, 101, 32, 97, 102, 116, 101, 114, 32, 116, 101, 114, 109, 105, 110, 97, 116, 105, 111, 110, 10]
[INFO] [stdout] stack backtrace:
[INFO] [stdout]    0:     0x5d7d6e108cc1 - <<std[70759c8f55707aa4]::sys::backtrace::BacktraceLock>::print::DisplayBacktrace as core[df12db4294e9bfd3]::fmt::Display>::fmt
[INFO] [stdout]    1:     0x5d7d6e11e01a - core[df12db4294e9bfd3]::fmt::write
[INFO] [stdout]    2:     0x5d7d6e10d3dc - <alloc[2182bb758b4b3781]::vec::Vec<u8> as core[df12db4294e9bfd3]::io::write::Write>::write_fmt
[INFO] [stdout]    3:     0x5d7d6e0e3576 - std[70759c8f55707aa4]::panicking::default_hook::{closure#0}
[INFO] [stdout]    4:     0x5d7d6e100669 - std[70759c8f55707aa4]::panicking::default_hook
[INFO] [stdout]    5:     0x5d7d6e0976f0 - test[9d35eded1c95d3be]::test_main_inner::<test[9d35eded1c95d3be]::test_main_static::{closure#0}>::{closure#0}
[INFO] [stdout]    6:     0x5d7d6e100822 - std[70759c8f55707aa4]::panicking::panic_with_hook
[INFO] [stdout]    7:     0x5d7d6e0e3622 - std[70759c8f55707aa4]::panicking::panic_handler::{closure#0}
[INFO] [stdout]    8:     0x5d7d6e0dc0f9 - std[70759c8f55707aa4]::sys::backtrace::__rust_end_short_backtrace::<std[70759c8f55707aa4]::panicking::panic_handler::{closure#0}, !>
[INFO] [stdout]    9:     0x5d7d6e0e421d - __rustc[8fa7c3cbc660c2b3]::rust_begin_unwind
[INFO] [stdout]   10:     0x5d7d6e11e77c - core[df12db4294e9bfd3]::panicking::panic_fmt
[INFO] [stdout]   11:     0x5d7d6dee421a - <daemon_integration[e51ca172e7f63bfe]::disconnected_wait_client_does_not_block_daemon_operations::{closure#0} as core[df12db4294e9bfd3]::ops::function::FnOnce<()>>::call_once
[INFO] [stdout]   12:     0x5d7d6e08a9db - test[9d35eded1c95d3be]::__rust_begin_short_backtrace::<core[df12db4294e9bfd3]::result::Result<(), alloc[2182bb758b4b3781]::string::String>, fn() -> core[df12db4294e9bfd3]::result::Result<(), alloc[2182bb758b4b3781]::string::String>>
[INFO] [stdout]   13:     0x5d7d6e098045 - test[9d35eded1c95d3be]::run_test::{closure#0}
[INFO] [stdout]   14:     0x5d7d6e091904 - std[70759c8f55707aa4]::sys::backtrace::__rust_begin_short_backtrace::<test[9d35eded1c95d3be]::run_test::{closure#1}, ()>
[INFO] [stdout]   15:     0x5d7d6e09b1a2 - <std[70759c8f55707aa4]::thread::lifecycle::spawn_unchecked<test[9d35eded1c95d3be]::run_test::{closure#1}, ()>::{closure#1} as core[df12db4294e9bfd3]::ops::function::FnOnce<()>>::call_once::{shim:vtable#0}
[INFO] [stdout]   16:     0x5d7d6e108039 - <std[70759c8f55707aa4]::sys::thread::unix::Thread>::new::thread_start
[INFO] [stdout]   17:     0x7db424a3bdfa - <unknown>
[INFO] [stdout]   18:     0x7db424acf3d4 - clone
[INFO] [stdout]   19:                0x0 - <unknown>
[INFO] [stdout] 
[INFO] [stdout] ---- removes_terminal_records_and_clean_keeps_active_records stdout ----
[INFO] [stdout] 
[INFO] [stdout] thread 'removes_terminal_records_and_clean_keeps_active_records' (1084) panicked at tests/daemon_integration.rs:562:5:
[INFO] [stdout] stderr: [101, 114, 114, 111, 114, 58, 32, 112, 114, 111, 99, 101, 115, 115, 32, 100, 105, 100, 32, 110, 111, 116, 32, 114, 101, 97, 99, 104, 32, 97, 32, 116, 101, 114, 109, 105, 110, 97, 108, 32, 115, 116, 97, 116, 101, 32, 97, 102, 116, 101, 114, 32, 116, 101, 114, 109, 105, 110, 97, 116, 105, 111, 110, 10]
[INFO] [stdout] stack backtrace:
[INFO] [stdout]    0:     0x5d7d6e108cc1 - <<std[70759c8f55707aa4]::sys::backtrace::BacktraceLock>::print::DisplayBacktrace as core[df12db4294e9bfd3]::fmt::Display>::fmt
[INFO] [stdout]    1:     0x5d7d6e11e01a - core[df12db4294e9bfd3]::fmt::write
[INFO] [stdout]    2:     0x5d7d6e10d3dc - <alloc[2182bb758b4b3781]::vec::Vec<u8> as core[df12db4294e9bfd3]::io::write::Write>::write_fmt
[INFO] [stdout]    3:     0x5d7d6e0e3576 - std[70759c8f55707aa4]::panicking::default_hook::{closure#0}
[INFO] [stdout]    4:     0x5d7d6e100669 - std[70759c8f55707aa4]::panicking::default_hook
[INFO] [stdout]    5:     0x5d7d6e0976f0 - test[9d35eded1c95d3be]::test_main_inner::<test[9d35eded1c95d3be]::test_main_static::{closure#0}>::{closure#0}
[INFO] [stdout]    6:     0x5d7d6e100822 - std[70759c8f55707aa4]::panicking::panic_with_hook
[INFO] [stdout]    7:     0x5d7d6e0e3622 - std[70759c8f55707aa4]::panicking::panic_handler::{closure#0}
[INFO] [stdout]    8:     0x5d7d6e0dc0f9 - std[70759c8f55707aa4]::sys::backtrace::__rust_end_short_backtrace::<std[70759c8f55707aa4]::panicking::panic_handler::{closure#0}, !>
[INFO] [stdout]    9:     0x5d7d6e0e421d - __rustc[8fa7c3cbc660c2b3]::rust_begin_unwind
[INFO] [stdout]   10:     0x5d7d6e11e77c - core[df12db4294e9bfd3]::panicking::panic_fmt
[INFO] [stdout]   11:     0x5d7d6dee2dad - <daemon_integration[e51ca172e7f63bfe]::removes_terminal_records_and_clean_keeps_active_records::{closure#0} as core[df12db4294e9bfd3]::ops::function::FnOnce<()>>::call_once
[INFO] [stdout]   12:     0x5d7d6e08a9db - test[9d35eded1c95d3be]::__rust_begin_short_backtrace::<core[df12db4294e9bfd3]::result::Result<(), alloc[2182bb758b4b3781]::string::String>, fn() -> core[df12db4294e9bfd3]::result::Result<(), alloc[2182bb758b4b3781]::string::String>>
[INFO] [stdout]   13:     0x5d7d6e098045 - test[9d35eded1c95d3be]::run_test::{closure#0}
[INFO] [stdout]   14:     0x5d7d6e091904 - std[70759c8f55707aa4]::sys::backtrace::__rust_begin_short_backtrace::<test[9d35eded1c95d3be]::run_test::{closure#1}, ()>
[INFO] [stdout]   15:     0x5d7d6e09b1a2 - <std[70759c8f55707aa4]::thread::lifecycle::spawn_unchecked<test[9d35eded1c95d3be]::run_test::{closure#1}, ()>::{closure#1} as core[df12db4294e9bfd3]::ops::function::FnOnce<()>>::call_once::{shim:vtable#0}
[INFO] [stdout]   16:     0x5d7d6e108039 - <std[70759c8f55707aa4]::sys::thread::unix::Thread>::new::thread_start
[INFO] [stdout]   17:     0x7db424a3bdfa - <unknown>
[INFO] [stdout]   18:     0x7db424acf3d4 - clone
[INFO] [stdout]   19:                0x0 - <unknown>
[INFO] [stdout] 
[INFO] [stdout] ---- waits_for_state_exit_and_literal_output_matches stdout ----
[INFO] [stdout] 
[INFO] [stdout] thread 'waits_for_state_exit_and_literal_output_matches' (1668) panicked at tests/daemon_integration.rs:376:5:
[INFO] [stdout] stderr: [101, 114, 114, 111, 114, 58, 32, 112, 114, 111, 99, 101, 115, 115, 32, 100, 105, 100, 32, 110, 111, 116, 32, 114, 101, 97, 99, 104, 32, 97, 32, 116, 101, 114, 109, 105, 110, 97, 108, 32, 115, 116, 97, 116, 101, 32, 97, 102, 116, 101, 114, 32, 116, 101, 114, 109, 105, 110, 97, 116, 105, 111, 110, 10]
[INFO] [stdout] stack backtrace:
[INFO] [stdout]    0:     0x5d7d6e108cc1 - <<std[70759c8f55707aa4]::sys::backtrace::BacktraceLock>::print::DisplayBacktrace as core[df12db4294e9bfd3]::fmt::Display>::fmt
[INFO] [stdout]    1:     0x5d7d6e11e01a - core[df12db4294e9bfd3]::fmt::write
[INFO] [stdout]    2:     0x5d7d6e10d3dc - <alloc[2182bb758b4b3781]::vec::Vec<u8> as core[df12db4294e9bfd3]::io::write::Write>::write_fmt
[INFO] [stdout]    3:     0x5d7d6e0e3576 - std[70759c8f55707aa4]::panicking::default_hook::{closure#0}
[INFO] [stdout]    4:     0x5d7d6e100669 - std[70759c8f55707aa4]::panicking::default_hook
[INFO] [stdout]    5:     0x5d7d6e0976f0 - test[9d35eded1c95d3be]::test_main_inner::<test[9d35eded1c95d3be]::test_main_static::{closure#0}>::{closure#0}
[INFO] [stdout]    6:     0x5d7d6e100822 - std[70759c8f55707aa4]::panicking::panic_with_hook
[INFO] [stdout]    7:     0x5d7d6e0e3622 - std[70759c8f55707aa4]::panicking::panic_handler::{closure#0}
[INFO] [stdout]    8:     0x5d7d6e0dc0f9 - std[70759c8f55707aa4]::sys::backtrace::__rust_end_short_backtrace::<std[70759c8f55707aa4]::panicking::panic_handler::{closure#0}, !>
[INFO] [stdout]    9:     0x5d7d6e0e421d - __rustc[8fa7c3cbc660c2b3]::rust_begin_unwind
[INFO] [stdout]   10:     0x5d7d6e11e77c - core[df12db4294e9bfd3]::panicking::panic_fmt
[INFO] [stdout]   11:     0x5d7d6dee0f21 - <daemon_integration[e51ca172e7f63bfe]::waits_for_state_exit_and_literal_output_matches::{closure#0} as core[df12db4294e9bfd3]::ops::function::FnOnce<()>>::call_once
[INFO] [stdout]   12:     0x5d7d6e08a9db - test[9d35eded1c95d3be]::__rust_begin_short_backtrace::<core[df12db4294e9bfd3]::result::Result<(), alloc[2182bb758b4b3781]::string::String>, fn() -> core[df12db4294e9bfd3]::result::Result<(), alloc[2182bb758b4b3781]::string::String>>
[INFO] [stdout]   13:     0x5d7d6e098045 - test[9d35eded1c95d3be]::run_test::{closure#0}
[INFO] [stdout]   14:     0x5d7d6e091904 - std[70759c8f55707aa4]::sys::backtrace::__rust_begin_short_backtrace::<test[9d35eded1c95d3be]::run_test::{closure#1}, ()>
[INFO] [stdout]   15:     0x5d7d6e09b1a2 - <std[70759c8f55707aa4]::thread::lifecycle::spawn_unchecked<test[9d35eded1c95d3be]::run_test::{closure#1}, ()>::{closure#1} as core[df12db4294e9bfd3]::ops::function::FnOnce<()>>::call_once::{shim:vtable#0}
[INFO] [stdout]   16:     0x5d7d6e108039 - <std[70759c8f55707aa4]::sys::thread::unix::Thread>::new::thread_start
[INFO] [stdout]   17:     0x7db424a3bdfa - <unknown>
[INFO] [stdout]   18:     0x7db424acf3d4 - clone
[INFO] [stdout]   19:                0x0 - <unknown>
[INFO] [stdout] 
[INFO] [stdout] ---- restart_stops_an_active_record_before_relaunching_it stdout ----
[INFO] [stdout] 
[INFO] [stdout] thread 'restart_stops_an_active_record_before_relaunching_it' (1092) panicked at tests/daemon_integration.rs:521:5:
[INFO] [stdout] stderr: [101, 114, 114, 111, 114, 58, 32, 112, 114, 111, 99, 101, 115, 115, 32, 100, 105, 100, 32, 110, 111, 116, 32, 114, 101, 97, 99, 104, 32, 97, 32, 116, 101, 114, 109, 105, 110, 97, 108, 32, 115, 116, 97, 116, 101, 32, 97, 102, 116, 101, 114, 32, 116, 101, 114, 109, 105, 110, 97, 116, 105, 111, 110, 10]
[INFO] [stdout] stack backtrace:
[INFO] [stdout]    0:     0x5d7d6e108cc1 - <<std[70759c8f55707aa4]::sys::backtrace::BacktraceLock>::print::DisplayBacktrace as core[df12db4294e9bfd3]::fmt::Display>::fmt
[INFO] [stdout]    1:     0x5d7d6e11e01a - core[df12db4294e9bfd3]::fmt::write
[INFO] [stdout]    2:     0x5d7d6e10d3dc - <alloc[2182bb758b4b3781]::vec::Vec<u8> as core[df12db4294e9bfd3]::io::write::Write>::write_fmt
[INFO] [stdout]    3:     0x5d7d6e0e3576 - std[70759c8f55707aa4]::panicking::default_hook::{closure#0}
[INFO] [stdout]    4:     0x5d7d6e100669 - std[70759c8f55707aa4]::panicking::default_hook
[INFO] [stdout]    5:     0x5d7d6e0976f0 - test[9d35eded1c95d3be]::test_main_inner::<test[9d35eded1c95d3be]::test_main_static::{closure#0}>::{closure#0}
[INFO] [stdout]    6:     0x5d7d6e100822 - std[70759c8f55707aa4]::panicking::panic_with_hook
[INFO] [stdout]    7:     0x5d7d6e0e3622 - std[70759c8f55707aa4]::panicking::panic_handler::{closure#0}
[INFO] [stdout]    8:     0x5d7d6e0dc0f9 - std[70759c8f55707aa4]::sys::backtrace::__rust_end_short_backtrace::<std[70759c8f55707aa4]::panicking::panic_handler::{closure#0}, !>
[INFO] [stdout]    9:     0x5d7d6e0e421d - __rustc[8fa7c3cbc660c2b3]::rust_begin_unwind
[INFO] [stdout]   10:     0x5d7d6e11e77c - core[df12db4294e9bfd3]::panicking::panic_fmt
[INFO] [stdout]   11:     0x5d7d6dee1e86 - <daemon_integration[e51ca172e7f63bfe]::restart_stops_an_active_record_before_relaunching_it::{closure#0} as core[df12db4294e9bfd3]::ops::function::FnOnce<()>>::call_once
[INFO] [stdout]   12:     0x5d7d6e08a9db - test[9d35eded1c95d3be]::__rust_begin_short_backtrace::<core[df12db4294e9bfd3]::result::Result<(), alloc[2182bb758b4b3781]::string::String>, fn() -> core[df12db4294e9bfd3]::result::Result<(), alloc[2182bb758b4b3781]::string::String>>
[INFO] [stdout]   13:     0x5d7d6e098045 - test[9d35eded1c95d3be]::run_test::{closure#0}
[INFO] [stdout]   14:     0x5d7d6e091904 - std[70759c8f55707aa4]::sys::backtrace::__rust_begin_short_backtrace::<test[9d35eded1c95d3be]::run_test::{closure#1}, ()>
[INFO] [stdout]   15:     0x5d7d6e09b1a2 - <std[70759c8f55707aa4]::thread::lifecycle::spawn_unchecked<test[9d35eded1c95d3be]::run_test::{closure#1}, ()>::{closure#1} as core[df12db4294e9bfd3]::ops::function::FnOnce<()>>::call_once::{shim:vtable#0}
[INFO] [stdout]   16:     0x5d7d6e108039 - <std[70759c8f55707aa4]::sys::thread::unix::Thread>::new::thread_start
[INFO] [stdout]   17:     0x7db424a3bdfa - <unknown>
[INFO] [stdout]   18:     0x7db424acf3d4 - clone
[INFO] [stdout]   19:                0x0 - <unknown>
[INFO] [stdout] 
[INFO] [stdout] ---- escalates_when_the_managed_command_ignores_sigterm stdout ----
[INFO] [stdout] 
[INFO] [stdout] thread 'escalates_when_the_managed_command_ignores_sigterm' (1077) panicked at tests/daemon_integration.rs:472:5:
[INFO] [stdout] stderr: [101, 114, 114, 111, 114, 58, 32, 112, 114, 111, 99, 101, 115, 115, 32, 100, 105, 100, 32, 110, 111, 116, 32, 114, 101, 97, 99, 104, 32, 97, 32, 116, 101, 114, 109, 105, 110, 97, 108, 32, 115, 116, 97, 116, 101, 32, 97, 102, 116, 101, 114, 32, 116, 101, 114, 109, 105, 110, 97, 116, 105, 111, 110, 10]
[INFO] [stdout] stack backtrace:
[INFO] [stdout]    0:     0x5d7d6e108cc1 - <<std[70759c8f55707aa4]::sys::backtrace::BacktraceLock>::print::DisplayBacktrace as core[df12db4294e9bfd3]::fmt::Display>::fmt
[INFO] [stdout]    1:     0x5d7d6e11e01a - core[df12db4294e9bfd3]::fmt::write
[INFO] [stdout]    2:     0x5d7d6e10d3dc - <alloc[2182bb758b4b3781]::vec::Vec<u8> as core[df12db4294e9bfd3]::io::write::Write>::write_fmt
[INFO] [stdout]    3:     0x5d7d6e0e3576 - std[70759c8f55707aa4]::panicking::default_hook::{closure#0}
[INFO] [stdout]    4:     0x5d7d6e100669 - std[70759c8f55707aa4]::panicking::default_hook
[INFO] [stdout]    5:     0x5d7d6e0976f0 - test[9d35eded1c95d3be]::test_main_inner::<test[9d35eded1c95d3be]::test_main_static::{closure#0}>::{closure#0}
[INFO] [stdout]    6:     0x5d7d6e100822 - std[70759c8f55707aa4]::panicking::panic_with_hook
[INFO] [stdout]    7:     0x5d7d6e0e3622 - std[70759c8f55707aa4]::panicking::panic_handler::{closure#0}
[INFO] [stdout]    8:     0x5d7d6e0dc0f9 - std[70759c8f55707aa4]::sys::backtrace::__rust_end_short_backtrace::<std[70759c8f55707aa4]::panicking::panic_handler::{closure#0}, !>
[INFO] [stdout]    9:     0x5d7d6e0e421d - __rustc[8fa7c3cbc660c2b3]::rust_begin_unwind
[INFO] [stdout]   10:     0x5d7d6e11e77c - core[df12db4294e9bfd3]::panicking::panic_fmt
[INFO] [stdout]   11:     0x5d7d6dee159a - <daemon_integration[e51ca172e7f63bfe]::escalates_when_the_managed_command_ignores_sigterm::{closure#0} as core[df12db4294e9bfd3]::ops::function::FnOnce<()>>::call_once
[INFO] [stdout]   12:     0x5d7d6e08a9db - test[9d35eded1c95d3be]::__rust_begin_short_backtrace::<core[df12db4294e9bfd3]::result::Result<(), alloc[2182bb758b4b3781]::string::String>, fn() -> core[df12db4294e9bfd3]::result::Result<(), alloc[2182bb758b4b3781]::string::String>>
[INFO] [stdout]   13:     0x5d7d6e098045 - test[9d35eded1c95d3be]::run_test::{closure#0}
[INFO] [stdout]   14:     0x5d7d6e091904 - std[70759c8f55707aa4]::sys::backtrace::__rust_begin_short_backtrace::<test[9d35eded1c95d3be]::run_test::{closure#1}, ()>
[INFO] [stdout]   15:     0x5d7d6e09b1a2 - <std[70759c8f55707aa4]::thread::lifecycle::spawn_unchecked<test[9d35eded1c95d3be]::run_test::{closure#1}, ()>::{closure#1} as core[df12db4294e9bfd3]::ops::function::FnOnce<()>>::call_once::{shim:vtable#0}
[INFO] [stdout]   16:     0x5d7d6e108039 - <std[70759c8f55707aa4]::sys::thread::unix::Thread>::new::thread_start
[INFO] [stdout]   17:     0x7db424a3bdfa - <unknown>
[INFO] [stdout]   18:     0x7db424acf3d4 - clone
[INFO] [stdout]   19:                0x0 - <unknown>
[INFO] [stdout] 
[INFO] [stdout] ---- stops_a_managed_process_group_and_escalates_when_forced stdout ----
[INFO] [stdout] 
[INFO] [stdout] thread 'stops_a_managed_process_group_and_escalates_when_forced' (1568) panicked at tests/daemon_integration.rs:437:5:
[INFO] [stdout] stderr: [101, 114, 114, 111, 114, 58, 32, 112, 114, 111, 99, 101, 115, 115, 32, 100, 105, 100, 32, 110, 111, 116, 32, 114, 101, 97, 99, 104, 32, 97, 32, 116, 101, 114, 109, 105, 110, 97, 108, 32, 115, 116, 97, 116, 101, 32, 97, 102, 116, 101, 114, 32, 116, 101, 114, 109, 105, 110, 97, 116, 105, 111, 110, 10]
[INFO] [stdout] stack backtrace:
[INFO] [stdout]    0:     0x5d7d6e108cc1 - <<std[70759c8f55707aa4]::sys::backtrace::BacktraceLock>::print::DisplayBacktrace as core[df12db4294e9bfd3]::fmt::Display>::fmt
[INFO] [stdout]    1:     0x5d7d6e11e01a - core[df12db4294e9bfd3]::fmt::write
[INFO] [stdout]    2:     0x5d7d6e10d3dc - <alloc[2182bb758b4b3781]::vec::Vec<u8> as core[df12db4294e9bfd3]::io::write::Write>::write_fmt
[INFO] [stdout]    3:     0x5d7d6e0e3576 - std[70759c8f55707aa4]::panicking::default_hook::{closure#0}
[INFO] [stdout]    4:     0x5d7d6e100669 - std[70759c8f55707aa4]::panicking::default_hook
[INFO] [stdout]    5:     0x5d7d6e0976f0 - test[9d35eded1c95d3be]::test_main_inner::<test[9d35eded1c95d3be]::test_main_static::{closure#0}>::{closure#0}
[INFO] [stdout]    6:     0x5d7d6e100822 - std[70759c8f55707aa4]::panicking::panic_with_hook
[INFO] [stdout]    7:     0x5d7d6e0e3622 - std[70759c8f55707aa4]::panicking::panic_handler::{closure#0}
[INFO] [stdout]    8:     0x5d7d6e0dc0f9 - std[70759c8f55707aa4]::sys::backtrace::__rust_end_short_backtrace::<std[70759c8f55707aa4]::panicking::panic_handler::{closure#0}, !>
[INFO] [stdout]    9:     0x5d7d6e0e421d - __rustc[8fa7c3cbc660c2b3]::rust_begin_unwind
[INFO] [stdout]   10:     0x5d7d6e11e77c - core[df12db4294e9bfd3]::panicking::panic_fmt
[INFO] [stdout]   11:     0x5d7d6dee3bb5 - <daemon_integration[e51ca172e7f63bfe]::stops_a_managed_process_group_and_escalates_when_forced::{closure#0} as core[df12db4294e9bfd3]::ops::function::FnOnce<()>>::call_once
[INFO] [stdout]   12:     0x5d7d6e08a9db - test[9d35eded1c95d3be]::__rust_begin_short_backtrace::<core[df12db4294e9bfd3]::result::Result<(), alloc[2182bb758b4b3781]::string::String>, fn() -> core[df12db4294e9bfd3]::result::Result<(), alloc[2182bb758b4b3781]::string::String>>
[INFO] [stdout]   13:     0x5d7d6e098045 - test[9d35eded1c95d3be]::run_test::{closure#0}
[INFO] [stdout]   14:     0x5d7d6e091904 - std[70759c8f55707aa4]::sys::backtrace::__rust_begin_short_backtrace::<test[9d35eded1c95d3be]::run_test::{closure#1}, ()>
[INFO] [stdout]   15:     0x5d7d6e09b1a2 - <std[70759c8f55707aa4]::thread::lifecycle::spawn_unchecked<test[9d35eded1c95d3be]::run_test::{closure#1}, ()>::{closure#1} as core[df12db4294e9bfd3]::ops::function::FnOnce<()>>::call_once::{shim:vtable#0}
[INFO] [stdout]   16:     0x5d7d6e108039 - <std[70759c8f55707aa4]::sys::thread::unix::Thread>::new::thread_start
[INFO] [stdout]   17:     0x7db424a3bdfa - <unknown>
[INFO] [stdout]   18:     0x7db424acf3d4 - clone
[INFO] [stdout]   19:                0x0 - <unknown>
[INFO] [stdout] 
[INFO] [stdout] 
[INFO] [stdout] failures:
[INFO] [stdout]     daemon_crash_kills_the_managed_process_group_and_reconciles_the_record
[INFO] [stdout]     disconnected_wait_client_does_not_block_daemon_operations
[INFO] [stdout]     escalates_when_the_managed_command_ignores_sigterm
[INFO] [stdout]     removes_terminal_records_and_clean_keeps_active_records
[INFO] [stdout]     restart_stops_an_active_record_before_relaunching_it
[INFO] [stdout]     stops_a_managed_process_group_and_escalates_when_forced
[INFO] [stdout]     waits_for_state_exit_and_literal_output_matches
[INFO] [stdout] 
[INFO] [stdout] test result: FAILED. 16 passed; 7 failed; 0 ignored; 0 measured; 0 filtered out; finished in 4.70s
[INFO] [stdout] 
[INFO] [stderr] error: test failed, to rerun pass `--test daemon_integration`
[INFO] running `Command { std: "docker" "inspect" "5941573d8e8089b490bfc76295bdaaac67cfaa7b03ae74d150eefb0adaec92ba", kill_on_drop: false }`
[INFO] running `Command { std: "docker" "rm" "-f" "5941573d8e8089b490bfc76295bdaaac67cfaa7b03ae74d150eefb0adaec92ba", kill_on_drop: false }`
[INFO] [stdout] 5941573d8e8089b490bfc76295bdaaac67cfaa7b03ae74d150eefb0adaec92ba
