[INFO] fetching crate parity-ws 0.11.1...
[INFO] testing parity-ws-0.11.1 against 1.99.0-beta.8+cargoflags=--release for beta-release-1.100-2
[INFO] extracting crate parity-ws 0.11.1 into /workspace/builds/worker-0-tc1/source
[INFO] started tweaking crates.io crate parity-ws 0.11.1
[INFO] finished tweaking crates.io crate parity-ws 0.11.1
[INFO] tweaked toml for crates.io crate parity-ws 0.11.1 written to /workspace/builds/worker-0-tc1/source/Cargo.toml
[INFO] validating manifest of crates.io crate parity-ws 0.11.1 on toolchain 1.99.0-beta.8
[INFO] running `Command { std: CARGO_HOME="/workspace/cargo-home" RUSTUP_HOME="/workspace/rustup-home" "/workspace/cargo-home/bin/cargo" "+1.99.0-beta.8" "metadata" "--manifest-path" "Cargo.toml" "--no-deps", kill_on_drop: false }`
[INFO] crate crates.io crate parity-ws 0.11.1 already has a lockfile, it will not be regenerated
[INFO] running `Command { std: CARGO_HOME="/workspace/cargo-home" RUSTUP_HOME="/workspace/rustup-home" "/workspace/cargo-home/bin/cargo" "+1.99.0-beta.8" "fetch" "--manifest-path" "Cargo.toml", kill_on_drop: false }`
[INFO] [stderr] warning: Cargo.toml: `package.edition` is unspecified, defaulting to `2015` while the latest is `2024`
[INFO] [stderr] warning: `parity-ws` (manifest) generated 1 warning
[INFO] [stderr]     Updating crates.io index
[INFO] [stderr]  Downloading crates ...
[INFO] [stderr]   Downloaded url v2.2.2
[INFO] [stderr]   Downloaded percent-encoding v2.1.0
[INFO] [stderr]   Downloaded matches v0.1.9
[INFO] [stderr]   Downloaded tinyvec v1.5.0
[INFO] [stderr]   Downloaded unicode-normalization v0.1.19
[INFO] [stderr]   Downloaded mio-extras v2.0.6
[INFO] [stderr]   Downloaded ppv-lite86 v0.2.10
[INFO] [stderr]   Downloaded ansi_term v0.11.0
[INFO] [stderr]   Downloaded fuchsia-zircon-sys v0.3.3
[INFO] [stderr]   Downloaded redox_users v0.3.5
[INFO] [stderr]   Downloaded opaque-debug v0.2.3
[INFO] [stderr]   Downloaded slab v0.4.4
[INFO] [stderr]   Downloaded block-buffer v0.7.3
[INFO] [stderr]   Downloaded ws2_32-sys v0.2.1
[INFO] [stderr]   Downloaded winapi-build v0.1.1
[INFO] [stderr]   Downloaded openssl-probe v0.1.4
[INFO] [stderr]   Downloaded pkg-config v0.3.20
[INFO] [stderr]   Downloaded rand_hc v0.3.1
[INFO] [stderr]   Downloaded arrayref v0.3.6
[INFO] [stderr]   Downloaded block-padding v0.1.5
[INFO] [stderr]   Downloaded tinyvec_macros v0.1.0
[INFO] [stderr]   Downloaded digest v0.8.1
[INFO] [stderr]   Downloaded iovec v0.1.4
[INFO] [stderr]   Downloaded time v0.1.43
[INFO] [stderr]   Downloaded redox_syscall v0.1.57
[INFO] [stderr]   Downloaded byte-tools v0.3.1
[INFO] [stderr]   Downloaded sha-1 v0.8.2
[INFO] [stderr]   Downloaded form_urlencoded v1.0.1
[INFO] [stderr]   Downloaded security-framework-sys v2.4.2
[INFO] [stderr]   Downloaded rust-argon2 v0.8.3
[INFO] [stderr]   Downloaded generic-array v0.12.4
[INFO] [stderr]   Downloaded kernel32-sys v0.2.2
[INFO] [stderr]   Downloaded getrandom v0.2.3
[INFO] [stderr]   Downloaded core-foundation v0.9.1
[INFO] [stderr]   Downloaded unicode-width v0.1.9
[INFO] [stderr]   Downloaded byteorder v1.4.3
[INFO] [stderr]   Downloaded termcolor v1.1.2
[INFO] [stderr]   Downloaded env_logger v0.6.2
[INFO] [stderr]   Downloaded core-foundation-sys v0.8.2
[INFO] [stderr]   Downloaded tempfile v3.2.0
[INFO] [stderr]   Downloaded dirs v1.0.5
[INFO] [stderr]   Downloaded httparse v1.5.1
[INFO] [stderr]   Downloaded wasi v0.10.2+wasi-snapshot-preview1
[INFO] [stderr]   Downloaded redox_syscall v0.2.10
[INFO] [stderr]   Downloaded net2 v0.2.37
[INFO] [stderr]   Downloaded miow v0.2.2
[INFO] [stderr]   Downloaded typenum v1.14.0
[INFO] [stderr]   Downloaded term v0.5.2
[INFO] [stderr]   Downloaded native-tls v0.2.8
[INFO] [stderr]   Downloaded crossbeam-utils v0.8.5
[INFO] [stderr]   Downloaded fuchsia-zircon v0.3.3
[INFO] [stderr]   Downloaded log v0.4.14
[INFO] [stderr]   Downloaded once_cell v1.8.0
[INFO] [stderr]   Downloaded unicode-bidi v0.3.6
[INFO] [stderr]   Downloaded blake2b_simd v0.5.11
[INFO] [stderr]   Downloaded bytes v0.4.12
[INFO] [stderr]   Downloaded cc v1.0.70
[INFO] [stderr]   Downloaded rand_core v0.6.3
[INFO] [stderr]   Downloaded schannel v0.1.19
[INFO] [stderr]   Downloaded base64 v0.13.0
[INFO] [stderr]   Downloaded memchr v2.4.1
[INFO] [stderr]   Downloaded rand v0.8.4
[INFO] [stderr]   Downloaded security-framework v2.4.2
[INFO] [stderr]   Downloaded openssl-sys v0.9.67
[INFO] [stderr]   Downloaded mio v0.6.23
[INFO] [stderr]   Downloaded aho-corasick v0.7.18
[INFO] [stderr]   Downloaded regex-syntax v0.6.25
[INFO] [stderr]   Downloaded clap v2.33.3
[INFO] [stderr]   Downloaded openssl v0.10.36
[INFO] [stderr]   Downloaded regex v1.5.4
[INFO] [stderr]   Downloaded winapi v0.2.8
[INFO] [stderr]   Downloaded libc v0.2.103
[INFO] [stderr]   Downloaded libz-sys v1.1.3
[INFO] running `Command { std: "docker" "create" "-v" "/var/lib/crater-agent-workspace/builds/worker-0-tc1/source:/opt/rustwide/workdir:ro,Z" "-v" "/var/lib/crater-agent-workspace/builds/worker-0-tc1/target:/opt/rustwide/target:rw,Z" "-v" "/var/lib/crater-agent-workspace/cargo-home:/opt/rustwide/cargo-home:ro,Z" "-v" "/var/lib/crater-agent-workspace/rustup-home:/opt/rustwide/rustup-home:ro,Z" "-m" "1610612736" "--network" "none" "ghcr.io/rust-lang/crates-build-env/linux@sha256:77db811e55d90add9212f6832c23229e3de5f1c1f9905e8cb07319ea15df73ac" "sleep" "infinity", kill_on_drop: false }`
[INFO] [stdout] eaacb665a999ee3f2f6d31c7275a44f170478bb6b896c9278fa4a0e3e5ac84ec
[INFO] running `Command { std: "docker" "start" "eaacb665a999ee3f2f6d31c7275a44f170478bb6b896c9278fa4a0e3e5ac84ec", kill_on_drop: false }`
[INFO] running `Command { std: "docker" "inspect" "eaacb665a999ee3f2f6d31c7275a44f170478bb6b896c9278fa4a0e3e5ac84ec", kill_on_drop: false }`
[INFO] running `Command { std: "docker" "exec" "-e" "SOURCE_DIR=/opt/rustwide/workdir" "-e" "CARGO_HOME=/opt/rustwide/cargo-home" "-e" "RUSTUP_HOME=/opt/rustwide/rustup-home" "-e" "CARGO_TARGET_DIR=/opt/rustwide/target" "-w" "/opt/rustwide/workdir" "--user" "0:0" "eaacb665a999ee3f2f6d31c7275a44f170478bb6b896c9278fa4a0e3e5ac84ec" "/opt/rustwide/cargo-home/bin/cargo" "+1.99.0-beta.8" "metadata" "--no-deps" "--format-version=1", kill_on_drop: false }`
[INFO] running `Command { std: "docker" "inspect" "eaacb665a999ee3f2f6d31c7275a44f170478bb6b896c9278fa4a0e3e5ac84ec", kill_on_drop: false }`
[INFO] running `Command { std: "docker" "exec" "-e" "SOURCE_DIR=/opt/rustwide/workdir" "-e" "CARGO_HOME=/opt/rustwide/cargo-home" "-e" "RUSTUP_HOME=/opt/rustwide/rustup-home" "-e" "CARGO_TARGET_DIR=/opt/rustwide/target" "-e" "CARGO_INCREMENTAL=0" "-e" "RUST_BACKTRACE=full" "-e" "RUSTFLAGS=--cap-lints=warn" "-e" "RUSTDOCFLAGS=--cap-lints=warn" "-w" "/opt/rustwide/workdir" "--user" "0:0" "eaacb665a999ee3f2f6d31c7275a44f170478bb6b896c9278fa4a0e3e5ac84ec" "/opt/rustwide/cargo-home/bin/cargo" "+1.99.0-beta.8" "build" "--frozen" "--message-format=json" "--release", kill_on_drop: false }`
[INFO] [stderr] warning: Cargo.toml: `package.edition` is unspecified, defaulting to `2015` while the latest is `2024`
[INFO] [stderr] warning: `parity-ws` (manifest) generated 1 warning
[INFO] [stderr]    Compiling libc v0.2.103
[INFO] [stderr]    Compiling typenum v1.14.0
[INFO] [stderr]    Compiling getrandom v0.1.16
[INFO] [stderr]    Compiling log v0.4.14
[INFO] [stderr]    Compiling tinyvec_macros v0.1.0
[INFO] [stderr]    Compiling cfg-if v0.1.10
[INFO] [stderr]    Compiling byteorder v1.4.3
[INFO] [stderr]    Compiling byte-tools v0.3.1
[INFO] [stderr]    Compiling tinyvec v1.5.0
[INFO] [stderr]    Compiling matches v0.1.9
[INFO] [stderr]    Compiling block-padding v0.1.5
[INFO] [stderr]    Compiling percent-encoding v2.1.0
[INFO] [stderr]    Compiling slab v0.4.4
[INFO] [stderr]    Compiling httparse v1.5.1
[INFO] [stderr]    Compiling ppv-lite86 v0.2.10
[INFO] [stderr]    Compiling unicode-bidi v0.3.6
[INFO] [stderr]    Compiling form_urlencoded v1.0.1
[INFO] [stderr]    Compiling opaque-debug v0.2.3
[INFO] [stderr]    Compiling lazycell v1.3.0
[INFO] [stderr]    Compiling fake-simd v0.1.2
[INFO] [stderr]    Compiling iovec v0.1.4
[INFO] [stderr]    Compiling net2 v0.2.37
[INFO] [stderr]    Compiling bytes v0.4.12
[INFO] [stderr]    Compiling rand_core v0.5.1
[INFO] [stderr]    Compiling rand_chacha v0.2.2
[INFO] [stderr]    Compiling mio v0.6.23
[INFO] [stderr]    Compiling unicode-normalization v0.1.19
[INFO] [stderr]    Compiling rand v0.7.3
[INFO] [stderr]    Compiling generic-array v0.12.4
[INFO] [stderr]    Compiling block-buffer v0.7.3
[INFO] [stderr]    Compiling digest v0.8.1
[INFO] [stderr]    Compiling sha-1 v0.8.2
[INFO] [stderr]    Compiling mio-extras v2.0.6
[INFO] [stderr]    Compiling idna v0.2.3
[INFO] [stderr]    Compiling url v2.2.2
[INFO] [stderr]    Compiling parity-ws v0.11.1 (/opt/rustwide/workdir)
[INFO] [stdout] warning: unexpected `cfg` condition value: `native_tls`
[INFO] [stdout]   --> src/io.rs:14:7
[INFO] [stdout]    |
[INFO] [stdout] 14 | #[cfg(feature = "native_tls")]
[INFO] [stdout]    |       ^^^^^^^^^^------------
[INFO] [stdout]    |                 |
[INFO] [stdout]    |                 help: there is a expected value with a similar name: `"nativetls"`
[INFO] [stdout]    |
[INFO] [stdout]    = note: expected values for `feature` are: `default`, `libc`, `libz-sys`, `native-tls`, `nativetls`, `openssl`, `permessage-deflate`, and `ssl`
[INFO] [stdout]    = help: consider adding `native_tls` as a feature in `Cargo.toml`
[INFO] [stdout]    = note: see <https://doc.rust-lang.org/nightly/rustc/check-cfg/cargo-specifics.html> for more information about checking conditional configuration
[INFO] [stdout]    = note: `#[warn(unexpected_cfgs)]` on by default
[INFO] [stdout] 
[INFO] [stdout] 
[INFO] [stderr]     Finished `release` profile [optimized] target(s) in 17.91s
[INFO] running `Command { std: "docker" "inspect" "eaacb665a999ee3f2f6d31c7275a44f170478bb6b896c9278fa4a0e3e5ac84ec", kill_on_drop: false }`
[INFO] running `Command { std: "docker" "exec" "-e" "SOURCE_DIR=/opt/rustwide/workdir" "-e" "CARGO_HOME=/opt/rustwide/cargo-home" "-e" "RUSTUP_HOME=/opt/rustwide/rustup-home" "-e" "CARGO_TARGET_DIR=/opt/rustwide/target" "-e" "CARGO_INCREMENTAL=0" "-e" "RUST_BACKTRACE=full" "-e" "RUSTFLAGS=--cap-lints=warn" "-e" "RUSTDOCFLAGS=--cap-lints=warn" "-w" "/opt/rustwide/workdir" "--user" "0:0" "eaacb665a999ee3f2f6d31c7275a44f170478bb6b896c9278fa4a0e3e5ac84ec" "/opt/rustwide/cargo-home/bin/cargo" "+1.99.0-beta.8" "test" "--frozen" "--no-run" "--message-format=json" "--release", kill_on_drop: false }`
[INFO] [stderr] warning: Cargo.toml: `package.edition` is unspecified, defaulting to `2015` while the latest is `2024`
[INFO] [stderr] warning: `parity-ws` (manifest) generated 1 warning
[INFO] [stderr]    Compiling memchr v2.4.1
[INFO] [stderr]    Compiling atty v0.2.14
[INFO] [stderr]    Compiling quick-error v1.2.3
[INFO] [stderr]    Compiling regex-syntax v0.6.25
[INFO] [stderr]    Compiling unicode-width v0.1.9
[INFO] [stderr]    Compiling dirs v1.0.5
[INFO] [stderr]    Compiling termcolor v1.1.2
[INFO] [stderr]    Compiling ansi_term v0.11.0
[INFO] [stderr]    Compiling humantime v1.3.0
[INFO] [stderr]    Compiling strsim v0.8.0
[INFO] [stderr]    Compiling textwrap v0.11.0
[INFO] [stderr]    Compiling term v0.5.2
[INFO] [stderr]    Compiling clap v2.33.3
[INFO] [stderr]    Compiling time v0.1.43
[INFO] [stdout] warning: unexpected `cfg` condition value: `native_tls`
[INFO] [stdout]   --> src/io.rs:14:7
[INFO] [stdout]    |
[INFO] [stdout] 14 | #[cfg(feature = "native_tls")]
[INFO] [stdout]    |       ^^^^^^^^^^------------
[INFO] [stdout]    |                 |
[INFO] [stdout]    |                 help: there is a expected value with a similar name: `"nativetls"`
[INFO] [stdout]    |
[INFO] [stdout]    = note: expected values for `feature` are: `default`, `libc`, `libz-sys`, `native-tls`, `nativetls`, `openssl`, `permessage-deflate`, and `ssl`
[INFO] [stdout]    = help: consider adding `native_tls` as a feature in `Cargo.toml`
[INFO] [stdout]    = note: see <https://doc.rust-lang.org/nightly/rustc/check-cfg/cargo-specifics.html> for more information about checking conditional configuration
[INFO] [stdout]    = note: `#[warn(unexpected_cfgs)]` on by default
[INFO] [stdout] 
[INFO] [stdout] 
[INFO] [stderr]    Compiling aho-corasick v0.7.18
[INFO] [stderr]    Compiling regex v1.5.4
[INFO] [stderr]    Compiling env_logger v0.6.2
[INFO] [stderr]    Compiling parity-ws v0.11.1 (/opt/rustwide/workdir)
[INFO] [stdout] warning: unnecessary parentheses around type
[INFO] [stdout]   --> examples/html_chat.rs:43:55
[INFO] [stdout]    |
[INFO] [stdout] 43 |     fn on_request(&mut self, req: &Request) -> Result<(Response)> {
[INFO] [stdout]    |                                                       ^        ^
[INFO] [stdout]    |
[INFO] [stdout]    = note: `#[warn(unused_parens)]` (part of `#[warn(unused)]`) on by default
[INFO] [stdout] help: remove these parentheses
[INFO] [stdout]    |
[INFO] [stdout] 43 -     fn on_request(&mut self, req: &Request) -> Result<(Response)> {
[INFO] [stdout] 43 +     fn on_request(&mut self, req: &Request) -> Result<Response> {
[INFO] [stdout]    |
[INFO] [stdout] 
[INFO] [stdout] 
[INFO] [stdout] warning: unexpected `cfg` condition value: `native_tls`
[INFO] [stdout]   --> src/io.rs:14:7
[INFO] [stdout]    |
[INFO] [stdout] 14 | #[cfg(feature = "native_tls")]
[INFO] [stdout]    |       ^^^^^^^^^^------------
[INFO] [stdout]    |                 |
[INFO] [stdout]    |                 help: there is a expected value with a similar name: `"nativetls"`
[INFO] [stdout]    |
[INFO] [stdout]    = note: expected values for `feature` are: `default`, `libc`, `libz-sys`, `native-tls`, `nativetls`, `openssl`, `permessage-deflate`, and `ssl`
[INFO] [stdout]    = help: consider adding `native_tls` as a feature in `Cargo.toml`
[INFO] [stdout]    = note: see <https://doc.rust-lang.org/nightly/rustc/check-cfg/cargo-specifics.html> for more information about checking conditional configuration
[INFO] [stdout]    = note: `#[warn(unexpected_cfgs)]` on by default
[INFO] [stdout] 
[INFO] [stdout] 
[INFO] [stdout] warning: unnecessary parentheses around type
[INFO] [stdout]   --> examples/router.rs:13:63
[INFO] [stdout]    |
[INFO] [stdout] 13 |     fn on_request(&mut self, req: &ws::Request) -> ws::Result<(ws::Response)> {
[INFO] [stdout]    |                                                               ^            ^
[INFO] [stdout]    |
[INFO] [stdout]    = note: `#[warn(unused_parens)]` (part of `#[warn(unused)]`) on by default
[INFO] [stdout] help: remove these parentheses
[INFO] [stdout]    |
[INFO] [stdout] 13 -     fn on_request(&mut self, req: &ws::Request) -> ws::Result<(ws::Response)> {
[INFO] [stdout] 13 +     fn on_request(&mut self, req: &ws::Request) -> ws::Result<ws::Response> {
[INFO] [stdout]    |
[INFO] [stdout] 
[INFO] [stdout] 
[INFO] [stdout] warning: unnecessary parentheses around type
[INFO] [stdout]   --> examples/router.rs:82:63
[INFO] [stdout]    |
[INFO] [stdout] 82 |     fn on_request(&mut self, req: &ws::Request) -> ws::Result<(ws::Response)> {
[INFO] [stdout]    |                                                               ^            ^
[INFO] [stdout]    |
[INFO] [stdout] help: remove these parentheses
[INFO] [stdout]    |
[INFO] [stdout] 82 -     fn on_request(&mut self, req: &ws::Request) -> ws::Result<(ws::Response)> {
[INFO] [stdout] 82 +     fn on_request(&mut self, req: &ws::Request) -> ws::Result<ws::Response> {
[INFO] [stdout]    |
[INFO] [stdout] 
[INFO] [stdout] 
[INFO] [stdout] warning: trait objects without an explicit `dyn` are deprecated
[INFO] [stdout]  --> examples/router.rs:9:16
[INFO] [stdout]   |
[INFO] [stdout] 9 |     inner: Box<ws::Handler>,
[INFO] [stdout]   |                ^^^^^^^^^^^
[INFO] [stdout]   |
[INFO] [stdout]   = warning: this is accepted in the current edition (Rust 2015) but is a hard error in Rust 2021!
[INFO] [stdout]   = note: for more information, see <https://doc.rust-lang.org/edition-guide/rust-2021/warnings-promoted-to-error.html>
[INFO] [stdout]   = note: `#[warn(bare_trait_objects)]` (part of `#[warn(rust_2021_compatibility)]`) on by default
[INFO] [stdout] help: if this is a dyn-compatible trait, use `dyn`
[INFO] [stdout]   |
[INFO] [stdout] 9 |     inner: Box<dyn ws::Handler>,
[INFO] [stdout]   |                +++
[INFO] [stdout] 
[INFO] [stdout] 
[INFO] [stdout] warning: unused closure that must be used
[INFO] [stdout]    --> src/factory.rs:165:9
[INFO] [stdout]     |
[INFO] [stdout] 165 |         factory.connection_made(Sender::new(mio::Token(0), chn, 0));
[INFO] [stdout]     |         ^^^^^^^^^^^^^^^^^^^^^^^^^^^^^^^^^^^^^^^^^^^^^^^^^^^^^^^^^^^
[INFO] [stdout]     |
[INFO] [stdout]     = note: closures are lazy and do nothing unless called
[INFO] [stdout]     = note: `#[warn(unused_must_use)]` (part of `#[warn(unused)]`) on by default
[INFO] [stdout] 
[INFO] [stdout] 
[INFO] [stderr]     Finished `release` profile [optimized] target(s) in 1m 45s
[INFO] running `Command { std: "docker" "inspect" "eaacb665a999ee3f2f6d31c7275a44f170478bb6b896c9278fa4a0e3e5ac84ec", kill_on_drop: false }`
[INFO] running `Command { std: "docker" "exec" "-e" "SOURCE_DIR=/opt/rustwide/workdir" "-e" "CARGO_HOME=/opt/rustwide/cargo-home" "-e" "RUSTUP_HOME=/opt/rustwide/rustup-home" "-e" "CARGO_TARGET_DIR=/opt/rustwide/target" "-e" "CARGO_INCREMENTAL=0" "-e" "RUST_BACKTRACE=full" "-e" "RUSTFLAGS=--cap-lints=warn" "-e" "RUSTDOCFLAGS=--cap-lints=warn" "-w" "/opt/rustwide/workdir" "--user" "0:0" "eaacb665a999ee3f2f6d31c7275a44f170478bb6b896c9278fa4a0e3e5ac84ec" "/opt/rustwide/cargo-home/bin/cargo" "+1.99.0-beta.8" "test" "--frozen" "--release", kill_on_drop: false }`
[INFO] [stderr] warning: Cargo.toml: `package.edition` is unspecified, defaulting to `2015` while the latest is `2024`
[INFO] [stderr] warning: `parity-ws` (manifest) generated 1 warning
[INFO] [stderr] warning: unexpected `cfg` condition value: `native_tls`
[INFO] [stderr]   --> src/io.rs:14:7
[INFO] [stderr]    |
[INFO] [stderr] 14 | #[cfg(feature = "native_tls")]
[INFO] [stderr]    |       ^^^^^^^^^^------------
[INFO] [stderr]    |                 |
[INFO] [stderr]    |                 help: there is a expected value with a similar name: `"nativetls"`
[INFO] [stderr]    |
[INFO] [stderr]    = note: expected values for `feature` are: `default`, `libc`, `libz-sys`, `native-tls`, `nativetls`, `openssl`, `permessage-deflate`, and `ssl`
[INFO] [stderr]    = help: consider adding `native_tls` as a feature in `Cargo.toml`
[INFO] [stderr]    = note: see <https://doc.rust-lang.org/nightly/rustc/check-cfg/cargo-specifics.html> for more information about checking conditional configuration
[INFO] [stderr]    = note: `#[warn(unexpected_cfgs)]` on by default
[INFO] [stderr] 
[INFO] [stderr] warning: `parity-ws` (lib) generated 1 warning
[INFO] [stderr] warning: unused closure that must be used
[INFO] [stderr]    --> src/factory.rs:165:9
[INFO] [stderr]     |
[INFO] [stderr] 165 |         factory.connection_made(Sender::new(mio::Token(0), chn, 0));
[INFO] [stderr]     |         ^^^^^^^^^^^^^^^^^^^^^^^^^^^^^^^^^^^^^^^^^^^^^^^^^^^^^^^^^^^
[INFO] [stderr]     |
[INFO] [stderr]     = note: closures are lazy and do nothing unless called
[INFO] [stderr]     = note: `#[warn(unused_must_use)]` (part of `#[warn(unused)]`) on by default
[INFO] [stderr] 
[INFO] [stderr] warning: `parity-ws` (lib test) generated 2 warnings (1 duplicate)
[INFO] [stderr] warning: unnecessary parentheses around type
[INFO] [stderr]   --> examples/html_chat.rs:43:55
[INFO] [stderr]    |
[INFO] [stderr] 43 |     fn on_request(&mut self, req: &Request) -> Result<(Response)> {
[INFO] [stderr]    |                                                       ^        ^
[INFO] [stderr]    |
[INFO] [stderr]    = note: `#[warn(unused_parens)]` (part of `#[warn(unused)]`) on by default
[INFO] [stderr] help: remove these parentheses
[INFO] [stderr]    |
[INFO] [stderr] 43 -     fn on_request(&mut self, req: &Request) -> Result<(Response)> {
[INFO] [stderr] 43 +     fn on_request(&mut self, req: &Request) -> Result<Response> {
[INFO] [stderr]    |
[INFO] [stderr] 
[INFO] [stderr] warning: `parity-ws` (example "html_chat") generated 1 warning (run `cargo fix --example "html_chat" -p parity-ws` to apply 1 suggestion)
[INFO] [stderr] warning: unnecessary parentheses around type
[INFO] [stderr]   --> examples/router.rs:13:63
[INFO] [stderr]    |
[INFO] [stderr] 13 |     fn on_request(&mut self, req: &ws::Request) -> ws::Result<(ws::Response)> {
[INFO] [stderr]    |                                                               ^            ^
[INFO] [stderr]    |
[INFO] [stderr]    = note: `#[warn(unused_parens)]` (part of `#[warn(unused)]`) on by default
[INFO] [stderr] help: remove these parentheses
[INFO] [stderr]    |
[INFO] [stderr] 13 -     fn on_request(&mut self, req: &ws::Request) -> ws::Result<(ws::Response)> {
[INFO] [stderr] 13 +     fn on_request(&mut self, req: &ws::Request) -> ws::Result<ws::Response> {
[INFO] [stderr]    |
[INFO] [stderr] 
[INFO] [stderr] warning: unnecessary parentheses around type
[INFO] [stderr]   --> examples/router.rs:82:63
[INFO] [stderr]    |
[INFO] [stderr] 82 |     fn on_request(&mut self, req: &ws::Request) -> ws::Result<(ws::Response)> {
[INFO] [stderr]    |                                                               ^            ^
[INFO] [stderr]    |
[INFO] [stderr] help: remove these parentheses
[INFO] [stderr]    |
[INFO] [stderr] 82 -     fn on_request(&mut self, req: &ws::Request) -> ws::Result<(ws::Response)> {
[INFO] [stderr] 82 +     fn on_request(&mut self, req: &ws::Request) -> ws::Result<ws::Response> {
[INFO] [stderr]    |
[INFO] [stderr] 
[INFO] [stderr] warning: trait objects without an explicit `dyn` are deprecated
[INFO] [stderr]  --> examples/router.rs:9:16
[INFO] [stderr]   |
[INFO] [stderr] 9 |     inner: Box<ws::Handler>,
[INFO] [stderr]   |                ^^^^^^^^^^^
[INFO] [stderr]   |
[INFO] [stderr]   = warning: this is accepted in the current edition (Rust 2015) but is a hard error in Rust 2021!
[INFO] [stderr]   = note: for more information, see <https://doc.rust-lang.org/edition-guide/rust-2021/warnings-promoted-to-error.html>
[INFO] [stderr]   = note: `#[warn(bare_trait_objects)]` (part of `#[warn(rust_2021_compatibility)]`) on by default
[INFO] [stderr] help: if this is a dyn-compatible trait, use `dyn`
[INFO] [stderr]   |
[INFO] [stderr] 9 |     inner: Box<dyn ws::Handler>,
[INFO] [stderr]   |                +++
[INFO] [stderr] 
[INFO] [stderr] warning: `parity-ws` (example "router") generated 3 warnings (run `cargo fix --example "router" -p parity-ws` to apply 3 suggestions)
[INFO] [stderr]     Finished `release` profile [optimized] target(s) in 0.09s
[INFO] [stderr]      Running unittests src/lib.rs (/opt/rustwide/target/release/deps/parity_ws-fd92f43c438b0b82)
[INFO] [stdout] 
[INFO] [stdout] running 26 tests
[INFO] [stdout] test circular_buffer::test::basic ... ok
[INFO] [stdout] test circular_buffer::test::read_exact_into_vec ... ok
[INFO] [stdout] test circular_buffer::test::fill_whole_buffer ... ok
[INFO] [stdout] test factory::test::closure_factory ... ok
[INFO] [stdout] test factory::test::connection_lost ... ok
[INFO] [stdout] test frame::test::display_frame ... ok
[INFO] [stdout] test handler::test::handler ... ok
[INFO] [stdout] test handshake::test::remote_addr ... ok
[INFO] [stdout] test circular_buffer::test::read_from_buffer ... ok
[INFO] [stdout] test circular_buffer::test::apply_soft_limit ... ok
[INFO] [stdout] test factory::test::impl_factory ... ok
[INFO] [stdout] test handshake::test::remote_addr_forwarded ... ok
[INFO] [stdout] test handler::test::closure_handler ... ok
[INFO] [stdout] test handshake::test::remote_addr_x_forwarded_for ... ok
[INFO] [stdout] test message::test::binary_convert ... ok
[INFO] [stdout] test protocol::test::closecode_from_u16 ... ok
[INFO] [stdout] test protocol::test::closecode_into_u16 ... ok
[INFO] [stdout] test protocol::test::opcode_from_u8 ... ok
[INFO] [stdout] test protocol::test::opcode_into_u8 ... ok
[INFO] [stdout] test circular_buffer::test::grow_buffer_without_wraparound ... ok
[INFO] [stdout] test message::test::display ... ok
[INFO] [stdout] test message::test::text_convert ... ok
[INFO] [stdout] test message::test::binary_convert_vec ... ok
[INFO] [stdout] test io::test::test_url_to_addrs ... FAILED
[INFO] [stdout] test circular_buffer::test::resize_buffer ... ok
[INFO] [stdout] test circular_buffer::test::grow_buffer_with_wraparound ... ok
[INFO] [stdout] 
[INFO] [stdout] failures:
[INFO] [stdout] 
[INFO] [stdout] ---- io::test::test_url_to_addrs stdout ----
[INFO] [stdout] 
[INFO] [stdout] thread 'io::test::test_url_to_addrs' (1631) panicked at src/io.rs:961:9:
[INFO] [stdout] assertion failed: url_to_addrs(&ws_url).is_ok()
[INFO] [stdout] stack backtrace:
[INFO] [stdout]    0:     0x58b46b34aea1 - <<std[70759c8f55707aa4]::sys::backtrace::BacktraceLock>::print::DisplayBacktrace as core[df12db4294e9bfd3]::fmt::Display>::fmt
[INFO] [stdout]    1:     0x58b46b3611aa - core[df12db4294e9bfd3]::fmt::write
[INFO] [stdout]    2:     0x58b46b34f69c - <alloc[2182bb758b4b3781]::vec::Vec<u8> as core[df12db4294e9bfd3]::io::write::Write>::write_fmt
[INFO] [stdout]    3:     0x58b46b326f36 - std[70759c8f55707aa4]::panicking::default_hook::{closure#0}
[INFO] [stdout]    4:     0x58b46b343299 - std[70759c8f55707aa4]::panicking::default_hook
[INFO] [stdout]    5:     0x58b46b2c5bd0 - test[9d35eded1c95d3be]::test_main_inner::<test[9d35eded1c95d3be]::test_main_static::{closure#0}>::{closure#0}
[INFO] [stdout]    6:     0x58b46b343452 - std[70759c8f55707aa4]::panicking::panic_with_hook
[INFO] [stdout]    7:     0x58b46b327014 - std[70759c8f55707aa4]::panicking::panic_handler::{closure#0}
[INFO] [stdout]    8:     0x58b46b31fc89 - std[70759c8f55707aa4]::sys::backtrace::__rust_end_short_backtrace::<std[70759c8f55707aa4]::panicking::panic_handler::{closure#0}, !>
[INFO] [stdout]    9:     0x58b46b327dcd - __rustc[8fa7c3cbc660c2b3]::rust_begin_unwind
[INFO] [stdout]   10:     0x58b46b3618dc - core[df12db4294e9bfd3]::panicking::panic_fmt
[INFO] [stdout]   11:     0x58b46b3618a2 - core[df12db4294e9bfd3]::panicking::panic
[INFO] [stdout]   12:     0x58b46b2b45e7 - parity_ws[447bfd4ba9c5acaf]::io::test::test_url_to_addrs
[INFO] [stdout]   13:     0x58b46b2adf79 - <parity_ws[447bfd4ba9c5acaf]::io::test::test_url_to_addrs::{closure#0} as core[df12db4294e9bfd3]::ops::function::FnOnce<()>>::call_once
[INFO] [stdout]   14:     0x58b46b2b8ebb - test[9d35eded1c95d3be]::__rust_begin_short_backtrace::<core[df12db4294e9bfd3]::result::Result<(), alloc[2182bb758b4b3781]::string::String>, fn() -> core[df12db4294e9bfd3]::result::Result<(), alloc[2182bb758b4b3781]::string::String>>
[INFO] [stdout]   15:     0x58b46b2c6525 - test[9d35eded1c95d3be]::run_test::{closure#0}
[INFO] [stdout]   16:     0x58b46b2bfde4 - std[70759c8f55707aa4]::sys::backtrace::__rust_begin_short_backtrace::<test[9d35eded1c95d3be]::run_test::{closure#1}, ()>
[INFO] [stdout]   17:     0x58b46b2c9682 - <std[70759c8f55707aa4]::thread::lifecycle::spawn_unchecked<test[9d35eded1c95d3be]::run_test::{closure#1}, ()>::{closure#1} as core[df12db4294e9bfd3]::ops::function::FnOnce<()>>::call_once::{shim:vtable#0}
[INFO] [stdout]   18:     0x58b46b34a409 - <std[70759c8f55707aa4]::sys::thread::unix::Thread>::new::thread_start
[INFO] [stdout]   19:     0x74f7be9fadfa - <unknown>
[INFO] [stdout]   20:     0x74f7bea8e3d4 - clone
[INFO] [stdout]   21:                0x0 - <unknown>
[INFO] [stdout] 
[INFO] [stdout] 
[INFO] [stdout] failures:
[INFO] [stdout]     io::test::test_url_to_addrs
[INFO] [stdout] 
[INFO] [stdout] test result: FAILED. 25 passed; 1 failed; 0 ignored; 0 measured; 0 filtered out; finished in 0.01s
[INFO] [stdout] 
[INFO] [stderr] error: test failed, to rerun pass `--lib`
[INFO] running `Command { std: "docker" "inspect" "eaacb665a999ee3f2f6d31c7275a44f170478bb6b896c9278fa4a0e3e5ac84ec", kill_on_drop: false }`
[INFO] running `Command { std: "docker" "rm" "-f" "eaacb665a999ee3f2f6d31c7275a44f170478bb6b896c9278fa4a0e3e5ac84ec", kill_on_drop: false }`
[INFO] [stdout] eaacb665a999ee3f2f6d31c7275a44f170478bb6b896c9278fa4a0e3e5ac84ec
