[INFO] fetching crate parameters_lib 0.2.2...
[INFO] testing parameters_lib-0.2.2 against 1.99.0-beta.8+cargoflags=--release for beta-release-1.100-2
[INFO] extracting crate parameters_lib 0.2.2 into /workspace/builds/worker-2-tc1/source
[INFO] started tweaking crates.io crate parameters_lib 0.2.2
[INFO] finished tweaking crates.io crate parameters_lib 0.2.2
[INFO] tweaked toml for crates.io crate parameters_lib 0.2.2 written to /workspace/builds/worker-2-tc1/source/Cargo.toml
[INFO] validating manifest of crates.io crate parameters_lib 0.2.2 on toolchain 1.99.0-beta.8
[INFO] running `Command { std: CARGO_HOME="/workspace/cargo-home" RUSTUP_HOME="/workspace/rustup-home" "/workspace/cargo-home/bin/cargo" "+1.99.0-beta.8" "metadata" "--manifest-path" "Cargo.toml" "--no-deps", kill_on_drop: false }`
[INFO] running `Command { std: CARGO_HOME="/workspace/cargo-home" RUSTUP_HOME="/workspace/rustup-home" "/workspace/cargo-home/bin/cargo" "+1.99.0-beta.8" "generate-lockfile" "--manifest-path" "Cargo.toml", kill_on_drop: false }`
[INFO] [stderr]     Updating crates.io index
[INFO] [stderr]      Locking 42 packages to highest compatible versions
[INFO] running `Command { std: CARGO_HOME="/workspace/cargo-home" RUSTUP_HOME="/workspace/rustup-home" "/workspace/cargo-home/bin/cargo" "+1.99.0-beta.8" "fetch" "--manifest-path" "Cargo.toml", kill_on_drop: false }`
[INFO] [stderr]     Blocking waiting for file lock on package cache
[INFO] [stderr]     Blocking waiting for file lock on package cache
[INFO] running `Command { std: "docker" "create" "-v" "/var/lib/crater-agent-workspace/builds/worker-2-tc1/source:/opt/rustwide/workdir:ro,Z" "-v" "/var/lib/crater-agent-workspace/builds/worker-2-tc1/target:/opt/rustwide/target:rw,Z" "-v" "/var/lib/crater-agent-workspace/cargo-home:/opt/rustwide/cargo-home:ro,Z" "-v" "/var/lib/crater-agent-workspace/rustup-home:/opt/rustwide/rustup-home:ro,Z" "-m" "1610612736" "--network" "none" "ghcr.io/rust-lang/crates-build-env/linux@sha256:77db811e55d90add9212f6832c23229e3de5f1c1f9905e8cb07319ea15df73ac" "sleep" "infinity", kill_on_drop: false }`
[INFO] [stdout] 7c628a5a8b36ad660da1a214fac554c72f3ded003e9f7968b33a33eb05a1e7d6
[INFO] running `Command { std: "docker" "start" "7c628a5a8b36ad660da1a214fac554c72f3ded003e9f7968b33a33eb05a1e7d6", kill_on_drop: false }`
[INFO] running `Command { std: "docker" "inspect" "7c628a5a8b36ad660da1a214fac554c72f3ded003e9f7968b33a33eb05a1e7d6", kill_on_drop: false }`
[INFO] running `Command { std: "docker" "exec" "-e" "SOURCE_DIR=/opt/rustwide/workdir" "-e" "CARGO_HOME=/opt/rustwide/cargo-home" "-e" "RUSTUP_HOME=/opt/rustwide/rustup-home" "-e" "CARGO_TARGET_DIR=/opt/rustwide/target" "-w" "/opt/rustwide/workdir" "--user" "0:0" "7c628a5a8b36ad660da1a214fac554c72f3ded003e9f7968b33a33eb05a1e7d6" "/opt/rustwide/cargo-home/bin/cargo" "+1.99.0-beta.8" "metadata" "--no-deps" "--format-version=1", kill_on_drop: false }`
[INFO] running `Command { std: "docker" "inspect" "7c628a5a8b36ad660da1a214fac554c72f3ded003e9f7968b33a33eb05a1e7d6", kill_on_drop: false }`
[INFO] running `Command { std: "docker" "exec" "-e" "SOURCE_DIR=/opt/rustwide/workdir" "-e" "CARGO_HOME=/opt/rustwide/cargo-home" "-e" "RUSTUP_HOME=/opt/rustwide/rustup-home" "-e" "CARGO_TARGET_DIR=/opt/rustwide/target" "-e" "CARGO_INCREMENTAL=0" "-e" "RUST_BACKTRACE=full" "-e" "RUSTFLAGS=--cap-lints=warn" "-e" "RUSTDOCFLAGS=--cap-lints=warn" "-w" "/opt/rustwide/workdir" "--user" "0:0" "7c628a5a8b36ad660da1a214fac554c72f3ded003e9f7968b33a33eb05a1e7d6" "/opt/rustwide/cargo-home/bin/cargo" "+1.99.0-beta.8" "build" "--frozen" "--message-format=json" "--release", kill_on_drop: false }`
[INFO] [stderr]    Compiling num-traits v0.2.19
[INFO] [stderr]    Compiling iana-time-zone v0.1.65
[INFO] [stderr]    Compiling regex-automata v0.4.18
[INFO] [stderr]    Compiling chrono v0.4.45
[INFO] [stderr]    Compiling parameters_lib v0.2.2 (/opt/rustwide/workdir)
[INFO] [stderr]    Compiling regex v1.13.1
[INFO] [stderr]     Finished `release` profile [optimized] target(s) in 4.85s
[INFO] running `Command { std: "docker" "inspect" "7c628a5a8b36ad660da1a214fac554c72f3ded003e9f7968b33a33eb05a1e7d6", kill_on_drop: false }`
[INFO] running `Command { std: "docker" "exec" "-e" "SOURCE_DIR=/opt/rustwide/workdir" "-e" "CARGO_HOME=/opt/rustwide/cargo-home" "-e" "RUSTUP_HOME=/opt/rustwide/rustup-home" "-e" "CARGO_TARGET_DIR=/opt/rustwide/target" "-e" "CARGO_INCREMENTAL=0" "-e" "RUST_BACKTRACE=full" "-e" "RUSTFLAGS=--cap-lints=warn" "-e" "RUSTDOCFLAGS=--cap-lints=warn" "-w" "/opt/rustwide/workdir" "--user" "0:0" "7c628a5a8b36ad660da1a214fac554c72f3ded003e9f7968b33a33eb05a1e7d6" "/opt/rustwide/cargo-home/bin/cargo" "+1.99.0-beta.8" "test" "--frozen" "--no-run" "--message-format=json" "--release", kill_on_drop: false }`
[INFO] [stderr]    Compiling parameters_lib v0.2.2 (/opt/rustwide/workdir)
[INFO] [stderr]     Finished `release` profile [optimized] target(s) in 0.50s
[INFO] running `Command { std: "docker" "inspect" "7c628a5a8b36ad660da1a214fac554c72f3ded003e9f7968b33a33eb05a1e7d6", kill_on_drop: false }`
[INFO] running `Command { std: "docker" "exec" "-e" "SOURCE_DIR=/opt/rustwide/workdir" "-e" "CARGO_HOME=/opt/rustwide/cargo-home" "-e" "RUSTUP_HOME=/opt/rustwide/rustup-home" "-e" "CARGO_TARGET_DIR=/opt/rustwide/target" "-e" "CARGO_INCREMENTAL=0" "-e" "RUST_BACKTRACE=full" "-e" "RUSTFLAGS=--cap-lints=warn" "-e" "RUSTDOCFLAGS=--cap-lints=warn" "-w" "/opt/rustwide/workdir" "--user" "0:0" "7c628a5a8b36ad660da1a214fac554c72f3ded003e9f7968b33a33eb05a1e7d6" "/opt/rustwide/cargo-home/bin/cargo" "+1.99.0-beta.8" "test" "--frozen" "--release", kill_on_drop: false }`
[INFO] [stderr]     Finished `release` profile [optimized] target(s) in 0.02s
[INFO] [stderr]      Running unittests src/lib.rs (/opt/rustwide/target/release/deps/parameters_lib-241c4470a131f413)
[INFO] [stdout] 
[INFO] [stdout] running 9 tests
[INFO] [stdout] test parameters::tests_sub_string::test_substring1 ... ok
[INFO] [stdout] test parameters::tests_sub_string::test_substring2 ... ok
[INFO] [stdout] test parameters::tests_sub_string::test_substring4 ... ok
[INFO] [stdout] test parameters::tests_sub_string::test_substring3 ... ok
[INFO] [stdout] test parameters::tests_sub_string::basic_test ... ok
[INFO] [stdout] test parameters::tests_parameters::test_parameters_basic ... FAILED
[INFO] [stdout] test parameters::tests_parameters::test_parameters_environment ... FAILED
[INFO] [stdout] test parameters::tests_parameters::test_parameters_instance ... FAILED
[INFO] [stdout] test parameters::tests_parameters::test_parameters_single ... FAILED
[INFO] [stdout] 
[INFO] [stdout] failures:
[INFO] [stdout] 
[INFO] [stdout] ---- parameters::tests_parameters::test_parameters_basic stdout ----
[INFO] [stdout] 
[INFO] [stdout] thread 'parameters::tests_parameters::test_parameters_basic' (288) panicked at src/parameters.rs:208:13:
[INFO] [stdout] assertion `left == right` failed
[INFO] [stdout]   left: "DB_USER=user1"
[INFO] [stdout]  right: "DB_USER=@SYMF_DB_USER@"
[INFO] [stdout] stack backtrace:
[INFO] [stdout]    0:     0x602e252cde91 - <<std[70759c8f55707aa4]::sys::backtrace::BacktraceLock>::print::DisplayBacktrace as core[df12db4294e9bfd3]::fmt::Display>::fmt
[INFO] [stdout]    1:     0x602e252e3b5a - core[df12db4294e9bfd3]::fmt::write
[INFO] [stdout]    2:     0x602e252d24fc - <alloc[2182bb758b4b3781]::vec::Vec<u8> as core[df12db4294e9bfd3]::io::write::Write>::write_fmt
[INFO] [stdout]    3:     0x602e252a99f6 - std[70759c8f55707aa4]::panicking::default_hook::{closure#0}
[INFO] [stdout]    4:     0x602e252c5d49 - std[70759c8f55707aa4]::panicking::default_hook
[INFO] [stdout]    5:     0x602e2519c380 - test[9d35eded1c95d3be]::test_main_inner::<test[9d35eded1c95d3be]::test_main_static::{closure#0}>::{closure#0}
[INFO] [stdout]    6:     0x602e252c5f02 - std[70759c8f55707aa4]::panicking::panic_with_hook
[INFO] [stdout]    7:     0x602e252a9aa2 - std[70759c8f55707aa4]::panicking::panic_handler::{closure#0}
[INFO] [stdout]    8:     0x602e252a2699 - std[70759c8f55707aa4]::sys::backtrace::__rust_end_short_backtrace::<std[70759c8f55707aa4]::panicking::panic_handler::{closure#0}, !>
[INFO] [stdout]    9:     0x602e252aa69d - __rustc[8fa7c3cbc660c2b3]::rust_begin_unwind
[INFO] [stdout]   10:     0x602e252e433c - core[df12db4294e9bfd3]::panicking::panic_fmt
[INFO] [stdout]   11:     0x602e252e4253 - core[df12db4294e9bfd3]::panicking::assert_failed_inner
[INFO] [stdout]   12:     0x602e2517c8d8 - core[df12db4294e9bfd3]::panicking::assert_failed::<&str, alloc[2182bb758b4b3781]::string::String>
[INFO] [stdout]   13:     0x602e2517d0c5 - <parameters_lib[126cbfda8ea85952]::parameters::tests_parameters::test_parameters_basic::{closure#0} as core[df12db4294e9bfd3]::ops::function::FnOnce<()>>::call_once
[INFO] [stdout]   14:     0x602e2518f66b - test[9d35eded1c95d3be]::__rust_begin_short_backtrace::<core[df12db4294e9bfd3]::result::Result<(), alloc[2182bb758b4b3781]::string::String>, fn() -> core[df12db4294e9bfd3]::result::Result<(), alloc[2182bb758b4b3781]::string::String>>
[INFO] [stdout]   15:     0x602e2519ccd5 - test[9d35eded1c95d3be]::run_test::{closure#0}
[INFO] [stdout]   16:     0x602e25196594 - std[70759c8f55707aa4]::sys::backtrace::__rust_begin_short_backtrace::<test[9d35eded1c95d3be]::run_test::{closure#1}, ()>
[INFO] [stdout]   17:     0x602e2519fe32 - <std[70759c8f55707aa4]::thread::lifecycle::spawn_unchecked<test[9d35eded1c95d3be]::run_test::{closure#1}, ()>::{closure#1} as core[df12db4294e9bfd3]::ops::function::FnOnce<()>>::call_once::{shim:vtable#0}
[INFO] [stdout]   18:     0x602e252cd0d9 - <std[70759c8f55707aa4]::sys::thread::unix::Thread>::new::thread_start
[INFO] [stdout]   19:     0x7b347c5cedfa - <unknown>
[INFO] [stdout]   20:     0x7b347c6623d4 - clone
[INFO] [stdout]   21:                0x0 - <unknown>
[INFO] [stdout] 
[INFO] [stdout] ---- parameters::tests_parameters::test_parameters_environment stdout ----
[INFO] [stdout] 
[INFO] [stdout] thread 'parameters::tests_parameters::test_parameters_environment' (289) panicked at src/parameters.rs:241:13:
[INFO] [stdout] assertion `left == right` failed
[INFO] [stdout]   left: "DB_PASS=password2"
[INFO] [stdout]  right: "DB_PASS=@SYMF_DB_PASS@"
[INFO] [stdout] stack backtrace:
[INFO] [stdout]    0:     0x602e252cde91 - <<std[70759c8f55707aa4]::sys::backtrace::BacktraceLock>::print::DisplayBacktrace as core[df12db4294e9bfd3]::fmt::Display>::fmt
[INFO] [stdout]    1:     0x602e252e3b5a - core[df12db4294e9bfd3]::fmt::write
[INFO] [stdout]    2:     0x602e252d24fc - <alloc[2182bb758b4b3781]::vec::Vec<u8> as core[df12db4294e9bfd3]::io::write::Write>::write_fmt
[INFO] [stdout]    3:     0x602e252a99f6 - std[70759c8f55707aa4]::panicking::default_hook::{closure#0}
[INFO] [stdout]    4:     0x602e252c5d49 - std[70759c8f55707aa4]::panicking::default_hook
[INFO] [stdout]    5:     0x602e2519c380 - test[9d35eded1c95d3be]::test_main_inner::<test[9d35eded1c95d3be]::test_main_static::{closure#0}>::{closure#0}
[INFO] [stdout]    6:     0x602e252c5f02 - std[70759c8f55707aa4]::panicking::panic_with_hook
[INFO] [stdout]    7:     0x602e252a9aa2 - std[70759c8f55707aa4]::panicking::panic_handler::{closure#0}
[INFO] [stdout]    8:     0x602e252a2699 - std[70759c8f55707aa4]::sys::backtrace::__rust_end_short_backtrace::<std[70759c8f55707aa4]::panicking::panic_handler::{closure#0}, !>
[INFO] [stdout]    9:     0x602e252aa69d - __rustc[8fa7c3cbc660c2b3]::rust_begin_unwind
[INFO] [stdout]   10:     0x602e252e433c - core[df12db4294e9bfd3]::panicking::panic_fmt
[INFO] [stdout]   11:     0x602e252e4253 - core[df12db4294e9bfd3]::panicking::assert_failed_inner
[INFO] [stdout]   12:     0x602e2517c8d8 - core[df12db4294e9bfd3]::panicking::assert_failed::<&str, alloc[2182bb758b4b3781]::string::String>
[INFO] [stdout]   13:     0x602e2517e355 - <parameters_lib[126cbfda8ea85952]::parameters::tests_parameters::test_parameters_environment::{closure#0} as core[df12db4294e9bfd3]::ops::function::FnOnce<()>>::call_once
[INFO] [stdout]   14:     0x602e2518f66b - test[9d35eded1c95d3be]::__rust_begin_short_backtrace::<core[df12db4294e9bfd3]::result::Result<(), alloc[2182bb758b4b3781]::string::String>, fn() -> core[df12db4294e9bfd3]::result::Result<(), alloc[2182bb758b4b3781]::string::String>>
[INFO] [stdout]   15:     0x602e2519ccd5 - test[9d35eded1c95d3be]::run_test::{closure#0}
[INFO] [stdout]   16:     0x602e25196594 - std[70759c8f55707aa4]::sys::backtrace::__rust_begin_short_backtrace::<test[9d35eded1c95d3be]::run_test::{closure#1}, ()>
[INFO] [stdout]   17:     0x602e2519fe32 - <std[70759c8f55707aa4]::thread::lifecycle::spawn_unchecked<test[9d35eded1c95d3be]::run_test::{closure#1}, ()>::{closure#1} as core[df12db4294e9bfd3]::ops::function::FnOnce<()>>::call_once::{shim:vtable#0}
[INFO] [stdout]   18:     0x602e252cd0d9 - <std[70759c8f55707aa4]::sys::thread::unix::Thread>::new::thread_start
[INFO] [stdout]   19:     0x7b347c5cedfa - <unknown>
[INFO] [stdout]   20:     0x7b347c6623d4 - clone
[INFO] [stdout]   21:                0x0 - <unknown>
[INFO] [stdout] 
[INFO] [stdout] ---- parameters::tests_parameters::test_parameters_instance stdout ----
[INFO] [stdout] 
[INFO] [stdout] thread 'parameters::tests_parameters::test_parameters_instance' (290) panicked at src/parameters.rs:272:13:
[INFO] [stdout] assertion `left == right` failed
[INFO] [stdout]   left: "DB_PASS=password3"
[INFO] [stdout]  right: "DB_PASS=@SYMF_DB_PASS@"
[INFO] [stdout] stack backtrace:
[INFO] [stdout]    0:     0x602e252cde91 - <<std[70759c8f55707aa4]::sys::backtrace::BacktraceLock>::print::DisplayBacktrace as core[df12db4294e9bfd3]::fmt::Display>::fmt
[INFO] [stdout]    1:     0x602e252e3b5a - core[df12db4294e9bfd3]::fmt::write
[INFO] [stdout]    2:     0x602e252d24fc - <alloc[2182bb758b4b3781]::vec::Vec<u8> as core[df12db4294e9bfd3]::io::write::Write>::write_fmt
[INFO] [stdout]    3:     0x602e252a99f6 - std[70759c8f55707aa4]::panicking::default_hook::{closure#0}
[INFO] [stdout]    4:     0x602e252c5d49 - std[70759c8f55707aa4]::panicking::default_hook
[INFO] [stdout]    5:     0x602e2519c380 - test[9d35eded1c95d3be]::test_main_inner::<test[9d35eded1c95d3be]::test_main_static::{closure#0}>::{closure#0}
[INFO] [stdout]    6:     0x602e252c5f02 - std[70759c8f55707aa4]::panicking::panic_with_hook
[INFO] [stdout]    7:     0x602e252a9aa2 - std[70759c8f55707aa4]::panicking::panic_handler::{closure#0}
[INFO] [stdout]    8:     0x602e252a2699 - std[70759c8f55707aa4]::sys::backtrace::__rust_end_short_backtrace::<std[70759c8f55707aa4]::panicking::panic_handler::{closure#0}, !>
[INFO] [stdout]    9:     0x602e252aa69d - __rustc[8fa7c3cbc660c2b3]::rust_begin_unwind
[INFO] [stdout]   10:     0x602e252e433c - core[df12db4294e9bfd3]::panicking::panic_fmt
[INFO] [stdout]   11:     0x602e252e4253 - core[df12db4294e9bfd3]::panicking::assert_failed_inner
[INFO] [stdout]   12:     0x602e2517c8d8 - core[df12db4294e9bfd3]::panicking::assert_failed::<&str, alloc[2182bb758b4b3781]::string::String>
[INFO] [stderr] error: test failed, to rerun pass `--lib`
[INFO] [stdout]   13:     0x602e2517db6a - <parameters_lib[126cbfda8ea85952]::parameters::tests_parameters::test_parameters_instance::{closure#0} as core[df12db4294e9bfd3]::ops::function::FnOnce<()>>::call_once
[INFO] [stdout]   14:     0x602e2518f66b - test[9d35eded1c95d3be]::__rust_begin_short_backtrace::<core[df12db4294e9bfd3]::result::Result<(), alloc[2182bb758b4b3781]::string::String>, fn() -> core[df12db4294e9bfd3]::result::Result<(), alloc[2182bb758b4b3781]::string::String>>
[INFO] [stdout]   15:     0x602e2519ccd5 - test[9d35eded1c95d3be]::run_test::{closure#0}
[INFO] [stdout]   16:     0x602e25196594 - std[70759c8f55707aa4]::sys::backtrace::__rust_begin_short_backtrace::<test[9d35eded1c95d3be]::run_test::{closure#1}, ()>
[INFO] [stdout]   17:     0x602e2519fe32 - <std[70759c8f55707aa4]::thread::lifecycle::spawn_unchecked<test[9d35eded1c95d3be]::run_test::{closure#1}, ()>::{closure#1} as core[df12db4294e9bfd3]::ops::function::FnOnce<()>>::call_once::{shim:vtable#0}
[INFO] [stdout]   18:     0x602e252cd0d9 - <std[70759c8f55707aa4]::sys::thread::unix::Thread>::new::thread_start
[INFO] [stdout]   19:     0x7b347c5cedfa - <unknown>
[INFO] [stdout]   20:     0x7b347c6623d4 - clone
[INFO] [stdout]   21:                0x0 - <unknown>
[INFO] [stdout] 
[INFO] [stdout] ---- parameters::tests_parameters::test_parameters_single stdout ----
[INFO] [stdout] 
[INFO] [stdout] thread 'parameters::tests_parameters::test_parameters_single' (291) panicked at src/parameters.rs:173:9:
[INFO] [stdout] assertion `left == right` failed
[INFO] [stdout]   left: "DB_USER=_user1#"
[INFO] [stdout]  right: "DB_USER=_@SYMF_DB_USER@#"
[INFO] [stdout] stack backtrace:
[INFO] [stdout]    0:     0x602e252cde91 - <<std[70759c8f55707aa4]::sys::backtrace::BacktraceLock>::print::DisplayBacktrace as core[df12db4294e9bfd3]::fmt::Display>::fmt
[INFO] [stdout]    1:     0x602e252e3b5a - core[df12db4294e9bfd3]::fmt::write
[INFO] [stdout]    2:     0x602e252d24fc - <alloc[2182bb758b4b3781]::vec::Vec<u8> as core[df12db4294e9bfd3]::io::write::Write>::write_fmt
[INFO] [stdout]    3:     0x602e252a99f6 - std[70759c8f55707aa4]::panicking::default_hook::{closure#0}
[INFO] [stdout]    4:     0x602e252c5d49 - std[70759c8f55707aa4]::panicking::default_hook
[INFO] [stdout]    5:     0x602e2519c380 - test[9d35eded1c95d3be]::test_main_inner::<test[9d35eded1c95d3be]::test_main_static::{closure#0}>::{closure#0}
[INFO] [stdout]    6:     0x602e252c5f02 - std[70759c8f55707aa4]::panicking::panic_with_hook
[INFO] [stdout]    7:     0x602e252a9aa2 - std[70759c8f55707aa4]::panicking::panic_handler::{closure#0}
[INFO] [stdout]    8:     0x602e252a2699 - std[70759c8f55707aa4]::sys::backtrace::__rust_end_short_backtrace::<std[70759c8f55707aa4]::panicking::panic_handler::{closure#0}, !>
[INFO] [stdout]    9:     0x602e252aa69d - __rustc[8fa7c3cbc660c2b3]::rust_begin_unwind
[INFO] [stdout]   10:     0x602e252e433c - core[df12db4294e9bfd3]::panicking::panic_fmt
[INFO] [stdout]   11:     0x602e252e4253 - core[df12db4294e9bfd3]::panicking::assert_failed_inner
[INFO] [stdout]   12:     0x602e2517c8d8 - core[df12db4294e9bfd3]::panicking::assert_failed::<&str, alloc[2182bb758b4b3781]::string::String>
[INFO] [stdout]   13:     0x602e2517d36a - <parameters_lib[126cbfda8ea85952]::parameters::tests_parameters::test_parameters_single::{closure#0} as core[df12db4294e9bfd3]::ops::function::FnOnce<()>>::call_once
[INFO] [stdout]   14:     0x602e2518f66b - test[9d35eded1c95d3be]::__rust_begin_short_backtrace::<core[df12db4294e9bfd3]::result::Result<(), alloc[2182bb758b4b3781]::string::String>, fn() -> core[df12db4294e9bfd3]::result::Result<(), alloc[2182bb758b4b3781]::string::String>>
[INFO] [stdout]   15:     0x602e2519ccd5 - test[9d35eded1c95d3be]::run_test::{closure#0}
[INFO] [stdout]   16:     0x602e25196594 - std[70759c8f55707aa4]::sys::backtrace::__rust_begin_short_backtrace::<test[9d35eded1c95d3be]::run_test::{closure#1}, ()>
[INFO] [stdout]   17:     0x602e2519fe32 - <std[70759c8f55707aa4]::thread::lifecycle::spawn_unchecked<test[9d35eded1c95d3be]::run_test::{closure#1}, ()>::{closure#1} as core[df12db4294e9bfd3]::ops::function::FnOnce<()>>::call_once::{shim:vtable#0}
[INFO] [stdout]   18:     0x602e252cd0d9 - <std[70759c8f55707aa4]::sys::thread::unix::Thread>::new::thread_start
[INFO] [stdout]   19:     0x7b347c5cedfa - <unknown>
[INFO] [stdout]   20:     0x7b347c6623d4 - clone
[INFO] [stdout]   21:                0x0 - <unknown>
[INFO] [stdout] 
[INFO] [stdout] 
[INFO] [stdout] failures:
[INFO] [stdout]     parameters::tests_parameters::test_parameters_basic
[INFO] [stdout]     parameters::tests_parameters::test_parameters_environment
[INFO] [stdout]     parameters::tests_parameters::test_parameters_instance
[INFO] [stdout]     parameters::tests_parameters::test_parameters_single
[INFO] [stdout] 
[INFO] [stdout] test result: FAILED. 5 passed; 4 failed; 0 ignored; 0 measured; 0 filtered out; finished in 0.00s
[INFO] [stdout] 
[INFO] running `Command { std: "docker" "inspect" "7c628a5a8b36ad660da1a214fac554c72f3ded003e9f7968b33a33eb05a1e7d6", kill_on_drop: false }`
[INFO] running `Command { std: "docker" "rm" "-f" "7c628a5a8b36ad660da1a214fac554c72f3ded003e9f7968b33a33eb05a1e7d6", kill_on_drop: false }`
[INFO] [stdout] 7c628a5a8b36ad660da1a214fac554c72f3ded003e9f7968b33a33eb05a1e7d6
