[INFO] fetching crate papyrus-core 0.1.0...
[INFO] testing papyrus-core-0.1.0 against 1.100.0-beta.1+cargoflags=--release for beta-release-1.100-2
[INFO] extracting crate papyrus-core 0.1.0 into /workspace/builds/worker-6-tc2/source
[INFO] started tweaking crates.io crate papyrus-core 0.1.0
[INFO] removed 0 missing tests
[INFO] finished tweaking crates.io crate papyrus-core 0.1.0
[INFO] tweaked toml for crates.io crate papyrus-core 0.1.0 written to /workspace/builds/worker-6-tc2/source/Cargo.toml
[INFO] validating manifest of crates.io crate papyrus-core 0.1.0 on toolchain 1.100.0-beta.1
[INFO] running `Command { std: CARGO_HOME="/workspace/cargo-home" RUSTUP_HOME="/workspace/rustup-home" "/workspace/cargo-home/bin/cargo" "+1.100.0-beta.1" "metadata" "--manifest-path" "Cargo.toml" "--no-deps", kill_on_drop: false }`
[INFO] crate crates.io crate papyrus-core 0.1.0 already has a lockfile, it will not be regenerated
[INFO] running `Command { std: CARGO_HOME="/workspace/cargo-home" RUSTUP_HOME="/workspace/rustup-home" "/workspace/cargo-home/bin/cargo" "+1.100.0-beta.1" "fetch" "--manifest-path" "Cargo.toml", kill_on_drop: false }`
[INFO] running `Command { std: "docker" "create" "-v" "/var/lib/crater-agent-workspace/builds/worker-6-tc2/source:/opt/rustwide/workdir:ro,Z" "-v" "/var/lib/crater-agent-workspace/builds/worker-6-tc2/target:/opt/rustwide/target:rw,Z" "-v" "/var/lib/crater-agent-workspace/cargo-home:/opt/rustwide/cargo-home:ro,Z" "-v" "/var/lib/crater-agent-workspace/rustup-home:/opt/rustwide/rustup-home:ro,Z" "-m" "1610612736" "--network" "none" "ghcr.io/rust-lang/crates-build-env/linux@sha256:77db811e55d90add9212f6832c23229e3de5f1c1f9905e8cb07319ea15df73ac" "sleep" "infinity", kill_on_drop: false }`
[INFO] [stdout] 384fe56d65dec5dd1ec9a41e56a4d56297fc6b9382f868fb2ec6d4bf5f384167
[INFO] running `Command { std: "docker" "start" "384fe56d65dec5dd1ec9a41e56a4d56297fc6b9382f868fb2ec6d4bf5f384167", kill_on_drop: false }`
[INFO] running `Command { std: "docker" "inspect" "384fe56d65dec5dd1ec9a41e56a4d56297fc6b9382f868fb2ec6d4bf5f384167", kill_on_drop: false }`
[INFO] running `Command { std: "docker" "exec" "-e" "SOURCE_DIR=/opt/rustwide/workdir" "-e" "CARGO_HOME=/opt/rustwide/cargo-home" "-e" "RUSTUP_HOME=/opt/rustwide/rustup-home" "-e" "CARGO_TARGET_DIR=/opt/rustwide/target" "-w" "/opt/rustwide/workdir" "--user" "0:0" "384fe56d65dec5dd1ec9a41e56a4d56297fc6b9382f868fb2ec6d4bf5f384167" "/opt/rustwide/cargo-home/bin/cargo" "+1.100.0-beta.1" "metadata" "--no-deps" "--format-version=1", kill_on_drop: false }`
[INFO] running `Command { std: "docker" "inspect" "384fe56d65dec5dd1ec9a41e56a4d56297fc6b9382f868fb2ec6d4bf5f384167", kill_on_drop: false }`
[INFO] running `Command { std: "docker" "exec" "-e" "SOURCE_DIR=/opt/rustwide/workdir" "-e" "CARGO_HOME=/opt/rustwide/cargo-home" "-e" "RUSTUP_HOME=/opt/rustwide/rustup-home" "-e" "CARGO_TARGET_DIR=/opt/rustwide/target" "-e" "CARGO_INCREMENTAL=0" "-e" "RUST_BACKTRACE=full" "-e" "RUSTFLAGS=--cap-lints=warn" "-e" "RUSTDOCFLAGS=--cap-lints=warn" "-w" "/opt/rustwide/workdir" "--user" "0:0" "384fe56d65dec5dd1ec9a41e56a4d56297fc6b9382f868fb2ec6d4bf5f384167" "/opt/rustwide/cargo-home/bin/cargo" "+1.100.0-beta.1" "build" "--frozen" "--message-format=json" "--release", kill_on_drop: false }`
[INFO] [stderr]    Compiling typenum v1.19.0
[INFO] [stderr]    Compiling crc32fast v1.5.0
[INFO] [stderr]    Compiling powerfmt v0.2.0
[INFO] [stderr]    Compiling simd-adler32 v0.3.8
[INFO] [stderr]    Compiling minimal-lexical v0.2.1
[INFO] [stderr]    Compiling memchr v2.8.0
[INFO] [stderr]    Compiling num-traits v0.2.19
[INFO] [stderr]    Compiling num-conv v0.2.0
[INFO] [stderr]    Compiling time-core v0.1.8
[INFO] [stderr]    Compiling bytecount v0.6.9
[INFO] [stderr]    Compiling either v1.15.0
[INFO] [stderr]    Compiling hashbrown v0.16.1
[INFO] [stderr]    Compiling itoa v1.0.17
[INFO] [stderr]    Compiling syn v2.0.117
[INFO] [stderr]    Compiling encoding_rs v0.8.35
[INFO] [stderr]    Compiling weezl v0.1.12
[INFO] [stderr]    Compiling rangemap v1.7.1
[INFO] [stderr]    Compiling deranged v0.5.8
[INFO] [stderr]    Compiling miniz_oxide v0.8.9
[INFO] [stderr]    Compiling rayon v1.11.0
[INFO] [stderr]    Compiling flate2 v1.1.9
[INFO] [stderr]    Compiling nom v7.1.3
[INFO] [stderr]    Compiling generic-array v0.14.7
[INFO] [stderr]    Compiling chrono v0.4.44
[INFO] [stderr]    Compiling indexmap v2.13.0
[INFO] [stderr]    Compiling time v0.3.47
[INFO] [stderr]    Compiling crypto-common v0.1.7
[INFO] [stderr]    Compiling block-padding v0.3.3
[INFO] [stderr]    Compiling block-buffer v0.10.4
[INFO] [stderr]    Compiling inout v0.1.4
[INFO] [stderr]    Compiling digest v0.10.7
[INFO] [stderr]    Compiling cipher v0.4.4
[INFO] [stderr]    Compiling md-5 v0.10.6
[INFO] [stderr]    Compiling aes v0.8.4
[INFO] [stderr]    Compiling cbc v0.1.2
[INFO] [stderr]    Compiling nom_locate v4.2.0
[INFO] [stderr]    Compiling thiserror-impl v2.0.18
[INFO] [stderr]    Compiling thiserror v2.0.18
[INFO] [stderr]    Compiling lopdf v0.35.0
[INFO] [stderr]    Compiling papyrus-core v0.1.0 (/opt/rustwide/workdir)
[INFO] [stderr]     Finished `release` profile [optimized] target(s) in 29.55s
[INFO] running `Command { std: "docker" "inspect" "384fe56d65dec5dd1ec9a41e56a4d56297fc6b9382f868fb2ec6d4bf5f384167", kill_on_drop: false }`
[INFO] running `Command { std: "docker" "exec" "-e" "SOURCE_DIR=/opt/rustwide/workdir" "-e" "CARGO_HOME=/opt/rustwide/cargo-home" "-e" "RUSTUP_HOME=/opt/rustwide/rustup-home" "-e" "CARGO_TARGET_DIR=/opt/rustwide/target" "-e" "CARGO_INCREMENTAL=0" "-e" "RUST_BACKTRACE=full" "-e" "RUSTFLAGS=--cap-lints=warn" "-e" "RUSTDOCFLAGS=--cap-lints=warn" "-w" "/opt/rustwide/workdir" "--user" "0:0" "384fe56d65dec5dd1ec9a41e56a4d56297fc6b9382f868fb2ec6d4bf5f384167" "/opt/rustwide/cargo-home/bin/cargo" "+1.100.0-beta.1" "test" "--frozen" "--no-run" "--message-format=json" "--release", kill_on_drop: false }`
[INFO] [stderr]    Compiling memchr v2.8.0
[INFO] [stderr]    Compiling pulldown-cmark v0.10.3
[INFO] [stderr]    Compiling pulldown-cmark-escape v0.10.1
[INFO] [stderr]    Compiling serde_derive v1.0.228
[INFO] [stderr]    Compiling getopts v0.2.24
[INFO] [stderr]    Compiling unicase v2.9.0
[INFO] [stderr]    Compiling bitflags v2.11.0
[INFO] [stderr]    Compiling nom v7.1.3
[INFO] [stderr]    Compiling serde_json v1.0.149
[INFO] [stderr]    Compiling nom_locate v4.2.0
[INFO] [stderr]    Compiling lopdf v0.35.0
[INFO] [stderr]    Compiling serde v1.0.228
[INFO] [stderr]    Compiling papyrus-core v0.1.0 (/opt/rustwide/workdir)
[INFO] [stderr]     Finished `release` profile [optimized] target(s) in 26.99s
[INFO] running `Command { std: "docker" "inspect" "384fe56d65dec5dd1ec9a41e56a4d56297fc6b9382f868fb2ec6d4bf5f384167", kill_on_drop: false }`
[INFO] running `Command { std: "docker" "exec" "-e" "SOURCE_DIR=/opt/rustwide/workdir" "-e" "CARGO_HOME=/opt/rustwide/cargo-home" "-e" "RUSTUP_HOME=/opt/rustwide/rustup-home" "-e" "CARGO_TARGET_DIR=/opt/rustwide/target" "-e" "CARGO_INCREMENTAL=0" "-e" "RUST_BACKTRACE=full" "-e" "RUSTFLAGS=--cap-lints=warn" "-e" "RUSTDOCFLAGS=--cap-lints=warn" "-w" "/opt/rustwide/workdir" "--user" "0:0" "384fe56d65dec5dd1ec9a41e56a4d56297fc6b9382f868fb2ec6d4bf5f384167" "/opt/rustwide/cargo-home/bin/cargo" "+1.100.0-beta.1" "test" "--frozen" "--release", kill_on_drop: false }`
[INFO] [stderr]     Finished `release` profile [optimized] target(s) in 0.12s
[INFO] [stderr]      Running unittests src/lib.rs (/opt/rustwide/target/release/build/papyrus-core/b393cea9665a5930/out/papyrus_core-b393cea9665a5930)
[INFO] [stdout] 
[INFO] [stdout] running 69 tests
[INFO] [stdout] test detector::tests::compute_body_size_returns_default_on_empty_segments ... ok
[INFO] [stdout] test parser::tests::decode_pdf_string_empty_bytes ... ok
[INFO] [stdout] test ast::tests::raw_text_variant_round_trips ... ok
[INFO] [stdout] test parser::tests::decode_pdf_string_single_byte_not_utf16 ... ok
[INFO] [stdout] test parser::tests::decode_pdf_string_winansi_0x80_to_0x9f_range ... ok
[INFO] [stdout] test parser::tests::decode_pdf_string_utf16be_without_bom ... ok
[INFO] [stdout] test detector::tests::detect_formatting_falls_back_to_descriptor_metrics ... ok
[INFO] [stdout] test detector::tests::detect_headings_maps_ratios_to_levels_and_boundaries ... ok
[INFO] [stdout] test detector::tests::build_document_groups_consecutive_classification_and_preserves_spans ... ok
[INFO] [stdout] test parser::tests::get_text_state_or_default_with_tf_set_returns_current_state ... ok
[INFO] [stdout] test detector::tests::build_document_uses_raw_text_when_font_is_missing ... ok
[INFO] [stdout] test parser::tests::decode_pdf_string_utf16be_with_bom ... ok
[INFO] [stdout] test parser::tests::extract_text_segments_for_page_simple_returns_segments ... FAILED
[INFO] [stdout] test parser::tests::load_pdf_empty_bytes_returns_none_with_warning ... ok
[INFO] [stdout] test parser::tests::get_text_state_or_default_without_tf_returns_defaults_and_warns_once ... ok
[INFO] [stdout] test parser::tests::get_text_state_or_default_warned_resets_across_text_objects ... ok
[INFO] [stdout] test parser::tests::load_pdf_invalid_header_returns_none_with_warning ... ok
[INFO] [stdout] test parser::tests::load_pdf_corrupted_fixture_returns_none_with_warning ... FAILED
[INFO] [stdout] test parser::tests::load_pdf_valid_simple_fixture_returns_some ... FAILED
[INFO] [stdout] test parser::tests::parse_pdf_aggregates_warnings_in_stable_order ... FAILED
[INFO] [stdout] test parser::tests::parse_pdf_corrupted_fixture_returns_empty_with_warning ... FAILED
[INFO] [stdout] test parser::tests::parse_pdf_empty_bytes_returns_empty_with_warning ... ok
[INFO] [stdout] test parser::tests::parse_pdf_failed_load_returns_empty_with_warning ... ok
[INFO] [stdout] test parser::tests::parse_pdf_simple_returns_metadata_and_segments ... FAILED
[INFO] [stdout] test detector::tests::detect_formatting_reads_font_name_patterns_and_subset_prefix ... ok
[INFO] [stdout] test parser::tests::resolve_fonts_for_page_bold_italic_returns_bold_and_italic_fonts ... FAILED
[INFO] [stdout] test parser::tests::resolve_fonts_for_page_simple_returns_font_entries ... FAILED
[INFO] [stdout] test detector::tests::compute_body_size_uses_mode_with_smaller_tie_breaker ... ok
[INFO] [stdout] test parser::tests::strip_subset_prefix_leaves_empty_string ... ok
[INFO] [stdout] test parser::tests::strip_subset_prefix_leaves_lowercase_prefix ... ok
[INFO] [stdout] test parser::tests::strip_subset_prefix_leaves_mixed_case_prefix ... ok
[INFO] [stdout] test parser::tests::strip_subset_prefix_leaves_non_prefixed_name ... ok
[INFO] [stdout] test parser::tests::decode_pdf_string_winansi_ascii ... ok
[INFO] [stdout] test parser::tests::extract_text_segments_for_page_bold_italic_returns_different_fonts ... FAILED
[INFO] [stdout] test parser::tests::strip_subset_prefix_leaves_short_names ... ok
[INFO] [stdout] test parser::tests::strip_subset_prefix_strips_any_six_uppercase_letters ... ok
[INFO] [stdout] test parser::tests::extract_text_segments_for_page_font_size_comes_from_tf_state ... FAILED
[INFO] [stdout] test parser::tests::resolve_fonts_for_page_preserves_resource_names_as_keys ... FAILED
[INFO] [stdout] test parser::tests::extract_text_segments_for_page_preserves_operator_encounter_order ... FAILED
[INFO] [stdout] test parser::tests::parse_pdf_multi_page_has_1_based_page_numbers ... FAILED
[INFO] [stdout] test parser::tests::decode_pdf_string_winansi_high_latin_range ... ok
[INFO] [stdout] test parser::tests::decode_pdf_string_winansi_undefined_bytes_use_replacement ... ok
[INFO] [stdout] test parser::tests::strip_subset_prefix_strips_valid_prefix ... ok
[INFO] [stdout] test renderer::tests::render_node_empty_raw_text_produces_empty_string ... ok
[INFO] [stdout] test renderer::tests::render_node_heading_uses_hash_prefix_and_blank_line ... ok
[INFO] [stdout] test renderer::tests::render_document_has_single_trailing_newline_for_non_empty_docs ... ok
[INFO] [stdout] test renderer::tests::render_node_empty_heading_produces_empty_string ... ok
[INFO] [stdout] test ast::tests::conversion_result_keeps_warnings_and_raw_text ... ok
[INFO] [stdout] test renderer::tests::render_node_empty_paragraph_produces_empty_string ... ok
[INFO] [stdout] test renderer::tests::escape_text_leaves_safe_text_unchanged ... ok
[INFO] [stdout] test parser::tests::winansi_byte_to_char_ascii_range ... ok
[INFO] [stdout] test parser::tests::decode_utf16be_invalid_surrogate_uses_replacement ... ok
[INFO] [stdout] test parser::tests::decode_pdf_string_utf16be_with_non_ascii ... ok
[INFO] [stdout] test parser::tests::winansi_byte_to_char_high_latin_range ... ok
[INFO] [stdout] test parser::tests::winansi_byte_to_char_special_range ... ok
[INFO] [stdout] test renderer::tests::escape_text_escapes_all_commonmark_special_chars ... ok
[INFO] [stdout] test renderer::tests::escape_text_escapes_html_structural_chars ... ok
[INFO] [stdout] test renderer::tests::render_document_empty_doc_is_empty_string ... ok
[INFO] [stdout] test renderer::tests::render_document_skips_empty_nodes_cleanly ... ok
[INFO] [stdout] test renderer::tests::render_node_heading_level_clamping ... ok
[INFO] [stdout] test renderer::tests::render_node_paragraph_joins_spans_without_extra_spaces ... ok
[INFO] [stdout] test renderer::tests::render_span_plain_preserves_whitespace_for_inter_word_spacing ... ok
[INFO] [stdout] test renderer::tests::render_span_trims_surrounding_whitespace_before_applying_markers ... ok
[INFO] [stdout] test renderer::tests::render_node_raw_text_passthrough_appends_blank_line ... ok
[INFO] [stdout] test renderer::tests::render_span_drops_empty_formatted_output_but_preserves_spacing ... ok
[INFO] [stdout] test renderer::tests::render_span_escapes_html_chars_in_plain_and_formatted ... ok
[INFO] [stdout] test renderer::tests::render_span_supports_plain_bold_italic_and_bold_italic ... ok
[INFO] [stdout] test renderer::tests::render_span_escapes_inner_text_without_escaping_markers ... ok
[INFO] [stdout] test renderer::tests::render_spans_preserves_inter_word_space_from_formatted_whitespace_span ... ok
[INFO] [stdout] 
[INFO] [stdout] failures:
[INFO] [stdout] 
[INFO] [stdout] ---- parser::tests::extract_text_segments_for_page_simple_returns_segments stdout ----
[INFO] [stdout] 
[INFO] [stdout] thread 'parser::tests::extract_text_segments_for_page_simple_returns_segments' (1138) panicked at src/parser/mod.rs:675:33:
[INFO] [stdout] fixture simple.pdf must exist at "/opt/rustwide/tests/fixtures/simple.pdf": No such file or directory (os error 2)
[INFO] [stdout] stack backtrace:
[INFO] [stdout]    0:     0x628ffcf2e9c1 - <<std[617be2ca0a6fd877]::sys::backtrace::BacktraceLock>::print::DisplayBacktrace as core[a373ad73a504971]::fmt::Display>::fmt
[INFO] [stdout]    1:     0x628ffcf457ca - core[a373ad73a504971]::fmt::write
[INFO] [stdout]    2:     0x628ffcf32c2c - <alloc[2e1b2a31b91974c5]::vec::Vec<u8> as core[a373ad73a504971]::io::write::Write>::write_fmt
[INFO] [stdout]    3:     0x628ffcf0a656 - std[617be2ca0a6fd877]::panicking::default_hook::{closure#0}
[INFO] [stdout]    4:     0x628ffcf26bc9 - std[617be2ca0a6fd877]::panicking::default_hook
[INFO] [stdout]    5:     0x628ffcec2970 - test[aada8e7e76ba119b]::test_main_inner::{closure#0}
[INFO] [stdout]    6:     0x628ffcf26ef2 - std[617be2ca0a6fd877]::panicking::panic_with_hook
[INFO] [stdout]    7:     0x628ffcf0a702 - std[617be2ca0a6fd877]::panicking::panic_handler::{closure#0}
[INFO] [stdout]    8:     0x628ffcf03289 - std[617be2ca0a6fd877]::sys::backtrace::__rust_end_short_backtrace::<std[617be2ca0a6fd877]::panicking::panic_handler::{closure#0}, !>
[INFO] [stdout]    9:     0x628ffcf0b30d - __rustc[ea4f61d10b84890b]::rust_begin_unwind
[INFO] [stdout]   10:     0x628ffcf45efc - core[a373ad73a504971]::panicking::panic_fmt
[INFO] [stdout]   11:     0x628ffce4b62b - papyrus_core[7ee6518c0866ed18]::parser::tests::load_fixture::{closure#0}
[INFO] [stdout]   12:     0x628ffce4bb1f - papyrus_core[7ee6518c0866ed18]::parser::tests::load_fixture
[INFO] [stdout]   13:     0x628ffce4ef30 - <papyrus_core[7ee6518c0866ed18]::parser::tests::extract_text_segments_for_page_simple_returns_segments::{closure#0} as core[a373ad73a504971]::ops::function::FnOnce<()>>::call_once
[INFO] [stdout]   14:     0x628ffceb5dbb - test[aada8e7e76ba119b]::__rust_begin_short_backtrace::<core[a373ad73a504971]::result::Result<(), alloc[2e1b2a31b91974c5]::string::String>, fn() -> core[a373ad73a504971]::result::Result<(), alloc[2e1b2a31b91974c5]::string::String>>
[INFO] [stdout]   15:     0x628ffcec2f95 - test[aada8e7e76ba119b]::run_test::{closure#0}
[INFO] [stdout]   16:     0x628ffcebc884 - std[617be2ca0a6fd877]::sys::backtrace::__rust_begin_short_backtrace::<test[aada8e7e76ba119b]::run_test::{closure#1}, ()>
[INFO] [stdout]   17:     0x628ffcec6022 - <std[617be2ca0a6fd877]::thread::lifecycle::spawn_unchecked<test[aada8e7e76ba119b]::run_test::{closure#1}, ()>::{closure#1} as core[a373ad73a504971]::ops::function::FnOnce<()>>::call_once::{shim:vtable#0}
[INFO] [stdout]   18:     0x628ffcf2deff - <std[617be2ca0a6fd877]::sys::thread::unix::Thread>::new::thread_start
[INFO] [stdout]   19:     0x7cf8440badfa - <unknown>
[INFO] [stdout]   20:     0x7cf84414e3d4 - clone
[INFO] [stdout]   21:                0x0 - <unknown>
[INFO] [stdout] 
[INFO] [stdout] ---- parser::tests::load_pdf_corrupted_fixture_returns_none_with_warning stdout ----
[INFO] [stdout] 
[INFO] [stdout] thread 'parser::tests::load_pdf_corrupted_fixture_returns_none_with_warning' (1142) panicked at src/parser/mod.rs:642:33:
[INFO] [stdout] corrupted.pdf fixture must exist at "/opt/rustwide/tests/fixtures/corrupted.pdf": No such file or directory (os error 2)
[INFO] [stdout] stack backtrace:
[INFO] [stdout]    0:     0x628ffcf2e9c1 - <<std[617be2ca0a6fd877]::sys::backtrace::BacktraceLock>::print::DisplayBacktrace as core[a373ad73a504971]::fmt::Display>::fmt
[INFO] [stdout]    1:     0x628ffcf457ca - core[a373ad73a504971]::fmt::write
[INFO] [stdout]    2:     0x628ffcf32c2c - <alloc[2e1b2a31b91974c5]::vec::Vec<u8> as core[a373ad73a504971]::io::write::Write>::write_fmt
[INFO] [stdout]    3:     0x628ffcf0a656 - std[617be2ca0a6fd877]::panicking::default_hook::{closure#0}
[INFO] [stdout]    4:     0x628ffcf26bc9 - std[617be2ca0a6fd877]::panicking::default_hook
[INFO] [stdout]    5:     0x628ffcec2970 - test[aada8e7e76ba119b]::test_main_inner::{closure#0}
[INFO] [stdout]    6:     0x628ffcf26ef2 - std[617be2ca0a6fd877]::panicking::panic_with_hook
[INFO] [stdout]    7:     0x628ffcf0a702 - std[617be2ca0a6fd877]::panicking::panic_handler::{closure#0}
[INFO] [stdout]    8:     0x628ffcf03289 - std[617be2ca0a6fd877]::sys::backtrace::__rust_end_short_backtrace::<std[617be2ca0a6fd877]::panicking::panic_handler::{closure#0}, !>
[INFO] [stdout]    9:     0x628ffcf0b30d - __rustc[ea4f61d10b84890b]::rust_begin_unwind
[INFO] [stdout]   10:     0x628ffcf45efc - core[a373ad73a504971]::panicking::panic_fmt
[INFO] [stdout]   11:     0x628ffce4b74a - papyrus_core[7ee6518c0866ed18]::parser::tests::load_pdf_corrupted_fixture_returns_none_with_warning::{closure#0}
[INFO] [stdout]   12:     0x628ffce4ee93 - <papyrus_core[7ee6518c0866ed18]::parser::tests::load_pdf_corrupted_fixture_returns_none_with_warning::{closure#0} as core[a373ad73a504971]::ops::function::FnOnce<()>>::call_once
[INFO] [stdout]   13:     0x628ffceb5dbb - test[aada8e7e76ba119b]::__rust_begin_short_backtrace::<core[a373ad73a504971]::result::Result<(), alloc[2e1b2a31b91974c5]::string::String>, fn() -> core[a373ad73a504971]::result::Result<(), alloc[2e1b2a31b91974c5]::string::String>>
[INFO] [stdout]   14:     0x628ffcec2f95 - test[aada8e7e76ba119b]::run_test::{closure#0}
[INFO] [stdout]   15:     0x628ffcebc884 - std[617be2ca0a6fd877]::sys::backtrace::__rust_begin_short_backtrace::<test[aada8e7e76ba119b]::run_test::{closure#1}, ()>
[INFO] [stdout]   16:     0x628ffcec6022 - <std[617be2ca0a6fd877]::thread::lifecycle::spawn_unchecked<test[aada8e7e76ba119b]::run_test::{closure#1}, ()>::{closure#1} as core[a373ad73a504971]::ops::function::FnOnce<()>>::call_once::{shim:vtable#0}
[INFO] [stdout]   17:     0x628ffcf2deff - <std[617be2ca0a6fd877]::sys::thread::unix::Thread>::new::thread_start
[INFO] [stdout]   18:     0x7cf8440badfa - <unknown>
[INFO] [stdout]   19:     0x7cf84414e3d4 - clone
[INFO] [stdout]   20:                0x0 - <unknown>
[INFO] [stdout] 
[INFO] [stdout] ---- parser::tests::load_pdf_valid_simple_fixture_returns_some stdout ----
[INFO] [stdout] 
[INFO] [stdout] thread 'parser::tests::load_pdf_valid_simple_fixture_returns_some' (1145) panicked at src/parser/mod.rs:658:33:
[INFO] [stdout] simple.pdf fixture must exist at "/opt/rustwide/tests/fixtures/simple.pdf": No such file or directory (os error 2)
[INFO] [stdout] stack backtrace:
[INFO] [stdout]    0:     0x628ffcf2e9c1 - <<std[617be2ca0a6fd877]::sys::backtrace::BacktraceLock>::print::DisplayBacktrace as core[a373ad73a504971]::fmt::Display>::fmt
[INFO] [stdout]    1:     0x628ffcf457ca - core[a373ad73a504971]::fmt::write
[INFO] [stdout]    2:     0x628ffcf32c2c - <alloc[2e1b2a31b91974c5]::vec::Vec<u8> as core[a373ad73a504971]::io::write::Write>::write_fmt
[INFO] [stdout]    3:     0x628ffcf0a656 - std[617be2ca0a6fd877]::panicking::default_hook::{closure#0}
[INFO] [stdout]    4:     0x628ffcf26bc9 - std[617be2ca0a6fd877]::panicking::default_hook
[INFO] [stdout]    5:     0x628ffcec2970 - test[aada8e7e76ba119b]::test_main_inner::{closure#0}
[INFO] [stdout]    6:     0x628ffcf26ef2 - std[617be2ca0a6fd877]::panicking::panic_with_hook
[INFO] [stdout]    7:     0x628ffcf0a702 - std[617be2ca0a6fd877]::panicking::panic_handler::{closure#0}
[INFO] [stdout]    8:     0x628ffcf03289 - std[617be2ca0a6fd877]::sys::backtrace::__rust_end_short_backtrace::<std[617be2ca0a6fd877]::panicking::panic_handler::{closure#0}, !>
[INFO] [stdout]    9:     0x628ffcf0b30d - __rustc[ea4f61d10b84890b]::rust_begin_unwind
[INFO] [stdout]   10:     0x628ffcf45efc - core[a373ad73a504971]::panicking::panic_fmt
[INFO] [stdout]   11:     0x628ffce4b6ba - papyrus_core[7ee6518c0866ed18]::parser::tests::load_pdf_valid_simple_fixture_returns_some::{closure#0}
[INFO] [stdout]   12:     0x628ffce4cd1e - <papyrus_core[7ee6518c0866ed18]::parser::tests::load_pdf_valid_simple_fixture_returns_some::{closure#0} as core[a373ad73a504971]::ops::function::FnOnce<()>>::call_once
[INFO] [stdout]   13:     0x628ffceb5dbb - test[aada8e7e76ba119b]::__rust_begin_short_backtrace::<core[a373ad73a504971]::result::Result<(), alloc[2e1b2a31b91974c5]::string::String>, fn() -> core[a373ad73a504971]::result::Result<(), alloc[2e1b2a31b91974c5]::string::String>>
[INFO] [stdout]   14:     0x628ffcec2f95 - test[aada8e7e76ba119b]::run_test::{closure#0}
[INFO] [stdout]   15:     0x628ffcebc884 - std[617be2ca0a6fd877]::sys::backtrace::__rust_begin_short_backtrace::<test[aada8e7e76ba119b]::run_test::{closure#1}, ()>
[INFO] [stdout]   16:     0x628ffcec6022 - <std[617be2ca0a6fd877]::thread::lifecycle::spawn_unchecked<test[aada8e7e76ba119b]::run_test::{closure#1}, ()>::{closure#1} as core[a373ad73a504971]::ops::function::FnOnce<()>>::call_once::{shim:vtable#0}
[INFO] [stdout]   17:     0x628ffcf2deff - <std[617be2ca0a6fd877]::sys::thread::unix::Thread>::new::thread_start
[INFO] [stdout]   18:     0x7cf8440badfa - <unknown>
[INFO] [stdout]   19:     0x7cf84414e3d4 - clone
[INFO] [stdout]   20:                0x0 - <unknown>
[INFO] [stdout] 
[INFO] [stdout] ---- parser::tests::parse_pdf_aggregates_warnings_in_stable_order stdout ----
[INFO] [stdout] 
[INFO] [stdout] thread 'parser::tests::parse_pdf_aggregates_warnings_in_stable_order' (1146) panicked at src/parser/mod.rs:1017:42:
[INFO] [stdout] called `Result::unwrap()` on an `Err` value: Os { code: 2, kind: NotFound, message: "No such file or directory" }
[INFO] [stdout] stack backtrace:
[INFO] [stdout]    0:     0x628ffcf2e9c1 - <<std[617be2ca0a6fd877]::sys::backtrace::BacktraceLock>::print::DisplayBacktrace as core[a373ad73a504971]::fmt::Display>::fmt
[INFO] [stdout]    1:     0x628ffcf457ca - core[a373ad73a504971]::fmt::write
[INFO] [stdout]    2:     0x628ffcf32c2c - <alloc[2e1b2a31b91974c5]::vec::Vec<u8> as core[a373ad73a504971]::io::write::Write>::write_fmt
[INFO] [stdout]    3:     0x628ffcf0a656 - std[617be2ca0a6fd877]::panicking::default_hook::{closure#0}
[INFO] [stdout]    4:     0x628ffcf26bc9 - std[617be2ca0a6fd877]::panicking::default_hook
[INFO] [stdout]    5:     0x628ffcec2970 - test[aada8e7e76ba119b]::test_main_inner::{closure#0}
[INFO] [stdout]    6:     0x628ffcf26ef2 - std[617be2ca0a6fd877]::panicking::panic_with_hook
[INFO] [stdout]    7:     0x628ffcf0a702 - std[617be2ca0a6fd877]::panicking::panic_handler::{closure#0}
[INFO] [stdout]    8:     0x628ffcf03289 - std[617be2ca0a6fd877]::sys::backtrace::__rust_end_short_backtrace::<std[617be2ca0a6fd877]::panicking::panic_handler::{closure#0}, !>
[INFO] [stdout]    9:     0x628ffcf0b30d - __rustc[ea4f61d10b84890b]::rust_begin_unwind
[INFO] [stdout]   10:     0x628ffcf45efc - core[a373ad73a504971]::panicking::panic_fmt
[INFO] [stdout]   11:     0x628ffcf45cd2 - core[a373ad73a504971]::result::unwrap_failed
[INFO] [stdout]   12:     0x628ffce4d23c - <papyrus_core[7ee6518c0866ed18]::parser::tests::parse_pdf_aggregates_warnings_in_stable_order::{closure#0} as core[a373ad73a504971]::ops::function::FnOnce<()>>::call_once
[INFO] [stdout]   13:     0x628ffceb5dbb - test[aada8e7e76ba119b]::__rust_begin_short_backtrace::<core[a373ad73a504971]::result::Result<(), alloc[2e1b2a31b91974c5]::string::String>, fn() -> core[a373ad73a504971]::result::Result<(), alloc[2e1b2a31b91974c5]::string::String>>
[INFO] [stdout]   14:     0x628ffcec2f95 - test[aada8e7e76ba119b]::run_test::{closure#0}
[INFO] [stdout]   15:     0x628ffcebc884 - std[617be2ca0a6fd877]::sys::backtrace::__rust_begin_short_backtrace::<test[aada8e7e76ba119b]::run_test::{closure#1}, ()>
[INFO] [stdout]   16:     0x628ffcec6022 - <std[617be2ca0a6fd877]::thread::lifecycle::spawn_unchecked<test[aada8e7e76ba119b]::run_test::{closure#1}, ()>::{closure#1} as core[a373ad73a504971]::ops::function::FnOnce<()>>::call_once::{shim:vtable#0}
[INFO] [stdout]   17:     0x628ffcf2deff - <std[617be2ca0a6fd877]::sys::thread::unix::Thread>::new::thread_start
[INFO] [stdout]   18:     0x7cf8440badfa - <unknown>
[INFO] [stdout]   19:     0x7cf84414e3d4 - clone
[INFO] [stdout]   20:                0x0 - <unknown>
[INFO] [stdout] 
[INFO] [stdout] ---- parser::tests::parse_pdf_corrupted_fixture_returns_empty_with_warning stdout ----
[INFO] [stdout] 
[INFO] [stdout] thread 'parser::tests::parse_pdf_corrupted_fixture_returns_empty_with_warning' (1147) panicked at src/parser/mod.rs:973:42:
[INFO] [stdout] called `Result::unwrap()` on an `Err` value: Os { code: 2, kind: NotFound, message: "No such file or directory" }
[INFO] [stdout] stack backtrace:
[INFO] [stdout]    0:     0x628ffcf2e9c1 - <<std[617be2ca0a6fd877]::sys::backtrace::BacktraceLock>::print::DisplayBacktrace as core[a373ad73a504971]::fmt::Display>::fmt
[INFO] [stdout]    1:     0x628ffcf457ca - core[a373ad73a504971]::fmt::write
[INFO] [stdout]    2:     0x628ffcf32c2c - <alloc[2e1b2a31b91974c5]::vec::Vec<u8> as core[a373ad73a504971]::io::write::Write>::write_fmt
[INFO] [stdout]    3:     0x628ffcf0a656 - std[617be2ca0a6fd877]::panicking::default_hook::{closure#0}
[INFO] [stdout]    4:     0x628ffcf26bc9 - std[617be2ca0a6fd877]::panicking::default_hook
[INFO] [stdout]    5:     0x628ffcec2970 - test[aada8e7e76ba119b]::test_main_inner::{closure#0}
[INFO] [stdout]    6:     0x628ffcf26ef2 - std[617be2ca0a6fd877]::panicking::panic_with_hook
[INFO] [stdout]    7:     0x628ffcf0a702 - std[617be2ca0a6fd877]::panicking::panic_handler::{closure#0}
[INFO] [stdout]    8:     0x628ffcf03289 - std[617be2ca0a6fd877]::sys::backtrace::__rust_end_short_backtrace::<std[617be2ca0a6fd877]::panicking::panic_handler::{closure#0}, !>
[INFO] [stdout]    9:     0x628ffcf0b30d - __rustc[ea4f61d10b84890b]::rust_begin_unwind
[INFO] [stdout]   10:     0x628ffcf45efc - core[a373ad73a504971]::panicking::panic_fmt
[INFO] [stdout]   11:     0x628ffcf45cd2 - core[a373ad73a504971]::result::unwrap_failed
[INFO] [stdout]   12:     0x628ffce4f8e4 - <papyrus_core[7ee6518c0866ed18]::parser::tests::parse_pdf_corrupted_fixture_returns_empty_with_warning::{closure#0} as core[a373ad73a504971]::ops::function::FnOnce<()>>::call_once
[INFO] [stdout]   13:     0x628ffceb5dbb - test[aada8e7e76ba119b]::__rust_begin_short_backtrace::<core[a373ad73a504971]::result::Result<(), alloc[2e1b2a31b91974c5]::string::String>, fn() -> core[a373ad73a504971]::result::Result<(), alloc[2e1b2a31b91974c5]::string::String>>
[INFO] [stdout]   14:     0x628ffcec2f95 - test[aada8e7e76ba119b]::run_test::{closure#0}
[INFO] [stdout]   15:     0x628ffcebc884 - std[617be2ca0a6fd877]::sys::backtrace::__rust_begin_short_backtrace::<test[aada8e7e76ba119b]::run_test::{closure#1}, ()>
[INFO] [stdout]   16:     0x628ffcec6022 - <std[617be2ca0a6fd877]::thread::lifecycle::spawn_unchecked<test[aada8e7e76ba119b]::run_test::{closure#1}, ()>::{closure#1} as core[a373ad73a504971]::ops::function::FnOnce<()>>::call_once::{shim:vtable#0}
[INFO] [stdout]   17:     0x628ffcf2deff - <std[617be2ca0a6fd877]::sys::thread::unix::Thread>::new::thread_start
[INFO] [stdout]   18:     0x7cf8440badfa - <unknown>
[INFO] [stdout]   19:     0x7cf84414e3d4 - clone
[INFO] [stdout]   20:                0x0 - <unknown>
[INFO] [stdout] 
[INFO] [stdout] ---- parser::tests::parse_pdf_simple_returns_metadata_and_segments stdout ----
[INFO] [stdout] 
[INFO] [stdout] thread 'parser::tests::parse_pdf_simple_returns_metadata_and_segments' (1151) panicked at src/parser/mod.rs:903:42:
[INFO] [stdout] called `Result::unwrap()` on an `Err` value: Os { code: 2, kind: NotFound, message: "No such file or directory" }
[INFO] [stdout] stack backtrace:
[INFO] [stdout]    0:     0x628ffcf2e9c1 - <<std[617be2ca0a6fd877]::sys::backtrace::BacktraceLock>::print::DisplayBacktrace as core[a373ad73a504971]::fmt::Display>::fmt
[INFO] [stdout]    1:     0x628ffcf457ca - core[a373ad73a504971]::fmt::write
[INFO] [stdout]    2:     0x628ffcf32c2c - <alloc[2e1b2a31b91974c5]::vec::Vec<u8> as core[a373ad73a504971]::io::write::Write>::write_fmt
[INFO] [stdout]    3:     0x628ffcf0a656 - std[617be2ca0a6fd877]::panicking::default_hook::{closure#0}
[INFO] [stdout]    4:     0x628ffcf26bc9 - std[617be2ca0a6fd877]::panicking::default_hook
[INFO] [stdout]    5:     0x628ffcec2970 - test[aada8e7e76ba119b]::test_main_inner::{closure#0}
[INFO] [stdout]    6:     0x628ffcf26ef2 - std[617be2ca0a6fd877]::panicking::panic_with_hook
[INFO] [stdout]    7:     0x628ffcf0a702 - std[617be2ca0a6fd877]::panicking::panic_handler::{closure#0}
[INFO] [stdout]    8:     0x628ffcf03289 - std[617be2ca0a6fd877]::sys::backtrace::__rust_end_short_backtrace::<std[617be2ca0a6fd877]::panicking::panic_handler::{closure#0}, !>
[INFO] [stdout]    9:     0x628ffcf0b30d - __rustc[ea4f61d10b84890b]::rust_begin_unwind
[INFO] [stdout]   10:     0x628ffcf45efc - core[a373ad73a504971]::panicking::panic_fmt
[INFO] [stdout]   11:     0x628ffcf45cd2 - core[a373ad73a504971]::result::unwrap_failed
[INFO] [stdout]   12:     0x628ffce4e038 - <papyrus_core[7ee6518c0866ed18]::parser::tests::parse_pdf_simple_returns_metadata_and_segments::{closure#0} as core[a373ad73a504971]::ops::function::FnOnce<()>>::call_once
[INFO] [stdout]   13:     0x628ffceb5dbb - test[aada8e7e76ba119b]::__rust_begin_short_backtrace::<core[a373ad73a504971]::result::Result<(), alloc[2e1b2a31b91974c5]::string::String>, fn() -> core[a373ad73a504971]::result::Result<(), alloc[2e1b2a31b91974c5]::string::String>>
[INFO] [stdout]   14:     0x628ffcec2f95 - test[aada8e7e76ba119b]::run_test::{closure#0}
[INFO] [stdout]   15:     0x628ffcebc884 - std[617be2ca0a6fd877]::sys::backtrace::__rust_begin_short_backtrace::<test[aada8e7e76ba119b]::run_test::{closure#1}, ()>
[INFO] [stdout]   16:     0x628ffcec6022 - <std[617be2ca0a6fd877]::thread::lifecycle::spawn_unchecked<test[aada8e7e76ba119b]::run_test::{closure#1}, ()>::{closure#1} as core[a373ad73a504971]::ops::function::FnOnce<()>>::call_once::{shim:vtable#0}
[INFO] [stdout]   17:     0x628ffcf2deff - <std[617be2ca0a6fd877]::sys::thread::unix::Thread>::new::thread_start
[INFO] [stdout]   18:     0x7cf8440badfa - <unknown>
[INFO] [stdout]   19:     0x7cf84414e3d4 - clone
[INFO] [stdout]   20:                0x0 - <unknown>
[INFO] [stdout] 
[INFO] [stdout] ---- parser::tests::resolve_fonts_for_page_bold_italic_returns_bold_and_italic_fonts stdout ----
[INFO] [stdout] 
[INFO] [stdout] thread 'parser::tests::resolve_fonts_for_page_bold_italic_returns_bold_and_italic_fonts' (1152) panicked at src/parser/mod.rs:675:33:
[INFO] [stdout] fixture bold-italic.pdf must exist at "/opt/rustwide/tests/fixtures/bold-italic.pdf": No such file or directory (os error 2)
[INFO] [stdout] stack backtrace:
[INFO] [stdout]    0:     0x628ffcf2e9c1 - <<std[617be2ca0a6fd877]::sys::backtrace::BacktraceLock>::print::DisplayBacktrace as core[a373ad73a504971]::fmt::Display>::fmt
[INFO] [stdout]    1:     0x628ffcf457ca - core[a373ad73a504971]::fmt::write
[INFO] [stdout]    2:     0x628ffcf32c2c - <alloc[2e1b2a31b91974c5]::vec::Vec<u8> as core[a373ad73a504971]::io::write::Write>::write_fmt
[INFO] [stdout]    3:     0x628ffcf0a656 - std[617be2ca0a6fd877]::panicking::default_hook::{closure#0}
[INFO] [stdout]    4:     0x628ffcf26bc9 - std[617be2ca0a6fd877]::panicking::default_hook
[INFO] [stdout]    5:     0x628ffcec2970 - test[aada8e7e76ba119b]::test_main_inner::{closure#0}
[INFO] [stdout]    6:     0x628ffcf26ef2 - std[617be2ca0a6fd877]::panicking::panic_with_hook
[INFO] [stdout]    7:     0x628ffcf0a702 - std[617be2ca0a6fd877]::panicking::panic_handler::{closure#0}
[INFO] [stdout]    8:     0x628ffcf03289 - std[617be2ca0a6fd877]::sys::backtrace::__rust_end_short_backtrace::<std[617be2ca0a6fd877]::panicking::panic_handler::{closure#0}, !>
[INFO] [stdout]    9:     0x628ffcf0b30d - __rustc[ea4f61d10b84890b]::rust_begin_unwind
[INFO] [stdout]   10:     0x628ffcf45efc - core[a373ad73a504971]::panicking::panic_fmt
[INFO] [stdout]   11:     0x628ffce4b62b - papyrus_core[7ee6518c0866ed18]::parser::tests::load_fixture::{closure#0}
[INFO] [stdout]   12:     0x628ffce4bb1f - papyrus_core[7ee6518c0866ed18]::parser::tests::load_fixture
[INFO] [stdout]   13:     0x628ffce504b0 - <papyrus_core[7ee6518c0866ed18]::parser::tests::resolve_fonts_for_page_bold_italic_returns_bold_and_italic_fonts::{closure#0} as core[a373ad73a504971]::ops::function::FnOnce<()>>::call_once
[INFO] [stdout]   14:     0x628ffceb5dbb - test[aada8e7e76ba119b]::__rust_begin_short_backtrace::<core[a373ad73a504971]::result::Result<(), alloc[2e1b2a31b91974c5]::string::String>, fn() -> core[a373ad73a504971]::result::Result<(), alloc[2e1b2a31b91974c5]::string::String>>
[INFO] [stdout]   15:     0x628ffcec2f95 - test[aada8e7e76ba119b]::run_test::{closure#0}
[INFO] [stdout]   16:     0x628ffcebc884 - std[617be2ca0a6fd877]::sys::backtrace::__rust_begin_short_backtrace::<test[aada8e7e76ba119b]::run_test::{closure#1}, ()>
[INFO] [stdout]   17:     0x628ffcec6022 - <std[617be2ca0a6fd877]::thread::lifecycle::spawn_unchecked<test[aada8e7e76ba119b]::run_test::{closure#1}, ()>::{closure#1} as core[a373ad73a504971]::ops::function::FnOnce<()>>::call_once::{shim:vtable#0}
[INFO] [stdout]   18:     0x628ffcf2deff - <std[617be2ca0a6fd877]::sys::thread::unix::Thread>::new::thread_start
[INFO] [stdout]   19:     0x7cf8440badfa - <unknown>
[INFO] [stdout]   20:     0x7cf84414e3d4 - clone
[INFO] [stdout]   21:                0x0 - <unknown>
[INFO] [stdout] 
[INFO] [stdout] ---- parser::tests::resolve_fonts_for_page_simple_returns_font_entries stdout ----
[INFO] [stdout] 
[INFO] [stdout] thread 'parser::tests::resolve_fonts_for_page_simple_returns_font_entries' (1154) panicked at src/parser/mod.rs:675:33:
[INFO] [stdout] fixture simple.pdf must exist at "/opt/rustwide/tests/fixtures/simple.pdf": No such file or directory (os error 2)
[INFO] [stdout] stack backtrace:
[INFO] [stdout]    0:     0x628ffcf2e9c1 - <<std[617be2ca0a6fd877]::sys::backtrace::BacktraceLock>::print::DisplayBacktrace as core[a373ad73a504971]::fmt::Display>::fmt
[INFO] [stdout]    1:     0x628ffcf457ca - core[a373ad73a504971]::fmt::write
[INFO] [stdout]    2:     0x628ffcf32c2c - <alloc[2e1b2a31b91974c5]::vec::Vec<u8> as core[a373ad73a504971]::io::write::Write>::write_fmt
[INFO] [stdout]    3:     0x628ffcf0a656 - std[617be2ca0a6fd877]::panicking::default_hook::{closure#0}
[INFO] [stdout]    4:     0x628ffcf26bc9 - std[617be2ca0a6fd877]::panicking::default_hook
[INFO] [stdout]    5:     0x628ffcec2970 - test[aada8e7e76ba119b]::test_main_inner::{closure#0}
[INFO] [stdout]    6:     0x628ffcf26ef2 - std[617be2ca0a6fd877]::panicking::panic_with_hook
[INFO] [stdout]    7:     0x628ffcf0a702 - std[617be2ca0a6fd877]::panicking::panic_handler::{closure#0}
[INFO] [stdout]    8:     0x628ffcf03289 - std[617be2ca0a6fd877]::sys::backtrace::__rust_end_short_backtrace::<std[617be2ca0a6fd877]::panicking::panic_handler::{closure#0}, !>
[INFO] [stdout]    9:     0x628ffcf0b30d - __rustc[ea4f61d10b84890b]::rust_begin_unwind
[INFO] [stdout]   10:     0x628ffcf45efc - core[a373ad73a504971]::panicking::panic_fmt
[INFO] [stdout]   11:     0x628ffce4b62b - papyrus_core[7ee6518c0866ed18]::parser::tests::load_fixture::{closure#0}
[INFO] [stdout]   12:     0x628ffce4bb1f - papyrus_core[7ee6518c0866ed18]::parser::tests::load_fixture
[INFO] [stdout]   13:     0x628ffce4ea00 - <papyrus_core[7ee6518c0866ed18]::parser::tests::resolve_fonts_for_page_simple_returns_font_entries::{closure#0} as core[a373ad73a504971]::ops::function::FnOnce<()>>::call_once
[INFO] [stdout]   14:     0x628ffceb5dbb - test[aada8e7e76ba119b]::__rust_begin_short_backtrace::<core[a373ad73a504971]::result::Result<(), alloc[2e1b2a31b91974c5]::string::String>, fn() -> core[a373ad73a504971]::result::Result<(), alloc[2e1b2a31b91974c5]::string::String>>
[INFO] [stdout]   15:     0x628ffcec2f95 - test[aada8e7e76ba119b]::run_test::{closure#0}
[INFO] [stdout]   16:     0x628ffcebc884 - std[617be2ca0a6fd877]::sys::backtrace::__rust_begin_short_backtrace::<test[aada8e7e76ba119b]::run_test::{closure#1}, ()>
[INFO] [stdout]   17:     0x628ffcec6022 - <std[617be2ca0a6fd877]::thread::lifecycle::spawn_unchecked<test[aada8e7e76ba119b]::run_test::{closure#1}, ()>::{closure#1} as core[a373ad73a504971]::ops::function::FnOnce<()>>::call_once::{shim:vtable#0}
[INFO] [stdout]   18:     0x628ffcf2deff - <std[617be2ca0a6fd877]::sys::thread::unix::Thread>::new::thread_start
[INFO] [stdout]   19:     0x7cf8440badfa - <unknown>
[INFO] [stdout]   20:     0x7cf84414e3d4 - clone
[INFO] [stdout]   21:                0x0 - <unknown>
[INFO] [stdout] 
[INFO] [stdout] ---- parser::tests::extract_text_segments_for_page_bold_italic_returns_different_fonts stdout ----
[INFO] [stdout] 
[INFO] [stdout] thread 'parser::tests::extract_text_segments_for_page_bold_italic_returns_different_fonts' (1135) panicked at src/parser/mod.rs:675:33:
[INFO] [stdout] fixture bold-italic.pdf must exist at "/opt/rustwide/tests/fixtures/bold-italic.pdf": No such file or directory (os error 2)
[INFO] [stdout] stack backtrace:
[INFO] [stdout]    0:     0x628ffcf2e9c1 - <<std[617be2ca0a6fd877]::sys::backtrace::BacktraceLock>::print::DisplayBacktrace as core[a373ad73a504971]::fmt::Display>::fmt
[INFO] [stdout]    1:     0x628ffcf457ca - core[a373ad73a504971]::fmt::write
[INFO] [stdout]    2:     0x628ffcf32c2c - <alloc[2e1b2a31b91974c5]::vec::Vec<u8> as core[a373ad73a504971]::io::write::Write>::write_fmt
[INFO] [stdout]    3:     0x628ffcf0a656 - std[617be2ca0a6fd877]::panicking::default_hook::{closure#0}
[INFO] [stdout]    4:     0x628ffcf26bc9 - std[617be2ca0a6fd877]::panicking::default_hook
[INFO] [stdout]    5:     0x628ffcec2970 - test[aada8e7e76ba119b]::test_main_inner::{closure#0}
[INFO] [stdout]    6:     0x628ffcf26ef2 - std[617be2ca0a6fd877]::panicking::panic_with_hook
[INFO] [stdout]    7:     0x628ffcf0a702 - std[617be2ca0a6fd877]::panicking::panic_handler::{closure#0}
[INFO] [stdout]    8:     0x628ffcf03289 - std[617be2ca0a6fd877]::sys::backtrace::__rust_end_short_backtrace::<std[617be2ca0a6fd877]::panicking::panic_handler::{closure#0}, !>
[INFO] [stdout]    9:     0x628ffcf0b30d - __rustc[ea4f61d10b84890b]::rust_begin_unwind
[INFO] [stdout]   10:     0x628ffcf45efc - core[a373ad73a504971]::panicking::panic_fmt
[INFO] [stdout]   11:     0x628ffce4b62b - papyrus_core[7ee6518c0866ed18]::parser::tests::load_fixture::{closure#0}
[INFO] [stdout]   12:     0x628ffce4bb1f - papyrus_core[7ee6518c0866ed18]::parser::tests::load_fixture
[INFO] [stdout]   13:     0x628ffce50d60 - <papyrus_core[7ee6518c0866ed18]::parser::tests::extract_text_segments_for_page_bold_italic_returns_different_fonts::{closure#0} as core[a373ad73a504971]::ops::function::FnOnce<()>>::call_once
[INFO] [stdout]   14:     0x628ffceb5dbb - test[aada8e7e76ba119b]::__rust_begin_short_backtrace::<core[a373ad73a504971]::result::Result<(), alloc[2e1b2a31b91974c5]::string::String>, fn() -> core[a373ad73a504971]::result::Result<(), alloc[2e1b2a31b91974c5]::string::String>>
[INFO] [stdout]   15:     0x628ffcec2f95 - test[aada8e7e76ba119b]::run_test::{closure#0}
[INFO] [stdout]   16:     0x628ffcebc884 - std[617be2ca0a6fd877]::sys::backtrace::__rust_begin_short_backtrace::<test[aada8e7e76ba119b]::run_test::{closure#1}, ()>
[INFO] [stdout]   17:     0x628ffcec6022 - <std[617be2ca0a6fd877]::thread::lifecycle::spawn_unchecked<test[aada8e7e76ba119b]::run_test::{closure#1}, ()>::{closure#1} as core[a373ad73a504971]::ops::function::FnOnce<()>>::call_once::{shim:vtable#0}
[INFO] [stdout]   18:     0x628ffcf2deff - <std[617be2ca0a6fd877]::sys::thread::unix::Thread>::new::thread_start
[INFO] [stdout]   19:     0x7cf8440badfa - <unknown>
[INFO] [stdout]   20:     0x7cf84414e3d4 - clone
[INFO] [stdout]   21:                0x0 - <unknown>
[INFO] [stdout] 
[INFO] [stdout] ---- parser::tests::extract_text_segments_for_page_font_size_comes_from_tf_state stdout ----
[INFO] [stdout] 
[INFO] [stdout] thread 'parser::tests::extract_text_segments_for_page_font_size_comes_from_tf_state' (1136) panicked at src/parser/mod.rs:675:33:
[INFO] [stdout] fixture simple.pdf must exist at "/opt/rustwide/tests/fixtures/simple.pdf": No such file or directory (os error 2)
[INFO] [stdout] stack backtrace:
[INFO] [stdout]    0:     0x628ffcf2e9c1 - <<std[617be2ca0a6fd877]::sys::backtrace::BacktraceLock>::print::DisplayBacktrace as core[a373ad73a504971]::fmt::Display>::fmt
[INFO] [stdout]    1:     0x628ffcf457ca - core[a373ad73a504971]::fmt::write
[INFO] [stdout]    2:     0x628ffcf32c2c - <alloc[2e1b2a31b91974c5]::vec::Vec<u8> as core[a373ad73a504971]::io::write::Write>::write_fmt
[INFO] [stdout]    3:     0x628ffcf0a656 - std[617be2ca0a6fd877]::panicking::default_hook::{closure#0}
[INFO] [stdout]    4:     0x628ffcf26bc9 - std[617be2ca0a6fd877]::panicking::default_hook
[INFO] [stdout]    5:     0x628ffcec2970 - test[aada8e7e76ba119b]::test_main_inner::{closure#0}
[INFO] [stdout]    6:     0x628ffcf26ef2 - std[617be2ca0a6fd877]::panicking::panic_with_hook
[INFO] [stdout]    7:     0x628ffcf0a702 - std[617be2ca0a6fd877]::panicking::panic_handler::{closure#0}
[INFO] [stdout]    8:     0x628ffcf03289 - std[617be2ca0a6fd877]::sys::backtrace::__rust_end_short_backtrace::<std[617be2ca0a6fd877]::panicking::panic_handler::{closure#0}, !>
[INFO] [stdout]    9:     0x628ffcf0b30d - __rustc[ea4f61d10b84890b]::rust_begin_unwind
[INFO] [stdout]   10:     0x628ffcf45efc - core[a373ad73a504971]::panicking::panic_fmt
[INFO] [stdout]   11:     0x628ffce4b62b - papyrus_core[7ee6518c0866ed18]::parser::tests::load_fixture::{closure#0}
[INFO] [stdout]   12:     0x628ffce4bb1f - papyrus_core[7ee6518c0866ed18]::parser::tests::load_fixture
[INFO] [stdout]   13:     0x628ffce500ff - <papyrus_core[7ee6518c0866ed18]::parser::tests::extract_text_segments_for_page_font_size_comes_from_tf_state::{closure#0} as core[a373ad73a504971]::ops::function::FnOnce<()>>::call_once
[INFO] [stdout]   14:     0x628ffceb5dbb - test[aada8e7e76ba119b]::__rust_begin_short_backtrace::<core[a373ad73a504971]::result::Result<(), alloc[2e1b2a31b91974c5]::string::String>, fn() -> core[a373ad73a504971]::result::Result<(), alloc[2e1b2a31b91974c5]::string::String>>
[INFO] [stdout]   15:     0x628ffcec2f95 - test[aada8e7e76ba119b]::run_test::{closure#0}
[INFO] [stdout]   16:     0x628ffcebc884 - std[617be2ca0a6fd877]::sys::backtrace::__rust_begin_short_backtrace::<test[aada8e7e76ba119b]::run_test::{closure#1}, ()>
[INFO] [stdout]   17:     0x628ffcec6022 - <std[617be2ca0a6fd877]::thread::lifecycle::spawn_unchecked<test[aada8e7e76ba119b]::run_test::{closure#1}, ()>::{closure#1} as core[a373ad73a504971]::ops::function::FnOnce<()>>::call_once::{shim:vtable#0}
[INFO] [stdout]   18:     0x628ffcf2deff - <std[617be2ca0a6fd877]::sys::thread::unix::Thread>::new::thread_start
[INFO] [stdout]   19:     0x7cf8440badfa - <unknown>
[INFO] [stdout]   20:     0x7cf84414e3d4 - clone
[INFO] [stdout]   21:                0x0 - <unknown>
[INFO] [stdout] 
[INFO] [stdout] ---- parser::tests::resolve_fonts_for_page_preserves_resource_names_as_keys stdout ----
[INFO] [stdout] 
[INFO] [stdout] thread 'parser::tests::resolve_fonts_for_page_preserves_resource_names_as_keys' (1153) panicked at src/parser/mod.rs:675:33:
[INFO] [stdout] fixture simple.pdf must exist at "/opt/rustwide/tests/fixtures/simple.pdf": No such file or directory (os error 2)
[INFO] [stdout] stack backtrace:
[INFO] [stdout]    0:     0x628ffcf2e9c1 - <<std[617be2ca0a6fd877]::sys::backtrace::BacktraceLock>::print::DisplayBacktrace as core[a373ad73a504971]::fmt::Display>::fmt
[INFO] [stdout]    1:     0x628ffcf457ca - core[a373ad73a504971]::fmt::write
[INFO] [stdout]    2:     0x628ffcf32c2c - <alloc[2e1b2a31b91974c5]::vec::Vec<u8> as core[a373ad73a504971]::io::write::Write>::write_fmt
[INFO] [stdout]    3:     0x628ffcf0a656 - std[617be2ca0a6fd877]::panicking::default_hook::{closure#0}
[INFO] [stdout]    4:     0x628ffcf26bc9 - std[617be2ca0a6fd877]::panicking::default_hook
[INFO] [stdout]    5:     0x628ffcec2970 - test[aada8e7e76ba119b]::test_main_inner::{closure#0}
[INFO] [stdout]    6:     0x628ffcf26ef2 - std[617be2ca0a6fd877]::panicking::panic_with_hook
[INFO] [stdout]    7:     0x628ffcf0a702 - std[617be2ca0a6fd877]::panicking::panic_handler::{closure#0}
[INFO] [stdout]    8:     0x628ffcf03289 - std[617be2ca0a6fd877]::sys::backtrace::__rust_end_short_backtrace::<std[617be2ca0a6fd877]::panicking::panic_handler::{closure#0}, !>
[INFO] [stdout]    9:     0x628ffcf0b30d - __rustc[ea4f61d10b84890b]::rust_begin_unwind
[INFO] [stdout]   10:     0x628ffcf45efc - core[a373ad73a504971]::panicking::panic_fmt
[INFO] [stdout]   11:     0x628ffce4b62b - papyrus_core[7ee6518c0866ed18]::parser::tests::load_fixture::{closure#0}
[INFO] [stdout]   12:     0x628ffce4bb1f - papyrus_core[7ee6518c0866ed18]::parser::tests::load_fixture
[INFO] [stdout]   13:     0x628ffce4fa3c - <papyrus_core[7ee6518c0866ed18]::parser::tests::resolve_fonts_for_page_preserves_resource_names_as_keys::{closure#0} as core[a373ad73a504971]::ops::function::FnOnce<()>>::call_once
[INFO] [stdout]   14:     0x628ffceb5dbb - test[aada8e7e76ba119b]::__rust_begin_short_backtrace::<core[a373ad73a504971]::result::Result<(), alloc[2e1b2a31b91974c5]::string::String>, fn() -> core[a373ad73a504971]::result::Result<(), alloc[2e1b2a31b91974c5]::string::String>>
[INFO] [stdout]   15:     0x628ffcec2f95 - test[aada8e7e76ba119b]::run_test::{closure#0}
[INFO] [stdout]   16:     0x628ffcebc884 - std[617be2ca0a6fd877]::sys::backtrace::__rust_begin_short_backtrace::<test[aada8e7e76ba119b]::run_test::{closure#1}, ()>
[INFO] [stdout]   17:     0x628ffcec6022 - <std[617be2ca0a6fd877]::thread::lifecycle::spawn_unchecked<test[aada8e7e76ba119b]::run_test::{closure#1}, ()>::{closure#1} as core[a373ad73a504971]::ops::function::FnOnce<()>>::call_once::{shim:vtable#0}
[INFO] [stdout]   18:     0x628ffcf2deff - <std[617be2ca0a6fd877]::sys::thread::unix::Thread>::new::thread_start
[INFO] [stdout]   19:     0x7cf8440badfa - <unknown>
[INFO] [stdout]   20:     0x7cf84414e3d4 - clone
[INFO] [stdout]   21:                0x0 - <unknown>
[INFO] [stdout] 
[INFO] [stdout] ---- parser::tests::extract_text_segments_for_page_preserves_operator_encounter_order stdout ----
[INFO] [stdout] 
[INFO] [stdout] thread 'parser::tests::extract_text_segments_for_page_preserves_operator_encounter_order' (1137) panicked at src/parser/mod.rs:675:33:
[INFO] [stdout] fixture simple.pdf must exist at "/opt/rustwide/tests/fixtures/simple.pdf": No such file or directory (os error 2)
[INFO] [stdout] stack backtrace:
[INFO] [stdout]    0:     0x628ffcf2e9c1 - <<std[617be2ca0a6fd877]::sys::backtrace::BacktraceLock>::print::DisplayBacktrace as core[a373ad73a504971]::fmt::Display>::fmt
[INFO] [stdout]    1:     0x628ffcf457ca - core[a373ad73a504971]::fmt::write
[INFO] [stderr] error: test failed, to rerun pass `--lib`
[INFO] [stdout]    2:     0x628ffcf32c2c - <alloc[2e1b2a31b91974c5]::vec::Vec<u8> as core[a373ad73a504971]::io::write::Write>::write_fmt
[INFO] [stdout]    3:     0x628ffcf0a656 - std[617be2ca0a6fd877]::panicking::default_hook::{closure#0}
[INFO] [stdout]    4:     0x628ffcf26bc9 - std[617be2ca0a6fd877]::panicking::default_hook
[INFO] [stdout]    5:     0x628ffcec2970 - test[aada8e7e76ba119b]::test_main_inner::{closure#0}
[INFO] [stdout]    6:     0x628ffcf26ef2 - std[617be2ca0a6fd877]::panicking::panic_with_hook
[INFO] [stdout]    7:     0x628ffcf0a702 - std[617be2ca0a6fd877]::panicking::panic_handler::{closure#0}
[INFO] [stdout]    8:     0x628ffcf03289 - std[617be2ca0a6fd877]::sys::backtrace::__rust_end_short_backtrace::<std[617be2ca0a6fd877]::panicking::panic_handler::{closure#0}, !>
[INFO] [stdout]    9:     0x628ffcf0b30d - __rustc[ea4f61d10b84890b]::rust_begin_unwind
[INFO] [stdout]   10:     0x628ffcf45efc - core[a373ad73a504971]::panicking::panic_fmt
[INFO] [stdout]   11:     0x628ffce4b62b - papyrus_core[7ee6518c0866ed18]::parser::tests::load_fixture::{closure#0}
[INFO] [stdout]   12:     0x628ffce4bb1f - papyrus_core[7ee6518c0866ed18]::parser::tests::load_fixture
[INFO] [stdout]   13:     0x628ffce508b0 - <papyrus_core[7ee6518c0866ed18]::parser::tests::extract_text_segments_for_page_preserves_operator_encounter_order::{closure#0} as core[a373ad73a504971]::ops::function::FnOnce<()>>::call_once
[INFO] [stdout]   14:     0x628ffceb5dbb - test[aada8e7e76ba119b]::__rust_begin_short_backtrace::<core[a373ad73a504971]::result::Result<(), alloc[2e1b2a31b91974c5]::string::String>, fn() -> core[a373ad73a504971]::result::Result<(), alloc[2e1b2a31b91974c5]::string::String>>
[INFO] [stdout]   15:     0x628ffcec2f95 - test[aada8e7e76ba119b]::run_test::{closure#0}
[INFO] [stdout]   16:     0x628ffcebc884 - std[617be2ca0a6fd877]::sys::backtrace::__rust_begin_short_backtrace::<test[aada8e7e76ba119b]::run_test::{closure#1}, ()>
[INFO] [stdout]   17:     0x628ffcec6022 - <std[617be2ca0a6fd877]::thread::lifecycle::spawn_unchecked<test[aada8e7e76ba119b]::run_test::{closure#1}, ()>::{closure#1} as core[a373ad73a504971]::ops::function::FnOnce<()>>::call_once::{shim:vtable#0}
[INFO] [stdout]   18:     0x628ffcf2deff - <std[617be2ca0a6fd877]::sys::thread::unix::Thread>::new::thread_start
[INFO] [stdout]   19:     0x7cf8440badfa - <unknown>
[INFO] [stdout]   20:     0x7cf84414e3d4 - clone
[INFO] [stdout]   21:                0x0 - <unknown>
[INFO] [stdout] 
[INFO] [stdout] ---- parser::tests::parse_pdf_multi_page_has_1_based_page_numbers stdout ----
[INFO] [stdout] 
[INFO] [stdout] thread 'parser::tests::parse_pdf_multi_page_has_1_based_page_numbers' (1150) panicked at src/parser/mod.rs:992:42:
[INFO] [stdout] called `Result::unwrap()` on an `Err` value: Os { code: 2, kind: NotFound, message: "No such file or directory" }
[INFO] [stdout] stack backtrace:
[INFO] [stdout]    0:     0x628ffcf2e9c1 - <<std[617be2ca0a6fd877]::sys::backtrace::BacktraceLock>::print::DisplayBacktrace as core[a373ad73a504971]::fmt::Display>::fmt
[INFO] [stdout]    1:     0x628ffcf457ca - core[a373ad73a504971]::fmt::write
[INFO] [stdout]    2:     0x628ffcf32c2c - <alloc[2e1b2a31b91974c5]::vec::Vec<u8> as core[a373ad73a504971]::io::write::Write>::write_fmt
[INFO] [stdout]    3:     0x628ffcf0a656 - std[617be2ca0a6fd877]::panicking::default_hook::{closure#0}
[INFO] [stdout]    4:     0x628ffcf26bc9 - std[617be2ca0a6fd877]::panicking::default_hook
[INFO] [stdout]    5:     0x628ffcec2970 - test[aada8e7e76ba119b]::test_main_inner::{closure#0}
[INFO] [stdout]    6:     0x628ffcf26ef2 - std[617be2ca0a6fd877]::panicking::panic_with_hook
[INFO] [stdout]    7:     0x628ffcf0a702 - std[617be2ca0a6fd877]::panicking::panic_handler::{closure#0}
[INFO] [stdout]    8:     0x628ffcf03289 - std[617be2ca0a6fd877]::sys::backtrace::__rust_end_short_backtrace::<std[617be2ca0a6fd877]::panicking::panic_handler::{closure#0}, !>
[INFO] [stdout]    9:     0x628ffcf0b30d - __rustc[ea4f61d10b84890b]::rust_begin_unwind
[INFO] [stdout]   10:     0x628ffcf45efc - core[a373ad73a504971]::panicking::panic_fmt
[INFO] [stdout]   11:     0x628ffcf45cd2 - core[a373ad73a504971]::result::unwrap_failed
[INFO] [stdout]   12:     0x628ffce4d762 - <papyrus_core[7ee6518c0866ed18]::parser::tests::parse_pdf_multi_page_has_1_based_page_numbers::{closure#0} as core[a373ad73a504971]::ops::function::FnOnce<()>>::call_once
[INFO] [stdout]   13:     0x628ffceb5dbb - test[aada8e7e76ba119b]::__rust_begin_short_backtrace::<core[a373ad73a504971]::result::Result<(), alloc[2e1b2a31b91974c5]::string::String>, fn() -> core[a373ad73a504971]::result::Result<(), alloc[2e1b2a31b91974c5]::string::String>>
[INFO] [stdout]   14:     0x628ffcec2f95 - test[aada8e7e76ba119b]::run_test::{closure#0}
[INFO] [stdout]   15:     0x628ffcebc884 - std[617be2ca0a6fd877]::sys::backtrace::__rust_begin_short_backtrace::<test[aada8e7e76ba119b]::run_test::{closure#1}, ()>
[INFO] [stdout]   16:     0x628ffcec6022 - <std[617be2ca0a6fd877]::thread::lifecycle::spawn_unchecked<test[aada8e7e76ba119b]::run_test::{closure#1}, ()>::{closure#1} as core[a373ad73a504971]::ops::function::FnOnce<()>>::call_once::{shim:vtable#0}
[INFO] [stdout]   17:     0x628ffcf2deff - <std[617be2ca0a6fd877]::sys::thread::unix::Thread>::new::thread_start
[INFO] [stdout]   18:     0x7cf8440badfa - <unknown>
[INFO] [stdout]   19:     0x7cf84414e3d4 - clone
[INFO] [stdout]   20:                0x0 - <unknown>
[INFO] [stdout] 
[INFO] [stdout] 
[INFO] [stdout] failures:
[INFO] [stdout]     parser::tests::extract_text_segments_for_page_bold_italic_returns_different_fonts
[INFO] [stdout]     parser::tests::extract_text_segments_for_page_font_size_comes_from_tf_state
[INFO] [stdout]     parser::tests::extract_text_segments_for_page_preserves_operator_encounter_order
[INFO] [stdout]     parser::tests::extract_text_segments_for_page_simple_returns_segments
[INFO] [stdout]     parser::tests::load_pdf_corrupted_fixture_returns_none_with_warning
[INFO] [stdout]     parser::tests::load_pdf_valid_simple_fixture_returns_some
[INFO] [stdout]     parser::tests::parse_pdf_aggregates_warnings_in_stable_order
[INFO] [stdout]     parser::tests::parse_pdf_corrupted_fixture_returns_empty_with_warning
[INFO] [stdout]     parser::tests::parse_pdf_multi_page_has_1_based_page_numbers
[INFO] [stdout]     parser::tests::parse_pdf_simple_returns_metadata_and_segments
[INFO] [stdout]     parser::tests::resolve_fonts_for_page_bold_italic_returns_bold_and_italic_fonts
[INFO] [stdout]     parser::tests::resolve_fonts_for_page_preserves_resource_names_as_keys
[INFO] [stdout]     parser::tests::resolve_fonts_for_page_simple_returns_font_entries
[INFO] [stdout] 
[INFO] [stdout] test result: FAILED. 56 passed; 13 failed; 0 ignored; 0 measured; 0 filtered out; finished in 0.02s
[INFO] [stdout] 
[INFO] running `Command { std: "docker" "inspect" "384fe56d65dec5dd1ec9a41e56a4d56297fc6b9382f868fb2ec6d4bf5f384167", kill_on_drop: false }`
[INFO] running `Command { std: "docker" "rm" "-f" "384fe56d65dec5dd1ec9a41e56a4d56297fc6b9382f868fb2ec6d4bf5f384167", kill_on_drop: false }`
[INFO] [stdout] 384fe56d65dec5dd1ec9a41e56a4d56297fc6b9382f868fb2ec6d4bf5f384167
