[INFO] fetching crate papi-bindings 0.5.3...
[INFO] testing papi-bindings-0.5.3 against 1.100.0-beta.1+cargoflags=--release for beta-release-1.100-2
[INFO] extracting crate papi-bindings 0.5.3 into /workspace/builds/worker-5-tc2/source
[INFO] started tweaking crates.io crate papi-bindings 0.5.3
[INFO] finished tweaking crates.io crate papi-bindings 0.5.3
[INFO] tweaked toml for crates.io crate papi-bindings 0.5.3 written to /workspace/builds/worker-5-tc2/source/Cargo.toml
[INFO] validating manifest of crates.io crate papi-bindings 0.5.3 on toolchain 1.100.0-beta.1
[INFO] running `Command { std: CARGO_HOME="/workspace/cargo-home" RUSTUP_HOME="/workspace/rustup-home" "/workspace/cargo-home/bin/cargo" "+1.100.0-beta.1" "metadata" "--manifest-path" "Cargo.toml" "--no-deps", kill_on_drop: false }`
[INFO] running `Command { std: CARGO_HOME="/workspace/cargo-home" RUSTUP_HOME="/workspace/rustup-home" "/workspace/cargo-home/bin/cargo" "+1.100.0-beta.1" "generate-lockfile" "--manifest-path" "Cargo.toml", kill_on_drop: false }`
[INFO] [stderr]     Updating crates.io index
[INFO] [stderr]      Locking 1 package to highest compatible version
[INFO] running `Command { std: CARGO_HOME="/workspace/cargo-home" RUSTUP_HOME="/workspace/rustup-home" "/workspace/cargo-home/bin/cargo" "+1.100.0-beta.1" "fetch" "--manifest-path" "Cargo.toml", kill_on_drop: false }`
[INFO] running `Command { std: "docker" "create" "-v" "/var/lib/crater-agent-workspace/builds/worker-5-tc2/source:/opt/rustwide/workdir:ro,Z" "-v" "/var/lib/crater-agent-workspace/builds/worker-5-tc2/target:/opt/rustwide/target:rw,Z" "-v" "/var/lib/crater-agent-workspace/cargo-home:/opt/rustwide/cargo-home:ro,Z" "-v" "/var/lib/crater-agent-workspace/rustup-home:/opt/rustwide/rustup-home:ro,Z" "-m" "1610612736" "--network" "none" "ghcr.io/rust-lang/crates-build-env/linux@sha256:77db811e55d90add9212f6832c23229e3de5f1c1f9905e8cb07319ea15df73ac" "sleep" "infinity", kill_on_drop: false }`
[INFO] [stdout] 9b49faaf3848b7bf1df68540258fb240192c34cf0cd9ffdb32d6a92088cc398f
[INFO] running `Command { std: "docker" "start" "9b49faaf3848b7bf1df68540258fb240192c34cf0cd9ffdb32d6a92088cc398f", kill_on_drop: false }`
[INFO] running `Command { std: "docker" "inspect" "9b49faaf3848b7bf1df68540258fb240192c34cf0cd9ffdb32d6a92088cc398f", kill_on_drop: false }`
[INFO] running `Command { std: "docker" "exec" "-e" "SOURCE_DIR=/opt/rustwide/workdir" "-e" "CARGO_HOME=/opt/rustwide/cargo-home" "-e" "RUSTUP_HOME=/opt/rustwide/rustup-home" "-e" "CARGO_TARGET_DIR=/opt/rustwide/target" "-w" "/opt/rustwide/workdir" "--user" "0:0" "9b49faaf3848b7bf1df68540258fb240192c34cf0cd9ffdb32d6a92088cc398f" "/opt/rustwide/cargo-home/bin/cargo" "+1.100.0-beta.1" "metadata" "--no-deps" "--format-version=1", kill_on_drop: false }`
[INFO] running `Command { std: "docker" "inspect" "9b49faaf3848b7bf1df68540258fb240192c34cf0cd9ffdb32d6a92088cc398f", kill_on_drop: false }`
[INFO] running `Command { std: "docker" "exec" "-e" "SOURCE_DIR=/opt/rustwide/workdir" "-e" "CARGO_HOME=/opt/rustwide/cargo-home" "-e" "RUSTUP_HOME=/opt/rustwide/rustup-home" "-e" "CARGO_TARGET_DIR=/opt/rustwide/target" "-e" "CARGO_INCREMENTAL=0" "-e" "RUST_BACKTRACE=full" "-e" "RUSTFLAGS=--cap-lints=warn" "-e" "RUSTDOCFLAGS=--cap-lints=warn" "-w" "/opt/rustwide/workdir" "--user" "0:0" "9b49faaf3848b7bf1df68540258fb240192c34cf0cd9ffdb32d6a92088cc398f" "/opt/rustwide/cargo-home/bin/cargo" "+1.100.0-beta.1" "build" "--frozen" "--message-format=json" "--release", kill_on_drop: false }`
[INFO] [stderr]    Compiling papi-bindings v0.5.3 (/opt/rustwide/workdir)
[INFO] [stderr] warning: unused dependency `libc`
[INFO] [stderr]  --> Cargo.toml:1:15
[INFO] [stderr]   |
[INFO] [stderr] 1 | [dependencies.libc]
[INFO] [stderr]   |               ^^^^^
[INFO] [stderr]   |
[INFO] [stderr]   = note: `cargo::unused_dependencies` is set to `warn` by default
[INFO] [stderr] help: consider removing the dependency on `libc`
[INFO] [stderr] warning: `papi-bindings` (manifest) generated 1 warning
[INFO] [stderr]     Finished `release` profile [optimized] target(s) in 0.47s
[INFO] running `Command { std: "docker" "inspect" "9b49faaf3848b7bf1df68540258fb240192c34cf0cd9ffdb32d6a92088cc398f", kill_on_drop: false }`
[INFO] running `Command { std: "docker" "exec" "-e" "SOURCE_DIR=/opt/rustwide/workdir" "-e" "CARGO_HOME=/opt/rustwide/cargo-home" "-e" "RUSTUP_HOME=/opt/rustwide/rustup-home" "-e" "CARGO_TARGET_DIR=/opt/rustwide/target" "-e" "CARGO_INCREMENTAL=0" "-e" "RUST_BACKTRACE=full" "-e" "RUSTFLAGS=--cap-lints=warn" "-e" "RUSTDOCFLAGS=--cap-lints=warn" "-w" "/opt/rustwide/workdir" "--user" "0:0" "9b49faaf3848b7bf1df68540258fb240192c34cf0cd9ffdb32d6a92088cc398f" "/opt/rustwide/cargo-home/bin/cargo" "+1.100.0-beta.1" "test" "--frozen" "--no-run" "--message-format=json" "--release", kill_on_drop: false }`
[INFO] [stderr]    Compiling papi-bindings v0.5.3 (/opt/rustwide/workdir)
[INFO] [stderr] warning: unused dependency `libc`
[INFO] [stderr]  --> Cargo.toml:1:15
[INFO] [stderr]   |
[INFO] [stderr] 1 | [dependencies.libc]
[INFO] [stderr]   |               ^^^^^
[INFO] [stderr]   |
[INFO] [stderr]   = note: `cargo::unused_dependencies` is set to `warn` by default
[INFO] [stderr] help: consider removing the dependency on `libc`
[INFO] [stderr] warning: `papi-bindings` (manifest) generated 1 warning
[INFO] [stderr]     Finished `release` profile [optimized] target(s) in 1.23s
[INFO] running `Command { std: "docker" "inspect" "9b49faaf3848b7bf1df68540258fb240192c34cf0cd9ffdb32d6a92088cc398f", kill_on_drop: false }`
[INFO] running `Command { std: "docker" "exec" "-e" "SOURCE_DIR=/opt/rustwide/workdir" "-e" "CARGO_HOME=/opt/rustwide/cargo-home" "-e" "RUSTUP_HOME=/opt/rustwide/rustup-home" "-e" "CARGO_TARGET_DIR=/opt/rustwide/target" "-e" "CARGO_INCREMENTAL=0" "-e" "RUST_BACKTRACE=full" "-e" "RUSTFLAGS=--cap-lints=warn" "-e" "RUSTDOCFLAGS=--cap-lints=warn" "-w" "/opt/rustwide/workdir" "--user" "0:0" "9b49faaf3848b7bf1df68540258fb240192c34cf0cd9ffdb32d6a92088cc398f" "/opt/rustwide/cargo-home/bin/cargo" "+1.100.0-beta.1" "test" "--frozen" "--release", kill_on_drop: false }`
[INFO] [stderr] warning: unused dependency `libc`
[INFO] [stderr]  --> Cargo.toml:1:15
[INFO] [stderr]   |
[INFO] [stderr] 1 | [dependencies.libc]
[INFO] [stderr]   |               ^^^^^
[INFO] [stderr]   |
[INFO] [stderr]   = note: `cargo::unused_dependencies` is set to `warn` by default
[INFO] [stderr] help: consider removing the dependency on `libc`
[INFO] [stderr] warning: `papi-bindings` (manifest) generated 1 warning
[INFO] [stderr]     Finished `release` profile [optimized] target(s) in 0.02s
[INFO] [stderr]      Running unittests src/lib.rs (/opt/rustwide/target/release/build/papi-bindings/525d333dd1cf44f3/out/papi_bindings-525d333dd1cf44f3)
[INFO] [stdout] 
[INFO] [stdout] running 91 tests
[INFO] [stdout] test bindings::bindgen_test_layout___pthread_internal_list ... ok
[INFO] [stdout] test bindings::bindgen_test_layout__dmem_t ... ok
[INFO] [stdout] test bindings::bindgen_test_layout__fpxreg ... ok
[INFO] [stdout] test bindings::bindgen_test_layout___pthread_internal_slist ... ok
[INFO] [stdout] test bindings::bindgen_test_layout___pthread_mutex_s ... ok
[INFO] [stdout] test bindings::bindgen_test_layout__libc_fpxreg ... ok
[INFO] [stdout] test bindings::bindgen_test_layout___once_flag ... ok
[INFO] [stdout] test bindings::bindgen_test_layout__fpx_sw_bytes ... ok
[INFO] [stdout] test bindings::bindgen_test_layout___pthread_cond_s ... ok
[INFO] [stdout] test bindings::bindgen_test_layout__libc_fpstate ... ok
[INFO] [stdout] test bindings::bindgen_test_layout__papi_addr_range_option ... ok
[INFO] [stdout] test bindings::bindgen_test_layout___pthread_rwlock_arch_t ... ok
[INFO] [stdout] test bindings::bindgen_test_layout__papi_address_map ... ok
[INFO] [stdout] test bindings::bindgen_test_layout___sigset_t ... ok
[INFO] [stdout] test bindings::bindgen_test_layout__papi_component_option ... ok
[INFO] [stdout] test bindings::bindgen_test_layout__papi_cpu_option ... ok
[INFO] [stdout] test bindings::bindgen_test_layout__libc_xmmreg ... ok
[INFO] [stdout] test bindings::bindgen_test_layout__papi_dev_info_u ... ok
[INFO] [stdout] test bindings::bindgen_test_layout__papi_all_thr_spec ... ok
[INFO] [stdout] test bindings::bindgen_test_layout__papi_attach_option ... ok
[INFO] [stdout] test bindings::bindgen_test_layout__papi_cache_level_info ... ok
[INFO] [stdout] test bindings::bindgen_test_layout__papi_gpu_info__bindgen_ty_2 ... ok
[INFO] [stdout] test bindings::bindgen_test_layout__papi_cpu_info ... ok
[INFO] [stdout] test bindings::bindgen_test_layout__papi_gpu_info__bindgen_ty_2__bindgen_ty_1 ... ok
[INFO] [stdout] test bindings::bindgen_test_layout__papi_debug_option ... ok
[INFO] [stdout] test bindings::bindgen_test_layout_PAPI_option_t ... ok
[INFO] [stdout] test bindings::bindgen_test_layout__papi_granularity_option ... ok
[INFO] [stdout] test bindings::bindgen_test_layout___atomic_wide_counter ... ok
[INFO] [stdout] test bindings::bindgen_test_layout___fsid_t ... ok
[INFO] [stdout] test bindings::bindgen_test_layout__papi_gpu_info__bindgen_ty_1 ... ok
[INFO] [stdout] test bindings::bindgen_test_layout__papi_dev_type_info ... ok
[INFO] [stdout] test bindings::bindgen_test_layout__papi_gpu_info ... ok
[INFO] [stdout] test bindings::bindgen_test_layout__papi_domain_option ... ok
[INFO] [stdout] test bindings::bindgen_test_layout__papi_gpu_info__bindgen_ty_1__bindgen_ty_1 ... ok
[INFO] [stdout] test bindings::bindgen_test_layout___atomic_wide_counter__bindgen_ty_1 ... ok
[INFO] [stdout] test bindings::bindgen_test_layout__papi_inherit_option ... ok
[INFO] [stdout] test bindings::bindgen_test_layout__papi_itimer_option ... ok
[INFO] [stdout] test bindings::bindgen_test_layout__papi_mh_cache_info ... ok
[INFO] [stdout] test bindings::bindgen_test_layout__papi_mh_info ... ok
[INFO] [stdout] test bindings::bindgen_test_layout__papi_mh_level_info ... ok
[INFO] [stdout] test bindings::bindgen_test_layout__papi_mh_tlb_info ... ok
[INFO] [stdout] test bindings::bindgen_test_layout__papi_shared_lib_info ... ok
[INFO] [stdout] test bindings::bindgen_test_layout__papi_sprofil ... ok
[INFO] [stdout] test bindings::bindgen_test_layout__xmmreg ... ok
[INFO] [stdout] test bindings::bindgen_test_layout__xsave_hdr ... ok
[INFO] [stdout] test bindings::bindgen_test_layout__ymmh_state ... ok
[INFO] [stdout] test bindings::bindgen_test_layout__xstate ... ok
[INFO] [stdout] test bindings::bindgen_test_layout__papi_program_info ... ok
[INFO] [stdout] test bindings::bindgen_test_layout_fd_set ... ok
[INFO] [stdout] test bindings::bindgen_test_layout_mcontext_t ... ok
[INFO] [stdout] test bindings::bindgen_test_layout_pthread_attr_t ... ok
[INFO] [stdout] test bindings::bindgen_test_layout_pthread_barrier_t ... ok
[INFO] [stdout] test bindings::bindgen_test_layout_pthread_barrierattr_t ... ok
[INFO] [stdout] test bindings::bindgen_test_layout_pthread_cond_t ... ok
[INFO] [stdout] test bindings::bindgen_test_layout_pthread_mutexattr_t ... ok
[INFO] [stdout] test bindings::bindgen_test_layout_pthread_condattr_t ... ok
[INFO] [stdout] test bindings::bindgen_test_layout__papi_multiplex_option ... ok
[INFO] [stdout] test bindings::bindgen_test_layout_pthread_rwlock_t ... ok
[INFO] [stdout] test bindings::bindgen_test_layout_sigaction ... ok
[INFO] [stdout] test bindings::bindgen_test_layout_pthread_mutex_t ... ok
[INFO] [stdout] test bindings::bindgen_test_layout__papi_preload_option ... ok
[INFO] [stdout] test bindings::bindgen_test_layout_pthread_rwlockattr_t ... ok
[INFO] [stdout] test bindings::bindgen_test_layout_sigaction__bindgen_ty_1 ... ok
[INFO] [stdout] test bindings::bindgen_test_layout_sigcontext__bindgen_ty_1 ... ok
[INFO] [stdout] test bindings::bindgen_test_layout_sigevent ... ok
[INFO] [stdout] test bindings::bindgen_test_layout__papi_hw_info ... ok
[INFO] [stdout] test bindings::bindgen_test_layout_sigevent__bindgen_ty_1 ... ok
[INFO] [stdout] test bindings::bindgen_test_layout_sigevent__bindgen_ty_1__bindgen_ty_1 ... ok
[INFO] [stdout] test bindings::bindgen_test_layout_siginfo_t ... ok
[INFO] [stdout] test bindings::bindgen_test_layout_siginfo_t__bindgen_ty_1 ... ok
[INFO] [stdout] test bindings::bindgen_test_layout_siginfo_t__bindgen_ty_1__bindgen_ty_1 ... ok
[INFO] [stdout] test bindings::bindgen_test_layout_siginfo_t__bindgen_ty_1__bindgen_ty_4 ... ok
[INFO] [stdout] test bindings::bindgen_test_layout_siginfo_t__bindgen_ty_1__bindgen_ty_5__bindgen_ty_1 ... ok
[INFO] [stdout] test bindings::bindgen_test_layout_siginfo_t__bindgen_ty_1__bindgen_ty_5__bindgen_ty_1__bindgen_ty_1 ... ok
[INFO] [stdout] test bindings::bindgen_test_layout_siginfo_t__bindgen_ty_1__bindgen_ty_7 ... ok
[INFO] [stdout] test bindings::bindgen_test_layout_timeval ... ok
[INFO] [stdout] test bindings::bindgen_test_layout_sigval ... ok
[INFO] [stdout] test bindings::bindgen_test_layout_timespec ... ok
[INFO] [stdout] test bindings::bindgen_test_layout__papi_mpx_info ... ok
[INFO] [stdout] test bindings::bindgen_test_layout_ucontext_t ... ok
[INFO] [stdout] test bindings::bindgen_test_layout_stack_t ... ok
[INFO] [stderr] error: test failed, to rerun pass `--lib`
[INFO] [stdout] test bindings::bindgen_test_layout_siginfo_t__bindgen_ty_1__bindgen_ty_2 ... ok
[INFO] [stdout] test bindings::bindgen_test_layout_siginfo_t__bindgen_ty_1__bindgen_ty_6 ... ok
[INFO] [stdout] test bindings::bindgen_test_layout_siginfo_t__bindgen_ty_1__bindgen_ty_3 ... ok
[INFO] [stdout] test bindings::bindgen_test_layout_siginfo_t__bindgen_ty_1__bindgen_ty_5 ... ok
[INFO] [stdout] test bindings::bindgen_test_layout_sigstack ... ok
[INFO] [stdout] test bindings::bindgen_test_layout__fpreg ... ok
[INFO] [stdout] test bindings::bindgen_test_layout_event_info ... ok
[INFO] [stdout] test bindings::bindgen_test_layout__fpstate ... ok
[INFO] [stdout] test bindings::bindgen_test_layout_sigcontext ... ok
[INFO] [stdout] test tests::test_fib ... FAILED
[INFO] [stdout] 
[INFO] [stdout] failures:
[INFO] [stdout] 
[INFO] [stdout] ---- tests::test_fib stdout ----
[INFO] [stdout] 
[INFO] [stdout] thread 'tests::test_fib' (239) panicked at src/lib.rs:85:33:
[INFO] [stdout] called `Result::unwrap()` on an `Err` value: PapiError { code: -1 }
[INFO] [stdout] stack backtrace:
[INFO] [stdout]    0:     0x60bc9091ff41 - <<std[617be2ca0a6fd877]::sys::backtrace::BacktraceLock>::print::DisplayBacktrace as core[a373ad73a504971]::fmt::Display>::fmt
[INFO] [stdout]    1:     0x60bc90933e3a - core[a373ad73a504971]::fmt::write
[INFO] [stdout]    2:     0x60bc9092415c - <alloc[2e1b2a31b91974c5]::vec::Vec<u8> as core[a373ad73a504971]::io::write::Write>::write_fmt
[INFO] [stdout]    3:     0x60bc908fc3a6 - std[617be2ca0a6fd877]::panicking::default_hook::{closure#0}
[INFO] [stdout]    4:     0x60bc909185d9 - std[617be2ca0a6fd877]::panicking::default_hook
[INFO] [stdout]    5:     0x60bc908b4c80 - test[aada8e7e76ba119b]::test_main_inner::{closure#0}
[INFO] [stdout]    6:     0x60bc90918792 - std[617be2ca0a6fd877]::panicking::panic_with_hook
[INFO] [stdout]    7:     0x60bc908fc452 - std[617be2ca0a6fd877]::panicking::panic_handler::{closure#0}
[INFO] [stdout]    8:     0x60bc908f5169 - std[617be2ca0a6fd877]::sys::backtrace::__rust_end_short_backtrace::<std[617be2ca0a6fd877]::panicking::panic_handler::{closure#0}, !>
[INFO] [stdout]    9:     0x60bc908fd05d - __rustc[ea4f61d10b84890b]::rust_begin_unwind
[INFO] [stdout]   10:     0x60bc9093456c - core[a373ad73a504971]::panicking::panic_fmt
[INFO] [stdout]   11:     0x60bc90934342 - core[a373ad73a504971]::result::unwrap_failed
[INFO] [stdout]   12:     0x60bc908a7e83 - <papi_bindings[179d3a3539eaf068]::tests::test_fib::{closure#0} as core[a373ad73a504971]::ops::function::FnOnce<()>>::call_once
[INFO] [stdout]   13:     0x60bc908a80cb - test[aada8e7e76ba119b]::__rust_begin_short_backtrace::<core[a373ad73a504971]::result::Result<(), alloc[2e1b2a31b91974c5]::string::String>, fn() -> core[a373ad73a504971]::result::Result<(), alloc[2e1b2a31b91974c5]::string::String>>
[INFO] [stdout]   14:     0x60bc908b52a5 - test[aada8e7e76ba119b]::run_test::{closure#0}
[INFO] [stdout]   15:     0x60bc908aeb94 - std[617be2ca0a6fd877]::sys::backtrace::__rust_begin_short_backtrace::<test[aada8e7e76ba119b]::run_test::{closure#1}, ()>
[INFO] [stdout]   16:     0x60bc908b8332 - <std[617be2ca0a6fd877]::thread::lifecycle::spawn_unchecked<test[aada8e7e76ba119b]::run_test::{closure#1}, ()>::{closure#1} as core[a373ad73a504971]::ops::function::FnOnce<()>>::call_once::{shim:vtable#0}
[INFO] [stdout]   17:     0x60bc9091f79f - <std[617be2ca0a6fd877]::sys::thread::unix::Thread>::new::thread_start
[INFO] [stdout]   18:     0x7f8c6dededfa - <unknown>
[INFO] [stdout]   19:     0x7f8c6df723d4 - clone
[INFO] [stdout]   20:                0x0 - <unknown>
[INFO] [stdout] 
[INFO] [stdout] 
[INFO] [stdout] failures:
[INFO] [stdout]     tests::test_fib
[INFO] [stdout] 
[INFO] [stdout] test result: FAILED. 90 passed; 1 failed; 0 ignored; 0 measured; 0 filtered out; finished in 0.01s
[INFO] [stdout] 
[INFO] running `Command { std: "docker" "inspect" "9b49faaf3848b7bf1df68540258fb240192c34cf0cd9ffdb32d6a92088cc398f", kill_on_drop: false }`
[INFO] running `Command { std: "docker" "rm" "-f" "9b49faaf3848b7bf1df68540258fb240192c34cf0cd9ffdb32d6a92088cc398f", kill_on_drop: false }`
[INFO] [stdout] 9b49faaf3848b7bf1df68540258fb240192c34cf0cd9ffdb32d6a92088cc398f
