[INFO] fetching crate papaleguas 0.0.9...
[INFO] testing papaleguas-0.0.9 against 1.100.0-beta.1+cargoflags=--release for beta-release-1.100-2
[INFO] extracting crate papaleguas 0.0.9 into /workspace/builds/worker-0-tc2/source
[INFO] started tweaking crates.io crate papaleguas 0.0.9
[INFO] removed 0 missing tests
[INFO] finished tweaking crates.io crate papaleguas 0.0.9
[INFO] tweaked toml for crates.io crate papaleguas 0.0.9 written to /workspace/builds/worker-0-tc2/source/Cargo.toml
[INFO] validating manifest of crates.io crate papaleguas 0.0.9 on toolchain 1.100.0-beta.1
[INFO] running `Command { std: CARGO_HOME="/workspace/cargo-home" RUSTUP_HOME="/workspace/rustup-home" "/workspace/cargo-home/bin/cargo" "+1.100.0-beta.1" "metadata" "--manifest-path" "Cargo.toml" "--no-deps", kill_on_drop: false }`
[INFO] crate crates.io crate papaleguas 0.0.9 already has a lockfile, it will not be regenerated
[INFO] running `Command { std: CARGO_HOME="/workspace/cargo-home" RUSTUP_HOME="/workspace/rustup-home" "/workspace/cargo-home/bin/cargo" "+1.100.0-beta.1" "fetch" "--manifest-path" "Cargo.toml", kill_on_drop: false }`
[INFO] running `Command { std: "docker" "create" "-v" "/var/lib/crater-agent-workspace/builds/worker-0-tc2/source:/opt/rustwide/workdir:ro,Z" "-v" "/var/lib/crater-agent-workspace/builds/worker-0-tc2/target:/opt/rustwide/target:rw,Z" "-v" "/var/lib/crater-agent-workspace/cargo-home:/opt/rustwide/cargo-home:ro,Z" "-v" "/var/lib/crater-agent-workspace/rustup-home:/opt/rustwide/rustup-home:ro,Z" "-m" "1610612736" "--network" "none" "ghcr.io/rust-lang/crates-build-env/linux@sha256:77db811e55d90add9212f6832c23229e3de5f1c1f9905e8cb07319ea15df73ac" "sleep" "infinity", kill_on_drop: false }`
[INFO] [stdout] 79422d43d080c932da9081f33f6300bfeaf98416875dd9c18f427b33851de8ef
[INFO] running `Command { std: "docker" "start" "79422d43d080c932da9081f33f6300bfeaf98416875dd9c18f427b33851de8ef", kill_on_drop: false }`
[INFO] running `Command { std: "docker" "inspect" "79422d43d080c932da9081f33f6300bfeaf98416875dd9c18f427b33851de8ef", kill_on_drop: false }`
[INFO] running `Command { std: "docker" "exec" "-e" "SOURCE_DIR=/opt/rustwide/workdir" "-e" "CARGO_HOME=/opt/rustwide/cargo-home" "-e" "RUSTUP_HOME=/opt/rustwide/rustup-home" "-e" "CARGO_TARGET_DIR=/opt/rustwide/target" "-w" "/opt/rustwide/workdir" "--user" "0:0" "79422d43d080c932da9081f33f6300bfeaf98416875dd9c18f427b33851de8ef" "/opt/rustwide/cargo-home/bin/cargo" "+1.100.0-beta.1" "metadata" "--no-deps" "--format-version=1", kill_on_drop: false }`
[INFO] running `Command { std: "docker" "inspect" "79422d43d080c932da9081f33f6300bfeaf98416875dd9c18f427b33851de8ef", kill_on_drop: false }`
[INFO] running `Command { std: "docker" "exec" "-e" "SOURCE_DIR=/opt/rustwide/workdir" "-e" "CARGO_HOME=/opt/rustwide/cargo-home" "-e" "RUSTUP_HOME=/opt/rustwide/rustup-home" "-e" "CARGO_TARGET_DIR=/opt/rustwide/target" "-e" "CARGO_INCREMENTAL=0" "-e" "RUST_BACKTRACE=full" "-e" "RUSTFLAGS=--cap-lints=warn" "-e" "RUSTDOCFLAGS=--cap-lints=warn" "-w" "/opt/rustwide/workdir" "--user" "0:0" "79422d43d080c932da9081f33f6300bfeaf98416875dd9c18f427b33851de8ef" "/opt/rustwide/cargo-home/bin/cargo" "+1.100.0-beta.1" "build" "--frozen" "--message-format=json" "--release", kill_on_drop: false }`
[INFO] [stderr]    Compiling unicode-ident v1.0.6
[INFO] [stderr]    Compiling libc v0.2.170
[INFO] [stderr]    Compiling typenum v1.16.0
[INFO] [stderr]    Compiling generic-array v0.14.6
[INFO] [stderr]    Compiling serde v1.0.218
[INFO] [stderr]    Compiling itoa v1.0.5
[INFO] [stderr]    Compiling cc v1.2.16
[INFO] [stderr]    Compiling const-oid v0.9.2
[INFO] [stderr]    Compiling proc-macro2 v1.0.94
[INFO] [stderr]    Compiling slab v0.4.7
[INFO] [stderr]    Compiling futures-sink v0.3.31
[INFO] [stderr]    Compiling bytes v1.10.1
[INFO] [stderr]    Compiling futures-channel v0.3.31
[INFO] [stderr]    Compiling litemap v0.7.5
[INFO] [stderr]    Compiling base64ct v1.5.3
[INFO] [stderr]    Compiling once_cell v1.20.3
[INFO] [stderr]    Compiling smallvec v1.14.0
[INFO] [stderr]    Compiling serde_json v1.0.91
[INFO] [stderr]    Compiling pem-rfc7468 v0.7.0
[INFO] [stderr]    Compiling quote v1.0.39
[INFO] [stderr]    Compiling der v0.7.9
[INFO] [stderr]    Compiling rustls-pki-types v1.11.0
[INFO] [stderr]    Compiling syn v2.0.99
[INFO] [stderr]    Compiling getrandom v0.2.15
[INFO] [stderr]    Compiling mio v1.0.3
[INFO] [stderr]    Compiling rand_core v0.6.4
[INFO] [stderr]    Compiling socket2 v0.5.8
[INFO] [stderr]    Compiling log v0.4.17
[INFO] [stderr]    Compiling ryu v1.0.12
[INFO] [stderr]    Compiling ring v0.17.13
[INFO] [stderr]    Compiling http v1.2.0
[INFO] [stderr]    Compiling tokio v1.44.0
[INFO] [stderr]    Compiling crypto-common v0.1.6
[INFO] [stderr]    Compiling block-buffer v0.10.3
[INFO] [stderr]    Compiling ff v0.13.0
[INFO] [stderr]    Compiling digest v0.10.7
[INFO] [stderr]    Compiling try-lock v0.2.4
[INFO] [stderr]    Compiling rustls v0.23.23
[INFO] [stderr]    Compiling want v0.3.0
[INFO] [stderr]    Compiling spki v0.7.3
[INFO] [stderr]    Compiling group v0.13.0
[INFO] [stderr]    Compiling crypto-bigint v0.5.5
[INFO] [stderr]    Compiling pkcs8 v0.10.2
[INFO] [stderr]    Compiling tracing-core v0.1.30
[INFO] [stderr]    Compiling http-body v1.0.1
[INFO] [stderr]    Compiling syn v1.0.107
[INFO] [stderr]    Compiling tracing v0.1.37
[INFO] [stderr]    Compiling hmac v0.12.1
[INFO] [stderr]    Compiling ring v0.16.20
[INFO] [stderr]    Compiling num-conv v0.1.0
[INFO] [stderr]    Compiling time-core v0.1.3
[INFO] [stderr]    Compiling rfc6979 v0.4.0
[INFO] [stderr]    Compiling signature v2.2.0
[INFO] [stderr]    Compiling webpki-roots v0.26.8
[INFO] [stderr]    Compiling cpufeatures v0.2.5
[INFO] [stderr]    Compiling ppv-lite86 v0.2.17
[INFO] [stderr]    Compiling spin v0.5.2
[INFO] [stderr]    Compiling thiserror v1.0.38
[INFO] [stderr]    Compiling untrusted v0.7.1
[INFO] [stderr]    Compiling rand_chacha v0.3.1
[INFO] [stderr]    Compiling pem v1.1.1
[INFO] [stderr]    Compiling sha2 v0.10.6
[INFO] [stderr]    Compiling rustls-pemfile v2.2.0
[INFO] [stderr]    Compiling ipnet v2.7.1
[INFO] [stderr]    Compiling rand v0.8.5
[INFO] [stderr]    Compiling synstructure v0.13.1
[INFO] [stderr]    Compiling thiserror-impl v1.0.38
[INFO] [stderr]    Compiling serde_derive v1.0.218
[INFO] [stderr]    Compiling zerofrom-derive v0.1.6
[INFO] [stderr]    Compiling yoke-derive v0.7.5
[INFO] [stderr]    Compiling zerovec-derive v0.10.3
[INFO] [stderr]    Compiling displaydoc v0.2.5
[INFO] [stderr]    Compiling futures-macro v0.3.31
[INFO] [stderr]    Compiling icu_provider_macros v1.5.0
[INFO] [stderr]    Compiling zerofrom v0.1.6
[INFO] [stderr]    Compiling yoke v0.7.5
[INFO] [stderr]    Compiling zerovec v0.10.4
[INFO] [stderr]    Compiling futures-util v0.3.31
[INFO] [stderr]    Compiling tinystr v0.7.6
[INFO] [stderr]    Compiling icu_collections v1.5.0
[INFO] [stderr]    Compiling icu_locid v1.5.0
[INFO] [stderr]    Compiling icu_provider v1.5.0
[INFO] [stderr]    Compiling icu_locid_transform v1.5.0
[INFO] [stderr]    Compiling hyper v1.6.0
[INFO] [stderr]    Compiling http-body-util v0.1.2
[INFO] [stderr]    Compiling tower v0.5.2
[INFO] [stderr]    Compiling futures-executor v0.3.25
[INFO] [stderr]    Compiling futures v0.3.25
[INFO] [stderr]    Compiling icu_properties v1.5.1
[INFO] [stderr]    Compiling serdect v0.2.0
[INFO] [stderr]    Compiling deranged v0.3.11
[INFO] [stderr]    Compiling serde_urlencoded v0.7.1
[INFO] [stderr]    Compiling sec1 v0.7.1
[INFO] [stderr]    Compiling hyper-util v0.1.10
[INFO] [stderr]    Compiling rustls-webpki v0.102.8
[INFO] [stderr]    Compiling elliptic-curve v0.13.8
[INFO] [stderr]    Compiling time v0.3.39
[INFO] [stderr]    Compiling icu_normalizer v1.5.0
[INFO] [stderr]    Compiling ecdsa v0.16.9
[INFO] [stderr]    Compiling primeorder v0.13.6
[INFO] [stderr]    Compiling idna_adapter v1.2.0
[INFO] [stderr]    Compiling idna v1.0.3
[INFO] [stderr]    Compiling yasna v0.5.2
[INFO] [stderr]    Compiling url v2.5.4
[INFO] [stderr]    Compiling p256 v0.13.2
[INFO] [stderr]    Compiling rcgen v0.10.0
[INFO] [stderr]    Compiling tokio-rustls v0.26.2
[INFO] [stderr]    Compiling hyper-rustls v0.27.5
[INFO] [stderr]    Compiling reqwest v0.12.12
[INFO] [stderr]    Compiling papaleguas v0.0.9 (/opt/rustwide/workdir)
[INFO] [stdout] warning: hiding a lifetime that's elided elsewhere is confusing
[INFO] [stdout]    --> src/lib.rs:208:24
[INFO] [stdout]     |
[INFO] [stdout] 208 |     pub fn new_account(&self) -> NewAccountRequest {
[INFO] [stdout]     |                        ^^^^^     ^^^^^^^^^^^^^^^^^ the same lifetime is hidden here
[INFO] [stdout]     |                        |
[INFO] [stdout]     |                        the lifetime is elided here
[INFO] [stdout]     |
[INFO] [stdout]     = help: the same lifetime is referred to in inconsistent ways, making the signature confusing
[INFO] [stdout]     = note: `#[warn(mismatched_lifetime_syntaxes)]` on by default
[INFO] [stdout] help: use `'_` for type paths
[INFO] [stdout]     |
[INFO] [stdout] 208 |     pub fn new_account(&self) -> NewAccountRequest<'_> {
[INFO] [stdout]     |                                                   ++++
[INFO] [stdout] 
[INFO] [stdout] 
[INFO] [stdout] warning: hiding a lifetime that's elided elsewhere is confusing
[INFO] [stdout]   --> src/account.rs:52:22
[INFO] [stdout]    |
[INFO] [stdout] 52 |     pub fn new_order(&self) -> NewOrderRequest {
[INFO] [stdout]    |                      ^^^^^     ^^^^^^^^^^^^^^^ the same lifetime is hidden here
[INFO] [stdout]    |                      |
[INFO] [stdout]    |                      the lifetime is elided here
[INFO] [stdout]    |
[INFO] [stdout]    = help: the same lifetime is referred to in inconsistent ways, making the signature confusing
[INFO] [stdout] help: use `'_` for type paths
[INFO] [stdout]    |
[INFO] [stdout] 52 |     pub fn new_order(&self) -> NewOrderRequest<'_> {
[INFO] [stdout]    |                                               ++++
[INFO] [stdout] 
[INFO] [stdout] 
[INFO] [stderr]     Finished `release` profile [optimized] target(s) in 2m 55s
[INFO] running `Command { std: "docker" "inspect" "79422d43d080c932da9081f33f6300bfeaf98416875dd9c18f427b33851de8ef", kill_on_drop: false }`
[INFO] running `Command { std: "docker" "exec" "-e" "SOURCE_DIR=/opt/rustwide/workdir" "-e" "CARGO_HOME=/opt/rustwide/cargo-home" "-e" "RUSTUP_HOME=/opt/rustwide/rustup-home" "-e" "CARGO_TARGET_DIR=/opt/rustwide/target" "-e" "CARGO_INCREMENTAL=0" "-e" "RUST_BACKTRACE=full" "-e" "RUSTFLAGS=--cap-lints=warn" "-e" "RUSTDOCFLAGS=--cap-lints=warn" "-w" "/opt/rustwide/workdir" "--user" "0:0" "79422d43d080c932da9081f33f6300bfeaf98416875dd9c18f427b33851de8ef" "/opt/rustwide/cargo-home/bin/cargo" "+1.100.0-beta.1" "test" "--frozen" "--no-run" "--message-format=json" "--release", kill_on_drop: false }`
[INFO] [stderr]    Compiling tokio-macros v2.5.0
[INFO] [stderr]    Compiling tokio v1.44.0
[INFO] [stderr]    Compiling hyper v1.6.0
[INFO] [stderr]    Compiling tokio-rustls v0.26.2
[INFO] [stderr]    Compiling tower v0.5.2
[INFO] [stderr]    Compiling hyper-util v0.1.10
[INFO] [stderr]    Compiling hyper-rustls v0.27.5
[INFO] [stderr]    Compiling reqwest v0.12.12
[INFO] [stderr]    Compiling papaleguas v0.0.9 (/opt/rustwide/workdir)
[INFO] [stdout] warning: hiding a lifetime that's elided elsewhere is confusing
[INFO] [stdout]    --> src/lib.rs:208:24
[INFO] [stdout]     |
[INFO] [stdout] 208 |     pub fn new_account(&self) -> NewAccountRequest {
[INFO] [stdout]     |                        ^^^^^     ^^^^^^^^^^^^^^^^^ the same lifetime is hidden here
[INFO] [stdout]     |                        |
[INFO] [stdout]     |                        the lifetime is elided here
[INFO] [stdout]     |
[INFO] [stdout]     = help: the same lifetime is referred to in inconsistent ways, making the signature confusing
[INFO] [stdout]     = note: `#[warn(mismatched_lifetime_syntaxes)]` on by default
[INFO] [stdout] help: use `'_` for type paths
[INFO] [stdout]     |
[INFO] [stdout] 208 |     pub fn new_account(&self) -> NewAccountRequest<'_> {
[INFO] [stdout]     |                                                   ++++
[INFO] [stdout] 
[INFO] [stdout] 
[INFO] [stdout] warning: hiding a lifetime that's elided elsewhere is confusing
[INFO] [stdout]   --> src/account.rs:52:22
[INFO] [stdout]    |
[INFO] [stdout] 52 |     pub fn new_order(&self) -> NewOrderRequest {
[INFO] [stdout]    |                      ^^^^^     ^^^^^^^^^^^^^^^ the same lifetime is hidden here
[INFO] [stdout]    |                      |
[INFO] [stdout]    |                      the lifetime is elided here
[INFO] [stdout]    |
[INFO] [stdout]    = help: the same lifetime is referred to in inconsistent ways, making the signature confusing
[INFO] [stdout] help: use `'_` for type paths
[INFO] [stdout]    |
[INFO] [stdout] 52 |     pub fn new_order(&self) -> NewOrderRequest<'_> {
[INFO] [stdout]    |                                               ++++
[INFO] [stdout] 
[INFO] [stdout] 
[INFO] [stdout] warning: hiding a lifetime that's elided elsewhere is confusing
[INFO] [stdout]    --> src/lib.rs:208:24
[INFO] [stdout]     |
[INFO] [stdout] 208 |     pub fn new_account(&self) -> NewAccountRequest {
[INFO] [stdout]     |                        ^^^^^     ^^^^^^^^^^^^^^^^^ the same lifetime is hidden here
[INFO] [stdout]     |                        |
[INFO] [stdout]     |                        the lifetime is elided here
[INFO] [stdout]     |
[INFO] [stdout]     = help: the same lifetime is referred to in inconsistent ways, making the signature confusing
[INFO] [stdout]     = note: `#[warn(mismatched_lifetime_syntaxes)]` on by default
[INFO] [stdout] help: use `'_` for type paths
[INFO] [stdout]     |
[INFO] [stdout] 208 |     pub fn new_account(&self) -> NewAccountRequest<'_> {
[INFO] [stdout]     |                                                   ++++
[INFO] [stdout] 
[INFO] [stdout] 
[INFO] [stdout] warning: hiding a lifetime that's elided elsewhere is confusing
[INFO] [stdout]   --> src/account.rs:52:22
[INFO] [stdout]    |
[INFO] [stdout] 52 |     pub fn new_order(&self) -> NewOrderRequest {
[INFO] [stdout]    |                      ^^^^^     ^^^^^^^^^^^^^^^ the same lifetime is hidden here
[INFO] [stdout]    |                      |
[INFO] [stdout]    |                      the lifetime is elided here
[INFO] [stdout]    |
[INFO] [stdout]    = help: the same lifetime is referred to in inconsistent ways, making the signature confusing
[INFO] [stdout] help: use `'_` for type paths
[INFO] [stdout]    |
[INFO] [stdout] 52 |     pub fn new_order(&self) -> NewOrderRequest<'_> {
[INFO] [stdout]    |                                               ++++
[INFO] [stdout] 
[INFO] [stdout] 
[INFO] [stderr]     Finished `release` profile [optimized] target(s) in 47.15s
[INFO] running `Command { std: "docker" "inspect" "79422d43d080c932da9081f33f6300bfeaf98416875dd9c18f427b33851de8ef", kill_on_drop: false }`
[INFO] running `Command { std: "docker" "exec" "-e" "SOURCE_DIR=/opt/rustwide/workdir" "-e" "CARGO_HOME=/opt/rustwide/cargo-home" "-e" "RUSTUP_HOME=/opt/rustwide/rustup-home" "-e" "CARGO_TARGET_DIR=/opt/rustwide/target" "-e" "CARGO_INCREMENTAL=0" "-e" "RUST_BACKTRACE=full" "-e" "RUSTFLAGS=--cap-lints=warn" "-e" "RUSTDOCFLAGS=--cap-lints=warn" "-w" "/opt/rustwide/workdir" "--user" "0:0" "79422d43d080c932da9081f33f6300bfeaf98416875dd9c18f427b33851de8ef" "/opt/rustwide/cargo-home/bin/cargo" "+1.100.0-beta.1" "test" "--frozen" "--release", kill_on_drop: false }`
[INFO] [stderr] warning: hiding a lifetime that's elided elsewhere is confusing
[INFO] [stderr]    --> src/lib.rs:208:24
[INFO] [stderr]     |
[INFO] [stderr] 208 |     pub fn new_account(&self) -> NewAccountRequest {
[INFO] [stderr]     |                        ^^^^^     ^^^^^^^^^^^^^^^^^ the same lifetime is hidden here
[INFO] [stderr]     |                        |
[INFO] [stderr]     |                        the lifetime is elided here
[INFO] [stderr]     |
[INFO] [stderr]     = help: the same lifetime is referred to in inconsistent ways, making the signature confusing
[INFO] [stderr]     = note: `#[warn(mismatched_lifetime_syntaxes)]` on by default
[INFO] [stderr] help: use `'_` for type paths
[INFO] [stderr]     |
[INFO] [stderr] 208 |     pub fn new_account(&self) -> NewAccountRequest<'_> {
[INFO] [stderr]     |                                                   ++++
[INFO] [stderr] 
[INFO] [stderr] warning: hiding a lifetime that's elided elsewhere is confusing
[INFO] [stderr]   --> src/account.rs:52:22
[INFO] [stderr]    |
[INFO] [stderr] 52 |     pub fn new_order(&self) -> NewOrderRequest {
[INFO] [stderr]    |                      ^^^^^     ^^^^^^^^^^^^^^^ the same lifetime is hidden here
[INFO] [stderr]    |                      |
[INFO] [stderr]    |                      the lifetime is elided here
[INFO] [stderr]    |
[INFO] [stderr]    = help: the same lifetime is referred to in inconsistent ways, making the signature confusing
[INFO] [stderr] help: use `'_` for type paths
[INFO] [stderr]    |
[INFO] [stderr] 52 |     pub fn new_order(&self) -> NewOrderRequest<'_> {
[INFO] [stderr]    |                                               ++++
[INFO] [stderr] 
[INFO] [stderr] warning: `papaleguas` (lib) generated 2 warnings (run `cargo fix --lib -p papaleguas` to apply 2 suggestions)
[INFO] [stderr] warning: `papaleguas` (lib test) generated 2 warnings (2 duplicates)
[INFO] [stderr]     Finished `release` profile [optimized] target(s) in 0.26s
[INFO] [stdout] 
[INFO] [stdout] running 5 tests
[INFO] [stderr]      Running unittests src/lib.rs (/opt/rustwide/target/release/build/papaleguas/8d86982c7ffbbcf1/out/papaleguas-8d86982c7ffbbcf1)
[INFO] [stdout] test key::test::test_ec_pem_encoding ... ok
[INFO] [stdout] test key::test::test_try_from_byte_slice ... ok
[INFO] [stdout] test key::test::test_try_from_string ... ok
[INFO] [stdout] test key::test::test_ec256_from_pkcs8_der ... ok
[INFO] [stdout] test key::test::test_ec_der_encoding ... ok
[INFO] [stdout] 
[INFO] [stdout] test result: ok. 5 passed; 0 failed; 0 ignored; 0 measured; 0 filtered out; finished in 0.01s
[INFO] [stdout] 
[INFO] [stderr]      Running tests/client.rs (/opt/rustwide/target/release/build/papaleguas/96fa9a3c9c38d4f6/out/client-96fa9a3c9c38d4f6)
[INFO] [stdout] 
[INFO] [stdout] running 8 tests
[INFO] [stdout] test test_create_order ... FAILED
[INFO] [stdout] test test_error ... FAILED
[INFO] [stdout] test test_generate_certificate_via_tlsalpn01 ... FAILED
[INFO] [stdout] test test_order_list ... FAILED
[INFO] [stdout] test test_retrive_account ... FAILED
[INFO] [stdout] test test_generate_certificate_via_http01 ... FAILED
[INFO] [stdout] test test_directory_from_url ... FAILED
[INFO] [stdout] test test_create_account ... FAILED
[INFO] [stdout] 
[INFO] [stdout] failures:
[INFO] [stdout] 
[INFO] [stdout] ---- test_create_order stdout ----
[INFO] [stdout] Error: Other(reqwest::Error { kind: Request, url: "https://localhost:14000/dir", source: hyper_util::client::legacy::Error(Connect, ConnectError("tcp connect error", Os { code: 111, kind: ConnectionRefused, message: "Connection refused" })) })
[INFO] [stdout] 
[INFO] [stdout] ---- test_error stdout ----
[INFO] [stdout] Error: Other(reqwest::Error { kind: Request, url: "https://localhost:14000/dir", source: hyper_util::client::legacy::Error(Connect, ConnectError("tcp connect error", Os { code: 111, kind: ConnectionRefused, message: "Connection refused" })) })
[INFO] [stdout] 
[INFO] [stdout] ---- test_generate_certificate_via_tlsalpn01 stdout ----
[INFO] [stdout] Error: Other(reqwest::Error { kind: Request, url: "https://localhost:14000/dir", source: hyper_util::client::legacy::Error(Connect, ConnectError("tcp connect error", Os { code: 111, kind: ConnectionRefused, message: "Connection refused" })) })
[INFO] [stdout] 
[INFO] [stdout] ---- test_order_list stdout ----
[INFO] [stdout] Error: Other(reqwest::Error { kind: Request, url: "https://localhost:14000/dir", source: hyper_util::client::legacy::Error(Connect, ConnectError("tcp connect error", Os { code: 111, kind: ConnectionRefused, message: "Connection refused" })) })
[INFO] [stdout] 
[INFO] [stdout] ---- test_retrive_account stdout ----
[INFO] [stdout] Error: Other(reqwest::Error { kind: Request, url: "https://localhost:14000/dir", source: hyper_util::client::legacy::Error(Connect, ConnectError("tcp connect error", Os { code: 111, kind: ConnectionRefused, message: "Connection refused" })) })
[INFO] [stdout] 
[INFO] [stdout] ---- test_generate_certificate_via_http01 stdout ----
[INFO] [stdout] Error: Other(reqwest::Error { kind: Request, url: "https://localhost:14000/dir", source: hyper_util::client::legacy::Error(Connect, ConnectError("tcp connect error", Os { code: 111, kind: ConnectionRefused, message: "Connection refused" })) })
[INFO] [stdout] 
[INFO] [stdout] ---- test_directory_from_url stdout ----
[INFO] [stdout] 
[INFO] [stdout] thread 'test_directory_from_url' (2442) panicked at tests/client.rs:30:5:
[INFO] [stdout] assertion failed: client.is_ok()
[INFO] [stdout] stack backtrace:
[INFO] [stdout]    0:     0x60a69a33b361 - <<std[617be2ca0a6fd877]::sys::backtrace::BacktraceLock>::print::DisplayBacktrace as core[a373ad73a504971]::fmt::Display>::fmt
[INFO] [stdout]    1:     0x60a69a35125a - core[a373ad73a504971]::fmt::write
[INFO] [stdout]    2:     0x60a69a33fb2c - <alloc[2e1b2a31b91974c5]::vec::Vec<u8> as core[a373ad73a504971]::io::write::Write>::write_fmt
[INFO] [stdout]    3:     0x60a69a3162b6 - std[617be2ca0a6fd877]::panicking::default_hook::{closure#0}
[INFO] [stdout]    4:     0x60a69a332fe9 - std[617be2ca0a6fd877]::panicking::default_hook
[INFO] [stdout]    5:     0x60a69a0d9220 - test[aada8e7e76ba119b]::test_main_inner::{closure#0}
[INFO] [stdout]    6:     0x60a69a333312 - std[617be2ca0a6fd877]::panicking::panic_with_hook
[INFO] [stdout]    7:     0x60a69a316394 - std[617be2ca0a6fd877]::panicking::panic_handler::{closure#0}
[INFO] [stdout]    8:     0x60a69a30ee09 - std[617be2ca0a6fd877]::sys::backtrace::__rust_end_short_backtrace::<std[617be2ca0a6fd877]::panicking::panic_handler::{closure#0}, !>
[INFO] [stdout]    9:     0x60a69a31715d - __rustc[ea4f61d10b84890b]::rust_begin_unwind
[INFO] [stdout]   10:     0x60a69a3519bc - core[a373ad73a504971]::panicking::panic_fmt
[INFO] [stdout]   11:     0x60a69a351982 - core[a373ad73a504971]::panicking::panic
[INFO] [stdout]   12:     0x60a69a090838 - client[684f97a441103544]::test_directory_from_url::{closure#0}
[INFO] [stdout]   13:     0x60a69a0a2ca8 - <tokio[9b61e0efcff18259]::runtime::context::scoped::Scoped<tokio[9b61e0efcff18259]::runtime::scheduler::Context>>::set::<<tokio[9b61e0efcff18259]::runtime::scheduler::current_thread::CoreGuard>::enter<<tokio[9b61e0efcff18259]::runtime::scheduler::current_thread::CoreGuard>::block_on<core[a373ad73a504971]::pin::Pin<&mut core[a373ad73a504971]::pin::Pin<&mut dyn core[a373ad73a504971]::future::future::Future<Output = ()>>>>::{closure#0}, core[a373ad73a504971]::option::Option<()>>::{closure#0}, (alloc[2e1b2a31b91974c5]::boxed::Box<tokio[9b61e0efcff18259]::runtime::scheduler::current_thread::Core>, core[a373ad73a504971]::option::Option<()>)>
[INFO] [stdout]   14:     0x60a69a0a3ac8 - <tokio[9b61e0efcff18259]::runtime::scheduler::current_thread::CurrentThread>::block_on::<core[a373ad73a504971]::pin::Pin<&mut dyn core[a373ad73a504971]::future::future::Future<Output = ()>>>
[INFO] [stdout]   15:     0x60a69a09f11d - <tokio[9b61e0efcff18259]::runtime::runtime::Runtime>::block_on::<core[a373ad73a504971]::pin::Pin<&mut dyn core[a373ad73a504971]::future::future::Future<Output = ()>>>
[INFO] [stdout]   16:     0x60a69a09910f - <client[684f97a441103544]::test_directory_from_url::{closure#0} as core[a373ad73a504971]::ops::function::FnOnce<()>>::call_once
[INFO] [stdout]   17:     0x60a69a0cc66b - test[aada8e7e76ba119b]::__rust_begin_short_backtrace::<core[a373ad73a504971]::result::Result<(), alloc[2e1b2a31b91974c5]::string::String>, fn() -> core[a373ad73a504971]::result::Result<(), alloc[2e1b2a31b91974c5]::string::String>>
[INFO] [stdout]   18:     0x60a69a0d9845 - test[aada8e7e76ba119b]::run_test::{closure#0}
[INFO] [stdout]   19:     0x60a69a0d3134 - std[617be2ca0a6fd877]::sys::backtrace::__rust_begin_short_backtrace::<test[aada8e7e76ba119b]::run_test::{closure#1}, ()>
[INFO] [stdout]   20:     0x60a69a0dc8d2 - <std[617be2ca0a6fd877]::thread::lifecycle::spawn_unchecked<test[aada8e7e76ba119b]::run_test::{closure#1}, ()>::{closure#1} as core[a373ad73a504971]::ops::function::FnOnce<()>>::call_once::{shim:vtable#0}
[INFO] [stdout]   21:     0x60a69a33a4ff - <std[617be2ca0a6fd877]::sys::thread::unix::Thread>::new::thread_start
[INFO] [stdout]   22:     0x7685a7c8adfa - <unknown>
[INFO] [stdout]   23:     0x7685a7d1e3d4 - clone
[INFO] [stdout]   24:                0x0 - <unknown>
[INFO] [stdout] 
[INFO] [stdout] ---- test_create_account stdout ----
[INFO] [stdout] 
[INFO] [stdout] thread 'test_create_account' (2440) panicked at tests/client.rs:35:38:
[INFO] [stdout] called `Result::unwrap()` on an `Err` value: Other(reqwest::Error { kind: Request, url: "https://localhost:14000/dir", source: hyper_util::client::legacy::Error(Connect, ConnectError("tcp connect error", Os { code: 111, kind: ConnectionRefused, message: "Connection refused" })) })
[INFO] [stdout] stack backtrace:
[INFO] [stdout]    0:     0x60a69a33b361 - <<std[617be2ca0a6fd877]::sys::backtrace::BacktraceLock>::print::DisplayBacktrace as core[a373ad73a504971]::fmt::Display>::fmt
[INFO] [stdout]    1:     0x60a69a35125a - core[a373ad73a504971]::fmt::write
[INFO] [stdout]    2:     0x60a69a33fb2c - <alloc[2e1b2a31b91974c5]::vec::Vec<u8> as core[a373ad73a504971]::io::write::Write>::write_fmt
[INFO] [stdout]    3:     0x60a69a3162b6 - std[617be2ca0a6fd877]::panicking::default_hook::{closure#0}
[INFO] [stdout]    4:     0x60a69a332fe9 - std[617be2ca0a6fd877]::panicking::default_hook
[INFO] [stdout]    5:     0x60a69a0d9220 - test[aada8e7e76ba119b]::test_main_inner::{closure#0}
[INFO] [stdout]    6:     0x60a69a333312 - std[617be2ca0a6fd877]::panicking::panic_with_hook
[INFO] [stdout]    7:     0x60a69a316362 - std[617be2ca0a6fd877]::panicking::panic_handler::{closure#0}
[INFO] [stdout]    8:     0x60a69a30ee09 - std[617be2ca0a6fd877]::sys::backtrace::__rust_end_short_backtrace::<std[617be2ca0a6fd877]::panicking::panic_handler::{closure#0}, !>
[INFO] [stdout]    9:     0x60a69a31715d - __rustc[ea4f61d10b84890b]::rust_begin_unwind
[INFO] [stdout]   10:     0x60a69a3519bc - core[a373ad73a504971]::panicking::panic_fmt
[INFO] [stdout]   11:     0x60a69a351792 - core[a373ad73a504971]::result::unwrap_failed
[INFO] [stdout]   12:     0x60a69a08fcd8 - client[684f97a441103544]::test_create_account::{closure#0}
[INFO] [stdout]   13:     0x60a69a0a2ca8 - <tokio[9b61e0efcff18259]::runtime::context::scoped::Scoped<tokio[9b61e0efcff18259]::runtime::scheduler::Context>>::set::<<tokio[9b61e0efcff18259]::runtime::scheduler::current_thread::CoreGuard>::enter<<tokio[9b61e0efcff18259]::runtime::scheduler::current_thread::CoreGuard>::block_on<core[a373ad73a504971]::pin::Pin<&mut core[a373ad73a504971]::pin::Pin<&mut dyn core[a373ad73a504971]::future::future::Future<Output = ()>>>>::{closure#0}, core[a373ad73a504971]::option::Option<()>>::{closure#0}, (alloc[2e1b2a31b91974c5]::boxed::Box<tokio[9b61e0efcff18259]::runtime::scheduler::current_thread::Core>, core[a373ad73a504971]::option::Option<()>)>
[INFO] [stdout]   14:     0x60a69a0a3ac8 - <tokio[9b61e0efcff18259]::runtime::scheduler::current_thread::CurrentThread>::block_on::<core[a373ad73a504971]::pin::Pin<&mut dyn core[a373ad73a504971]::future::future::Future<Output = ()>>>
[INFO] [stdout]   15:     0x60a69a09f11d - <tokio[9b61e0efcff18259]::runtime::runtime::Runtime>::block_on::<core[a373ad73a504971]::pin::Pin<&mut dyn core[a373ad73a504971]::future::future::Future<Output = ()>>>
[INFO] [stdout]   16:     0x60a69a098e1b - <client[684f97a441103544]::test_create_account::{closure#0} as core[a373ad73a504971]::ops::function::FnOnce<()>>::call_once
[INFO] [stdout]   17:     0x60a69a0cc66b - test[aada8e7e76ba119b]::__rust_begin_short_backtrace::<core[a373ad73a504971]::result::Result<(), alloc[2e1b2a31b91974c5]::string::String>, fn() -> core[a373ad73a504971]::result::Result<(), alloc[2e1b2a31b91974c5]::string::String>>
[INFO] [stdout]   18:     0x60a69a0d9845 - test[aada8e7e76ba119b]::run_test::{closure#0}
[INFO] [stdout]   19:     0x60a69a0d3134 - std[617be2ca0a6fd877]::sys::backtrace::__rust_begin_short_backtrace::<test[aada8e7e76ba119b]::run_test::{closure#1}, ()>
[INFO] [stdout]   20:     0x60a69a0dc8d2 - <std[617be2ca0a6fd877]::thread::lifecycle::spawn_unchecked<test[aada8e7e76ba119b]::run_test::{closure#1}, ()>::{closure#1} as core[a373ad73a504971]::ops::function::FnOnce<()>>::call_once::{shim:vtable#0}
[INFO] [stdout]   21:     0x60a69a33a4ff - <std[617be2ca0a6fd877]::sys::thread::unix::Thread>::new::thread_start
[INFO] [stdout]   22:     0x7685a7c8adfa - <unknown>
[INFO] [stdout]   23:     0x7685a7d1e3d4 - clone
[INFO] [stdout]   24:                0x0 - <unknown>
[INFO] [stdout] 
[INFO] [stdout] 
[INFO] [stdout] failures:
[INFO] [stdout]     test_create_account
[INFO] [stdout]     test_create_order
[INFO] [stdout]     test_directory_from_url
[INFO] [stdout]     test_error
[INFO] [stdout]     test_generate_certificate_via_http01
[INFO] [stdout]     test_generate_certificate_via_tlsalpn01
[INFO] [stdout]     test_order_list
[INFO] [stdout]     test_retrive_account
[INFO] [stdout] 
[INFO] [stdout] test result: FAILED. 0 passed; 8 failed; 0 ignored; 0 measured; 0 filtered out; finished in 0.01s
[INFO] [stdout] 
[INFO] [stderr] error: test failed, to rerun pass `--test client`
[INFO] running `Command { std: "docker" "inspect" "79422d43d080c932da9081f33f6300bfeaf98416875dd9c18f427b33851de8ef", kill_on_drop: false }`
[INFO] running `Command { std: "docker" "rm" "-f" "79422d43d080c932da9081f33f6300bfeaf98416875dd9c18f427b33851de8ef", kill_on_drop: false }`
[INFO] [stdout] 79422d43d080c932da9081f33f6300bfeaf98416875dd9c18f427b33851de8ef
