[INFO] fetching crate panproto-project 0.76.1...
[INFO] testing panproto-project-0.76.1 against 1.100.0-beta.1+cargoflags=--release for beta-release-1.100-2
[INFO] extracting crate panproto-project 0.76.1 into /workspace/builds/worker-4-tc2/source
[INFO] started tweaking crates.io crate panproto-project 0.76.1
[INFO] removed 0 missing examples
[INFO] finished tweaking crates.io crate panproto-project 0.76.1
[INFO] tweaked toml for crates.io crate panproto-project 0.76.1 written to /workspace/builds/worker-4-tc2/source/Cargo.toml
[INFO] validating manifest of crates.io crate panproto-project 0.76.1 on toolchain 1.100.0-beta.1
[INFO] running `Command { std: CARGO_HOME="/workspace/cargo-home" RUSTUP_HOME="/workspace/rustup-home" "/workspace/cargo-home/bin/cargo" "+1.100.0-beta.1" "metadata" "--manifest-path" "Cargo.toml" "--no-deps", kill_on_drop: false }`
[INFO] crate crates.io crate panproto-project 0.76.1 already has a lockfile, it will not be regenerated
[INFO] running `Command { std: CARGO_HOME="/workspace/cargo-home" RUSTUP_HOME="/workspace/rustup-home" "/workspace/cargo-home/bin/cargo" "+1.100.0-beta.1" "fetch" "--manifest-path" "Cargo.toml", kill_on_drop: false }`
[INFO] running `Command { std: "docker" "create" "-v" "/var/lib/crater-agent-workspace/builds/worker-4-tc2/source:/opt/rustwide/workdir:ro,Z" "-v" "/var/lib/crater-agent-workspace/builds/worker-4-tc2/target:/opt/rustwide/target:rw,Z" "-v" "/var/lib/crater-agent-workspace/cargo-home:/opt/rustwide/cargo-home:ro,Z" "-v" "/var/lib/crater-agent-workspace/rustup-home:/opt/rustwide/rustup-home:ro,Z" "-m" "1610612736" "--network" "none" "ghcr.io/rust-lang/crates-build-env/linux@sha256:77db811e55d90add9212f6832c23229e3de5f1c1f9905e8cb07319ea15df73ac" "sleep" "infinity", kill_on_drop: false }`
[INFO] [stdout] e59794d7ba74e0bd210223f700fdfef2e5947217d2e6c8412616f63344803b9a
[INFO] running `Command { std: "docker" "start" "e59794d7ba74e0bd210223f700fdfef2e5947217d2e6c8412616f63344803b9a", kill_on_drop: false }`
[INFO] running `Command { std: "docker" "inspect" "e59794d7ba74e0bd210223f700fdfef2e5947217d2e6c8412616f63344803b9a", kill_on_drop: false }`
[INFO] running `Command { std: "docker" "exec" "-e" "SOURCE_DIR=/opt/rustwide/workdir" "-e" "CARGO_HOME=/opt/rustwide/cargo-home" "-e" "RUSTUP_HOME=/opt/rustwide/rustup-home" "-e" "CARGO_TARGET_DIR=/opt/rustwide/target" "-w" "/opt/rustwide/workdir" "--user" "0:0" "e59794d7ba74e0bd210223f700fdfef2e5947217d2e6c8412616f63344803b9a" "/opt/rustwide/cargo-home/bin/cargo" "+1.100.0-beta.1" "metadata" "--no-deps" "--format-version=1", kill_on_drop: false }`
[INFO] running `Command { std: "docker" "inspect" "e59794d7ba74e0bd210223f700fdfef2e5947217d2e6c8412616f63344803b9a", kill_on_drop: false }`
[INFO] running `Command { std: "docker" "exec" "-e" "SOURCE_DIR=/opt/rustwide/workdir" "-e" "CARGO_HOME=/opt/rustwide/cargo-home" "-e" "RUSTUP_HOME=/opt/rustwide/rustup-home" "-e" "CARGO_TARGET_DIR=/opt/rustwide/target" "-e" "CARGO_INCREMENTAL=0" "-e" "RUST_BACKTRACE=full" "-e" "RUSTFLAGS=--cap-lints=warn" "-e" "RUSTDOCFLAGS=--cap-lints=warn" "-w" "/opt/rustwide/workdir" "--user" "0:0" "e59794d7ba74e0bd210223f700fdfef2e5947217d2e6c8412616f63344803b9a" "/opt/rustwide/cargo-home/bin/cargo" "+1.100.0-beta.1" "build" "--frozen" "--message-format=json" "--release", kill_on_drop: false }`
[INFO] [stderr]    Compiling find-msvc-tools v0.1.12
[INFO] [stderr]    Compiling rustix v1.1.4
[INFO] [stderr]    Compiling owo-colors v4.3.0
[INFO] [stderr]    Compiling serde_core v1.0.229
[INFO] [stderr]    Compiling addr2line v0.25.1
[INFO] [stderr]    Compiling rustc-demangle v0.1.27
[INFO] [stderr]    Compiling is_ci v1.2.0
[INFO] [stderr]    Compiling object v0.37.3
[INFO] [stderr]    Compiling syn v2.0.119
[INFO] [stderr]    Compiling unicode-linebreak v0.1.5
[INFO] [stderr]    Compiling supports-hyperlinks v3.2.0
[INFO] [stderr]    Compiling supports-unicode v3.0.0
[INFO] [stderr]    Compiling zmij v1.0.21
[INFO] [stderr]    Compiling serde v1.0.229
[INFO] [stderr]    Compiling indexmap v2.13.0
[INFO] [stderr]    Compiling itoa v1.0.17
[INFO] [stderr]    Compiling cc v1.4.5
[INFO] [stderr]    Compiling supports-color v3.0.2
[INFO] [stderr]    Compiling serde_json v1.0.151
[INFO] [stderr]    Compiling aho-corasick v1.1.4
[INFO] [stderr]    Compiling winnow v1.0.1
[INFO] [stderr]    Compiling textwrap v0.16.2
[INFO] [stderr]    Compiling toml_writer v1.1.1+spec-1.1.0
[INFO] [stderr]    Compiling rmp v0.8.15
[INFO] [stderr]    Compiling toml_parser v1.1.1+spec-1.1.0
[INFO] [stderr]    Compiling toml_datetime v1.1.1+spec-1.1.0
[INFO] [stderr]    Compiling serde_spanned v1.1.1
[INFO] [stderr]    Compiling bstr v1.12.1
[INFO] [stderr]    Compiling terminal_size v0.4.3
[INFO] [stderr]    Compiling panproto-expr v0.76.1
[INFO] [stderr]    Compiling rmp-serde v1.3.1
[INFO] [stderr]    Compiling toml v1.1.1+spec-1.1.0
[INFO] [stderr]    Compiling blake3 v1.8.7
[INFO] [stderr]    Compiling regex-automata v0.4.14
[INFO] [stderr]    Compiling miette-derive v7.6.0
[INFO] [stderr]    Compiling tree-sitter v0.26.13
[INFO] [stderr]    Compiling panproto-grammars v0.76.1
[INFO] [stderr]    Compiling backtrace v0.3.76
[INFO] [stderr]    Compiling regex v1.12.3
[INFO] [stderr]    Compiling globset v0.4.19
[INFO] [stderr]    Compiling backtrace-ext v0.2.1
[INFO] [stderr]    Compiling miette v7.6.0
[INFO] [stderr]    Compiling panproto-gat v0.76.1
[INFO] [stderr]    Compiling panproto-schema v0.76.1
[INFO] [stderr]    Compiling panproto-inst v0.76.1
[INFO] [stderr]    Compiling panproto-mig v0.76.1
[INFO] [stderr]    Compiling panproto-protocols v0.76.1
[INFO] [stderr]    Compiling tree-sitter-tags v0.26.13
[INFO] [stderr]    Compiling panproto-lens v0.76.1
[INFO] [stderr]    Compiling panproto-check v0.76.1
[INFO] [stderr]    Compiling panproto-parse v0.76.1
[INFO] [stderr]    Compiling panproto-vcs v0.76.1
[INFO] [stderr]    Compiling panproto-project v0.76.1 (/opt/rustwide/workdir)
[INFO] [stderr]     Finished `release` profile [optimized] target(s) in 2m 41s
[INFO] running `Command { std: "docker" "inspect" "e59794d7ba74e0bd210223f700fdfef2e5947217d2e6c8412616f63344803b9a", kill_on_drop: false }`
[INFO] running `Command { std: "docker" "exec" "-e" "SOURCE_DIR=/opt/rustwide/workdir" "-e" "CARGO_HOME=/opt/rustwide/cargo-home" "-e" "RUSTUP_HOME=/opt/rustwide/rustup-home" "-e" "CARGO_TARGET_DIR=/opt/rustwide/target" "-e" "CARGO_INCREMENTAL=0" "-e" "RUST_BACKTRACE=full" "-e" "RUSTFLAGS=--cap-lints=warn" "-e" "RUSTDOCFLAGS=--cap-lints=warn" "-w" "/opt/rustwide/workdir" "--user" "0:0" "e59794d7ba74e0bd210223f700fdfef2e5947217d2e6c8412616f63344803b9a" "/opt/rustwide/cargo-home/bin/cargo" "+1.100.0-beta.1" "test" "--frozen" "--no-run" "--message-format=json" "--release", kill_on_drop: false }`
[INFO] [stderr]    Compiling rustix v1.1.4
[INFO] [stderr]    Compiling backtrace v0.3.76
[INFO] [stderr]    Compiling miette-derive v7.6.0
[INFO] [stderr]    Compiling zerocopy v0.8.42
[INFO] [stderr]    Compiling clap_lex v1.0.0
[INFO] [stderr]    Compiling rand v0.9.2
[INFO] [stderr]    Compiling divan-macros v0.1.21
[INFO] [stderr]    Compiling regex-lite v0.1.9
[INFO] [stderr]    Compiling condtype v1.3.0
[INFO] [stderr]    Compiling backtrace-ext v0.2.1
[INFO] [stderr]    Compiling terminal_size v0.4.3
[INFO] [stderr]    Compiling tempfile v3.27.0
[INFO] [stderr]    Compiling miette v7.6.0
[INFO] [stderr]    Compiling clap_builder v4.6.0
[INFO] [stderr]    Compiling rusty-fork v0.3.1
[INFO] [stderr]    Compiling panproto-gat v0.76.1
[INFO] [stderr]    Compiling ppv-lite86 v0.2.21
[INFO] [stderr]    Compiling clap v4.6.1
[INFO] [stderr]    Compiling divan v0.1.21
[INFO] [stderr]    Compiling rand_chacha v0.9.0
[INFO] [stderr]    Compiling proptest v1.11.0
[INFO] [stderr]    Compiling panproto-schema v0.76.1
[INFO] [stderr]    Compiling panproto-inst v0.76.1
[INFO] [stderr]    Compiling panproto-mig v0.76.1
[INFO] [stderr]    Compiling panproto-protocols v0.76.1
[INFO] [stderr]    Compiling panproto-lens v0.76.1
[INFO] [stderr]    Compiling panproto-check v0.76.1
[INFO] [stderr]    Compiling panproto-parse v0.76.1
[INFO] [stderr]    Compiling panproto-vcs v0.76.1
[INFO] [stderr]    Compiling panproto-project v0.76.1 (/opt/rustwide/workdir)
[INFO] [stderr]     Finished `release` profile [optimized] target(s) in 3m 11s
[INFO] running `Command { std: "docker" "inspect" "e59794d7ba74e0bd210223f700fdfef2e5947217d2e6c8412616f63344803b9a", kill_on_drop: false }`
[INFO] running `Command { std: "docker" "exec" "-e" "SOURCE_DIR=/opt/rustwide/workdir" "-e" "CARGO_HOME=/opt/rustwide/cargo-home" "-e" "RUSTUP_HOME=/opt/rustwide/rustup-home" "-e" "CARGO_TARGET_DIR=/opt/rustwide/target" "-e" "CARGO_INCREMENTAL=0" "-e" "RUST_BACKTRACE=full" "-e" "RUSTFLAGS=--cap-lints=warn" "-e" "RUSTDOCFLAGS=--cap-lints=warn" "-w" "/opt/rustwide/workdir" "--user" "0:0" "e59794d7ba74e0bd210223f700fdfef2e5947217d2e6c8412616f63344803b9a" "/opt/rustwide/cargo-home/bin/cargo" "+1.100.0-beta.1" "test" "--frozen" "--release", kill_on_drop: false }`
[INFO] [stderr]     Finished `release` profile [optimized] target(s) in 0.22s
[INFO] [stderr]      Running unittests src/lib.rs (/opt/rustwide/target/release/build/panproto-project/209c75272fc477e4/out/panproto_project-209c75272fc477e4)
[INFO] [stdout] 
[INFO] [stdout] running 36 tests
[INFO] [stdout] test config::tests::load_config_missing_file ... ok
[INFO] [stdout] test config::tests::round_trip_config ... ok
[INFO] [stdout] test detect::tests::binary_detection ... ok
[INFO] [stdout] test resolve::tests::multiple_exports_resolved ... ok
[INFO] [stdout] test resolve::tests::normalize_import_path_bare_module ... ok
[INFO] [stdout] test cache::tests::cache_with_entries_round_trip ... ok
[INFO] [stdout] test config::tests::compile_excludes_builds_globset ... ok
[INFO] [stdout] test cache::tests::empty_cache_round_trip ... ok
[INFO] [stdout] test resolve::tests::resolve_two_file_typescript_project ... ok
[INFO] [stdout] test detect::tests::detect_core_languages ... FAILED
[INFO] [stdout] test cache::tests::is_valid_matches_real_file ... ok
[INFO] [stdout] test cache::tests::load_nonexistent_returns_empty ... ok
[INFO] [stdout] test resolve::tests::file_prefix_no_separator ... ok
[INFO] [stdout] test cache::tests::default_impl ... ok
[INFO] [stdout] test resolve::tests::file_prefix_extraction ... ok
[INFO] [stdout] test detect::tests::detect_unknown_returns_none ... ok
[INFO] [stdout] test resolve::tests::unresolved_imports_are_skipped ... ok
[INFO] [stdout] test tests::build_tree_preserves_cross_file_imports ... ok
[INFO] [stdout] test resolve::tests::resolve_file_path_index_file ... ok
[INFO] [stdout] test tests::build_tree_stable_across_insertion_order ... ok
[INFO] [stdout] test resolve::tests::normalize_import_path_parent_relative ... ok
[INFO] [stdout] test tests::orphan_import_edge_is_surfaced ... ok
[INFO] [stdout] test tests::multi_file_project ... FAILED
[INFO] [stdout] test tests::language_detection ... FAILED
[INFO] [stdout] test tests::mixed_languages ... FAILED
[INFO] [stdout] test tests::single_file_project ... FAILED
[INFO] [stdout] test resolve::tests::normalize_import_path_relative ... ok
[INFO] [stdout] test resolve::tests::resolve_file_path_exact ... ok
[INFO] [stdout] test resolve::tests::resolve_file_path_not_found ... ok
[INFO] [stdout] test resolve::tests::normalize_import_path_empty_returns_none ... ok
[INFO] [stdout] test resolve::tests::resolve_file_path_with_extension ... ok
[INFO] [stdout] test tests::cross_file_edges_wire_bytes_are_deterministic ... ok
[INFO] [stdout] test tests::empty_project_errors ... ok
[INFO] [stdout] test tests::build_tree_assembles_back_to_flat_schema ... ok
[INFO] [stdout] test tests::raw_file_fallback ... ok
[INFO] [stdout] test cache::tests::is_valid_missing_file ... ok
[INFO] [stdout] 
[INFO] [stdout] failures:
[INFO] [stdout] 
[INFO] [stdout] ---- detect::tests::detect_core_languages stdout ----
[INFO] [stdout] 
[INFO] [stdout] thread 'detect::tests::detect_core_languages' (2370) panicked at src/detect.rs:279:9:
[INFO] [stdout] assertion `left == right` failed
[INFO] [stdout]   left: None
[INFO] [stdout]  right: Some("python")
[INFO] [stdout] stack backtrace:
[INFO] [stdout]    0:     0x574c68377c51 - <<std[617be2ca0a6fd877]::sys::backtrace::BacktraceLock>::print::DisplayBacktrace as core[a373ad73a504971]::fmt::Display>::fmt
[INFO] [stdout]    1:     0x574c6838ee5a - core[a373ad73a504971]::fmt::write
[INFO] [stdout]    2:     0x574c6837c0ec - <alloc[2e1b2a31b91974c5]::vec::Vec<u8> as core[a373ad73a504971]::io::write::Write>::write_fmt
[INFO] [stdout]    3:     0x574c68351f36 - std[617be2ca0a6fd877]::panicking::default_hook::{closure#0}
[INFO] [stdout]    4:     0x574c6836f3b9 - std[617be2ca0a6fd877]::panicking::default_hook
[INFO] [stdout]    5:     0x574c68101f40 - test[aada8e7e76ba119b]::test_main_inner::{closure#0}
[INFO] [stdout]    6:     0x574c6836f572 - std[617be2ca0a6fd877]::panicking::panic_with_hook
[INFO] [stdout]    7:     0x574c68351fe2 - std[617be2ca0a6fd877]::panicking::panic_handler::{closure#0}
[INFO] [stdout]    8:     0x574c6834aa49 - std[617be2ca0a6fd877]::sys::backtrace::__rust_end_short_backtrace::<std[617be2ca0a6fd877]::panicking::panic_handler::{closure#0}, !>
[INFO] [stdout]    9:     0x574c68352bed - __rustc[ea4f61d10b84890b]::rust_begin_unwind
[INFO] [stdout]   10:     0x574c6838f67c - core[a373ad73a504971]::panicking::panic_fmt
[INFO] [stdout]   11:     0x574c6838f593 - core[a373ad73a504971]::panicking::assert_failed_inner
[INFO] [stdout]   12:     0x574c68013b99 - core[a373ad73a504971]::panicking::assert_failed::<core[a373ad73a504971]::option::Option<&str>, core[a373ad73a504971]::option::Option<&str>>
[INFO] [stdout]   13:     0x574c67feda4d - <panproto_project[7b2311983a53fa4]::detect::tests::detect_core_languages::{closure#0} as core[a373ad73a504971]::ops::function::FnOnce<()>>::call_once
[INFO] [stdout]   14:     0x574c680f538b - test[aada8e7e76ba119b]::__rust_begin_short_backtrace::<core[a373ad73a504971]::result::Result<(), alloc[2e1b2a31b91974c5]::string::String>, fn() -> core[a373ad73a504971]::result::Result<(), alloc[2e1b2a31b91974c5]::string::String>>
[INFO] [stdout]   15:     0x574c68102565 - test[aada8e7e76ba119b]::run_test::{closure#0}
[INFO] [stdout]   16:     0x574c680fbe54 - std[617be2ca0a6fd877]::sys::backtrace::__rust_begin_short_backtrace::<test[aada8e7e76ba119b]::run_test::{closure#1}, ()>
[INFO] [stdout]   17:     0x574c681055f2 - <std[617be2ca0a6fd877]::thread::lifecycle::spawn_unchecked<test[aada8e7e76ba119b]::run_test::{closure#1}, ()>::{closure#1} as core[a373ad73a504971]::ops::function::FnOnce<()>>::call_once::{shim:vtable#0}
[INFO] [stdout]   18:     0x574c68376c5f - <std[617be2ca0a6fd877]::sys::thread::unix::Thread>::new::thread_start
[INFO] [stdout]   19:     0x70823fc64dfa - <unknown>
[INFO] [stdout]   20:     0x70823fcf83d4 - clone
[INFO] [stdout]   21:                0x0 - <unknown>
[INFO] [stdout] 
[INFO] [stdout] ---- tests::multi_file_project stdout ----
[INFO] [stdout] 
[INFO] [stdout] thread 'tests::multi_file_project' (2392) panicked at src/lib.rs:791:9:
[INFO] [stdout] assertion failed: project.schema.vertices.len() > 5
[INFO] [stdout] stack backtrace:
[INFO] [stdout]    0:     0x574c68377c51 - <<std[617be2ca0a6fd877]::sys::backtrace::BacktraceLock>::print::DisplayBacktrace as core[a373ad73a504971]::fmt::Display>::fmt
[INFO] [stdout]    1:     0x574c6838ee5a - core[a373ad73a504971]::fmt::write
[INFO] [stdout]    2:     0x574c6837c0ec - <alloc[2e1b2a31b91974c5]::vec::Vec<u8> as core[a373ad73a504971]::io::write::Write>::write_fmt
[INFO] [stdout]    3:     0x574c68351f36 - std[617be2ca0a6fd877]::panicking::default_hook::{closure#0}
[INFO] [stdout]    4:     0x574c6836f3b9 - std[617be2ca0a6fd877]::panicking::default_hook
[INFO] [stdout]    5:     0x574c68101f40 - test[aada8e7e76ba119b]::test_main_inner::{closure#0}
[INFO] [stdout]    6:     0x574c6836f572 - std[617be2ca0a6fd877]::panicking::panic_with_hook
[INFO] [stdout]    7:     0x574c68352014 - std[617be2ca0a6fd877]::panicking::panic_handler::{closure#0}
[INFO] [stdout]    8:     0x574c6834aa49 - std[617be2ca0a6fd877]::sys::backtrace::__rust_end_short_backtrace::<std[617be2ca0a6fd877]::panicking::panic_handler::{closure#0}, !>
[INFO] [stdout]    9:     0x574c68352bed - __rustc[ea4f61d10b84890b]::rust_begin_unwind
[INFO] [stdout]   10:     0x574c6838f67c - core[a373ad73a504971]::panicking::panic_fmt
[INFO] [stdout]   11:     0x574c6838f642 - core[a373ad73a504971]::panicking::panic
[INFO] [stdout]   12:     0x574c68007695 - <panproto_project[7b2311983a53fa4]::tests::multi_file_project::{closure#0} as core[a373ad73a504971]::ops::function::FnOnce<()>>::call_once
[INFO] [stdout]   13:     0x574c680f538b - test[aada8e7e76ba119b]::__rust_begin_short_backtrace::<core[a373ad73a504971]::result::Result<(), alloc[2e1b2a31b91974c5]::string::String>, fn() -> core[a373ad73a504971]::result::Result<(), alloc[2e1b2a31b91974c5]::string::String>>
[INFO] [stdout]   14:     0x574c68102565 - test[aada8e7e76ba119b]::run_test::{closure#0}
[INFO] [stdout]   15:     0x574c680fbe54 - std[617be2ca0a6fd877]::sys::backtrace::__rust_begin_short_backtrace::<test[aada8e7e76ba119b]::run_test::{closure#1}, ()>
[INFO] [stdout]   16:     0x574c681055f2 - <std[617be2ca0a6fd877]::thread::lifecycle::spawn_unchecked<test[aada8e7e76ba119b]::run_test::{closure#1}, ()>::{closure#1} as core[a373ad73a504971]::ops::function::FnOnce<()>>::call_once::{shim:vtable#0}
[INFO] [stdout]   17:     0x574c68376c5f - <std[617be2ca0a6fd877]::sys::thread::unix::Thread>::new::thread_start
[INFO] [stdout]   18:     0x70823fc64dfa - <unknown>
[INFO] [stdout]   19:     0x70823fcf83d4 - clone
[INFO] [stdout]   20:                0x0 - <unknown>
[INFO] [stdout] 
[INFO] [stdout] ---- tests::language_detection stdout ----
[INFO] [stdout] 
[INFO] [stdout] thread 'tests::language_detection' (2390) panicked at src/lib.rs:1075:9:
[INFO] [stdout] assertion `left == right` failed
[INFO] [stdout]   left: None
[INFO] [stdout]  right: Some("typescript")
[INFO] [stdout] stack backtrace:
[INFO] [stdout]    0:     0x574c68377c51 - <<std[617be2ca0a6fd877]::sys::backtrace::BacktraceLock>::print::DisplayBacktrace as core[a373ad73a504971]::fmt::Display>::fmt
[INFO] [stdout]    1:     0x574c6838ee5a - core[a373ad73a504971]::fmt::write
[INFO] [stdout]    2:     0x574c6837c0ec - <alloc[2e1b2a31b91974c5]::vec::Vec<u8> as core[a373ad73a504971]::io::write::Write>::write_fmt
[INFO] [stdout]    3:     0x574c68351f36 - std[617be2ca0a6fd877]::panicking::default_hook::{closure#0}
[INFO] [stdout]    4:     0x574c6836f3b9 - std[617be2ca0a6fd877]::panicking::default_hook
[INFO] [stdout]    5:     0x574c68101f40 - test[aada8e7e76ba119b]::test_main_inner::{closure#0}
[INFO] [stdout]    6:     0x574c6836f572 - std[617be2ca0a6fd877]::panicking::panic_with_hook
[INFO] [stdout]    7:     0x574c68351fe2 - std[617be2ca0a6fd877]::panicking::panic_handler::{closure#0}
[INFO] [stdout]    8:     0x574c6834aa49 - std[617be2ca0a6fd877]::sys::backtrace::__rust_end_short_backtrace::<std[617be2ca0a6fd877]::panicking::panic_handler::{closure#0}, !>
[INFO] [stdout]    9:     0x574c68352bed - __rustc[ea4f61d10b84890b]::rust_begin_unwind
[INFO] [stdout]   10:     0x574c6838f67c - core[a373ad73a504971]::panicking::panic_fmt
[INFO] [stdout]   11:     0x574c6838f593 - core[a373ad73a504971]::panicking::assert_failed_inner
[INFO] [stdout]   12:     0x574c68013b99 - core[a373ad73a504971]::panicking::assert_failed::<core[a373ad73a504971]::option::Option<&str>, core[a373ad73a504971]::option::Option<&str>>
[INFO] [stdout]   13:     0x574c68007151 - <panproto_project[7b2311983a53fa4]::tests::language_detection::{closure#0} as core[a373ad73a504971]::ops::function::FnOnce<()>>::call_once
[INFO] [stdout]   14:     0x574c680f538b - test[aada8e7e76ba119b]::__rust_begin_short_backtrace::<core[a373ad73a504971]::result::Result<(), alloc[2e1b2a31b91974c5]::string::String>, fn() -> core[a373ad73a504971]::result::Result<(), alloc[2e1b2a31b91974c5]::string::String>>
[INFO] [stdout]   15:     0x574c68102565 - test[aada8e7e76ba119b]::run_test::{closure#0}
[INFO] [stdout]   16:     0x574c680fbe54 - std[617be2ca0a6fd877]::sys::backtrace::__rust_begin_short_backtrace::<test[aada8e7e76ba119b]::run_test::{closure#1}, ()>
[INFO] [stdout]   17:     0x574c681055f2 - <std[617be2ca0a6fd877]::thread::lifecycle::spawn_unchecked<test[aada8e7e76ba119b]::run_test::{closure#1}, ()>::{closure#1} as core[a373ad73a504971]::ops::function::FnOnce<()>>::call_once::{shim:vtable#0}
[INFO] [stdout]   18:     0x574c68376c5f - <std[617be2ca0a6fd877]::sys::thread::unix::Thread>::new::thread_start
[INFO] [stdout]   19:     0x70823fc64dfa - <unknown>
[INFO] [stdout]   20:     0x70823fcf83d4 - clone
[INFO] [stdout]   21:                0x0 - <unknown>
[INFO] [stdout] 
[INFO] [stdout] ---- tests::mixed_languages stdout ----
[INFO] [stdout] 
[INFO] [stdout] thread 'tests::mixed_languages' (2391) panicked at src/lib.rs:841:9:
[INFO] [stdout] assertion `left == right` failed
[INFO] [stdout]   left: Some("raw_file")
[INFO] [stdout]  right: Some("python")
[INFO] [stdout] stack backtrace:
[INFO] [stdout]    0:     0x574c68377c51 - <<std[617be2ca0a6fd877]::sys::backtrace::BacktraceLock>::print::DisplayBacktrace as core[a373ad73a504971]::fmt::Display>::fmt
[INFO] [stdout]    1:     0x574c6838ee5a - core[a373ad73a504971]::fmt::write
[INFO] [stdout]    2:     0x574c6837c0ec - <alloc[2e1b2a31b91974c5]::vec::Vec<u8> as core[a373ad73a504971]::io::write::Write>::write_fmt
[INFO] [stdout]    3:     0x574c68351f36 - std[617be2ca0a6fd877]::panicking::default_hook::{closure#0}
[INFO] [stdout]    4:     0x574c6836f3b9 - std[617be2ca0a6fd877]::panicking::default_hook
[INFO] [stdout]    5:     0x574c68101f40 - test[aada8e7e76ba119b]::test_main_inner::{closure#0}
[INFO] [stdout]    6:     0x574c6836f572 - std[617be2ca0a6fd877]::panicking::panic_with_hook
[INFO] [stdout]    7:     0x574c68351fe2 - std[617be2ca0a6fd877]::panicking::panic_handler::{closure#0}
[INFO] [stdout]    8:     0x574c6834aa49 - std[617be2ca0a6fd877]::sys::backtrace::__rust_end_short_backtrace::<std[617be2ca0a6fd877]::panicking::panic_handler::{closure#0}, !>
[INFO] [stdout]    9:     0x574c68352bed - __rustc[ea4f61d10b84890b]::rust_begin_unwind
[INFO] [stdout]   10:     0x574c6838f67c - core[a373ad73a504971]::panicking::panic_fmt
[INFO] [stdout]   11:     0x574c6838f593 - core[a373ad73a504971]::panicking::assert_failed_inner
[INFO] [stdout]   12:     0x574c68013b66 - core[a373ad73a504971]::panicking::assert_failed::<core[a373ad73a504971]::option::Option<&alloc[2e1b2a31b91974c5]::string::String>, core[a373ad73a504971]::option::Option<&alloc[2e1b2a31b91974c5]::string::String>>
[INFO] [stdout]   13:     0x574c68006601 - <panproto_project[7b2311983a53fa4]::tests::mixed_languages::{closure#0} as core[a373ad73a504971]::ops::function::FnOnce<()>>::call_once
[INFO] [stdout]   14:     0x574c680f538b - test[aada8e7e76ba119b]::__rust_begin_short_backtrace::<core[a373ad73a504971]::result::Result<(), alloc[2e1b2a31b91974c5]::string::String>, fn() -> core[a373ad73a504971]::result::Result<(), alloc[2e1b2a31b91974c5]::string::String>>
[INFO] [stdout]   15:     0x574c68102565 - test[aada8e7e76ba119b]::run_test::{closure#0}
[INFO] [stdout]   16:     0x574c680fbe54 - std[617be2ca0a6fd877]::sys::backtrace::__rust_begin_short_backtrace::<test[aada8e7e76ba119b]::run_test::{closure#1}, ()>
[INFO] [stdout]   17:     0x574c681055f2 - <std[617be2ca0a6fd877]::thread::lifecycle::spawn_unchecked<test[aada8e7e76ba119b]::run_test::{closure#1}, ()>::{closure#1} as core[a373ad73a504971]::ops::function::FnOnce<()>>::call_once::{shim:vtable#0}
[INFO] [stdout]   18:     0x574c68376c5f - <std[617be2ca0a6fd877]::sys::thread::unix::Thread>::new::thread_start
[INFO] [stdout]   19:     0x70823fc64dfa - <unknown>
[INFO] [stdout]   20:     0x70823fcf83d4 - clone
[INFO] [stdout]   21:                0x0 - <unknown>
[INFO] [stdout] 
[INFO] [stdout] ---- tests::single_file_project stdout ----
[INFO] [stdout] 
[INFO] [stdout] thread 'tests::single_file_project' (2395) panicked at src/lib.rs:764:9:
[INFO] [stdout] assertion `left == right` failed
[INFO] [stdout]   left: Some("raw_file")
[INFO] [stdout]  right: Some("typescript")
[INFO] [stdout] stack backtrace:
[INFO] [stdout]    0:     0x574c68377c51 - <<std[617be2ca0a6fd877]::sys::backtrace::BacktraceLock>::print::DisplayBacktrace as core[a373ad73a504971]::fmt::Display>::fmt
[INFO] [stdout]    1:     0x574c6838ee5a - core[a373ad73a504971]::fmt::write
[INFO] [stdout]    2:     0x574c6837c0ec - <alloc[2e1b2a31b91974c5]::vec::Vec<u8> as core[a373ad73a504971]::io::write::Write>::write_fmt
[INFO] [stdout]    3:     0x574c68351f36 - std[617be2ca0a6fd877]::panicking::default_hook::{closure#0}
[INFO] [stdout]    4:     0x574c6836f3b9 - std[617be2ca0a6fd877]::panicking::default_hook
[INFO] [stdout]    5:     0x574c68101f40 - test[aada8e7e76ba119b]::test_main_inner::{closure#0}
[INFO] [stdout]    6:     0x574c6836f572 - std[617be2ca0a6fd877]::panicking::panic_with_hook
[INFO] [stdout]    7:     0x574c68351fe2 - std[617be2ca0a6fd877]::panicking::panic_handler::{closure#0}
[INFO] [stdout]    8:     0x574c6834aa49 - std[617be2ca0a6fd877]::sys::backtrace::__rust_end_short_backtrace::<std[617be2ca0a6fd877]::panicking::panic_handler::{closure#0}, !>
[INFO] [stdout]    9:     0x574c68352bed - __rustc[ea4f61d10b84890b]::rust_begin_unwind
[INFO] [stdout]   10:     0x574c6838f67c - core[a373ad73a504971]::panicking::panic_fmt
[INFO] [stdout]   11:     0x574c6838f593 - core[a373ad73a504971]::panicking::assert_failed_inner
[INFO] [stdout]   12:     0x574c68013b66 - core[a373ad73a504971]::panicking::assert_failed::<core[a373ad73a504971]::option::Option<&alloc[2e1b2a31b91974c5]::string::String>, core[a373ad73a504971]::option::Option<&alloc[2e1b2a31b91974c5]::string::String>>
[INFO] [stdout]   13:     0x574c68007b8c - <panproto_project[7b2311983a53fa4]::tests::single_file_project::{closure#0} as core[a373ad73a504971]::ops::function::FnOnce<()>>::call_once
[INFO] [stdout]   14:     0x574c680f538b - test[aada8e7e76ba119b]::__rust_begin_short_backtrace::<core[a373ad73a504971]::result::Result<(), alloc[2e1b2a31b91974c5]::string::String>, fn() -> core[a373ad73a504971]::result::Result<(), alloc[2e1b2a31b91974c5]::string::String>>
[INFO] [stdout]   15:     0x574c68102565 - test[aada8e7e76ba119b]::run_test::{closure#0}
[INFO] [stdout]   16:     0x574c680fbe54 - std[617be2ca0a6fd877]::sys::backtrace::__rust_begin_short_backtrace::<test[aada8e7e76ba119b]::run_test::{closure#1}, ()>
[INFO] [stdout]   17:     0x574c681055f2 - <std[617be2ca0a6fd877]::thread::lifecycle::spawn_unchecked<test[aada8e7e76ba119b]::run_test::{closure#1}, ()>::{closure#1} as core[a373ad73a504971]::ops::function::FnOnce<()>>::call_once::{shim:vtable#0}
[INFO] [stdout]   18:     0x574c68376c5f - <std[617be2ca0a6fd877]::sys::thread::unix::Thread>::new::thread_start
[INFO] [stdout]   19:     0x70823fc64dfa - <unknown>
[INFO] [stdout]   20:     0x70823fcf83d4 - clone
[INFO] [stdout]   21:                0x0 - <unknown>
[INFO] [stdout] 
[INFO] [stdout] 
[INFO] [stdout] failures:
[INFO] [stdout]     detect::tests::detect_core_languages
[INFO] [stdout]     tests::language_detection
[INFO] [stdout]     tests::mixed_languages
[INFO] [stdout]     tests::multi_file_project
[INFO] [stdout]     tests::single_file_project
[INFO] [stdout] 
[INFO] [stdout] test result: FAILED. 31 passed; 5 failed; 0 ignored; 0 measured; 0 filtered out; finished in 0.02s
[INFO] [stdout] 
[INFO] [stderr] error: test failed, to rerun pass `--lib`
[INFO] running `Command { std: "docker" "inspect" "e59794d7ba74e0bd210223f700fdfef2e5947217d2e6c8412616f63344803b9a", kill_on_drop: false }`
[INFO] running `Command { std: "docker" "rm" "-f" "e59794d7ba74e0bd210223f700fdfef2e5947217d2e6c8412616f63344803b9a", kill_on_drop: false }`
[INFO] [stdout] e59794d7ba74e0bd210223f700fdfef2e5947217d2e6c8412616f63344803b9a
