[INFO] fetching crate panproto-parse 0.76.1...
[INFO] testing panproto-parse-0.76.1 against 1.99.0-beta.8+cargoflags=--release for beta-release-1.100-2
[INFO] extracting crate panproto-parse 0.76.1 into /workspace/builds/worker-3-tc1/source
[INFO] started tweaking crates.io crate panproto-parse 0.76.1
[INFO] removed 0 missing examples
[INFO] removed 0 missing tests
[INFO] finished tweaking crates.io crate panproto-parse 0.76.1
[INFO] tweaked toml for crates.io crate panproto-parse 0.76.1 written to /workspace/builds/worker-3-tc1/source/Cargo.toml
[INFO] validating manifest of crates.io crate panproto-parse 0.76.1 on toolchain 1.99.0-beta.8
[INFO] running `Command { std: CARGO_HOME="/workspace/cargo-home" RUSTUP_HOME="/workspace/rustup-home" "/workspace/cargo-home/bin/cargo" "+1.99.0-beta.8" "metadata" "--manifest-path" "Cargo.toml" "--no-deps", kill_on_drop: false }`
[INFO] crate crates.io crate panproto-parse 0.76.1 already has a lockfile, it will not be regenerated
[INFO] running `Command { std: CARGO_HOME="/workspace/cargo-home" RUSTUP_HOME="/workspace/rustup-home" "/workspace/cargo-home/bin/cargo" "+1.99.0-beta.8" "fetch" "--manifest-path" "Cargo.toml", kill_on_drop: false }`
[INFO] [stderr]     Updating crates.io index
[INFO] [stderr]  Downloading crates ...
[INFO] [stderr]   Downloaded tree-sitter-tags v0.26.13
[INFO] [stderr]   Downloaded panproto-grammars v0.76.1
[INFO] [stderr]   Downloaded panproto-expr v0.76.1
[INFO] [stderr]   Downloaded toml_parser v1.1.1+spec-1.1.0
[INFO] [stderr]   Downloaded tree-sitter v0.26.13
[INFO] [stderr]   Downloaded toml v1.1.1+spec-1.1.0
[INFO] [stderr]   Downloaded panproto-schema v0.76.1
[INFO] [stderr]   Downloaded panproto-inst v0.76.1
[INFO] [stderr]   Downloaded panproto-gat v0.76.1
[INFO] [stderr]   Downloaded panproto-protocols v0.76.1
[INFO] [stderr]   Downloaded panproto-lens v0.76.1
[INFO] [stderr]   Downloaded panproto-mig v0.76.1
[INFO] running `Command { std: "docker" "create" "-v" "/var/lib/crater-agent-workspace/builds/worker-3-tc1/source:/opt/rustwide/workdir:ro,Z" "-v" "/var/lib/crater-agent-workspace/builds/worker-3-tc1/target:/opt/rustwide/target:rw,Z" "-v" "/var/lib/crater-agent-workspace/cargo-home:/opt/rustwide/cargo-home:ro,Z" "-v" "/var/lib/crater-agent-workspace/rustup-home:/opt/rustwide/rustup-home:ro,Z" "-m" "1610612736" "--network" "none" "ghcr.io/rust-lang/crates-build-env/linux@sha256:77db811e55d90add9212f6832c23229e3de5f1c1f9905e8cb07319ea15df73ac" "sleep" "infinity", kill_on_drop: false }`
[INFO] [stdout] 3e5d27b362fdc2b7f7216e969beb7b5b1cea2d701a686a13972a634d0c9f9e18
[INFO] running `Command { std: "docker" "start" "3e5d27b362fdc2b7f7216e969beb7b5b1cea2d701a686a13972a634d0c9f9e18", kill_on_drop: false }`
[INFO] running `Command { std: "docker" "inspect" "3e5d27b362fdc2b7f7216e969beb7b5b1cea2d701a686a13972a634d0c9f9e18", kill_on_drop: false }`
[INFO] running `Command { std: "docker" "exec" "-e" "SOURCE_DIR=/opt/rustwide/workdir" "-e" "CARGO_HOME=/opt/rustwide/cargo-home" "-e" "RUSTUP_HOME=/opt/rustwide/rustup-home" "-e" "CARGO_TARGET_DIR=/opt/rustwide/target" "-w" "/opt/rustwide/workdir" "--user" "0:0" "3e5d27b362fdc2b7f7216e969beb7b5b1cea2d701a686a13972a634d0c9f9e18" "/opt/rustwide/cargo-home/bin/cargo" "+1.99.0-beta.8" "metadata" "--no-deps" "--format-version=1", kill_on_drop: false }`
[INFO] running `Command { std: "docker" "inspect" "3e5d27b362fdc2b7f7216e969beb7b5b1cea2d701a686a13972a634d0c9f9e18", kill_on_drop: false }`
[INFO] running `Command { std: "docker" "exec" "-e" "SOURCE_DIR=/opt/rustwide/workdir" "-e" "CARGO_HOME=/opt/rustwide/cargo-home" "-e" "RUSTUP_HOME=/opt/rustwide/rustup-home" "-e" "CARGO_TARGET_DIR=/opt/rustwide/target" "-e" "CARGO_INCREMENTAL=0" "-e" "RUST_BACKTRACE=full" "-e" "RUSTFLAGS=--cap-lints=warn" "-e" "RUSTDOCFLAGS=--cap-lints=warn" "-w" "/opt/rustwide/workdir" "--user" "0:0" "3e5d27b362fdc2b7f7216e969beb7b5b1cea2d701a686a13972a634d0c9f9e18" "/opt/rustwide/cargo-home/bin/cargo" "+1.99.0-beta.8" "build" "--frozen" "--message-format=json" "--release", kill_on_drop: false }`
[INFO] [stderr]    Compiling syn v3.0.5
[INFO] [stderr]    Compiling serde_core v1.0.229
[INFO] [stderr]    Compiling rustix v1.1.4
[INFO] [stderr]    Compiling serde v1.0.229
[INFO] [stderr]    Compiling cc v1.4.5
[INFO] [stderr]    Compiling addr2line v0.25.1
[INFO] [stderr]    Compiling syn v2.0.119
[INFO] [stderr]    Compiling hashbrown v0.16.1
[INFO] [stderr]    Compiling object v0.37.3
[INFO] [stderr]    Compiling unicode-linebreak v0.1.5
[INFO] [stderr]    Compiling is_ci v1.2.0
[INFO] [stderr]    Compiling itoa v1.0.17
[INFO] [stderr]    Compiling rustc-hash v2.1.3
[INFO] [stderr]    Compiling supports-hyperlinks v3.2.0
[INFO] [stderr]    Compiling supports-unicode v3.0.0
[INFO] [stderr]    Compiling supports-color v3.0.2
[INFO] [stderr]    Compiling arrayvec v0.7.6
[INFO] [stderr]    Compiling constant_time_eq v0.4.2
[INFO] [stderr]    Compiling aho-corasick v1.1.4
[INFO] [stderr]    Compiling winnow v1.0.1
[INFO] [stderr]    Compiling bumpalo v3.20.3
[INFO] [stderr]    Compiling textwrap v0.16.2
[INFO] [stderr]    Compiling toml_parser v1.1.1+spec-1.1.0
[INFO] [stderr]    Compiling indexmap v2.13.0
[INFO] [stderr]    Compiling terminal_size v0.4.3
[INFO] [stderr]    Compiling blake3 v1.8.7
[INFO] [stderr]    Compiling miette-derive v7.6.0
[INFO] [stderr]    Compiling regex-automata v0.4.14
[INFO] [stderr]    Compiling serde_derive v1.0.229
[INFO] [stderr]    Compiling thiserror-impl v2.0.20
[INFO] [stderr]    Compiling serde_json v1.0.151
[INFO] [stderr]    Compiling toml_datetime v1.1.1+spec-1.1.0
[INFO] [stderr]    Compiling serde_spanned v1.1.1
[INFO] [stderr]    Compiling toml v1.1.1+spec-1.1.0
[INFO] [stderr]    Compiling thiserror v2.0.20
[INFO] [stderr]    Compiling smallvec v2.0.0-alpha.12
[INFO] [stderr]    Compiling tree-sitter v0.26.13
[INFO] [stderr]    Compiling backtrace v0.3.76
[INFO] [stderr]    Compiling backtrace-ext v0.2.1
[INFO] [stderr]    Compiling miette v7.6.0
[INFO] [stderr]    Compiling regex v1.12.3
[INFO] [stderr]    Compiling panproto-grammars v0.76.1
[INFO] [stderr]    Compiling panproto-expr v0.76.1
[INFO] [stderr]    Compiling panproto-gat v0.76.1
[INFO] [stderr]    Compiling panproto-schema v0.76.1
[INFO] [stderr]    Compiling panproto-inst v0.76.1
[INFO] [stderr]    Compiling tree-sitter-tags v0.26.13
[INFO] [stderr]    Compiling panproto-mig v0.76.1
[INFO] [stderr]    Compiling panproto-protocols v0.76.1
[INFO] [stderr]    Compiling panproto-lens v0.76.1
[INFO] [stderr]    Compiling panproto-parse v0.76.1 (/opt/rustwide/workdir)
[INFO] [stderr]     Finished `release` profile [optimized] target(s) in 2m 36s
[INFO] running `Command { std: "docker" "inspect" "3e5d27b362fdc2b7f7216e969beb7b5b1cea2d701a686a13972a634d0c9f9e18", kill_on_drop: false }`
[INFO] running `Command { std: "docker" "exec" "-e" "SOURCE_DIR=/opt/rustwide/workdir" "-e" "CARGO_HOME=/opt/rustwide/cargo-home" "-e" "RUSTUP_HOME=/opt/rustwide/rustup-home" "-e" "CARGO_TARGET_DIR=/opt/rustwide/target" "-e" "CARGO_INCREMENTAL=0" "-e" "RUST_BACKTRACE=full" "-e" "RUSTFLAGS=--cap-lints=warn" "-e" "RUSTDOCFLAGS=--cap-lints=warn" "-w" "/opt/rustwide/workdir" "--user" "0:0" "3e5d27b362fdc2b7f7216e969beb7b5b1cea2d701a686a13972a634d0c9f9e18" "/opt/rustwide/cargo-home/bin/cargo" "+1.99.0-beta.8" "test" "--frozen" "--no-run" "--message-format=json" "--release", kill_on_drop: false }`
[INFO] [stderr]    Compiling rustix v1.1.4
[INFO] [stderr]    Compiling backtrace v0.3.76
[INFO] [stderr]    Compiling miette-derive v7.6.0
[INFO] [stderr]    Compiling getrandom v0.3.4
[INFO] [stderr]    Compiling zerocopy v0.8.42
[INFO] [stderr]    Compiling clap_lex v1.0.0
[INFO] [stderr]    Compiling num-traits v0.2.19
[INFO] [stderr]    Compiling wait-timeout v0.2.1
[INFO] [stderr]    Compiling divan-macros v0.1.21
[INFO] [stderr]    Compiling regex-lite v0.1.9
[INFO] [stderr]    Compiling condtype v1.3.0
[INFO] [stderr]    Compiling rand_core v0.9.5
[INFO] [stderr]    Compiling rand_xorshift v0.4.0
[INFO] [stderr]    Compiling rand v0.9.2
[INFO] [stderr]    Compiling backtrace-ext v0.2.1
[INFO] [stderr]    Compiling terminal_size v0.4.3
[INFO] [stderr]    Compiling tempfile v3.27.0
[INFO] [stderr]    Compiling miette v7.6.0
[INFO] [stderr]    Compiling clap_builder v4.6.0
[INFO] [stderr]    Compiling rusty-fork v0.3.1
[INFO] [stderr]    Compiling panproto-gat v0.76.1
[INFO] [stderr]    Compiling ppv-lite86 v0.2.21
[INFO] [stderr]    Compiling clap v4.6.1
[INFO] [stderr]    Compiling divan v0.1.21
[INFO] [stderr]    Compiling rand_chacha v0.9.0
[INFO] [stderr]    Compiling proptest v1.11.0
[INFO] [stderr]    Compiling panproto-schema v0.76.1
[INFO] [stderr]    Compiling panproto-inst v0.76.1
[INFO] [stderr]    Compiling panproto-mig v0.76.1
[INFO] [stderr]    Compiling panproto-protocols v0.76.1
[INFO] [stderr]    Compiling panproto-lens v0.76.1
[INFO] [stderr]    Compiling panproto-parse v0.76.1 (/opt/rustwide/workdir)
[INFO] [stderr]     Finished `release` profile [optimized] target(s) in 2m 51s
[INFO] running `Command { std: "docker" "inspect" "3e5d27b362fdc2b7f7216e969beb7b5b1cea2d701a686a13972a634d0c9f9e18", kill_on_drop: false }`
[INFO] running `Command { std: "docker" "exec" "-e" "SOURCE_DIR=/opt/rustwide/workdir" "-e" "CARGO_HOME=/opt/rustwide/cargo-home" "-e" "RUSTUP_HOME=/opt/rustwide/rustup-home" "-e" "CARGO_TARGET_DIR=/opt/rustwide/target" "-e" "CARGO_INCREMENTAL=0" "-e" "RUST_BACKTRACE=full" "-e" "RUSTFLAGS=--cap-lints=warn" "-e" "RUSTDOCFLAGS=--cap-lints=warn" "-w" "/opt/rustwide/workdir" "--user" "0:0" "3e5d27b362fdc2b7f7216e969beb7b5b1cea2d701a686a13972a634d0c9f9e18" "/opt/rustwide/cargo-home/bin/cargo" "+1.99.0-beta.8" "test" "--frozen" "--release", kill_on_drop: false }`
[INFO] [stderr]     Finished `release` profile [optimized] target(s) in 0.23s
[INFO] [stderr]      Running unittests src/lib.rs (/opt/rustwide/target/release/deps/panproto_parse-3f1b9a3a500660f2)
[INFO] [stdout] 
[INFO] [stdout] running 88 tests
[INFO] [stdout] test emit_pretty::helpers::line_comment_prefix_tests::block_comment_with_symbol_rest_yields_no_prefix ... ok
[INFO] [stdout] test emit_pretty::helpers::line_comment_prefix_tests::c_line_comment_prefix_from_nested_negated_class ... ok
[INFO] [stdout] test emit_pretty::helpers::line_comment_prefix_tests::fixed_literal_pattern_accepts_plain_prefix ... ok
[INFO] [stdout] test emit_pretty::helpers::line_comment_prefix_tests::julia_line_comment_prefix_from_pattern_first_member ... ok
[INFO] [stdout] test emit_pretty::helpers::line_comment_prefix_tests::newline_excluding_class_detected_anywhere ... ok
[INFO] [stdout] test emit_pretty::helpers::line_comment_prefix_tests::reduces_to_immediate_through_alias_and_choice ... ok
[INFO] [stdout] test emit_pretty::helpers::line_comment_prefix_tests::rust_block_comment_choice_body_yields_no_prefix ... ok
[INFO] [stdout] test emit_pretty::helpers::line_comment_prefix_tests::rust_line_comment_prefix_through_choice_body ... ok
[INFO] [stdout] test emit_pretty::review::review_tests::pattern_trailing_literal_extracts_constant_tail ... ok
[INFO] [stdout] test emit_pretty::review::review_tests::unmarked_base_all_string_suffix_still_works ... ok
[INFO] [stdout] test emit_pretty::review::review_tests::unmarked_base_declines_unrelated_choice ... ok
[INFO] [stdout] test emit_pretty::review::review_tests::unmarked_base_prefers_bare_string_over_prefix_pattern ... ok
[INFO] [stdout] test emit_pretty::tests::child_cursor_take_field_consumes_once ... ok
[INFO] [stdout] test emit_pretty::tests::child_cursor_take_matching_predicate ... ok
[INFO] [stdout] test emit_pretty::tests::alias_value_matches_kind ... ok
[INFO] [stdout] test emit_pretty::tests::decode_whitespace_padded_literal_handles_trailing_only_padding ... ok
[INFO] [stdout] test emit_pretty::tests::first_symbol_skips_string_terminals ... ok
[INFO] [stdout] test emit_pretty::tests::format_policy_default_breaks_after_semicolon ... ok
[INFO] [stdout] test emit_pretty::tests::grammar_from_bytes_rejects_malformed_input ... ok
[INFO] [stdout] test emit_pretty::tests::immediate_token_alias_kinds_classifies_char_body ... ok
[INFO] [stdout] test emit_pretty::tests::is_newline_like_pattern_handles_alternations_and_classes ... ok
[INFO] [stdout] test emit_pretty::tests::is_blank_line_rule_matches_only_a_newline_field ... ok
[INFO] [stdout] test emit_pretty::tests::is_whitespace_only_pattern_recognizes_unicode_space_separator ... ok
[INFO] [stdout] test emit_pretty::tests::kind_satisfies_symbol_through_hidden_rule ... ok
[INFO] [stdout] test emit_pretty::tests::kind_satisfies_symbol_direct_match ... ok
[INFO] [stdout] test emit_pretty::tests::line_rest_kinds_classifies_hash_bang ... ok
[INFO] [stdout] test emit_pretty::tests::literal_strings_collects_choice_members ... ok
[INFO] [stdout] test emit_pretty::tests::marker_literal_with_trailing_space_is_not_doubled ... ok
[INFO] [stdout] test emit_pretty::tests::output_emits_punctuation_without_leading_space ... ok
[INFO] [stdout] test emit_pretty::tests::output_indents_after_open_brace ... ok
[INFO] [stdout] test emit_pretty::tests::output_no_space_between_word_and_dot ... ok
[INFO] [stdout] test emit_pretty::tests::output_snapshot_restore_truncates_bytes ... ok
[INFO] [stdout] test emit_pretty::tests::parses_simple_grammar_json ... ok
[INFO] [stdout] test emit_pretty::tests::pattern_absorbs_leading_space_detects_space_admitting_terminals ... ok
[INFO] [stdout] test emit_pretty::tests::placeholder_decodes_literal_pattern_separators ... ok
[INFO] [stdout] test emit_pretty::tests::placeholder_for_pattern_routes_by_regex_class ... ok
[INFO] [stdout] test emit_pretty::tests::placeholder_decodes_whitespace_padded_literal ... ok
[INFO] [stdout] test emit_pretty::tests::referenced_symbols_walks_nested_seq ... ok
[INFO] [stdout] test emit_pretty::tests::reserved_grammar_loads_end_to_end ... ok
[INFO] [stdout] test emit_pretty::tests::reserved_variant_deserialises ... ok
[INFO] [stdout] test emit_pretty::tests::reserved_walker_helpers_recurse_into_content ... ok
[INFO] [stdout] test emit_pretty::tests::rest_of_line_pattern_detects_unbounded_tail_only ... ok
[INFO] [stdout] test emit_pretty::tests::supertypes_decode_from_grammar_json_objects ... ok
[INFO] [stdout] test emit_pretty::tests::supertypes_decode_from_grammar_json_strings ... ok
[INFO] [stdout] test emit_pretty::tests::top_level_text_admits_newline_detects_template_content ... ok
[INFO] [stdout] test emit_pretty::tests::trailing_break_markers_detect_hard_line_break_idiom ... ok
[INFO] [stdout] test emit_pretty::tests::yield_set_alias_uses_value ... ok
[INFO] [stdout] test emit_pretty::tests::yield_set_choice_union ... ok
[INFO] [stdout] test emit_pretty::tests::yield_set_hidden_expansion ... ok
[INFO] [stdout] test emit_pretty::tests::yield_set_seq_only_first_member ... ok
[INFO] [stdout] test emit_pretty::tests::yield_set_optional_includes_epsilon ... ok
[INFO] [stdout] test emit_pretty::unify::tests::ambiguous_alias_defers ... ok
[INFO] [stdout] test emit_pretty::unify::tests::direct_bare_symbol_wins_tie_over_alias ... ok
[INFO] [stdout] test emit_pretty::unify::tests::optional_token_defaults_to_blank_unless_traced ... ok
[INFO] [stdout] test emit_pretty::unify::tests::field_value_rejects_contradicting_and_absent_literal ... ok
[INFO] [stdout] test emit_pretty::unify::tests::picks_alternative_by_child_kind ... ok
[INFO] [stdout] test emit_pretty::unify::tests::repeat_does_not_force_swallow_of_mandatory ... ok
[INFO] [stdout] test emit_pretty::unify::tests::supertype_member_satisfies_supertype_symbol ... ok
[INFO] [stdout] test emit_pretty::unify::tests::trace_token_breaks_keyword_tie ... ok
[INFO] [stdout] test emit_pretty::unify::tests::unique_viable_blank_beats_rejected_optional ... ok
[INFO] [stdout] test emit_pretty::unify::tests::wrapper_does_not_steal_via_deep_reachability ... ok
[INFO] [stdout] test id_scheme::tests::anonymous_and_named_interleave_cleanly ... ok
[INFO] [stdout] test id_scheme::tests::anonymous_scopes ... ok
[INFO] [stdout] test id_scheme::tests::anonymous_ids_increment ... ok
[INFO] [stdout] test id_scheme::tests::depth_tracking ... ok
[INFO] [stdout] test id_scheme::tests::basic_named_ids ... ok
[INFO] [stdout] test id_scheme::tests::duplicate_named_ids_at_same_scope_get_suffixed ... ok
[INFO] [stdout] test id_scheme::tests::field_ids ... ok
[INFO] [stdout] test id_scheme::tests::field_ids_disambiguate_under_repeat ... ok
[INFO] [stdout] test id_scheme::tests::named_id_and_push_share_disambiguation ... ok
[INFO] [stdout] test id_scheme::tests::nested_scopes ... ok
[INFO] [stdout] test id_scheme::tests::pop_at_root_debug_panics_release_noops ... ok
[INFO] [stdout] test id_scheme::tests::push_named_scope_uses_disambiguated_leaf ... ok
[INFO] [stdout] test id_scheme::tests::sibling_scopes_have_fresh_seen_tables ... ok
[INFO] [stdout] test layout_policy::tests::non_default_separator_round_trips ... ok
[INFO] [stdout] test layout_policy::tests::round_trip_through_spec ... ok
[INFO] [stdout] test parse_emit_lens::tests::first_divergence_finds_count_mismatch ... ok
[INFO] [stdout] test parse_emit_lens::tests::first_divergence_finds_extra_key_in_actual ... ok
[INFO] [stdout] test scope_detector::tests::no_query_is_empty ... ok
[INFO] [stdout] test parse_emit_lens::tests::first_divergence_returns_none_on_match ... ok
[INFO] [stdout] test scope_detector::tests::rust_function_item_is_detected ... ok
[INFO] [stdout] test scope_detector::tests::rust_impl_method_is_detected_as_method ... ok
[INFO] [stdout] test theory_extract::tests::anonymous_tokens_skipped ... ok
[INFO] [stdout] test theory_extract::tests::extract_minimal_grammar ... ok
[INFO] [stdout] test theory_extract::tests::extract_supertype ... ok
[INFO] [stdout] test walker::tests::walk_simple_python ... FAILED
[INFO] [stdout] test walker::tests::walk_simple_rust ... FAILED
[INFO] [stdout] test walker::tests::walk_simple_typescript ... FAILED
[INFO] [stdout] 
[INFO] [stdout] failures:
[INFO] [stdout] 
[INFO] [stdout] ---- walker::tests::walk_simple_python stdout ----
[INFO] [stdout] 
[INFO] [stdout] thread 'walker::tests::walk_simple_python' (3474) panicked at src/walker.rs:815:32:
[INFO] [stdout] grammar 'python' not enabled in features
[INFO] [stdout] stack backtrace:
[INFO] [stdout]    0:     0x595e7750fc71 - <<std[70759c8f55707aa4]::sys::backtrace::BacktraceLock>::print::DisplayBacktrace as core[df12db4294e9bfd3]::fmt::Display>::fmt
[INFO] [stderr] error: test failed, to rerun pass `--lib`
[INFO] [stdout]    1:     0x595e7752574a - core[df12db4294e9bfd3]::fmt::write
[INFO] [stdout]    2:     0x595e7751410c - <alloc[2182bb758b4b3781]::vec::Vec<u8> as core[df12db4294e9bfd3]::io::write::Write>::write_fmt
[INFO] [stdout]    3:     0x595e774ec266 - std[70759c8f55707aa4]::panicking::default_hook::{closure#0}
[INFO] [stdout]    4:     0x595e775083d9 - std[70759c8f55707aa4]::panicking::default_hook
[INFO] [stdout]    5:     0x595e77390570 - test[9d35eded1c95d3be]::test_main_inner::<test[9d35eded1c95d3be]::test_main_static::{closure#0}>::{closure#0}
[INFO] [stdout]    6:     0x595e77508592 - std[70759c8f55707aa4]::panicking::panic_with_hook
[INFO] [stdout]    7:     0x595e774ec312 - std[70759c8f55707aa4]::panicking::panic_handler::{closure#0}
[INFO] [stdout]    8:     0x595e774e5099 - std[70759c8f55707aa4]::sys::backtrace::__rust_end_short_backtrace::<std[70759c8f55707aa4]::panicking::panic_handler::{closure#0}, !>
[INFO] [stdout]    9:     0x595e774ecf0d - __rustc[8fa7c3cbc660c2b3]::rust_begin_unwind
[INFO] [stdout]   10:     0x595e77525f2c - core[df12db4294e9bfd3]::panicking::panic_fmt
[INFO] [stdout]   11:     0x595e7737ed39 - panproto_parse[4142dc1ae21408dd]::walker::tests::get_grammar
[INFO] [stdout]   12:     0x595e7737f947 - panproto_parse[4142dc1ae21408dd]::walker::tests::walk_simple_python
[INFO] [stdout]   13:     0x595e7733e929 - <panproto_parse[4142dc1ae21408dd]::walker::tests::walk_simple_python::{closure#0} as core[df12db4294e9bfd3]::ops::function::FnOnce<()>>::call_once
[INFO] [stdout]   14:     0x595e7738385b - test[9d35eded1c95d3be]::__rust_begin_short_backtrace::<core[df12db4294e9bfd3]::result::Result<(), alloc[2182bb758b4b3781]::string::String>, fn() -> core[df12db4294e9bfd3]::result::Result<(), alloc[2182bb758b4b3781]::string::String>>
[INFO] [stdout]   15:     0x595e77390ec5 - test[9d35eded1c95d3be]::run_test::{closure#0}
[INFO] [stdout]   16:     0x595e7738a784 - std[70759c8f55707aa4]::sys::backtrace::__rust_begin_short_backtrace::<test[9d35eded1c95d3be]::run_test::{closure#1}, ()>
[INFO] [stdout]   17:     0x595e77394022 - <std[70759c8f55707aa4]::thread::lifecycle::spawn_unchecked<test[9d35eded1c95d3be]::run_test::{closure#1}, ()>::{closure#1} as core[df12db4294e9bfd3]::ops::function::FnOnce<()>>::call_once::{shim:vtable#0}
[INFO] [stdout]   18:     0x595e7750f549 - <std[70759c8f55707aa4]::sys::thread::unix::Thread>::new::thread_start
[INFO] [stdout]   19:     0x74d2688ccdfa - <unknown>
[INFO] [stdout]   20:     0x74d2689603d4 - clone
[INFO] [stdout]   21:                0x0 - <unknown>
[INFO] [stdout] 
[INFO] [stdout] ---- walker::tests::walk_simple_rust stdout ----
[INFO] [stdout] 
[INFO] [stdout] thread 'walker::tests::walk_simple_rust' (3475) panicked at src/walker.rs:815:32:
[INFO] [stdout] grammar 'rust' not enabled in features
[INFO] [stdout] stack backtrace:
[INFO] [stdout]    0:     0x595e7750fc71 - <<std[70759c8f55707aa4]::sys::backtrace::BacktraceLock>::print::DisplayBacktrace as core[df12db4294e9bfd3]::fmt::Display>::fmt
[INFO] [stdout]    1:     0x595e7752574a - core[df12db4294e9bfd3]::fmt::write
[INFO] [stdout]    2:     0x595e7751410c - <alloc[2182bb758b4b3781]::vec::Vec<u8> as core[df12db4294e9bfd3]::io::write::Write>::write_fmt
[INFO] [stdout]    3:     0x595e774ec266 - std[70759c8f55707aa4]::panicking::default_hook::{closure#0}
[INFO] [stdout]    4:     0x595e775083d9 - std[70759c8f55707aa4]::panicking::default_hook
[INFO] [stdout]    5:     0x595e77390570 - test[9d35eded1c95d3be]::test_main_inner::<test[9d35eded1c95d3be]::test_main_static::{closure#0}>::{closure#0}
[INFO] [stdout]    6:     0x595e77508592 - std[70759c8f55707aa4]::panicking::panic_with_hook
[INFO] [stdout]    7:     0x595e774ec312 - std[70759c8f55707aa4]::panicking::panic_handler::{closure#0}
[INFO] [stdout]    8:     0x595e774e5099 - std[70759c8f55707aa4]::sys::backtrace::__rust_end_short_backtrace::<std[70759c8f55707aa4]::panicking::panic_handler::{closure#0}, !>
[INFO] [stdout]    9:     0x595e774ecf0d - __rustc[8fa7c3cbc660c2b3]::rust_begin_unwind
[INFO] [stdout]   10:     0x595e77525f2c - core[df12db4294e9bfd3]::panicking::panic_fmt
[INFO] [stdout]   11:     0x595e7737ed39 - panproto_parse[4142dc1ae21408dd]::walker::tests::get_grammar
[INFO] [stdout]   12:     0x595e7737f206 - panproto_parse[4142dc1ae21408dd]::walker::tests::walk_simple_rust
[INFO] [stdout]   13:     0x595e7733e909 - <panproto_parse[4142dc1ae21408dd]::walker::tests::walk_simple_rust::{closure#0} as core[df12db4294e9bfd3]::ops::function::FnOnce<()>>::call_once
[INFO] [stdout]   14:     0x595e7738385b - test[9d35eded1c95d3be]::__rust_begin_short_backtrace::<core[df12db4294e9bfd3]::result::Result<(), alloc[2182bb758b4b3781]::string::String>, fn() -> core[df12db4294e9bfd3]::result::Result<(), alloc[2182bb758b4b3781]::string::String>>
[INFO] [stdout]   15:     0x595e77390ec5 - test[9d35eded1c95d3be]::run_test::{closure#0}
[INFO] [stdout]   16:     0x595e7738a784 - std[70759c8f55707aa4]::sys::backtrace::__rust_begin_short_backtrace::<test[9d35eded1c95d3be]::run_test::{closure#1}, ()>
[INFO] [stdout]   17:     0x595e77394022 - <std[70759c8f55707aa4]::thread::lifecycle::spawn_unchecked<test[9d35eded1c95d3be]::run_test::{closure#1}, ()>::{closure#1} as core[df12db4294e9bfd3]::ops::function::FnOnce<()>>::call_once::{shim:vtable#0}
[INFO] [stdout]   18:     0x595e7750f549 - <std[70759c8f55707aa4]::sys::thread::unix::Thread>::new::thread_start
[INFO] [stdout]   19:     0x74d2688ccdfa - <unknown>
[INFO] [stdout]   20:     0x74d2689603d4 - clone
[INFO] [stdout]   21:                0x0 - <unknown>
[INFO] [stdout] 
[INFO] [stdout] ---- walker::tests::walk_simple_typescript stdout ----
[INFO] [stdout] 
[INFO] [stdout] thread 'walker::tests::walk_simple_typescript' (3476) panicked at src/walker.rs:815:32:
[INFO] [stdout] grammar 'typescript' not enabled in features
[INFO] [stdout] stack backtrace:
[INFO] [stdout]    0:     0x595e7750fc71 - <<std[70759c8f55707aa4]::sys::backtrace::BacktraceLock>::print::DisplayBacktrace as core[df12db4294e9bfd3]::fmt::Display>::fmt
[INFO] [stdout]    1:     0x595e7752574a - core[df12db4294e9bfd3]::fmt::write
[INFO] [stdout]    2:     0x595e7751410c - <alloc[2182bb758b4b3781]::vec::Vec<u8> as core[df12db4294e9bfd3]::io::write::Write>::write_fmt
[INFO] [stdout]    3:     0x595e774ec266 - std[70759c8f55707aa4]::panicking::default_hook::{closure#0}
[INFO] [stdout]    4:     0x595e775083d9 - std[70759c8f55707aa4]::panicking::default_hook
[INFO] [stdout]    5:     0x595e77390570 - test[9d35eded1c95d3be]::test_main_inner::<test[9d35eded1c95d3be]::test_main_static::{closure#0}>::{closure#0}
[INFO] [stdout]    6:     0x595e77508592 - std[70759c8f55707aa4]::panicking::panic_with_hook
[INFO] [stdout]    7:     0x595e774ec312 - std[70759c8f55707aa4]::panicking::panic_handler::{closure#0}
[INFO] [stdout]    8:     0x595e774e5099 - std[70759c8f55707aa4]::sys::backtrace::__rust_end_short_backtrace::<std[70759c8f55707aa4]::panicking::panic_handler::{closure#0}, !>
[INFO] [stdout]    9:     0x595e774ecf0d - __rustc[8fa7c3cbc660c2b3]::rust_begin_unwind
[INFO] [stdout]   10:     0x595e77525f2c - core[df12db4294e9bfd3]::panicking::panic_fmt
[INFO] [stdout]   11:     0x595e7737ed39 - panproto_parse[4142dc1ae21408dd]::walker::tests::get_grammar
[INFO] [stdout]   12:     0x595e7738006a - panproto_parse[4142dc1ae21408dd]::walker::tests::walk_simple_typescript
[INFO] [stdout]   13:     0x595e7733e949 - <panproto_parse[4142dc1ae21408dd]::walker::tests::walk_simple_typescript::{closure#0} as core[df12db4294e9bfd3]::ops::function::FnOnce<()>>::call_once
[INFO] [stdout]   14:     0x595e7738385b - test[9d35eded1c95d3be]::__rust_begin_short_backtrace::<core[df12db4294e9bfd3]::result::Result<(), alloc[2182bb758b4b3781]::string::String>, fn() -> core[df12db4294e9bfd3]::result::Result<(), alloc[2182bb758b4b3781]::string::String>>
[INFO] [stdout]   15:     0x595e77390ec5 - test[9d35eded1c95d3be]::run_test::{closure#0}
[INFO] [stdout]   16:     0x595e7738a784 - std[70759c8f55707aa4]::sys::backtrace::__rust_begin_short_backtrace::<test[9d35eded1c95d3be]::run_test::{closure#1}, ()>
[INFO] [stdout]   17:     0x595e77394022 - <std[70759c8f55707aa4]::thread::lifecycle::spawn_unchecked<test[9d35eded1c95d3be]::run_test::{closure#1}, ()>::{closure#1} as core[df12db4294e9bfd3]::ops::function::FnOnce<()>>::call_once::{shim:vtable#0}
[INFO] [stdout]   18:     0x595e7750f549 - <std[70759c8f55707aa4]::sys::thread::unix::Thread>::new::thread_start
[INFO] [stdout]   19:     0x74d2688ccdfa - <unknown>
[INFO] [stdout]   20:     0x74d2689603d4 - clone
[INFO] [stdout]   21:                0x0 - <unknown>
[INFO] [stdout] 
[INFO] [stdout] 
[INFO] [stdout] failures:
[INFO] [stdout]     walker::tests::walk_simple_python
[INFO] [stdout]     walker::tests::walk_simple_rust
[INFO] [stdout]     walker::tests::walk_simple_typescript
[INFO] [stdout] 
[INFO] [stdout] test result: FAILED. 85 passed; 3 failed; 0 ignored; 0 measured; 0 filtered out; finished in 0.01s
[INFO] [stdout] 
[INFO] running `Command { std: "docker" "inspect" "3e5d27b362fdc2b7f7216e969beb7b5b1cea2d701a686a13972a634d0c9f9e18", kill_on_drop: false }`
[INFO] running `Command { std: "docker" "rm" "-f" "3e5d27b362fdc2b7f7216e969beb7b5b1cea2d701a686a13972a634d0c9f9e18", kill_on_drop: false }`
[INFO] [stdout] 3e5d27b362fdc2b7f7216e969beb7b5b1cea2d701a686a13972a634d0c9f9e18
