[INFO] fetching crate pango-sys 0.22.9...
[INFO] testing pango-sys-0.22.9 against 1.99.0-beta.8+cargoflags=--release for beta-release-1.100-2
[INFO] extracting crate pango-sys 0.22.9 into /workspace/builds/worker-0-tc1/source
[INFO] started tweaking crates.io crate pango-sys 0.22.9
[INFO] removed 0 missing tests
[INFO] finished tweaking crates.io crate pango-sys 0.22.9
[INFO] tweaked toml for crates.io crate pango-sys 0.22.9 written to /workspace/builds/worker-0-tc1/source/Cargo.toml
[INFO] validating manifest of crates.io crate pango-sys 0.22.9 on toolchain 1.99.0-beta.8
[INFO] running `Command { std: CARGO_HOME="/workspace/cargo-home" RUSTUP_HOME="/workspace/rustup-home" "/workspace/cargo-home/bin/cargo" "+1.99.0-beta.8" "metadata" "--manifest-path" "Cargo.toml" "--no-deps", kill_on_drop: false }`
[INFO] crate crates.io crate pango-sys 0.22.9 already has a lockfile, it will not be regenerated
[INFO] running `Command { std: CARGO_HOME="/workspace/cargo-home" RUSTUP_HOME="/workspace/rustup-home" "/workspace/cargo-home/bin/cargo" "+1.99.0-beta.8" "fetch" "--manifest-path" "Cargo.toml", kill_on_drop: false }`
[INFO] [stderr]  Downloading crates ...
[INFO] [stderr]   Downloaded gobject-sys v0.22.9
[INFO] [stderr]   Downloaded cfg-expr v0.20.9
[INFO] [stderr]   Downloaded system-deps v9.0.0
[INFO] [stderr]   Downloaded glib-sys v0.22.9
[INFO] running `Command { std: "docker" "create" "-v" "/var/lib/crater-agent-workspace/builds/worker-0-tc1/source:/opt/rustwide/workdir:ro,Z" "-v" "/var/lib/crater-agent-workspace/builds/worker-0-tc1/target:/opt/rustwide/target:rw,Z" "-v" "/var/lib/crater-agent-workspace/cargo-home:/opt/rustwide/cargo-home:ro,Z" "-v" "/var/lib/crater-agent-workspace/rustup-home:/opt/rustwide/rustup-home:ro,Z" "-m" "1610612736" "--network" "none" "ghcr.io/rust-lang/crates-build-env/linux@sha256:77db811e55d90add9212f6832c23229e3de5f1c1f9905e8cb07319ea15df73ac" "sleep" "infinity", kill_on_drop: false }`
[INFO] [stdout] f519b8346592d6b502fafeaadf71d1173c41eefaf5eee6278d253df291da83b5
[INFO] running `Command { std: "docker" "start" "f519b8346592d6b502fafeaadf71d1173c41eefaf5eee6278d253df291da83b5", kill_on_drop: false }`
[INFO] running `Command { std: "docker" "inspect" "f519b8346592d6b502fafeaadf71d1173c41eefaf5eee6278d253df291da83b5", kill_on_drop: false }`
[INFO] running `Command { std: "docker" "exec" "-e" "SOURCE_DIR=/opt/rustwide/workdir" "-e" "CARGO_HOME=/opt/rustwide/cargo-home" "-e" "RUSTUP_HOME=/opt/rustwide/rustup-home" "-e" "CARGO_TARGET_DIR=/opt/rustwide/target" "-w" "/opt/rustwide/workdir" "--user" "0:0" "f519b8346592d6b502fafeaadf71d1173c41eefaf5eee6278d253df291da83b5" "/opt/rustwide/cargo-home/bin/cargo" "+1.99.0-beta.8" "metadata" "--no-deps" "--format-version=1", kill_on_drop: false }`
[INFO] running `Command { std: "docker" "inspect" "f519b8346592d6b502fafeaadf71d1173c41eefaf5eee6278d253df291da83b5", kill_on_drop: false }`
[INFO] running `Command { std: "docker" "exec" "-e" "SOURCE_DIR=/opt/rustwide/workdir" "-e" "CARGO_HOME=/opt/rustwide/cargo-home" "-e" "RUSTUP_HOME=/opt/rustwide/rustup-home" "-e" "CARGO_TARGET_DIR=/opt/rustwide/target" "-e" "CARGO_INCREMENTAL=0" "-e" "RUST_BACKTRACE=full" "-e" "RUSTFLAGS=--cap-lints=warn" "-e" "RUSTDOCFLAGS=--cap-lints=warn" "-w" "/opt/rustwide/workdir" "--user" "0:0" "f519b8346592d6b502fafeaadf71d1173c41eefaf5eee6278d253df291da83b5" "/opt/rustwide/cargo-home/bin/cargo" "+1.99.0-beta.8" "build" "--frozen" "--message-format=json" "--release", kill_on_drop: false }`
[INFO] [stderr]    Compiling winnow v1.0.4
[INFO] [stderr]    Compiling toml_datetime v1.1.1+spec-1.1.0
[INFO] [stderr]    Compiling smallvec v1.15.2
[INFO] [stderr]    Compiling system-deps v9.0.0
[INFO] [stderr]    Compiling serde_spanned v1.1.1
[INFO] [stderr]    Compiling version-compare v0.2.1
[INFO] [stderr]    Compiling cfg-expr v0.20.9
[INFO] [stderr]    Compiling toml_parser v1.1.3+spec-1.1.0
[INFO] [stderr]    Compiling toml v1.1.4+spec-1.1.0
[INFO] [stderr]    Compiling glib-sys v0.22.9
[INFO] [stderr]    Compiling gobject-sys v0.22.9
[INFO] [stderr]    Compiling pango-sys v0.22.9 (/opt/rustwide/workdir)
[INFO] [stderr]     Finished `release` profile [optimized] target(s) in 4.72s
[INFO] running `Command { std: "docker" "inspect" "f519b8346592d6b502fafeaadf71d1173c41eefaf5eee6278d253df291da83b5", kill_on_drop: false }`
[INFO] running `Command { std: "docker" "exec" "-e" "SOURCE_DIR=/opt/rustwide/workdir" "-e" "CARGO_HOME=/opt/rustwide/cargo-home" "-e" "RUSTUP_HOME=/opt/rustwide/rustup-home" "-e" "CARGO_TARGET_DIR=/opt/rustwide/target" "-e" "CARGO_INCREMENTAL=0" "-e" "RUST_BACKTRACE=full" "-e" "RUSTFLAGS=--cap-lints=warn" "-e" "RUSTDOCFLAGS=--cap-lints=warn" "-w" "/opt/rustwide/workdir" "--user" "0:0" "f519b8346592d6b502fafeaadf71d1173c41eefaf5eee6278d253df291da83b5" "/opt/rustwide/cargo-home/bin/cargo" "+1.99.0-beta.8" "test" "--frozen" "--no-run" "--message-format=json" "--release", kill_on_drop: false }`
[INFO] [stderr]    Compiling tempfile v3.27.0
[INFO] [stderr]    Compiling pango-sys v0.22.9 (/opt/rustwide/workdir)
[INFO] [stderr]     Finished `release` profile [optimized] target(s) in 2.06s
[INFO] running `Command { std: "docker" "inspect" "f519b8346592d6b502fafeaadf71d1173c41eefaf5eee6278d253df291da83b5", kill_on_drop: false }`
[INFO] running `Command { std: "docker" "exec" "-e" "SOURCE_DIR=/opt/rustwide/workdir" "-e" "CARGO_HOME=/opt/rustwide/cargo-home" "-e" "RUSTUP_HOME=/opt/rustwide/rustup-home" "-e" "CARGO_TARGET_DIR=/opt/rustwide/target" "-e" "CARGO_INCREMENTAL=0" "-e" "RUST_BACKTRACE=full" "-e" "RUSTFLAGS=--cap-lints=warn" "-e" "RUSTDOCFLAGS=--cap-lints=warn" "-w" "/opt/rustwide/workdir" "--user" "0:0" "f519b8346592d6b502fafeaadf71d1173c41eefaf5eee6278d253df291da83b5" "/opt/rustwide/cargo-home/bin/cargo" "+1.99.0-beta.8" "test" "--frozen" "--release", kill_on_drop: false }`
[INFO] [stderr]     Finished `release` profile [optimized] target(s) in 0.06s
[INFO] [stderr]      Running unittests src/lib.rs (/opt/rustwide/target/release/deps/pango_sys-56bee4c6a7c5b37d)
[INFO] [stdout] 
[INFO] [stdout] running 0 tests
[INFO] [stdout] 
[INFO] [stdout] test result: ok. 0 passed; 0 failed; 0 ignored; 0 measured; 0 filtered out; finished in 0.00s
[INFO] [stdout] 
[INFO] [stderr]      Running tests/abi.rs (/opt/rustwide/target/release/deps/abi-9cc28f8d879cf603)
[INFO] [stdout] 
[INFO] [stdout] running 2 tests
[INFO] [stderr] tests/constant.c: In function 'main':
[INFO] [stderr] tests/constant.c:76:27: error: 'PANGO_ATTR_WIDTH' undeclared (first use in this function); did you mean 'PANGO_ATTR_WEIGHT'?
[INFO] [stderr]    76 |     PRINT_CONSTANT((gint) PANGO_ATTR_WIDTH);
[INFO] [stderr]       |                           ^~~~~~~~~~~~~~~~
[INFO] [stderr] tests/constant.c:10:22: note: in definition of macro 'PRINT_CONSTANT'
[INFO] [stderr]    10 |     printf(_Generic((CONSTANT_NAME), \
[INFO] [stderr]       |                      ^~~~~~~~~~~~~
[INFO] [stderr] tests/constant.c:76:27: note: each undeclared identifier is reported only once for each function it appears in
[INFO] [stderr]    76 |     PRINT_CONSTANT((gint) PANGO_ATTR_WIDTH);
[INFO] [stderr]       |                           ^~~~~~~~~~~~~~~~
[INFO] [stderr] tests/constant.c:10:22: note: in definition of macro 'PRINT_CONSTANT'
[INFO] [stderr]    10 |     printf(_Generic((CONSTANT_NAME), \
[INFO] [stderr]       |                      ^~~~~~~~~~~~~
[INFO] [stderr] tests/layout.c: In function 'main':
[INFO] [stderr] tests/layout.c:62:59: error: 'PangoRenderComponent' undeclared (first use in this function)
[INFO] [stderr]    62 |     printf("%s;%zu;%zu\n", "PangoRenderComponent", sizeof(PangoRenderComponent), alignof(PangoRenderComponent));
[INFO] [stderr]       |                                                           ^~~~~~~~~~~~~~~~~~~~
[INFO] [stderr] tests/layout.c:62:59: note: each undeclared identifier is reported only once for each function it appears in
[INFO] [stderr] tests/layout.c:76:49: error: 'PangoWidth' undeclared (first use in this function); did you mean 'PangoWeight'?
[INFO] [stderr]    76 |     printf("%s;%zu;%zu\n", "PangoWidth", sizeof(PangoWidth), alignof(PangoWidth));
[INFO] [stderr]       |                                                 ^~~~~~~~~~
[INFO] [stderr]       |                                                 PangoWeight
[INFO] [stderr] tests/constant.c:132:28: error: 'PANGO_FONT_MASK_WIDTH' undeclared (first use in this function); did you mean 'PANGO_FONT_MASK_WEIGHT'?
[INFO] [stderr]   132 |     PRINT_CONSTANT((guint) PANGO_FONT_MASK_WIDTH);
[INFO] [stderr]       |                            ^~~~~~~~~~~~~~~~~~~~~
[INFO] [stderr] tests/constant.c:10:22: note: in definition of macro 'PRINT_CONSTANT'
[INFO] [stderr]    10 |     printf(_Generic((CONSTANT_NAME), \
[INFO] [stderr]       |                      ^~~~~~~~~~~~~
[INFO] [stdout] test cross_validate_layout_with_c ... FAILED
[INFO] [stderr] tests/constant.c:158:20: error: 'PANGO_RENDER_COMPONENT_ALL' undeclared (first use in this function)
[INFO] [stderr]   158 |     PRINT_CONSTANT(PANGO_RENDER_COMPONENT_ALL);
[INFO] [stderr]       |                    ^~~~~~~~~~~~~~~~~~~~~~~~~~
[INFO] [stderr] tests/constant.c:10:22: note: in definition of macro 'PRINT_CONSTANT'
[INFO] [stderr]    10 |     printf(_Generic((CONSTANT_NAME), \
[INFO] [stderr]       |                      ^~~~~~~~~~~~~
[INFO] [stderr] tests/constant.c:159:28: error: 'PANGO_RENDER_COMPONENT_BACKGROUND' undeclared (first use in this function); did you mean 'PANGO_RENDER_PART_BACKGROUND'?
[INFO] [stderr]   159 |     PRINT_CONSTANT((guint) PANGO_RENDER_COMPONENT_BACKGROUND);
[INFO] [stderr]       |                            ^~~~~~~~~~~~~~~~~~~~~~~~~~~~~~~~~
[INFO] [stderr] tests/constant.c:10:22: note: in definition of macro 'PRINT_CONSTANT'
[INFO] [stderr]    10 |     printf(_Generic((CONSTANT_NAME), \
[INFO] [stderr]       |                      ^~~~~~~~~~~~~
[INFO] [stderr] tests/constant.c:160:28: error: 'PANGO_RENDER_COMPONENT_COLOR_GLYPH' undeclared (first use in this function)
[INFO] [stderr]   160 |     PRINT_CONSTANT((guint) PANGO_RENDER_COMPONENT_COLOR_GLYPH);
[INFO] [stderr]       |                            ^~~~~~~~~~~~~~~~~~~~~~~~~~~~~~~~~~
[INFO] [stderr] tests/constant.c:10:22: note: in definition of macro 'PRINT_CONSTANT'
[INFO] [stderr]    10 |     printf(_Generic((CONSTANT_NAME), \
[INFO] [stderr]       |                      ^~~~~~~~~~~~~
[INFO] [stderr] tests/constant.c:161:28: error: 'PANGO_RENDER_COMPONENT_NONE' undeclared (first use in this function); did you mean 'PANGO_RENDER_TYPE_NONE'?
[INFO] [stderr]   161 |     PRINT_CONSTANT((guint) PANGO_RENDER_COMPONENT_NONE);
[INFO] [stderr]       |                            ^~~~~~~~~~~~~~~~~~~~~~~~~~~
[INFO] [stderr] tests/constant.c:10:22: note: in definition of macro 'PRINT_CONSTANT'
[INFO] [stderr]    10 |     printf(_Generic((CONSTANT_NAME), \
[INFO] [stderr]       |                      ^~~~~~~~~~~~~
[INFO] [stderr] tests/constant.c:162:28: error: 'PANGO_RENDER_COMPONENT_OVERLINE' undeclared (first use in this function); did you mean 'PANGO_RENDER_PART_OVERLINE'?
[INFO] [stderr]   162 |     PRINT_CONSTANT((guint) PANGO_RENDER_COMPONENT_OVERLINE);
[INFO] [stderr]       |                            ^~~~~~~~~~~~~~~~~~~~~~~~~~~~~~~
[INFO] [stderr] tests/constant.c:10:22: note: in definition of macro 'PRINT_CONSTANT'
[INFO] [stderr]    10 |     printf(_Generic((CONSTANT_NAME), \
[INFO] [stderr]       |                      ^~~~~~~~~~~~~
[INFO] [stderr] tests/constant.c:163:28: error: 'PANGO_RENDER_COMPONENT_PLAIN_GLYPH' undeclared (first use in this function)
[INFO] [stderr]   163 |     PRINT_CONSTANT((guint) PANGO_RENDER_COMPONENT_PLAIN_GLYPH);
[INFO] [stderr]       |                            ^~~~~~~~~~~~~~~~~~~~~~~~~~~~~~~~~~
[INFO] [stderr] tests/constant.c:10:22: note: in definition of macro 'PRINT_CONSTANT'
[INFO] [stderr]    10 |     printf(_Generic((CONSTANT_NAME), \
[INFO] [stderr]       |                      ^~~~~~~~~~~~~
[INFO] [stderr] tests/constant.c:164:28: error: 'PANGO_RENDER_COMPONENT_STRIKETHROUGH' undeclared (first use in this function); did you mean 'PANGO_RENDER_PART_STRIKETHROUGH'?
[INFO] [stderr]   164 |     PRINT_CONSTANT((guint) PANGO_RENDER_COMPONENT_STRIKETHROUGH);
[INFO] [stderr]       |                            ^~~~~~~~~~~~~~~~~~~~~~~~~~~~~~~~~~~~
[INFO] [stderr] tests/constant.c:10:22: note: in definition of macro 'PRINT_CONSTANT'
[INFO] [stderr]    10 |     printf(_Generic((CONSTANT_NAME), \
[INFO] [stderr]       |                      ^~~~~~~~~~~~~
[INFO] [stderr] tests/constant.c:165:28: error: 'PANGO_RENDER_COMPONENT_UNDERLINE' undeclared (first use in this function); did you mean 'PANGO_RENDER_PART_UNDERLINE'?
[INFO] [stderr]   165 |     PRINT_CONSTANT((guint) PANGO_RENDER_COMPONENT_UNDERLINE);
[INFO] [stderr]       |                            ^~~~~~~~~~~~~~~~~~~~~~~~~~~~~~~~
[INFO] [stderr] tests/constant.c:10:22: note: in definition of macro 'PRINT_CONSTANT'
[INFO] [stderr]    10 |     printf(_Generic((CONSTANT_NAME), \
[INFO] [stderr]       |                      ^~~~~~~~~~~~~
[INFO] [stderr] tests/constant.c:343:27: error: 'PANGO_WIDTH_CONDENSED' undeclared (first use in this function); did you mean 'PANGO_STRETCH_CONDENSED'?
[INFO] [stderr]   343 |     PRINT_CONSTANT((gint) PANGO_WIDTH_CONDENSED);
[INFO] [stderr]       |                           ^~~~~~~~~~~~~~~~~~~~~
[INFO] [stderr] tests/constant.c:10:22: note: in definition of macro 'PRINT_CONSTANT'
[INFO] [stderr]    10 |     printf(_Generic((CONSTANT_NAME), \
[INFO] [stderr]       |                      ^~~~~~~~~~~~~
[INFO] [stderr] tests/constant.c:344:27: error: 'PANGO_WIDTH_EXPANDED' undeclared (first use in this function); did you mean 'PANGO_STRETCH_EXPANDED'?
[INFO] [stderr]   344 |     PRINT_CONSTANT((gint) PANGO_WIDTH_EXPANDED);
[INFO] [stderr]       |                           ^~~~~~~~~~~~~~~~~~~~
[INFO] [stderr] tests/constant.c:10:22: note: in definition of macro 'PRINT_CONSTANT'
[INFO] [stderr]    10 |     printf(_Generic((CONSTANT_NAME), \
[INFO] [stderr]       |                      ^~~~~~~~~~~~~
[INFO] [stderr] tests/constant.c:345:27: error: 'PANGO_WIDTH_EXTRA_CONDENSED' undeclared (first use in this function); did you mean 'PANGO_STRETCH_EXTRA_CONDENSED'?
[INFO] [stderr]   345 |     PRINT_CONSTANT((gint) PANGO_WIDTH_EXTRA_CONDENSED);
[INFO] [stderr]       |                           ^~~~~~~~~~~~~~~~~~~~~~~~~~~
[INFO] [stderr] tests/constant.c:10:22: note: in definition of macro 'PRINT_CONSTANT'
[INFO] [stderr]    10 |     printf(_Generic((CONSTANT_NAME), \
[INFO] [stderr]       |                      ^~~~~~~~~~~~~
[INFO] [stderr] tests/constant.c:346:27: error: 'PANGO_WIDTH_EXTRA_EXPANDED' undeclared (first use in this function); did you mean 'PANGO_STRETCH_EXTRA_EXPANDED'?
[INFO] [stderr]   346 |     PRINT_CONSTANT((gint) PANGO_WIDTH_EXTRA_EXPANDED);
[INFO] [stderr]       |                           ^~~~~~~~~~~~~~~~~~~~~~~~~~
[INFO] [stderr] tests/constant.c:10:22: note: in definition of macro 'PRINT_CONSTANT'
[INFO] [stderr]    10 |     printf(_Generic((CONSTANT_NAME), \
[INFO] [stderr]       |                      ^~~~~~~~~~~~~
[INFO] [stderr] tests/constant.c:347:27: error: 'PANGO_WIDTH_NORMAL' undeclared (first use in this function); did you mean 'PANGO_WEIGHT_NORMAL'?
[INFO] [stderr]   347 |     PRINT_CONSTANT((gint) PANGO_WIDTH_NORMAL);
[INFO] [stderr]       |                           ^~~~~~~~~~~~~~~~~~
[INFO] [stderr] tests/constant.c:10:22: note: in definition of macro 'PRINT_CONSTANT'
[INFO] [stderr]    10 |     printf(_Generic((CONSTANT_NAME), \
[INFO] [stderr]       |                      ^~~~~~~~~~~~~
[INFO] [stderr] tests/constant.c:348:27: error: 'PANGO_WIDTH_SEMI_CONDENSED' undeclared (first use in this function); did you mean 'PANGO_STRETCH_SEMI_CONDENSED'?
[INFO] [stderr]   348 |     PRINT_CONSTANT((gint) PANGO_WIDTH_SEMI_CONDENSED);
[INFO] [stderr]       |                           ^~~~~~~~~~~~~~~~~~~~~~~~~~
[INFO] [stderr] tests/constant.c:10:22: note: in definition of macro 'PRINT_CONSTANT'
[INFO] [stderr]    10 |     printf(_Generic((CONSTANT_NAME), \
[INFO] [stderr]       |                      ^~~~~~~~~~~~~
[INFO] [stderr] tests/constant.c:349:27: error: 'PANGO_WIDTH_SEMI_EXPANDED' undeclared (first use in this function); did you mean 'PANGO_STRETCH_SEMI_EXPANDED'?
[INFO] [stderr]   349 |     PRINT_CONSTANT((gint) PANGO_WIDTH_SEMI_EXPANDED);
[INFO] [stderr]       |                           ^~~~~~~~~~~~~~~~~~~~~~~~~
[INFO] [stderr] tests/constant.c:10:22: note: in definition of macro 'PRINT_CONSTANT'
[INFO] [stderr]    10 |     printf(_Generic((CONSTANT_NAME), \
[INFO] [stderr]       |                      ^~~~~~~~~~~~~
[INFO] [stderr] tests/constant.c:350:27: error: 'PANGO_WIDTH_ULTRA_CONDENSED' undeclared (first use in this function); did you mean 'PANGO_STRETCH_ULTRA_CONDENSED'?
[INFO] [stderr]   350 |     PRINT_CONSTANT((gint) PANGO_WIDTH_ULTRA_CONDENSED);
[INFO] [stderr]       |                           ^~~~~~~~~~~~~~~~~~~~~~~~~~~
[INFO] [stderr] tests/constant.c:10:22: note: in definition of macro 'PRINT_CONSTANT'
[INFO] [stderr]    10 |     printf(_Generic((CONSTANT_NAME), \
[INFO] [stderr]       |                      ^~~~~~~~~~~~~
[INFO] [stderr] tests/constant.c:351:27: error: 'PANGO_WIDTH_ULTRA_EXPANDED' undeclared (first use in this function); did you mean 'PANGO_STRETCH_ULTRA_EXPANDED'?
[INFO] [stderr]   351 |     PRINT_CONSTANT((gint) PANGO_WIDTH_ULTRA_EXPANDED);
[INFO] [stderr]       |                           ^~~~~~~~~~~~~~~~~~~~~~~~~~
[INFO] [stderr] tests/constant.c:10:22: note: in definition of macro 'PRINT_CONSTANT'
[INFO] [stderr]    10 |     printf(_Generic((CONSTANT_NAME), \
[INFO] [stderr]       |                      ^~~~~~~~~~~~~
[INFO] [stdout] test cross_validate_constants_with_c ... FAILED
[INFO] [stderr] error: test failed, to rerun pass `--test abi`
[INFO] [stdout] 
[INFO] [stdout] failures:
[INFO] [stdout] 
[INFO] [stdout] ---- cross_validate_layout_with_c stdout ----
[INFO] [stdout] 
[INFO] [stdout] thread 'cross_validate_layout_with_c' (408) panicked at tests/abi.rs:154:37:
[INFO] [stdout] called `Result::unwrap()` on an `Err` value: "compilation command \"cc\" \"-Wno-deprecated-declarations\" \"-std=c11\" \"-D__USE_MINGW_ANSI_STDIO\" \"-I/usr/include/pango-1.0\" \"-I/usr/include/harfbuzz\" \"-I/usr/include/glib-2.0\" \"-I/usr/lib/x86_64-linux-gnu/glib-2.0/include\" \"-I/usr/include/libmount\" \"-I/usr/include/blkid\" \"-I/usr/include/fribidi\" \"-I/usr/include/cairo\" \"-I/usr/include/freetype2\" \"-I/usr/include/libpng16\" \"-I/usr/include/pixman-1\" \"-I/usr/include/sysprof-6\" \"-pthread\" \"tests/layout.c\" \"-o\" \"/tmp/abi5vwrQ7/layout\" failed, exit status: 1"
[INFO] [stdout] stack backtrace:
[INFO] [stdout]    0:     0x5b7ca6f8b4d1 - <<std[70759c8f55707aa4]::sys::backtrace::BacktraceLock>::print::DisplayBacktrace as core[df12db4294e9bfd3]::fmt::Display>::fmt
[INFO] [stdout]    1:     0x5b7ca6fa14fa - core[df12db4294e9bfd3]::fmt::write
[INFO] [stdout]    2:     0x5b7ca6f910fc - <alloc[2182bb758b4b3781]::vec::Vec<u8> as core[df12db4294e9bfd3]::io::write::Write>::write_fmt
[INFO] [stdout]    3:     0x5b7ca6f662f6 - std[70759c8f55707aa4]::panicking::default_hook::{closure#0}
[INFO] [stdout]    4:     0x5b7ca6f834a9 - std[70759c8f55707aa4]::panicking::default_hook
[INFO] [stdout]    5:     0x5b7ca6f1ce40 - test[9d35eded1c95d3be]::test_main_inner::<test[9d35eded1c95d3be]::test_main_static::{closure#0}>::{closure#0}
[INFO] [stdout]    6:     0x5b7ca6f83662 - std[70759c8f55707aa4]::panicking::panic_with_hook
[INFO] [stdout]    7:     0x5b7ca6f663a2 - std[70759c8f55707aa4]::panicking::panic_handler::{closure#0}
[INFO] [stdout]    8:     0x5b7ca6f5f009 - std[70759c8f55707aa4]::sys::backtrace::__rust_end_short_backtrace::<std[70759c8f55707aa4]::panicking::panic_handler::{closure#0}, !>
[INFO] [stdout]    9:     0x5b7ca6f66f9d - __rustc[8fa7c3cbc660c2b3]::rust_begin_unwind
[INFO] [stdout]   10:     0x5b7ca6fa1c2c - core[df12db4294e9bfd3]::panicking::panic_fmt
[INFO] [stdout]   11:     0x5b7ca6fa1a02 - core[df12db4294e9bfd3]::result::unwrap_failed
[INFO] [stdout]   12:     0x5b7ca6f0ddc8 - <abi[ddd1a59926c613c3]::cross_validate_layout_with_c::{closure#0} as core[df12db4294e9bfd3]::ops::function::FnOnce<()>>::call_once
[INFO] [stdout]   13:     0x5b7ca6f1012b - test[9d35eded1c95d3be]::__rust_begin_short_backtrace::<core[df12db4294e9bfd3]::result::Result<(), alloc[2182bb758b4b3781]::string::String>, fn() -> core[df12db4294e9bfd3]::result::Result<(), alloc[2182bb758b4b3781]::string::String>>
[INFO] [stdout]   14:     0x5b7ca6f1d795 - test[9d35eded1c95d3be]::run_test::{closure#0}
[INFO] [stdout]   15:     0x5b7ca6f17054 - std[70759c8f55707aa4]::sys::backtrace::__rust_begin_short_backtrace::<test[9d35eded1c95d3be]::run_test::{closure#1}, ()>
[INFO] [stdout]   16:     0x5b7ca6f208f2 - <std[70759c8f55707aa4]::thread::lifecycle::spawn_unchecked<test[9d35eded1c95d3be]::run_test::{closure#1}, ()>::{closure#1} as core[df12db4294e9bfd3]::ops::function::FnOnce<()>>::call_once::{shim:vtable#0}
[INFO] [stdout]   17:     0x5b7ca6f8ad29 - <std[70759c8f55707aa4]::sys::thread::unix::Thread>::new::thread_start
[INFO] [stdout]   18:     0x7922fb256dfa - <unknown>
[INFO] [stdout]   19:     0x7922fb2ea3d4 - clone
[INFO] [stdout]   20:                0x0 - <unknown>
[INFO] [stdout] 
[INFO] [stdout] ---- cross_validate_constants_with_c stdout ----
[INFO] [stdout] 
[INFO] [stdout] thread 'cross_validate_constants_with_c' (407) panicked at tests/abi.rs:120:39:
[INFO] [stdout] called `Result::unwrap()` on an `Err` value: "compilation command \"cc\" \"-Wno-deprecated-declarations\" \"-std=c11\" \"-D__USE_MINGW_ANSI_STDIO\" \"-I/usr/include/pango-1.0\" \"-I/usr/include/harfbuzz\" \"-I/usr/include/glib-2.0\" \"-I/usr/lib/x86_64-linux-gnu/glib-2.0/include\" \"-I/usr/include/libmount\" \"-I/usr/include/blkid\" \"-I/usr/include/fribidi\" \"-I/usr/include/cairo\" \"-I/usr/include/freetype2\" \"-I/usr/include/libpng16\" \"-I/usr/include/pixman-1\" \"-I/usr/include/sysprof-6\" \"-pthread\" \"tests/constant.c\" \"-o\" \"/tmp/abiXDW70r/constant\" failed, exit status: 1"
[INFO] [stdout] stack backtrace:
[INFO] [stdout]    0:     0x5b7ca6f8b4d1 - <<std[70759c8f55707aa4]::sys::backtrace::BacktraceLock>::print::DisplayBacktrace as core[df12db4294e9bfd3]::fmt::Display>::fmt
[INFO] [stdout]    1:     0x5b7ca6fa14fa - core[df12db4294e9bfd3]::fmt::write
[INFO] [stdout]    2:     0x5b7ca6f910fc - <alloc[2182bb758b4b3781]::vec::Vec<u8> as core[df12db4294e9bfd3]::io::write::Write>::write_fmt
[INFO] [stdout]    3:     0x5b7ca6f662f6 - std[70759c8f55707aa4]::panicking::default_hook::{closure#0}
[INFO] [stdout]    4:     0x5b7ca6f834a9 - std[70759c8f55707aa4]::panicking::default_hook
[INFO] [stdout]    5:     0x5b7ca6f1ce40 - test[9d35eded1c95d3be]::test_main_inner::<test[9d35eded1c95d3be]::test_main_static::{closure#0}>::{closure#0}
[INFO] [stdout]    6:     0x5b7ca6f83662 - std[70759c8f55707aa4]::panicking::panic_with_hook
[INFO] [stdout]    7:     0x5b7ca6f663a2 - std[70759c8f55707aa4]::panicking::panic_handler::{closure#0}
[INFO] [stdout]    8:     0x5b7ca6f5f009 - std[70759c8f55707aa4]::sys::backtrace::__rust_end_short_backtrace::<std[70759c8f55707aa4]::panicking::panic_handler::{closure#0}, !>
[INFO] [stdout]    9:     0x5b7ca6f66f9d - __rustc[8fa7c3cbc660c2b3]::rust_begin_unwind
[INFO] [stdout]   10:     0x5b7ca6fa1c2c - core[df12db4294e9bfd3]::panicking::panic_fmt
[INFO] [stdout]   11:     0x5b7ca6fa1a02 - core[df12db4294e9bfd3]::result::unwrap_failed
[INFO] [stdout]   12:     0x5b7ca6f0e566 - <abi[ddd1a59926c613c3]::cross_validate_constants_with_c::{closure#0} as core[df12db4294e9bfd3]::ops::function::FnOnce<()>>::call_once
[INFO] [stdout]   13:     0x5b7ca6f1012b - test[9d35eded1c95d3be]::__rust_begin_short_backtrace::<core[df12db4294e9bfd3]::result::Result<(), alloc[2182bb758b4b3781]::string::String>, fn() -> core[df12db4294e9bfd3]::result::Result<(), alloc[2182bb758b4b3781]::string::String>>
[INFO] [stdout]   14:     0x5b7ca6f1d795 - test[9d35eded1c95d3be]::run_test::{closure#0}
[INFO] [stdout]   15:     0x5b7ca6f17054 - std[70759c8f55707aa4]::sys::backtrace::__rust_begin_short_backtrace::<test[9d35eded1c95d3be]::run_test::{closure#1}, ()>
[INFO] [stdout]   16:     0x5b7ca6f208f2 - <std[70759c8f55707aa4]::thread::lifecycle::spawn_unchecked<test[9d35eded1c95d3be]::run_test::{closure#1}, ()>::{closure#1} as core[df12db4294e9bfd3]::ops::function::FnOnce<()>>::call_once::{shim:vtable#0}
[INFO] [stdout]   17:     0x5b7ca6f8ad29 - <std[70759c8f55707aa4]::sys::thread::unix::Thread>::new::thread_start
[INFO] [stdout]   18:     0x7922fb256dfa - <unknown>
[INFO] [stdout]   19:     0x7922fb2ea3d4 - clone
[INFO] [stdout]   20:                0x0 - <unknown>
[INFO] [stdout] 
[INFO] [stdout] 
[INFO] [stdout] failures:
[INFO] [stdout]     cross_validate_constants_with_c
[INFO] [stdout]     cross_validate_layout_with_c
[INFO] [stdout] 
[INFO] [stdout] test result: FAILED. 0 passed; 2 failed; 0 ignored; 0 measured; 0 filtered out; finished in 0.64s
[INFO] [stdout] 
[INFO] running `Command { std: "docker" "inspect" "f519b8346592d6b502fafeaadf71d1173c41eefaf5eee6278d253df291da83b5", kill_on_drop: false }`
[INFO] running `Command { std: "docker" "rm" "-f" "f519b8346592d6b502fafeaadf71d1173c41eefaf5eee6278d253df291da83b5", kill_on_drop: false }`
[INFO] [stdout] f519b8346592d6b502fafeaadf71d1173c41eefaf5eee6278d253df291da83b5
