[INFO] fetching crate pamoja-sim 0.2.0...
[INFO] testing pamoja-sim-0.2.0 against 1.100.0-beta.1+cargoflags=--release for beta-release-1.100-2
[INFO] extracting crate pamoja-sim 0.2.0 into /workspace/builds/worker-7-tc2/source
[INFO] started tweaking crates.io crate pamoja-sim 0.2.0
[INFO] finished tweaking crates.io crate pamoja-sim 0.2.0
[INFO] tweaked toml for crates.io crate pamoja-sim 0.2.0 written to /workspace/builds/worker-7-tc2/source/Cargo.toml
[INFO] validating manifest of crates.io crate pamoja-sim 0.2.0 on toolchain 1.100.0-beta.1
[INFO] running `Command { std: CARGO_HOME="/workspace/cargo-home" RUSTUP_HOME="/workspace/rustup-home" "/workspace/cargo-home/bin/cargo" "+1.100.0-beta.1" "metadata" "--manifest-path" "Cargo.toml" "--no-deps", kill_on_drop: false }`
[INFO] crate crates.io crate pamoja-sim 0.2.0 already has a lockfile, it will not be regenerated
[INFO] running `Command { std: CARGO_HOME="/workspace/cargo-home" RUSTUP_HOME="/workspace/rustup-home" "/workspace/cargo-home/bin/cargo" "+1.100.0-beta.1" "fetch" "--manifest-path" "Cargo.toml", kill_on_drop: false }`
[INFO] running `Command { std: "docker" "create" "-v" "/var/lib/crater-agent-workspace/builds/worker-7-tc2/source:/opt/rustwide/workdir:ro,Z" "-v" "/var/lib/crater-agent-workspace/builds/worker-7-tc2/target:/opt/rustwide/target:rw,Z" "-v" "/var/lib/crater-agent-workspace/cargo-home:/opt/rustwide/cargo-home:ro,Z" "-v" "/var/lib/crater-agent-workspace/rustup-home:/opt/rustwide/rustup-home:ro,Z" "-m" "1610612736" "--network" "none" "ghcr.io/rust-lang/crates-build-env/linux@sha256:77db811e55d90add9212f6832c23229e3de5f1c1f9905e8cb07319ea15df73ac" "sleep" "infinity", kill_on_drop: false }`
[INFO] [stdout] 9624b7a0dc510c9933e6682ece0536c4c579d6fa33dc783fbff1fa203ba84ab4
[INFO] running `Command { std: "docker" "start" "9624b7a0dc510c9933e6682ece0536c4c579d6fa33dc783fbff1fa203ba84ab4", kill_on_drop: false }`
[INFO] running `Command { std: "docker" "inspect" "9624b7a0dc510c9933e6682ece0536c4c579d6fa33dc783fbff1fa203ba84ab4", kill_on_drop: false }`
[INFO] running `Command { std: "docker" "exec" "-e" "SOURCE_DIR=/opt/rustwide/workdir" "-e" "CARGO_HOME=/opt/rustwide/cargo-home" "-e" "RUSTUP_HOME=/opt/rustwide/rustup-home" "-e" "CARGO_TARGET_DIR=/opt/rustwide/target" "-w" "/opt/rustwide/workdir" "--user" "0:0" "9624b7a0dc510c9933e6682ece0536c4c579d6fa33dc783fbff1fa203ba84ab4" "/opt/rustwide/cargo-home/bin/cargo" "+1.100.0-beta.1" "metadata" "--no-deps" "--format-version=1", kill_on_drop: false }`
[INFO] running `Command { std: "docker" "inspect" "9624b7a0dc510c9933e6682ece0536c4c579d6fa33dc783fbff1fa203ba84ab4", kill_on_drop: false }`
[INFO] running `Command { std: "docker" "exec" "-e" "SOURCE_DIR=/opt/rustwide/workdir" "-e" "CARGO_HOME=/opt/rustwide/cargo-home" "-e" "RUSTUP_HOME=/opt/rustwide/rustup-home" "-e" "CARGO_TARGET_DIR=/opt/rustwide/target" "-e" "CARGO_INCREMENTAL=0" "-e" "RUST_BACKTRACE=full" "-e" "RUSTFLAGS=--cap-lints=warn" "-e" "RUSTDOCFLAGS=--cap-lints=warn" "-w" "/opt/rustwide/workdir" "--user" "0:0" "9624b7a0dc510c9933e6682ece0536c4c579d6fa33dc783fbff1fa203ba84ab4" "/opt/rustwide/cargo-home/bin/cargo" "+1.100.0-beta.1" "build" "--frozen" "--message-format=json" "--release", kill_on_drop: false }`
[INFO] [stderr]    Compiling pamoja-kit v0.2.0
[INFO] [stderr]    Compiling pamoja-core v0.2.0
[INFO] [stderr]    Compiling pamoja-sim v0.2.0 (/opt/rustwide/workdir)
[INFO] [stderr]     Finished `release` profile [optimized] target(s) in 0.39s
[INFO] running `Command { std: "docker" "inspect" "9624b7a0dc510c9933e6682ece0536c4c579d6fa33dc783fbff1fa203ba84ab4", kill_on_drop: false }`
[INFO] running `Command { std: "docker" "exec" "-e" "SOURCE_DIR=/opt/rustwide/workdir" "-e" "CARGO_HOME=/opt/rustwide/cargo-home" "-e" "RUSTUP_HOME=/opt/rustwide/rustup-home" "-e" "CARGO_TARGET_DIR=/opt/rustwide/target" "-e" "CARGO_INCREMENTAL=0" "-e" "RUST_BACKTRACE=full" "-e" "RUSTFLAGS=--cap-lints=warn" "-e" "RUSTDOCFLAGS=--cap-lints=warn" "-w" "/opt/rustwide/workdir" "--user" "0:0" "9624b7a0dc510c9933e6682ece0536c4c579d6fa33dc783fbff1fa203ba84ab4" "/opt/rustwide/cargo-home/bin/cargo" "+1.100.0-beta.1" "test" "--frozen" "--no-run" "--message-format=json" "--release", kill_on_drop: false }`
[INFO] [stderr]    Compiling quote v1.0.47
[INFO] [stderr]    Compiling syn v2.0.119
[INFO] [stderr]    Compiling tokio-macros v2.7.0
[INFO] [stderr]    Compiling tokio v1.53.1
[INFO] [stderr]    Compiling pamoja-sim v0.2.0 (/opt/rustwide/workdir)
[INFO] [stderr]     Finished `release` profile [optimized] target(s) in 6.33s
[INFO] running `Command { std: "docker" "inspect" "9624b7a0dc510c9933e6682ece0536c4c579d6fa33dc783fbff1fa203ba84ab4", kill_on_drop: false }`
[INFO] running `Command { std: "docker" "exec" "-e" "SOURCE_DIR=/opt/rustwide/workdir" "-e" "CARGO_HOME=/opt/rustwide/cargo-home" "-e" "RUSTUP_HOME=/opt/rustwide/rustup-home" "-e" "CARGO_TARGET_DIR=/opt/rustwide/target" "-e" "CARGO_INCREMENTAL=0" "-e" "RUST_BACKTRACE=full" "-e" "RUSTFLAGS=--cap-lints=warn" "-e" "RUSTDOCFLAGS=--cap-lints=warn" "-w" "/opt/rustwide/workdir" "--user" "0:0" "9624b7a0dc510c9933e6682ece0536c4c579d6fa33dc783fbff1fa203ba84ab4" "/opt/rustwide/cargo-home/bin/cargo" "+1.100.0-beta.1" "test" "--frozen" "--release", kill_on_drop: false }`
[INFO] [stderr]     Finished `release` profile [optimized] target(s) in 0.02s
[INFO] [stderr]      Running unittests src/lib.rs (/opt/rustwide/target/release/build/pamoja-sim/ef9c0bed560f867e/out/pamoja_sim-ef9c0bed560f867e)
[INFO] [stdout] 
[INFO] [stdout] running 16 tests
[INFO] [stdout] test actuator::tests::a_log_taken_early_sees_later_commands ... ok
[INFO] [stdout] test link::tests::a_retry_after_a_drop_eventually_gets_through ... ok
[INFO] [stdout] test actuator::tests::it_records_each_command_in_order ... ok
[INFO] [stdout] test link::tests::a_perfect_link_passes_every_send ... ok
[INFO] [stdout] test link::tests::loss_drops_every_nth_send ... ok
[INFO] [stdout] test link::tests::intermittency_cycles_between_up_and_down ... ok
[INFO] [stdout] test robot::tests::a_quarter_circle_lands_at_the_arc_corner ... ok
[INFO] [stdout] test robot::tests::turning_in_place_changes_only_the_heading ... ok
[INFO] [stdout] test sensor::tests::an_empty_replay_is_closed ... ok
[INFO] [stdout] test sensor::tests::noise_stays_within_its_amplitude ... ok
[INFO] [stdout] test sensor::tests::a_repeating_replay_loops ... ok
[INFO] [stdout] test sensor::tests::the_same_seed_replays_the_same_noise ... ok
[INFO] [stdout] test sensor::tests::drift_accumulates_each_reading ... ok
[INFO] [stdout] test sensor::tests::a_plain_sensor_returns_its_baseline ... ok
[INFO] [stdout] test sensor::tests::replay_yields_readings_in_order_then_closes ... ok
[INFO] [stderr]    Doc-tests pamoja_sim
[INFO] [stdout] test robot::tests::driving_straight_advances_along_x ... ok
[INFO] [stdout] 
[INFO] [stdout] test result: ok. 16 passed; 0 failed; 0 ignored; 0 measured; 0 filtered out; finished in 0.01s
[INFO] [stdout] 
[INFO] [stdout] 
[INFO] [stdout] running 6 tests
[INFO] [stdout] test src/link.rs - link::DegradedLink (line 23) ... FAILED
[INFO] [stdout] test src/sensor.rs - sensor::Replay (line 141) ... ok
[INFO] [stdout] test src/sensor.rs - sensor::SimSensor (line 22) ... ok
[INFO] [stdout] test src/lib.rs - (line 27) ... ok
[INFO] [stdout] test src/actuator.rs - actuator::RecordingActuator (line 17) ... ok
[INFO] [stdout] test src/robot.rs - robot::SimRobot (line 16) ... ok
[INFO] [stdout] 
[INFO] [stdout] failures:
[INFO] [stdout] 
[INFO] [stdout] ---- src/link.rs - link::DegradedLink (line 23) stdout ----
[INFO] [stdout] error[E0432]: unresolved import `pamoja_loopback`
[INFO] [stdout]   --> src/link.rs:26:5
[INFO] [stdout]    |
[INFO] [stdout] 26 | use pamoja_loopback::{LoopbackBroker, LoopbackTransport};
[INFO] [stdout]    |     ^^^^^^^^^^^^^^^ use of unresolved module or unlinked crate `pamoja_loopback`
[INFO] [stdout]    |
[INFO] [stdout]    = help: if you wanted to use a crate named `pamoja_loopback`, use `cargo add pamoja_loopback` to add it to your `Cargo.toml`
[INFO] [stdout] 
[INFO] [stdout] error: aborting due to 1 previous error
[INFO] [stdout] 
[INFO] [stdout] For more information about this error, try `rustc --explain E0432`.
[INFO] [stdout] Couldn't compile the test.
[INFO] [stdout] 
[INFO] [stdout] failures:
[INFO] [stdout]     src/link.rs - link::DegradedLink (line 23)
[INFO] [stdout] 
[INFO] [stdout] test result: FAILED. 5 passed; 1 failed; 0 ignored; 0 measured; 0 filtered out; finished in 0.19s
[INFO] [stdout] 
[INFO] [stderr] error: doctest failed, to rerun pass `--doc`
[INFO] running `Command { std: "docker" "inspect" "9624b7a0dc510c9933e6682ece0536c4c579d6fa33dc783fbff1fa203ba84ab4", kill_on_drop: false }`
[INFO] running `Command { std: "docker" "rm" "-f" "9624b7a0dc510c9933e6682ece0536c4c579d6fa33dc783fbff1fa203ba84ab4", kill_on_drop: false }`
[INFO] [stdout] 9624b7a0dc510c9933e6682ece0536c4c579d6fa33dc783fbff1fa203ba84ab4
