[INFO] fetching crate pallet-robonomics-cps 1.0.0...
[INFO] testing pallet-robonomics-cps-1.0.0 against 1.99.0-beta.8+cargoflags=--release for beta-release-1.100-2
[INFO] extracting crate pallet-robonomics-cps 1.0.0 into /workspace/builds/worker-7-tc1/source
[INFO] started tweaking crates.io crate pallet-robonomics-cps 1.0.0
[INFO] finished tweaking crates.io crate pallet-robonomics-cps 1.0.0
[INFO] tweaked toml for crates.io crate pallet-robonomics-cps 1.0.0 written to /workspace/builds/worker-7-tc1/source/Cargo.toml
[INFO] validating manifest of crates.io crate pallet-robonomics-cps 1.0.0 on toolchain 1.99.0-beta.8
[INFO] running `Command { std: CARGO_HOME="/workspace/cargo-home" RUSTUP_HOME="/workspace/rustup-home" "/workspace/cargo-home/bin/cargo" "+1.99.0-beta.8" "metadata" "--manifest-path" "Cargo.toml" "--no-deps", kill_on_drop: false }`
[INFO] crate crates.io crate pallet-robonomics-cps 1.0.0 already has a lockfile, it will not be regenerated
[INFO] running `Command { std: CARGO_HOME="/workspace/cargo-home" RUSTUP_HOME="/workspace/rustup-home" "/workspace/cargo-home/bin/cargo" "+1.99.0-beta.8" "fetch" "--manifest-path" "Cargo.toml", kill_on_drop: false }`
[INFO] [stderr]     Updating crates.io index
[INFO] [stderr]  Downloading crates ...
[INFO] [stderr]   Downloaded sp-debug-derive v15.0.0
[INFO] [stderr]   Downloaded sp-weights v36.0.0
[INFO] [stderr]   Downloaded sp-trie v46.0.0
[INFO] [stderr]   Downloaded sp-arithmetic v28.0.1
[INFO] [stderr]   Downloaded trie-db v0.31.0
[INFO] [stderr]   Downloaded sp-externalities v0.34.0
[INFO] [stderr]   Downloaded sp-storage v25.0.0
[INFO] [stderr]   Downloaded substrate-bip39 v0.6.1
[INFO] [stderr]   Downloaded sp-core v43.0.0
[INFO] [stderr]   Downloaded uint v0.10.1
[INFO] [stderr]   Downloaded ed25519-zebra v4.2.0
[INFO] [stderr]   Downloaded sp-runtime v48.0.0
[INFO] [stderr]   Downloaded w3f-ring-proof v0.0.10
[INFO] [stderr]   Downloaded w3f-pcs v0.0.7
[INFO] [stderr]   Downloaded w3f-plonk-common v0.0.10
[INFO] [stderr]   Downloaded ark-vrf v0.5.3
[INFO] [stderr]   Downloaded ark-ed-on-bls12-381-bandersnatch v0.6.0
[INFO] [stderr]   Downloaded ark-transcript v0.0.6
[INFO] [stderr]   Downloaded ark-bls12-381 v0.6.0
[INFO] [stderr]   Downloaded sp-io v48.0.0
[INFO] [stderr]   Downloaded sp-tracing v19.0.0
[INFO] [stderr]   Downloaded sp-wasm-interface v27.0.0
[INFO] [stderr]   Downloaded sp-runtime-interface-proc-macro v21.0.1
[INFO] [stderr]   Downloaded sp-state-machine v0.53.0
[INFO] [stderr]   Downloaded sp-runtime-interface v37.0.0
[INFO] [stderr]   Downloaded polkavm-derive v0.33.0
[INFO] [stderr]   Downloaded polkavm-derive-impl-macro v0.33.0
[INFO] [stderr]   Downloaded picosimd v0.9.6
[INFO] [stderr]   Downloaded sp-keystore v0.49.0
[INFO] [stderr]   Downloaded sp-application-crypto v48.0.0
[INFO] [stderr]   Downloaded polkavm-derive-impl v0.33.0
[INFO] [stderr]   Downloaded polkavm-common v0.33.0
[INFO] [stderr]   Downloaded binary-merkle-tree v16.1.1
[INFO] [stderr]   Downloaded sp-version v46.0.0
[INFO] [stderr]   Downloaded frame-system v48.0.0
[INFO] [stderr]   Downloaded sp-metadata-ir v0.15.0
[INFO] [stderr]   Downloaded sp-staking v45.0.0
[INFO] [stderr]   Downloaded sp-inherents v43.0.0
[INFO] [stderr]   Downloaded frame-support v48.1.0
[INFO] [stderr]   Downloaded sp-genesis-builder v0.24.0
[INFO] [stderr]   Downloaded sp-api v43.0.0
[INFO] [stderr]   Downloaded sp-api-proc-macro v29.0.0
[INFO] [stderr]   Downloaded frame-support-procedural v40.0.0
[INFO] [stderr]   Downloaded frame-benchmarking v49.0.0
[INFO] running `Command { std: "docker" "create" "-v" "/var/lib/crater-agent-workspace/builds/worker-7-tc1/source:/opt/rustwide/workdir:ro,Z" "-v" "/var/lib/crater-agent-workspace/builds/worker-7-tc1/target:/opt/rustwide/target:rw,Z" "-v" "/var/lib/crater-agent-workspace/cargo-home:/opt/rustwide/cargo-home:ro,Z" "-v" "/var/lib/crater-agent-workspace/rustup-home:/opt/rustwide/rustup-home:ro,Z" "-m" "1610612736" "--network" "none" "ghcr.io/rust-lang/crates-build-env/linux@sha256:77db811e55d90add9212f6832c23229e3de5f1c1f9905e8cb07319ea15df73ac" "sleep" "infinity", kill_on_drop: false }`
[INFO] [stdout] ab8940a1f6cc3394296f17417dfd7aaf6cee3fb8d45faa6676386bef8fedb821
[INFO] running `Command { std: "docker" "start" "ab8940a1f6cc3394296f17417dfd7aaf6cee3fb8d45faa6676386bef8fedb821", kill_on_drop: false }`
[INFO] running `Command { std: "docker" "inspect" "ab8940a1f6cc3394296f17417dfd7aaf6cee3fb8d45faa6676386bef8fedb821", kill_on_drop: false }`
[INFO] running `Command { std: "docker" "exec" "-e" "SOURCE_DIR=/opt/rustwide/workdir" "-e" "CARGO_HOME=/opt/rustwide/cargo-home" "-e" "RUSTUP_HOME=/opt/rustwide/rustup-home" "-e" "CARGO_TARGET_DIR=/opt/rustwide/target" "-w" "/opt/rustwide/workdir" "--user" "0:0" "ab8940a1f6cc3394296f17417dfd7aaf6cee3fb8d45faa6676386bef8fedb821" "/opt/rustwide/cargo-home/bin/cargo" "+1.99.0-beta.8" "metadata" "--no-deps" "--format-version=1", kill_on_drop: false }`
[INFO] running `Command { std: "docker" "inspect" "ab8940a1f6cc3394296f17417dfd7aaf6cee3fb8d45faa6676386bef8fedb821", kill_on_drop: false }`
[INFO] running `Command { std: "docker" "exec" "-e" "SOURCE_DIR=/opt/rustwide/workdir" "-e" "CARGO_HOME=/opt/rustwide/cargo-home" "-e" "RUSTUP_HOME=/opt/rustwide/rustup-home" "-e" "CARGO_TARGET_DIR=/opt/rustwide/target" "-e" "CARGO_INCREMENTAL=0" "-e" "RUST_BACKTRACE=full" "-e" "RUSTFLAGS=--cap-lints=warn" "-e" "RUSTDOCFLAGS=--cap-lints=warn" "-w" "/opt/rustwide/workdir" "--user" "0:0" "ab8940a1f6cc3394296f17417dfd7aaf6cee3fb8d45faa6676386bef8fedb821" "/opt/rustwide/cargo-home/bin/cargo" "+1.99.0-beta.8" "build" "--frozen" "--message-format=json" "--release", kill_on_drop: false }`
[INFO] [stderr]    Compiling subtle v2.6.1
[INFO] [stderr]    Compiling syn v3.0.6
[INFO] [stderr]    Compiling serde v1.0.229
[INFO] [stderr]    Compiling zeroize v1.9.0
[INFO] [stderr]    Compiling proc-macro-crate v3.5.0
[INFO] [stderr]    Compiling const_format_proc_macros v0.2.34
[INFO] [stderr]    Compiling impl-trait-for-tuples v0.2.3
[INFO] [stderr]    Compiling konst_macro_rules v0.2.19
[INFO] [stderr]    Compiling generic-array v0.14.7
[INFO] [stderr]    Compiling konst v0.2.20
[INFO] [stderr]    Compiling parity-scale-codec v3.7.5
[INFO] [stderr]    Compiling byte-slice-cast v1.2.3
[INFO] [stderr]    Compiling aho-corasick v1.1.5
[INFO] [stderr]    Compiling parity-scale-codec-derive v3.7.5
[INFO] [stderr]    Compiling regex-syntax v0.8.11
[INFO] [stderr]    Compiling smallvec v1.16.2
[INFO] [stderr]    Compiling const_format v0.2.36
[INFO] [stderr]    Compiling parking_lot_core v0.9.12
[INFO] [stderr]    Compiling crypto-common v0.1.7
[INFO] [stderr]    Compiling block-buffer v0.10.4
[INFO] [stderr]    Compiling digest v0.10.7
[INFO] [stderr]    Compiling derive_more-impl v1.0.0
[INFO] [stderr]    Compiling crunchy v0.2.4
[INFO] [stderr]    Compiling byteorder v1.5.0
[INFO] [stderr]    Compiling tracing v0.1.44
[INFO] [stderr]    Compiling parking_lot v0.12.5
[INFO] [stderr]    Compiling scale-info-derive v2.11.6
[INFO] [stderr]    Compiling proc-macro-warning v1.84.1
[INFO] [stderr]    Compiling curve25519-dalek v4.1.3
[INFO] [stderr]    Compiling sha2 v0.10.9
[INFO] [stderr]    Compiling derive_more v1.0.0
[INFO] [stderr]    Compiling der v0.7.10
[INFO] [stderr]    Compiling digest v0.9.0
[INFO] [stderr]    Compiling derive-syn-parse v0.2.0
[INFO] [stderr]    Compiling libsecp256k1-core v0.3.0
[INFO] [stderr]    Compiling signature v2.2.0
[INFO] [stderr]    Compiling regex-automata v0.4.18
[INFO] [stderr]    Compiling curve25519-dalek-derive v0.1.1
[INFO] [stderr]    Compiling keccak v0.1.6
[INFO] [stderr]    Compiling serde_json v1.0.151
[INFO] [stderr]    Compiling ref-cast v1.0.27
[INFO] [stderr]    Compiling spki v0.7.3
[INFO] [stderr]    Compiling integer-sqrt v0.1.5
[INFO] [stderr]    Compiling getrandom v0.2.17
[INFO] [stderr]    Compiling sp-debug-derive v15.0.0
[INFO] [stderr]    Compiling hmac v0.12.1
[INFO] [stderr]    Compiling ff v0.13.1
[INFO] [stderr]    Compiling jam-codec v0.1.1
[INFO] [stderr]    Compiling winnow v0.7.15
[INFO] [stderr]    Compiling hash-db v0.16.0
[INFO] [stderr]    Compiling toml_write v0.1.2
[INFO] [stderr]    Compiling tokio v1.53.1
[INFO] [stderr]    Compiling group v0.13.0
[INFO] [stderr]    Compiling pkcs8 v0.10.2
[INFO] [stderr]    Compiling secp256k1-sys v0.9.2
[INFO] [stderr]    Compiling libsecp256k1-gen-genmult v0.3.0
[INFO] [stderr]    Compiling libsecp256k1-gen-ecmult v0.3.0
[INFO] [stderr]    Compiling regex v1.13.1
[INFO] [stderr]    Compiling crypto-bigint v0.5.5
[INFO] [stderr]    Compiling jam-codec-derive v0.1.1
[INFO] [stderr]    Compiling serde_derive v1.0.229
[INFO] [stderr]    Compiling Inflector v0.11.4
[INFO] [stderr]    Compiling ref-cast-impl v1.0.27
[INFO] [stderr]    Compiling futures-macro v0.3.34
[INFO] [stderr]    Compiling fs-err v2.11.0
[INFO] [stderr]    Compiling thiserror-impl v1.0.69
[INFO] [stderr]    Compiling base64ct v1.8.3
[INFO] [stderr]    Compiling hex v0.4.3
[INFO] [stderr]    Compiling rustc-hex v2.1.0
[INFO] [stderr]    Compiling futures-util v0.3.34
[INFO] [stderr]    Compiling uint v0.10.1
[INFO] [stderr]    Compiling password-hash v0.5.0
[INFO] [stderr]    Compiling libsecp256k1 v0.7.2
[INFO] [stderr]    Compiling rfc6979 v0.4.0
[INFO] [stderr]    Compiling thiserror v1.0.69
[INFO] [stderr]    Compiling merlin v3.0.0
[INFO] [stderr]    Compiling ed25519 v2.2.3
[INFO] [stderr]    Compiling block-buffer v0.9.0
[INFO] [stderr]    Compiling getrandom_or_panic v0.0.3
[INFO] [stderr]    Compiling hex-conservative v0.2.3
[INFO] [stderr]    Compiling serde_bytes v0.11.19
[INFO] [stderr]    Compiling environmental v1.1.4
[INFO] [stderr]    Compiling constant_time_eq v0.4.2
[INFO] [stderr]    Compiling expander v2.2.1
[INFO] [stderr]    Compiling common-path v1.0.0
[INFO] [stderr]    Compiling unicode-normalization v0.1.25
[INFO] [stderr]    Compiling sha2 v0.9.9
[INFO] [stderr]    Compiling blake2b_simd v1.0.5
[INFO] [stderr]    Compiling schnorrkel v0.11.5
[INFO] [stderr]    Compiling bitcoin_hashes v0.14.101
[INFO] [stderr]    Compiling toml_datetime v0.6.11
[INFO] [stderr]    Compiling serde_spanned v0.6.9
[INFO] [stderr]    Compiling serdect v0.2.0
[INFO] [stderr]    Compiling impl-serde v0.5.0
[INFO] [stderr]    Compiling sec1 v0.7.3
[INFO] [stderr]    Compiling toml_edit v0.22.27
[INFO] [stderr]    Compiling ss58-registry v1.51.0
[INFO] [stderr]    Compiling scale-info v2.11.6
[INFO] [stderr]    Compiling sp-storage v25.0.0
[INFO] [stderr]    Compiling elliptic-curve v0.13.8
[INFO] [stderr]    Compiling tokio-util v0.7.19
[INFO] [stderr]    Compiling sp-externalities v0.34.0
[INFO] [stderr]    Compiling ecdsa v0.16.9
[INFO] [stderr]    Compiling bounded-collections v0.3.2
[INFO] [stderr]    Compiling h2 v0.4.19
[INFO] [stderr]    Compiling impl-codec v0.7.1
[INFO] [stderr]    Compiling futures-executor v0.3.34
[INFO] [stderr]    Compiling pbkdf2 v0.12.2
[INFO] [stderr]    Compiling toml v0.8.23
[INFO] [stderr]    Compiling impl-num-traits v0.2.0
[INFO] [stderr]    Compiling fixed-hash v0.8.0
[INFO] [stderr]    Compiling prettyplease v0.2.37
[INFO] [stderr]    Compiling docify_macros v0.2.9
[INFO] [stderr]    Compiling sha3 v0.10.9
[INFO] [stderr]    Compiling blake2 v0.10.6
[INFO] [stderr]    Compiling twox-hash v1.6.3
[INFO] [stderr]    Compiling file-guard v0.2.0
[INFO] [stderr]    Compiling ahash v0.8.12
[INFO] [stderr]    Compiling either v1.18.0
[INFO] [stderr]    Compiling sp-std v14.0.0
[INFO] [stderr]    Compiling base64 v0.22.1
[INFO] [stderr]    Compiling object v0.37.3
[INFO] [stderr]    Compiling prometheus v0.13.4
[INFO] [stderr]    Compiling itertools v0.11.0
[INFO] [stderr]    Compiling sp-crypto-hashing v0.1.0
[INFO] [stderr]    Compiling secp256k1 v0.28.2
[INFO] [stderr]    Compiling primitive-types v0.13.1
[INFO] [stderr]    Compiling substrate-bip39 v0.6.1
[INFO] [stderr]    Compiling getrandom v0.3.4
[INFO] [stderr]    Compiling ed25519-zebra v4.2.0
[INFO] [stderr]    Compiling futures v0.3.34
[INFO] [stderr]    Compiling k256 v0.13.4
[INFO] [stderr]    Compiling bip39 v2.2.2
[INFO] [stderr]    Compiling hash256-std-hasher v0.15.2
[INFO] [stderr]    Compiling secrecy v0.8.0
[INFO] [stderr]    Compiling array-bytes v6.2.3
[INFO] [stderr]    Compiling bs58 v0.5.1
[INFO] [stderr]    Compiling gimli v0.32.3
[INFO] [stderr]    Compiling foldhash v0.1.5
[INFO] [stderr]    Compiling hashbrown v0.15.5
[INFO] [stderr]    Compiling time v0.3.55
[INFO] [stderr]    Compiling miniz_oxide v0.8.9
[INFO] [stderr]    Compiling hyper v1.11.1
[INFO] [stderr]    Compiling sp-core v43.0.0
[INFO] [stderr]    Compiling addr2line v0.25.1
[INFO] [stderr]    Compiling hyper-util v0.1.21
[INFO] [stderr]    Compiling http-body-util v0.1.5
[INFO] [stderr]    Compiling tracing-log v0.2.0
[INFO] [stderr]    Compiling zerocopy v0.8.59
[INFO] [stderr]    Compiling rustc-demangle v0.1.28
[INFO] [stderr]    Compiling hashbrown v0.13.2
[INFO] [stderr]    Compiling tracing-subscriber v0.3.23
[INFO] [stderr]    Compiling schnellru v0.2.4
[INFO] [stderr]    Compiling substrate-prometheus-endpoint v0.17.7
[INFO] [stderr]    Compiling memory-db v0.34.0
[INFO] [stderr]    Compiling docify v0.2.9
[INFO] [stderr]    Compiling trie-db v0.31.0
[INFO] [stderr]    Compiling trie-root v0.18.0
[INFO] [stderr]    Compiling sp-tracing v19.0.0
[INFO] [stderr]    Compiling sp-runtime-interface-proc-macro v21.0.1
[INFO] [stderr]    Compiling sp-wasm-interface v27.0.0
[INFO] [stderr]    Compiling backtrace v0.3.76
[INFO] [stderr]    Compiling sp-trie v46.0.0
[INFO] [stderr]    Compiling sp-panic-handler v13.0.2
[INFO] [stderr]    Compiling rand_core v0.6.4
[INFO] [stderr]    Compiling sp-io v48.0.0
[INFO] [stderr]    Compiling sp-runtime-interface v37.0.0
[INFO] [stderr]    Compiling sp-keystore v0.49.0
[INFO] [stderr]    Compiling ed25519-dalek v2.2.0
[INFO] [stderr]    Compiling strum_macros v0.26.4
[INFO] [stderr]    Compiling ppv-lite86 v0.2.21
[INFO] [stderr]    Compiling sp-arithmetic v28.0.1
[INFO] [stderr]    Compiling rand_chacha v0.3.1
[INFO] [stderr]    Compiling sp-state-machine v0.53.0
[INFO] [stderr]    Compiling rand v0.8.8
[INFO] [stderr]    Compiling static_assertions v1.1.0
[INFO] [stderr]    Compiling strum v0.26.3
[INFO] [stderr]    Compiling sp-weights v36.0.0
[INFO] [stderr]    Compiling const-random-macro v0.1.16
[INFO] [stderr]    Compiling binary-merkle-tree v16.1.1
[INFO] [stderr]    Compiling tuplex v0.1.2
[INFO] [stderr]    Compiling simple-mermaid v0.1.1
[INFO] [stderr]    Compiling const-random v0.1.18
[INFO] [stderr]    Compiling macro_magic_core_macros v0.5.1
[INFO] [stderr]    Compiling macro_magic_core v0.5.1
[INFO] [stderr]    Compiling sp-crypto-hashing-proc-macro v0.1.0
[INFO] [stderr]    Compiling frame-metadata v23.0.1
[INFO] [stderr]    Compiling derive-where v1.7.0
[INFO] [stderr]    Compiling macro_magic_macros v0.5.1
[INFO] [stderr]    Compiling sp-version-proc-macro v15.0.0
[INFO] [stderr]    Compiling parity-wasm v0.45.0
[INFO] [stderr]    Compiling sp-api-proc-macro v29.0.0
[INFO] [stderr]    Compiling frame-support-procedural-tools-derive v12.0.0
[INFO] [stderr]    Compiling sp-metadata-ir v0.15.0
[INFO] [stderr]    Compiling include_dir_macros v0.7.4
[INFO] [stderr]    Compiling cfg-expr v0.15.8
[INFO] [stderr]    Compiling include_dir v0.7.4
[INFO] [stderr]    Compiling frame-support-procedural-tools v13.0.1
[INFO] [stderr]    Compiling macro_magic v0.5.1
[INFO] [stderr]    Compiling itertools v0.10.5
[INFO] [stderr]    Compiling sp-application-crypto v48.0.0
[INFO] [stderr]    Compiling async-trait v0.1.92
[INFO] [stderr]    Compiling frame-support-procedural v40.0.0
[INFO] [stderr]    Compiling sp-runtime v48.0.0
[INFO] [stderr]    Compiling aquamarine v0.5.0
[INFO] [stderr]    Compiling tt-call v1.0.9
[INFO] [stderr]    Compiling sp-version v46.0.0
[INFO] [stderr]    Compiling sp-inherents v43.0.0
[INFO] [stderr]    Compiling sp-staking v45.0.0
[INFO] [stderr]    Compiling sp-api v43.0.0
[INFO] [stderr]    Compiling sp-genesis-builder v0.24.0
[INFO] [stderr]    Compiling frame-support v48.1.0
[INFO] [stderr]    Compiling frame-system v48.0.0
[INFO] [stderr]    Compiling pallet-robonomics-cps v1.0.0 (/opt/rustwide/workdir)
[INFO] [stderr]     Finished `release` profile [optimized] target(s) in 5m 52s
[INFO] running `Command { std: "docker" "inspect" "ab8940a1f6cc3394296f17417dfd7aaf6cee3fb8d45faa6676386bef8fedb821", kill_on_drop: false }`
[INFO] running `Command { std: "docker" "exec" "-e" "SOURCE_DIR=/opt/rustwide/workdir" "-e" "CARGO_HOME=/opt/rustwide/cargo-home" "-e" "RUSTUP_HOME=/opt/rustwide/rustup-home" "-e" "CARGO_TARGET_DIR=/opt/rustwide/target" "-e" "CARGO_INCREMENTAL=0" "-e" "RUST_BACKTRACE=full" "-e" "RUSTFLAGS=--cap-lints=warn" "-e" "RUSTDOCFLAGS=--cap-lints=warn" "-w" "/opt/rustwide/workdir" "--user" "0:0" "ab8940a1f6cc3394296f17417dfd7aaf6cee3fb8d45faa6676386bef8fedb821" "/opt/rustwide/cargo-home/bin/cargo" "+1.99.0-beta.8" "test" "--frozen" "--no-run" "--message-format=json" "--release", kill_on_drop: false }`
[INFO] [stderr]    Compiling pallet-robonomics-cps v1.0.0 (/opt/rustwide/workdir)
[INFO] [stderr]     Finished `release` profile [optimized] target(s) in 21.49s
[INFO] running `Command { std: "docker" "inspect" "ab8940a1f6cc3394296f17417dfd7aaf6cee3fb8d45faa6676386bef8fedb821", kill_on_drop: false }`
[INFO] running `Command { std: "docker" "exec" "-e" "SOURCE_DIR=/opt/rustwide/workdir" "-e" "CARGO_HOME=/opt/rustwide/cargo-home" "-e" "RUSTUP_HOME=/opt/rustwide/rustup-home" "-e" "CARGO_TARGET_DIR=/opt/rustwide/target" "-e" "CARGO_INCREMENTAL=0" "-e" "RUST_BACKTRACE=full" "-e" "RUSTFLAGS=--cap-lints=warn" "-e" "RUSTDOCFLAGS=--cap-lints=warn" "-w" "/opt/rustwide/workdir" "--user" "0:0" "ab8940a1f6cc3394296f17417dfd7aaf6cee3fb8d45faa6676386bef8fedb821" "/opt/rustwide/cargo-home/bin/cargo" "+1.99.0-beta.8" "test" "--frozen" "--release", kill_on_drop: false }`
[INFO] [stderr]     Finished `release` profile [optimized] target(s) in 0.41s
[INFO] [stderr]      Running unittests src/lib.rs (/opt/rustwide/target/release/deps/pallet_robonomics_cps-763804d5e8e5d42f)
[INFO] [stdout] 
[INFO] [stdout] running 94 tests
[INFO] [stdout] test tests::access_flags_bit_packing_and_storage_cleanup ... ok
[INFO] [stdout] test tests::access_stopped_by_nested_scope_boundary ... ok
[INFO] [stdout] test migration::tests::undersized_legacy_meta_is_preserved_exactly ... ok
[INFO] [stdout] test tests::all_extrinsics_require_signed_origin ... ok
[INFO] [stdout] test migration::tests::children_never_silently_truncated_on_overflow ... FAILED
[INFO] [stdout] test tests::create_child_node_works ... ok
[INFO] [stdout] test tests::clearing_scope_access_never_touches_nested_scope_state ... ok
[INFO] [stdout] test migration::tests::children_rebuilt_and_consistent_with_nodes ... ok
[INFO] [stdout] test tests::__construct_runtime_integrity_test::runtime_integrity_tests ... ok
[INFO] [stdout] test migration::tests::oversized_legacy_meta_is_truncated_to_new_bound ... ok
[INFO] [stdout] test tests::clear_scope_access_removes_all_entries_in_a_single_bounded_pass ... ok
[INFO] [stdout] test tests::clear_meta_and_payload_works ... ok
[INFO] [stdout] test tests::create_node_with_meta_only_works ... ok
[INFO] [stdout] test tests::create_scope_id_never_reused ... ok
[INFO] [stdout] test tests::create_node_with_payload_only_works ... ok
[INFO] [stdout] test tests::create_child_without_owner_fails ... ok
[INFO] [stdout] test tests::create_root_node_works ... ok
[INFO] [stdout] test tests::create_node_without_data_stores_nothing ... ok
[INFO] [stdout] test tests::create_scope_capability_rejected_on_descendants ... ok
[INFO] [stdout] test tests::create_node_with_data_works ... ok
[INFO] [stdout] test tests::create_scope_replacement_has_nothing_to_clear_when_old_scope_had_no_access ... ok
[INFO] [stdout] test tests::create_scope_node_capability_authorizes_exact_node_even_if_not_active_scope_root ... ok
[INFO] [stdout] test tests::create_scope_replacement_synchronously_clears_a_single_access_entry ... ok
[INFO] [stdout] test tests::create_scope_resets_local_depth_to_zero ... ok
[INFO] [stdout] test tests::create_scope_subtree_capability_authorizes_descendants ... ok
[INFO] [stdout] test tests::create_scope_replacement_synchronously_clears_access_at_the_bound ... ok
[INFO] [stdout] test tests::create_scope_without_access_fails ... ok
[INFO] [stdout] test tests::delegated_create_scope_can_replace_existing_scope_root ... ok
[INFO] [stdout] test tests::delete_leaf_node_works ... ok
[INFO] [stdout] test tests::delete_node_not_found_fails ... ok
[INFO] [stdout] test tests::delete_node_on_scope_root_with_children_is_rejected ... ok
[INFO] [stdout] test tests::delete_node_with_children_fails ... ok
[INFO] [stdout] test tests::create_node_parent_not_found_fails ... ok
[INFO] [stdout] test tests::delete_node_without_owner_fails ... ok
[INFO] [stdout] test tests::delete_node_on_scope_root_leaf_clears_scope_and_access ... ok
[INFO] [stdout] test tests::grant_access_requires_scope_owner ... ok
[INFO] [stdout] test tests::delete_node_on_scope_root_leaf_synchronously_clears_access_at_the_bound ... ok
[INFO] [stdout] test tests::deleting_node_cleans_attributes_without_reusing_id ... ok
[INFO] [stdout] test tests::empty_data_values_are_preserved ... ok
[INFO] [stdout] test tests::exact_node_access_does_not_apply_to_descendants ... ok
[INFO] [stdout] test tests::grant_and_revoke_access_work ... ok
[INFO] [stdout] test tests::has_capability_create_scope_includes_enclosing_scope_owner ... ok
[INFO] [stdout] test tests::grant_mode_scale_indices_are_explicit_and_stable ... ok
[INFO] [stdout] test tests::grant_access_mode_change_on_existing_entry_never_consumes_a_slot ... ok
[INFO] [stdout] test tests::has_capability_reflects_create_scope_semantics ... ok
[INFO] [stdout] test tests::has_capability_returns_false_for_missing_node ... ok
[INFO] [stdout] test tests::grant_access_up_to_the_limit_succeeds_and_beyond_it_fails ... ok
[INFO] [stdout] test tests::inherited_access_applies_to_descendants ... ok
[INFO] [stdout] test tests::meta_above_max_size_is_rejected ... ok
[INFO] [stdout] test tests::nested_scope_inheritance_works ... ok
[INFO] [stdout] test tests::node_id_exhaustion_is_atomic ... ok
[INFO] [stdout] test tests::has_capability_reflects_owner_and_access_write ... ok
[INFO] [stdout] test tests::max_children_per_node_enforced ... ok
[INFO] [stdout] test tests::only_immediately_enclosing_scope_owner_can_replace_nested_scope_root ... ok
[INFO] [stdout] test tests::non_owner_of_upper_scope_cannot_replace_nested_scope_root ... ok
[INFO] [stdout] test tests::payload_exactly_at_max_size_succeeds ... ok
[INFO] [stdout] test tests::payload_above_max_size_is_rejected ... ok
[INFO] [stdout] test tests::remove_meta_works ... ok
[INFO] [stdout] test tests::owner_can_create_nested_scope_on_child ... ok
[INFO] [stdout] test tests::owner_has_implicit_authority_without_access_entries ... ok
[INFO] [stdout] test tests::replace_payload_works ... ok
[INFO] [stdout] test tests::max_scope_depth_enforced ... ok
[INFO] [stdout] test tests::resolve_scope_missing_node_fails ... ok
[INFO] [stdout] test tests::meta_exactly_at_max_size_succeeds ... ok
[INFO] [stdout] test tests::nested_scope_unaffected_by_sibling_operations ... ok
[INFO] [stdout] test tests::revoke_access_requires_scope_owner ... ok
[INFO] [stdout] test tests::revoke_access_last_capability_frees_a_slot ... ok
[INFO] [stdout] test tests::revoke_access_leaving_capabilities_does_not_free_a_slot ... ok
[INFO] [stdout] test tests::remove_payload_works ... ok
[INFO] [stdout] test tests::replace_meta_works ... ok
[INFO] [stdout] test tests::revoking_nonexistent_access_entry_does_not_free_slots ... ok
[INFO] [stdout] test tests::root_scope_created_on_root_creation ... ok
[INFO] [stdout] test tests::root_scope_can_only_be_replaced_by_its_own_authority ... ok
[INFO] [stdout] test tests::scope_id_exhaustion_is_atomic ... ok
[INFO] [stdout] test tests::scope_id_is_never_reused_after_synchronous_cleanup ... ok
[INFO] [stdout] test tests::set_meta_without_access_fails ... ok
[INFO] [stdout] test tests::set_payload_works ... ok
[INFO] [stdout] test tests::scope_replacement_allocates_fresh_id_and_clears_old_access_synchronously ... ok
[INFO] [stdout] test tests::set_meta_missing_node_fails ... ok
[INFO] [stdout] test tests::same_owner_nested_scope_is_still_a_hard_boundary ... ok
[INFO] [stdout] test tests::set_meta_works ... ok
[INFO] [stdout] test tests::stale_scope_id_never_becomes_active_again ... ok
[INFO] [stdout] test tests::successful_operations_emit_exact_events ... ok
[INFO] [stdout] test tests::upper_scope_delegate_cannot_replace_nested_scope_root ... ok
[INFO] [stdout] test tests::test_genesis_config_builds ... ok
[INFO] [stdout] test tests::weight_component_tests::__construct_runtime_integrity_test::runtime_integrity_tests ... ok
[INFO] [stdout] test tests::weight_component_tests::create_node_weight_uses_actual_byte_lengths ... ok
[INFO] [stdout] test tests::delete_root_node_synchronously_clears_scope_access ... ok
[INFO] [stdout] test tests::upper_scope_owner_can_replace_nested_scope_root ... ok
[INFO] [stdout] test tests::upper_scope_owner_can_replace_root_scope_nested_below_it_repeatedly ... ok
[INFO] [stdout] test tests::weight_component_tests::set_meta_weight_uses_actual_byte_length ... ok
[INFO] [stdout] test tests::weight_component_tests::set_payload_weight_uses_actual_byte_length ... ok
[INFO] [stdout] test tests::write_access_does_not_authorize_create_scope ... ok
[INFO] [stdout] test tests::weight_component_tests::test_genesis_config_builds ... ok
[INFO] [stdout] 
[INFO] [stdout] failures:
[INFO] [stdout] 
[INFO] [stdout] ---- migration::tests::children_never_silently_truncated_on_overflow stdout ----
[INFO] [stdout] 
[INFO] [stdout] thread 'migration::tests::children_never_silently_truncated_on_overflow' (3747) panicked at src/migration.rs:504:13:
[INFO] [stdout] expected the defensive overflow check to panic under debug_assertions
[INFO] [stdout] stack backtrace:
[INFO] [stdout]    0:     0x63ad786a1b21 - <<std[70759c8f55707aa4]::sys::backtrace::BacktraceLock>::print::DisplayBacktrace as core[df12db4294e9bfd3]::fmt::Display>::fmt
[INFO] [stdout]    1:     0x63ad786b7e6a - core[df12db4294e9bfd3]::fmt::write
[INFO] [stdout]    2:     0x63ad786a622c - <alloc[2182bb758b4b3781]::vec::Vec<u8> as core[df12db4294e9bfd3]::io::write::Write>::write_fmt
[INFO] [stdout]    3:     0x63ad7867def6 - std[70759c8f55707aa4]::panicking::default_hook::{closure#0}
[INFO] [stdout]    4:     0x63ad7869a0e9 - std[70759c8f55707aa4]::panicking::default_hook
[INFO] [stdout]    5:     0x63ad78501080 - test[9d35eded1c95d3be]::test_main_inner::<test[9d35eded1c95d3be]::test_main_static::{closure#0}>::{closure#0}
[INFO] [stdout]    6:     0x63ad7869a2a2 - std[70759c8f55707aa4]::panicking::panic_with_hook
[INFO] [stdout]    7:     0x63ad7867dfd4 - std[70759c8f55707aa4]::panicking::panic_handler::{closure#0}
[INFO] [stdout]    8:     0x63ad78676cf9 - std[70759c8f55707aa4]::sys::backtrace::__rust_end_short_backtrace::<std[70759c8f55707aa4]::panicking::panic_handler::{closure#0}, !>
[INFO] [stdout]    9:     0x63ad7867eb9d - __rustc[8fa7c3cbc660c2b3]::rust_begin_unwind
[INFO] [stdout]   10:     0x63ad786b864c - core[df12db4294e9bfd3]::panicking::panic_fmt
[INFO] [stdout]   11:     0x63ad784501d0 - <std[70759c8f55707aa4]::thread::local::LocalKey<core[df12db4294e9bfd3]::cell::RefCell<alloc[2182bb758b4b3781]::vec::Vec<alloc[2182bb758b4b3781]::rc::Rc<core[df12db4294e9bfd3]::cell::RefCell<*mut dyn sp_externalities[23bfd2a931801a22]::Externalities>>>>>>::with::<environmental[5f29cb8eecdd1e9f]::using<dyn sp_externalities[23bfd2a931801a22]::Externalities, (), pallet_robonomics_cps[f839f26ffdc774b7]::migration::tests::children_never_silently_truncated_on_overflow::{closure#0}>::{closure#0}, ()>
[INFO] [stdout]   12:     0x63ad784c8529 - pallet_robonomics_cps[f839f26ffdc774b7]::migration::tests::children_never_silently_truncated_on_overflow
[INFO] [stdout]   13:     0x63ad784db9b9 - <pallet_robonomics_cps[f839f26ffdc774b7]::migration::tests::children_never_silently_truncated_on_overflow::{closure#0} as core[df12db4294e9bfd3]::ops::function::FnOnce<()>>::call_once
[INFO] [stdout]   14:     0x63ad784f436b - test[9d35eded1c95d3be]::__rust_begin_short_backtrace::<core[df12db4294e9bfd3]::result::Result<(), alloc[2182bb758b4b3781]::string::String>, fn() -> core[df12db4294e9bfd3]::result::Result<(), alloc[2182bb758b4b3781]::string::String>>
[INFO] [stdout]   15:     0x63ad785019d5 - test[9d35eded1c95d3be]::run_test::{closure#0}
[INFO] [stdout]   16:     0x63ad784fb294 - std[70759c8f55707aa4]::sys::backtrace::__rust_begin_short_backtrace::<test[9d35eded1c95d3be]::run_test::{closure#1}, ()>
[INFO] [stdout]   17:     0x63ad78504b32 - <std[70759c8f55707aa4]::thread::lifecycle::spawn_unchecked<test[9d35eded1c95d3be]::run_test::{closure#1}, ()>::{closure#1} as core[df12db4294e9bfd3]::ops::function::FnOnce<()>>::call_once::{shim:vtable#0}
[INFO] [stdout]   18:     0x63ad786a13c9 - <std[70759c8f55707aa4]::sys::thread::unix::Thread>::new::thread_start
[INFO] [stdout]   19:     0x7ff4d6d05dfa - <unknown>
[INFO] [stdout]   20:     0x7ff4d6d993d4 - clone
[INFO] [stdout]   21:                0x0 - <unknown>
[INFO] [stdout] 
[INFO] [stdout] 
[INFO] [stdout] failures:
[INFO] [stdout]     migration::tests::children_never_silently_truncated_on_overflow
[INFO] [stdout] 
[INFO] [stdout] test result: FAILED. 93 passed; 1 failed; 0 ignored; 0 measured; 0 filtered out; finished in 0.04s
[INFO] [stdout] 
[INFO] [stderr] error: test failed, to rerun pass `--lib`
[INFO] running `Command { std: "docker" "inspect" "ab8940a1f6cc3394296f17417dfd7aaf6cee3fb8d45faa6676386bef8fedb821", kill_on_drop: false }`
[INFO] running `Command { std: "docker" "rm" "-f" "ab8940a1f6cc3394296f17417dfd7aaf6cee3fb8d45faa6676386bef8fedb821", kill_on_drop: false }`
[INFO] [stdout] ab8940a1f6cc3394296f17417dfd7aaf6cee3fb8d45faa6676386bef8fedb821
