[INFO] fetching crate paks 0.1.2...
[INFO] testing paks-0.1.2 against 1.99.0-beta.8+cargoflags=--release for beta-release-1.100-2
[INFO] extracting crate paks 0.1.2 into /workspace/builds/worker-1-tc1/source
[INFO] removed /workspace/builds/worker-1-tc1/source/.cargo/config.toml
[INFO] started tweaking crates.io crate paks 0.1.2
[INFO] removed 0 missing examples
[INFO] finished tweaking crates.io crate paks 0.1.2
[INFO] tweaked toml for crates.io crate paks 0.1.2 written to /workspace/builds/worker-1-tc1/source/Cargo.toml
[INFO] validating manifest of crates.io crate paks 0.1.2 on toolchain 1.99.0-beta.8
[INFO] running `Command { std: CARGO_HOME="/workspace/cargo-home" RUSTUP_HOME="/workspace/rustup-home" "/workspace/cargo-home/bin/cargo" "+1.99.0-beta.8" "metadata" "--manifest-path" "Cargo.toml" "--no-deps", kill_on_drop: false }`
[INFO] crate crates.io crate paks 0.1.2 already has a lockfile, it will not be regenerated
[INFO] running `Command { std: CARGO_HOME="/workspace/cargo-home" RUSTUP_HOME="/workspace/rustup-home" "/workspace/cargo-home/bin/cargo" "+1.99.0-beta.8" "fetch" "--manifest-path" "Cargo.toml", kill_on_drop: false }`
[INFO] [stderr]     Updating crates.io index
[INFO] [stderr]  Downloading crates ...
[INFO] [stderr]   Downloaded dataview v1.0.2
[INFO] running `Command { std: "docker" "create" "-v" "/var/lib/crater-agent-workspace/builds/worker-1-tc1/source:/opt/rustwide/workdir:ro,Z" "-v" "/var/lib/crater-agent-workspace/builds/worker-1-tc1/target:/opt/rustwide/target:rw,Z" "-v" "/var/lib/crater-agent-workspace/cargo-home:/opt/rustwide/cargo-home:ro,Z" "-v" "/var/lib/crater-agent-workspace/rustup-home:/opt/rustwide/rustup-home:ro,Z" "-m" "1610612736" "--network" "none" "ghcr.io/rust-lang/crates-build-env/linux@sha256:77db811e55d90add9212f6832c23229e3de5f1c1f9905e8cb07319ea15df73ac" "sleep" "infinity", kill_on_drop: false }`
[INFO] [stdout] 8513d9d73d6ecdea15c781e1098f01a98d431203f534607aa045f3eebc50a3e8
[INFO] running `Command { std: "docker" "start" "8513d9d73d6ecdea15c781e1098f01a98d431203f534607aa045f3eebc50a3e8", kill_on_drop: false }`
[INFO] running `Command { std: "docker" "inspect" "8513d9d73d6ecdea15c781e1098f01a98d431203f534607aa045f3eebc50a3e8", kill_on_drop: false }`
[INFO] running `Command { std: "docker" "exec" "-e" "SOURCE_DIR=/opt/rustwide/workdir" "-e" "CARGO_HOME=/opt/rustwide/cargo-home" "-e" "RUSTUP_HOME=/opt/rustwide/rustup-home" "-e" "CARGO_TARGET_DIR=/opt/rustwide/target" "-w" "/opt/rustwide/workdir" "--user" "0:0" "8513d9d73d6ecdea15c781e1098f01a98d431203f534607aa045f3eebc50a3e8" "/opt/rustwide/cargo-home/bin/cargo" "+1.99.0-beta.8" "metadata" "--no-deps" "--format-version=1", kill_on_drop: false }`
[INFO] running `Command { std: "docker" "inspect" "8513d9d73d6ecdea15c781e1098f01a98d431203f534607aa045f3eebc50a3e8", kill_on_drop: false }`
[INFO] running `Command { std: "docker" "exec" "-e" "SOURCE_DIR=/opt/rustwide/workdir" "-e" "CARGO_HOME=/opt/rustwide/cargo-home" "-e" "RUSTUP_HOME=/opt/rustwide/rustup-home" "-e" "CARGO_TARGET_DIR=/opt/rustwide/target" "-e" "CARGO_INCREMENTAL=0" "-e" "RUST_BACKTRACE=full" "-e" "RUSTFLAGS=--cap-lints=warn" "-e" "RUSTDOCFLAGS=--cap-lints=warn" "-w" "/opt/rustwide/workdir" "--user" "0:0" "8513d9d73d6ecdea15c781e1098f01a98d431203f534607aa045f3eebc50a3e8" "/opt/rustwide/cargo-home/bin/cargo" "+1.99.0-beta.8" "build" "--frozen" "--message-format=json" "--release", kill_on_drop: false }`
[INFO] [stderr]    Compiling libc v0.2.183
[INFO] [stderr]    Compiling dataview v1.0.2
[INFO] [stderr]    Compiling getrandom v0.3.4
[INFO] [stderr]    Compiling paks v0.1.2 (/opt/rustwide/workdir)
[INFO] [stderr]     Finished `release` profile [optimized] target(s) in 3.80s
[INFO] running `Command { std: "docker" "inspect" "8513d9d73d6ecdea15c781e1098f01a98d431203f534607aa045f3eebc50a3e8", kill_on_drop: false }`
[INFO] running `Command { std: "docker" "exec" "-e" "SOURCE_DIR=/opt/rustwide/workdir" "-e" "CARGO_HOME=/opt/rustwide/cargo-home" "-e" "RUSTUP_HOME=/opt/rustwide/rustup-home" "-e" "CARGO_TARGET_DIR=/opt/rustwide/target" "-e" "CARGO_INCREMENTAL=0" "-e" "RUST_BACKTRACE=full" "-e" "RUSTFLAGS=--cap-lints=warn" "-e" "RUSTDOCFLAGS=--cap-lints=warn" "-w" "/opt/rustwide/workdir" "--user" "0:0" "8513d9d73d6ecdea15c781e1098f01a98d431203f534607aa045f3eebc50a3e8" "/opt/rustwide/cargo-home/bin/cargo" "+1.99.0-beta.8" "test" "--frozen" "--no-run" "--message-format=json" "--release", kill_on_drop: false }`
[INFO] [stderr]    Compiling paks v0.1.2 (/opt/rustwide/workdir)
[INFO] [stderr]     Finished `release` profile [optimized] target(s) in 2.98s
[INFO] running `Command { std: "docker" "inspect" "8513d9d73d6ecdea15c781e1098f01a98d431203f534607aa045f3eebc50a3e8", kill_on_drop: false }`
[INFO] running `Command { std: "docker" "exec" "-e" "SOURCE_DIR=/opt/rustwide/workdir" "-e" "CARGO_HOME=/opt/rustwide/cargo-home" "-e" "RUSTUP_HOME=/opt/rustwide/rustup-home" "-e" "CARGO_TARGET_DIR=/opt/rustwide/target" "-e" "CARGO_INCREMENTAL=0" "-e" "RUST_BACKTRACE=full" "-e" "RUSTFLAGS=--cap-lints=warn" "-e" "RUSTDOCFLAGS=--cap-lints=warn" "-w" "/opt/rustwide/workdir" "--user" "0:0" "8513d9d73d6ecdea15c781e1098f01a98d431203f534607aa045f3eebc50a3e8" "/opt/rustwide/cargo-home/bin/cargo" "+1.99.0-beta.8" "test" "--frozen" "--release", kill_on_drop: false }`
[INFO] [stderr]     Finished `release` profile [optimized] target(s) in 0.03s
[INFO] [stderr]      Running unittests src/lib.rs (/opt/rustwide/target/release/deps/paks-3e336b732d81ced2)
[INFO] [stdout] 
[INFO] [stdout] running 35 tests
[INFO] [stdout] test dir::tests::test_create_simple_dirs ... ok
[INFO] [stdout] test crypt::test_roundtrip ... ok
[INFO] [stdout] test dir::tests::test_create_simple ... ok
[INFO] [stdout] test dir::tests::test_create_reuses_existing_descriptor ... ok
[INFO] [stdout] test dir::tests::test_create_supports_trailing_separators_and_file_name_conflicts ... ok
[INFO] [stdout] test cipher::test_vectors ... ok
[INFO] [stdout] test dir::tests::next_sibling_example ... ok
[INFO] [stdout] test dir::tests::name_eq_example ... ok
[INFO] [stdout] test dir::tests::test_remove_missing_path_returns_none ... ok
[INFO] [stdout] test dir::tests::test_to_string ... ok
[INFO] [stdout] test directory::tests::test_create_remove_create_links ... ok
[INFO] [stdout] test directory::tests::test_move_file_creates_destination_dirs_and_preserves_descriptor ... ok
[INFO] [stdout] test directory::tests::test_remove_directory_promotes_children ... ok
[INFO] [stdout] test dir::tests::test_find ... ok
[INFO] [stdout] test dir::tests::test_find_empty ... ok
[INFO] [stdout] test dir::tests::test_fsck_reports_invalid_file_metadata ... ok
[INFO] [stdout] test dir::tests::test_find_encrypted_skips_file_and_reports_missing_paths ... ok
[INFO] [stdout] test dir::tests::test_find_desc01 ... ok
[INFO] [stdout] test dir::tests::test_find_skips_file_when_more_path_remains ... ok
[INFO] [stdout] test file_io::tests::test_file_reader_and_editor_read_variants_agree ... FAILED
[INFO] [stdout] test file_io::tests::test_read_only_surfaces_write_errors ... FAILED
[INFO] [stdout] test dir::tests::test_fsck_reports_nested_errors_and_invalid_child_counts ... ok
[INFO] [stdout] test file_io::tests::test_corrupt1 ... FAILED
[INFO] [stdout] test memory::tests::test_bundle_rejects_tampered_directory ... ok
[INFO] [stdout] test file_io::tests::test_file_edit_file_zero_data_and_reencrypt ... FAILED
[INFO] [stdout] test file_io::tests::test_drop_without_finish_discards_changes ... FAILED
[INFO] [stdout] test file_io::tests::test_nested_roundtrip_persists_after_finish ... FAILED
[INFO] [stdout] test memory::tests::test_bundled_archive ... ok
[INFO] [stdout] test memory::tests::test_read_data_into_reads_requested_window ... ok
[INFO] [stdout] test memory::tests::test_gc_reclaims_removed_file_space ... ok
[INFO] [stdout] test memory::tests::test_simple ... ok
[INFO] [stdout] test memory::tests::test_memory_and_bundle_read_variants_agree ... ok
[INFO] [stdout] test memory::tests::test_memory_edit_file_zero_data_and_reencrypt ... ok
[INFO] [stdout] test test_parse_key_examples ... ok
[INFO] [stdout] test test_print_sizes ... ok
[INFO] [stdout] 
[INFO] [stdout] failures:
[INFO] [stdout] 
[INFO] [stdout] ---- file_io::tests::test_file_reader_and_editor_read_variants_agree stdout ----
[INFO] [stdout] 
[INFO] [stdout] thread 'file_io::tests::test_file_reader_and_editor_read_variants_agree' (282) panicked at src/file_io/tests.rs:138:82:
[INFO] [stdout] called `Result::unwrap()` on an `Err` value: Os { code: 30, kind: ReadOnlyFilesystem, message: "Read-only file system" }
[INFO] [stdout] stack backtrace:
[INFO] [stdout]    0:     0x5f05273d1661 - <<std[70759c8f55707aa4]::sys::backtrace::BacktraceLock>::print::DisplayBacktrace as core[df12db4294e9bfd3]::fmt::Display>::fmt
[INFO] [stdout]    1:     0x5f05273e5b0a - core[df12db4294e9bfd3]::fmt::write
[INFO] [stdout]    2:     0x5f05273d5c6c - <alloc[2182bb758b4b3781]::vec::Vec<u8> as core[df12db4294e9bfd3]::io::write::Write>::write_fmt
[INFO] [stdout]    3:     0x5f05273ad866 - std[70759c8f55707aa4]::panicking::default_hook::{closure#0}
[INFO] [stdout]    4:     0x5f05273c9af9 - std[70759c8f55707aa4]::panicking::default_hook
[INFO] [stdout]    5:     0x5f0527365d90 - test[9d35eded1c95d3be]::test_main_inner::<test[9d35eded1c95d3be]::test_main_static::{closure#0}>::{closure#0}
[INFO] [stdout]    6:     0x5f05273c9cb2 - std[70759c8f55707aa4]::panicking::panic_with_hook
[INFO] [stdout]    7:     0x5f05273ad912 - std[70759c8f55707aa4]::panicking::panic_handler::{closure#0}
[INFO] [stdout]    8:     0x5f05273a65e9 - std[70759c8f55707aa4]::sys::backtrace::__rust_end_short_backtrace::<std[70759c8f55707aa4]::panicking::panic_handler::{closure#0}, !>
[INFO] [stdout]    9:     0x5f05273ae50d - __rustc[8fa7c3cbc660c2b3]::rust_begin_unwind
[INFO] [stdout]   10:     0x5f05273e623c - core[df12db4294e9bfd3]::panicking::panic_fmt
[INFO] [stdout]   11:     0x5f05273e6012 - core[df12db4294e9bfd3]::result::unwrap_failed
[INFO] [stdout]   12:     0x5f0527354deb - paks[1710d775efdfd365]::file_io::tests::test_file_reader_and_editor_read_variants_agree
[INFO] [stdout]   13:     0x5f0527358a49 - <paks[1710d775efdfd365]::file_io::tests::test_file_reader_and_editor_read_variants_agree::{closure#0} as core[df12db4294e9bfd3]::ops::function::FnOnce<()>>::call_once
[INFO] [stdout]   14:     0x5f052735907b - test[9d35eded1c95d3be]::__rust_begin_short_backtrace::<core[df12db4294e9bfd3]::result::Result<(), alloc[2182bb758b4b3781]::string::String>, fn() -> core[df12db4294e9bfd3]::result::Result<(), alloc[2182bb758b4b3781]::string::String>>
[INFO] [stdout]   15:     0x5f05273666e5 - test[9d35eded1c95d3be]::run_test::{closure#0}
[INFO] [stdout]   16:     0x5f052735ffa4 - std[70759c8f55707aa4]::sys::backtrace::__rust_begin_short_backtrace::<test[9d35eded1c95d3be]::run_test::{closure#1}, ()>
[INFO] [stdout]   17:     0x5f0527369842 - <std[70759c8f55707aa4]::thread::lifecycle::spawn_unchecked<test[9d35eded1c95d3be]::run_test::{closure#1}, ()>::{closure#1} as core[df12db4294e9bfd3]::ops::function::FnOnce<()>>::call_once::{shim:vtable#0}
[INFO] [stdout]   18:     0x5f05273d0d49 - <std[70759c8f55707aa4]::sys::thread::unix::Thread>::new::thread_start
[INFO] [stdout]   19:     0x77480d9f7dfa - <unknown>
[INFO] [stdout]   20:     0x77480da8b3d4 - clone
[INFO] [stdout]   21:                0x0 - <unknown>
[INFO] [stdout] [src/file_io/tests.rs:135:2] std :: fs :: remove_file("read_variants.paks") = Err(
[INFO] [stdout]     Os {
[INFO] [stdout]         code: 30,
[INFO] [stdout]         kind: ReadOnlyFilesystem,
[INFO] [stdout]         message: "Read-only file system",
[INFO] [stdout]     },
[INFO] [stdout] )
[INFO] [stdout] 
[INFO] [stdout] ---- file_io::tests::test_read_only_surfaces_write_errors stdout ----
[INFO] [stdout] 
[INFO] [stdout] thread 'file_io::tests::test_read_only_surfaces_write_errors' (284) panicked at src/file_io/tests.rs:182:85:
[INFO] [stdout] called `Result::unwrap()` on an `Err` value: Os { code: 30, kind: ReadOnlyFilesystem, message: "Read-only file system" }
[INFO] [stdout] stack backtrace:
[INFO] [stdout]    0:     0x5f05273d1661 - <<std[70759c8f55707aa4]::sys::backtrace::BacktraceLock>::print::DisplayBacktrace as core[df12db4294e9bfd3]::fmt::Display>::fmt
[INFO] [stdout]    1:     0x5f05273e5b0a - core[df12db4294e9bfd3]::fmt::write
[INFO] [stdout]    2:     0x5f05273d5c6c - <alloc[2182bb758b4b3781]::vec::Vec<u8> as core[df12db4294e9bfd3]::io::write::Write>::write_fmt
[INFO] [stdout]    3:     0x5f05273ad866 - std[70759c8f55707aa4]::panicking::default_hook::{closure#0}
[INFO] [stdout]    4:     0x5f05273c9af9 - std[70759c8f55707aa4]::panicking::default_hook
[INFO] [stdout]    5:     0x5f0527365d90 - test[9d35eded1c95d3be]::test_main_inner::<test[9d35eded1c95d3be]::test_main_static::{closure#0}>::{closure#0}
[INFO] [stdout]    6:     0x5f05273c9cb2 - std[70759c8f55707aa4]::panicking::panic_with_hook
[INFO] [stdout]    7:     0x5f05273ad912 - std[70759c8f55707aa4]::panicking::panic_handler::{closure#0}
[INFO] [stdout]    8:     0x5f05273a65e9 - std[70759c8f55707aa4]::sys::backtrace::__rust_end_short_backtrace::<std[70759c8f55707aa4]::panicking::panic_handler::{closure#0}, !>
[INFO] [stdout]    9:     0x5f05273ae50d - __rustc[8fa7c3cbc660c2b3]::rust_begin_unwind
[INFO] [stdout]   10:     0x5f05273e623c - core[df12db4294e9bfd3]::panicking::panic_fmt
[INFO] [stdout]   11:     0x5f05273e6012 - core[df12db4294e9bfd3]::result::unwrap_failed
[INFO] [stdout]   12:     0x5f0527353209 - paks[1710d775efdfd365]::file_io::tests::test_read_only_surfaces_write_errors
[INFO] [stdout]   13:     0x5f05273589c9 - <paks[1710d775efdfd365]::file_io::tests::test_read_only_surfaces_write_errors::{closure#0} as core[df12db4294e9bfd3]::ops::function::FnOnce<()>>::call_once
[INFO] [stdout]   14:     0x5f052735907b - test[9d35eded1c95d3be]::__rust_begin_short_backtrace::<core[df12db4294e9bfd3]::result::Result<(), alloc[2182bb758b4b3781]::string::String>, fn() -> core[df12db4294e9bfd3]::result::Result<(), alloc[2182bb758b4b3781]::string::String>>
[INFO] [stdout]   15:     0x5f05273666e5 - test[9d35eded1c95d3be]::run_test::{closure#0}
[INFO] [stdout]   16:     0x5f052735ffa4 - std[70759c8f55707aa4]::sys::backtrace::__rust_begin_short_backtrace::<test[9d35eded1c95d3be]::run_test::{closure#1}, ()>
[INFO] [stdout]   17:     0x5f0527369842 - <std[70759c8f55707aa4]::thread::lifecycle::spawn_unchecked<test[9d35eded1c95d3be]::run_test::{closure#1}, ()>::{closure#1} as core[df12db4294e9bfd3]::ops::function::FnOnce<()>>::call_once::{shim:vtable#0}
[INFO] [stdout]   18:     0x5f05273d0d49 - <std[70759c8f55707aa4]::sys::thread::unix::Thread>::new::thread_start
[INFO] [stdout]   19:     0x77480d9f7dfa - <unknown>
[INFO] [stdout]   20:     0x77480da8b3d4 - clone
[INFO] [stdout]   21:                0x0 - <unknown>
[INFO] [stdout] [src/file_io/tests.rs:180:2] std :: fs :: remove_file("read_only_errors.paks") = Err(
[INFO] [stdout]     Os {
[INFO] [stdout]         code: 30,
[INFO] [stdout]         kind: ReadOnlyFilesystem,
[INFO] [stdout]         message: "Read-only file system",
[INFO] [stdout]     },
[INFO] [stdout] )
[INFO] [stdout] 
[INFO] [stdout] ---- file_io::tests::test_corrupt1 stdout ----
[INFO] [stdout] 
[INFO] [stdout] thread 'file_io::tests::test_corrupt1' (279) panicked at src/file_io/tests.rs:36:48:
[INFO] [stdout] called `Result::unwrap()` on an `Err` value: Os { code: 30, kind: ReadOnlyFilesystem, message: "Read-only file system" }
[INFO] [stdout] stack backtrace:
[INFO] [stdout]    0:     0x5f05273d1661 - <<std[70759c8f55707aa4]::sys::backtrace::BacktraceLock>::print::DisplayBacktrace as core[df12db4294e9bfd3]::fmt::Display>::fmt
[INFO] [stdout]    1:     0x5f05273e5b0a - core[df12db4294e9bfd3]::fmt::write
[INFO] [stdout]    2:     0x5f05273d5c6c - <alloc[2182bb758b4b3781]::vec::Vec<u8> as core[df12db4294e9bfd3]::io::write::Write>::write_fmt
[INFO] [stdout]    3:     0x5f05273ad866 - std[70759c8f55707aa4]::panicking::default_hook::{closure#0}
[INFO] [stdout]    4:     0x5f05273c9af9 - std[70759c8f55707aa4]::panicking::default_hook
[INFO] [stdout]    5:     0x5f0527365d90 - test[9d35eded1c95d3be]::test_main_inner::<test[9d35eded1c95d3be]::test_main_static::{closure#0}>::{closure#0}
[INFO] [stdout]    6:     0x5f05273c9cb2 - std[70759c8f55707aa4]::panicking::panic_with_hook
[INFO] [stdout]    7:     0x5f05273ad912 - std[70759c8f55707aa4]::panicking::panic_handler::{closure#0}
[INFO] [stdout]    8:     0x5f05273a65e9 - std[70759c8f55707aa4]::sys::backtrace::__rust_end_short_backtrace::<std[70759c8f55707aa4]::panicking::panic_handler::{closure#0}, !>
[INFO] [stdout]    9:     0x5f05273ae50d - __rustc[8fa7c3cbc660c2b3]::rust_begin_unwind
[INFO] [stdout]   10:     0x5f05273e623c - core[df12db4294e9bfd3]::panicking::panic_fmt
[INFO] [stdout]   11:     0x5f05273e6012 - core[df12db4294e9bfd3]::result::unwrap_failed
[INFO] [stdout]   12:     0x5f0527352cd5 - paks[1710d775efdfd365]::file_io::tests::test_corrupt1
[INFO] [stdout]   13:     0x5f05273589a9 - <paks[1710d775efdfd365]::file_io::tests::test_corrupt1::{closure#0} as core[df12db4294e9bfd3]::ops::function::FnOnce<()>>::call_once
[INFO] [stdout]   14:     0x5f052735907b - test[9d35eded1c95d3be]::__rust_begin_short_backtrace::<core[df12db4294e9bfd3]::result::Result<(), alloc[2182bb758b4b3781]::string::String>, fn() -> core[df12db4294e9bfd3]::result::Result<(), alloc[2182bb758b4b3781]::string::String>>
[INFO] [stdout]   15:     0x5f05273666e5 - test[9d35eded1c95d3be]::run_test::{closure#0}
[INFO] [stdout]   16:     0x5f052735ffa4 - std[70759c8f55707aa4]::sys::backtrace::__rust_begin_short_backtrace::<test[9d35eded1c95d3be]::run_test::{closure#1}, ()>
[INFO] [stdout]   17:     0x5f0527369842 - <std[70759c8f55707aa4]::thread::lifecycle::spawn_unchecked<test[9d35eded1c95d3be]::run_test::{closure#1}, ()>::{closure#1} as core[df12db4294e9bfd3]::ops::function::FnOnce<()>>::call_once::{shim:vtable#0}
[INFO] [stdout]   18:     0x5f05273d0d49 - <std[70759c8f55707aa4]::sys::thread::unix::Thread>::new::thread_start
[INFO] [stdout]   19:     0x77480d9f7dfa - <unknown>
[INFO] [stdout]   20:     0x77480da8b3d4 - clone
[INFO] [stdout]   21:                0x0 - <unknown>
[INFO] [stdout] [src/file_io/tests.rs:33:2] std :: fs :: remove_file("corrupt1b") = Err(
[INFO] [stdout]     Os {
[INFO] [stdout]         code: 30,
[INFO] [stdout]         kind: ReadOnlyFilesystem,
[INFO] [stdout]         message: "Read-only file system",
[INFO] [stdout]     },
[INFO] [stdout] )
[INFO] [stdout] 
[INFO] [stdout] ---- file_io::tests::test_file_edit_file_zero_data_and_reencrypt stdout ----
[INFO] [stdout] 
[INFO] [stdout] thread 'file_io::tests::test_file_edit_file_zero_data_and_reencrypt' (281) panicked at src/file_io/tests.rs:207:83:
[INFO] [stdout] called `Result::unwrap()` on an `Err` value: Os { code: 30, kind: ReadOnlyFilesystem, message: "Read-only file system" }
[INFO] [stdout] stack backtrace:
[INFO] [stdout]    0:     0x5f05273d1661 - <<std[70759c8f55707aa4]::sys::backtrace::BacktraceLock>::print::DisplayBacktrace as core[df12db4294e9bfd3]::fmt::Display>::fmt
[INFO] [stdout]    1:     0x5f05273e5b0a - core[df12db4294e9bfd3]::fmt::write
[INFO] [stdout]    2:     0x5f05273d5c6c - <alloc[2182bb758b4b3781]::vec::Vec<u8> as core[df12db4294e9bfd3]::io::write::Write>::write_fmt
[INFO] [stdout]    3:     0x5f05273ad866 - std[70759c8f55707aa4]::panicking::default_hook::{closure#0}
[INFO] [stdout]    4:     0x5f05273c9af9 - std[70759c8f55707aa4]::panicking::default_hook
[INFO] [stdout]    5:     0x5f0527365d90 - test[9d35eded1c95d3be]::test_main_inner::<test[9d35eded1c95d3be]::test_main_static::{closure#0}>::{closure#0}
[INFO] [stdout]    6:     0x5f05273c9cb2 - std[70759c8f55707aa4]::panicking::panic_with_hook
[INFO] [stdout]    7:     0x5f05273ad912 - std[70759c8f55707aa4]::panicking::panic_handler::{closure#0}
[INFO] [stdout]    8:     0x5f05273a65e9 - std[70759c8f55707aa4]::sys::backtrace::__rust_end_short_backtrace::<std[70759c8f55707aa4]::panicking::panic_handler::{closure#0}, !>
[INFO] [stdout]    9:     0x5f05273ae50d - __rustc[8fa7c3cbc660c2b3]::rust_begin_unwind
[INFO] [stdout]   10:     0x5f05273e623c - core[df12db4294e9bfd3]::panicking::panic_fmt
[INFO] [stdout]   11:     0x5f05273e6012 - core[df12db4294e9bfd3]::result::unwrap_failed
[INFO] [stdout]   12:     0x5f0527353cdd - paks[1710d775efdfd365]::file_io::tests::test_file_edit_file_zero_data_and_reencrypt
[INFO] [stdout]   13:     0x5f0527358a09 - <paks[1710d775efdfd365]::file_io::tests::test_file_edit_file_zero_data_and_reencrypt::{closure#0} as core[df12db4294e9bfd3]::ops::function::FnOnce<()>>::call_once
[INFO] [stdout]   14:     0x5f052735907b - test[9d35eded1c95d3be]::__rust_begin_short_backtrace::<core[df12db4294e9bfd3]::result::Result<(), alloc[2182bb758b4b3781]::string::String>, fn() -> core[df12db4294e9bfd3]::result::Result<(), alloc[2182bb758b4b3781]::string::String>>
[INFO] [stdout]   15:     0x5f05273666e5 - test[9d35eded1c95d3be]::run_test::{closure#0}
[INFO] [stdout]   16:     0x5f052735ffa4 - std[70759c8f55707aa4]::sys::backtrace::__rust_begin_short_backtrace::<test[9d35eded1c95d3be]::run_test::{closure#1}, ()>
[INFO] [stdout]   17:     0x5f0527369842 - <std[70759c8f55707aa4]::thread::lifecycle::spawn_unchecked<test[9d35eded1c95d3be]::run_test::{closure#1}, ()>::{closure#1} as core[df12db4294e9bfd3]::ops::function::FnOnce<()>>::call_once::{shim:vtable#0}
[INFO] [stdout]   18:     0x5f05273d0d49 - <std[70759c8f55707aa4]::sys::thread::unix::Thread>::new::thread_start
[INFO] [stdout]   19:     0x77480d9f7dfa - <unknown>
[INFO] [stdout]   20:     0x77480da8b3d4 - clone
[INFO] [stdout]   21:                0x0 - <unknown>
[INFO] [stdout] [src/file_io/tests.rs:205:2] std :: fs :: remove_file("reencrypt_zero.paks") = Err(
[INFO] [stdout]     Os {
[INFO] [stdout]         code: 30,
[INFO] [stdout]         kind: ReadOnlyFilesystem,
[INFO] [stdout]         message: "Read-only file system",
[INFO] [stdout]     },
[INFO] [stdout] )
[INFO] [stdout] 
[INFO] [stdout] ---- file_io::tests::test_drop_without_finish_discards_changes stdout ----
[INFO] [stdout] 
[INFO] [stdout] thread 'file_io::tests::test_drop_without_finish_discards_changes' (280) panicked at src/file_io/tests.rs:64:63:
[INFO] [stdout] called `Result::unwrap()` on an `Err` value: Os { code: 30, kind: ReadOnlyFilesystem, message: "Read-only file system" }
[INFO] [stdout] stack backtrace:
[INFO] [stdout]    0:     0x5f05273d1661 - <<std[70759c8f55707aa4]::sys::backtrace::BacktraceLock>::print::DisplayBacktrace as core[df12db4294e9bfd3]::fmt::Display>::fmt
[INFO] [stdout]    1:     0x5f05273e5b0a - core[df12db4294e9bfd3]::fmt::write
[INFO] [stdout]    2:     0x5f05273d5c6c - <alloc[2182bb758b4b3781]::vec::Vec<u8> as core[df12db4294e9bfd3]::io::write::Write>::write_fmt
[INFO] [stdout]    3:     0x5f05273ad866 - std[70759c8f55707aa4]::panicking::default_hook::{closure#0}
[INFO] [stdout]    4:     0x5f05273c9af9 - std[70759c8f55707aa4]::panicking::default_hook
[INFO] [stdout]    5:     0x5f0527365d90 - test[9d35eded1c95d3be]::test_main_inner::<test[9d35eded1c95d3be]::test_main_static::{closure#0}>::{closure#0}
[INFO] [stdout]    6:     0x5f05273c9cb2 - std[70759c8f55707aa4]::panicking::panic_with_hook
[INFO] [stdout]    7:     0x5f05273ad912 - std[70759c8f55707aa4]::panicking::panic_handler::{closure#0}
[INFO] [stdout]    8:     0x5f05273a65e9 - std[70759c8f55707aa4]::sys::backtrace::__rust_end_short_backtrace::<std[70759c8f55707aa4]::panicking::panic_handler::{closure#0}, !>
[INFO] [stdout]    9:     0x5f05273ae50d - __rustc[8fa7c3cbc660c2b3]::rust_begin_unwind
[INFO] [stdout]   10:     0x5f05273e623c - core[df12db4294e9bfd3]::panicking::panic_fmt
[INFO] [stdout]   11:     0x5f05273e6012 - core[df12db4294e9bfd3]::result::unwrap_failed
[INFO] [stdout]   12:     0x5f052735373d - paks[1710d775efdfd365]::file_io::tests::test_drop_without_finish_discards_changes
[INFO] [stdout]   13:     0x5f05273589e9 - <paks[1710d775efdfd365]::file_io::tests::test_drop_without_finish_discards_changes::{closure#0} as core[df12db4294e9bfd3]::ops::function::FnOnce<()>>::call_once
[INFO] [stdout]   14:     0x5f052735907b - test[9d35eded1c95d3be]::__rust_begin_short_backtrace::<core[df12db4294e9bfd3]::result::Result<(), alloc[2182bb758b4b3781]::string::String>, fn() -> core[df12db4294e9bfd3]::result::Result<(), alloc[2182bb758b4b3781]::string::String>>
[INFO] [stdout]   15:     0x5f05273666e5 - test[9d35eded1c95d3be]::run_test::{closure#0}
[INFO] [stdout]   16:     0x5f052735ffa4 - std[70759c8f55707aa4]::sys::backtrace::__rust_begin_short_backtrace::<test[9d35eded1c95d3be]::run_test::{closure#1}, ()>
[INFO] [stdout]   17:     0x5f0527369842 - <std[70759c8f55707aa4]::thread::lifecycle::spawn_unchecked<test[9d35eded1c95d3be]::run_test::{closure#1}, ()>::{closure#1} as core[df12db4294e9bfd3]::ops::function::FnOnce<()>>::call_once::{shim:vtable#0}
[INFO] [stdout]   18:     0x5f05273d0d49 - <std[70759c8f55707aa4]::sys::thread::unix::Thread>::new::thread_start
[INFO] [stdout]   19:     0x77480d9f7dfa - <unknown>
[INFO] [stdout]   20:     0x77480da8b3d4 - clone
[INFO] [stdout]   21:                0x0 - <unknown>
[INFO] [stdout] [src/file_io/tests.rs:63:2] std :: fs :: remove_file("drop_without_finish.paks") = Err(
[INFO] [stdout]     Os {
[INFO] [stdout]         code: 30,
[INFO] [stdout]         kind: ReadOnlyFilesystem,
[INFO] [stdout]         message: "Read-only file system",
[INFO] [stdout]     },
[INFO] [stdout] )
[INFO] [stdout] 
[INFO] [stdout] ---- file_io::tests::test_nested_roundtrip_persists_after_finish stdout ----
[INFO] [stdout] 
[INFO] [stdout] thread 'file_io::tests::test_nested_roundtrip_persists_after_finish' (283) panicked at src/file_io/tests.rs:89:77:
[INFO] [stdout] called `Result::unwrap()` on an `Err` value: Os { code: 30, kind: ReadOnlyFilesystem, message: "Read-only file system" }
[INFO] [stdout] stack backtrace:
[INFO] [stdout]    0:     0x5f05273d1661 - <<std[70759c8f55707aa4]::sys::backtrace::BacktraceLock>::print::DisplayBacktrace as core[df12db4294e9bfd3]::fmt::Display>::fmt
[INFO] [stdout]    1:     0x5f05273e5b0a - core[df12db4294e9bfd3]::fmt::write
[INFO] [stdout]    2:     0x5f05273d5c6c - <alloc[2182bb758b4b3781]::vec::Vec<u8> as core[df12db4294e9bfd3]::io::write::Write>::write_fmt
[INFO] [stdout]    3:     0x5f05273ad866 - std[70759c8f55707aa4]::panicking::default_hook::{closure#0}
[INFO] [stdout]    4:     0x5f05273c9af9 - std[70759c8f55707aa4]::panicking::default_hook
[INFO] [stdout]    5:     0x5f0527365d90 - test[9d35eded1c95d3be]::test_main_inner::<test[9d35eded1c95d3be]::test_main_static::{closure#0}>::{closure#0}
[INFO] [stdout]    6:     0x5f05273c9cb2 - std[70759c8f55707aa4]::panicking::panic_with_hook
[INFO] [stdout]    7:     0x5f05273ad912 - std[70759c8f55707aa4]::panicking::panic_handler::{closure#0}
[INFO] [stdout]    8:     0x5f05273a65e9 - std[70759c8f55707aa4]::sys::backtrace::__rust_end_short_backtrace::<std[70759c8f55707aa4]::panicking::panic_handler::{closure#0}, !>
[INFO] [stdout]    9:     0x5f05273ae50d - __rustc[8fa7c3cbc660c2b3]::rust_begin_unwind
[INFO] [stdout]   10:     0x5f05273e623c - core[df12db4294e9bfd3]::panicking::panic_fmt
[INFO] [stdout]   11:     0x5f05273e6012 - core[df12db4294e9bfd3]::result::unwrap_failed
[INFO] [stdout]   12:     0x5f0527354417 - paks[1710d775efdfd365]::file_io::tests::test_nested_roundtrip_persists_after_finish
[INFO] [stdout]   13:     0x5f0527358a29 - <paks[1710d775efdfd365]::file_io::tests::test_nested_roundtrip_persists_after_finish::{closure#0} as core[df12db4294e9bfd3]::ops::function::FnOnce<()>>::call_once
[INFO] [stdout]   14:     0x5f052735907b - test[9d35eded1c95d3be]::__rust_begin_short_backtrace::<core[df12db4294e9bfd3]::result::Result<(), alloc[2182bb758b4b3781]::string::String>, fn() -> core[df12db4294e9bfd3]::result::Result<(), alloc[2182bb758b4b3781]::string::String>>
[INFO] [stdout]   15:     0x5f05273666e5 - test[9d35eded1c95d3be]::run_test::{closure#0}
[INFO] [stdout]   16:     0x5f052735ffa4 - std[70759c8f55707aa4]::sys::backtrace::__rust_begin_short_backtrace::<test[9d35eded1c95d3be]::run_test::{closure#1}, ()>
[INFO] [stdout]   17:     0x5f0527369842 - <std[70759c8f55707aa4]::thread::lifecycle::spawn_unchecked<test[9d35eded1c95d3be]::run_test::{closure#1}, ()>::{closure#1} as core[df12db4294e9bfd3]::ops::function::FnOnce<()>>::call_once::{shim:vtable#0}
[INFO] [stdout]   18:     0x5f05273d0d49 - <std[70759c8f55707aa4]::sys::thread::unix::Thread>::new::thread_start
[INFO] [stdout]   19:     0x77480d9f7dfa - <unknown>
[INFO] [stdout]   20:     0x77480da8b3d4 - clone
[INFO] [stdout]   21:                0x0 - <unknown>
[INFO] [stdout] [src/file_io/tests.rs:86:2] std :: fs :: remove_file("nested_roundtrip.paks") = Err(
[INFO] [stdout]     Os {
[INFO] [stdout]         code: 30,
[INFO] [stdout]         kind: ReadOnlyFilesystem,
[INFO] [stdout]         message: "Read-only file system",
[INFO] [stdout]     },
[INFO] [stdout] )
[INFO] [stdout] 
[INFO] [stdout] 
[INFO] [stdout] failures:
[INFO] [stdout]     file_io::tests::test_corrupt1
[INFO] [stdout]     file_io::tests::test_drop_without_finish_discards_changes
[INFO] [stdout]     file_io::tests::test_file_edit_file_zero_data_and_reencrypt
[INFO] [stdout]     file_io::tests::test_file_reader_and_editor_read_variants_agree
[INFO] [stdout]     file_io::tests::test_nested_roundtrip_persists_after_finish
[INFO] [stdout]     file_io::tests::test_read_only_surfaces_write_errors
[INFO] [stdout] 
[INFO] [stdout] test result: FAILED. 29 passed; 6 failed; 0 ignored; 0 measured; 0 filtered out; finished in 0.01s
[INFO] [stdout] 
[INFO] [stderr] error: test failed, to rerun pass `--lib`
[INFO] running `Command { std: "docker" "inspect" "8513d9d73d6ecdea15c781e1098f01a98d431203f534607aa045f3eebc50a3e8", kill_on_drop: false }`
[INFO] running `Command { std: "docker" "rm" "-f" "8513d9d73d6ecdea15c781e1098f01a98d431203f534607aa045f3eebc50a3e8", kill_on_drop: false }`
[INFO] [stdout] 8513d9d73d6ecdea15c781e1098f01a98d431203f534607aa045f3eebc50a3e8
