[INFO] fetching crate painter 0.2.2...
[INFO] testing painter-0.2.2 against 1.100.0-beta.1+cargoflags=--release for beta-release-1.100-2
[INFO] extracting crate painter 0.2.2 into /workspace/builds/worker-4-tc2/source
[INFO] started tweaking crates.io crate painter 0.2.2
[INFO] finished tweaking crates.io crate painter 0.2.2
[INFO] tweaked toml for crates.io crate painter 0.2.2 written to /workspace/builds/worker-4-tc2/source/Cargo.toml
[INFO] validating manifest of crates.io crate painter 0.2.2 on toolchain 1.100.0-beta.1
[INFO] running `Command { std: CARGO_HOME="/workspace/cargo-home" RUSTUP_HOME="/workspace/rustup-home" "/workspace/cargo-home/bin/cargo" "+1.100.0-beta.1" "metadata" "--manifest-path" "Cargo.toml" "--no-deps", kill_on_drop: false }`
[INFO] crate crates.io crate painter 0.2.2 already has a lockfile, it will not be regenerated
[INFO] running `Command { std: CARGO_HOME="/workspace/cargo-home" RUSTUP_HOME="/workspace/rustup-home" "/workspace/cargo-home/bin/cargo" "+1.100.0-beta.1" "fetch" "--manifest-path" "Cargo.toml", kill_on_drop: false }`
[INFO] running `Command { std: "docker" "create" "-v" "/var/lib/crater-agent-workspace/builds/worker-4-tc2/source:/opt/rustwide/workdir:ro,Z" "-v" "/var/lib/crater-agent-workspace/builds/worker-4-tc2/target:/opt/rustwide/target:rw,Z" "-v" "/var/lib/crater-agent-workspace/cargo-home:/opt/rustwide/cargo-home:ro,Z" "-v" "/var/lib/crater-agent-workspace/rustup-home:/opt/rustwide/rustup-home:ro,Z" "-m" "1610612736" "--network" "none" "ghcr.io/rust-lang/crates-build-env/linux@sha256:77db811e55d90add9212f6832c23229e3de5f1c1f9905e8cb07319ea15df73ac" "sleep" "infinity", kill_on_drop: false }`
[INFO] [stdout] d520ca884d89421ed1e9881f516047a6bb43269d0df5899470922b7ab715af37
[INFO] running `Command { std: "docker" "start" "d520ca884d89421ed1e9881f516047a6bb43269d0df5899470922b7ab715af37", kill_on_drop: false }`
[INFO] running `Command { std: "docker" "inspect" "d520ca884d89421ed1e9881f516047a6bb43269d0df5899470922b7ab715af37", kill_on_drop: false }`
[INFO] running `Command { std: "docker" "exec" "-e" "SOURCE_DIR=/opt/rustwide/workdir" "-e" "CARGO_HOME=/opt/rustwide/cargo-home" "-e" "RUSTUP_HOME=/opt/rustwide/rustup-home" "-e" "CARGO_TARGET_DIR=/opt/rustwide/target" "-w" "/opt/rustwide/workdir" "--user" "0:0" "d520ca884d89421ed1e9881f516047a6bb43269d0df5899470922b7ab715af37" "/opt/rustwide/cargo-home/bin/cargo" "+1.100.0-beta.1" "metadata" "--no-deps" "--format-version=1", kill_on_drop: false }`
[INFO] running `Command { std: "docker" "inspect" "d520ca884d89421ed1e9881f516047a6bb43269d0df5899470922b7ab715af37", kill_on_drop: false }`
[INFO] running `Command { std: "docker" "exec" "-e" "SOURCE_DIR=/opt/rustwide/workdir" "-e" "CARGO_HOME=/opt/rustwide/cargo-home" "-e" "RUSTUP_HOME=/opt/rustwide/rustup-home" "-e" "CARGO_TARGET_DIR=/opt/rustwide/target" "-e" "CARGO_INCREMENTAL=0" "-e" "RUST_BACKTRACE=full" "-e" "RUSTFLAGS=--cap-lints=warn" "-e" "RUSTDOCFLAGS=--cap-lints=warn" "-w" "/opt/rustwide/workdir" "--user" "0:0" "d520ca884d89421ed1e9881f516047a6bb43269d0df5899470922b7ab715af37" "/opt/rustwide/cargo-home/bin/cargo" "+1.100.0-beta.1" "build" "--frozen" "--message-format=json" "--release", kill_on_drop: false }`
[INFO] [stderr]    Compiling proc-macro2 v1.0.103
[INFO] [stderr]    Compiling quote v1.0.42
[INFO] [stderr]    Compiling unicode-ident v1.0.22
[INFO] [stderr]    Compiling bitflags v2.10.0
[INFO] [stderr]    Compiling pkg-config v0.3.32
[INFO] [stderr]    Compiling rustix v1.1.3
[INFO] [stderr]    Compiling libloading v0.8.9
[INFO] [stderr]    Compiling log v0.4.29
[INFO] [stderr]    Compiling linux-raw-sys v0.11.0
[INFO] [stderr]    Compiling once_cell v1.21.3
[INFO] [stderr]    Compiling shlex v1.3.0
[INFO] [stderr]    Compiling find-msvc-tools v0.1.6
[INFO] [stderr]    Compiling smallvec v1.15.1
[INFO] [stderr]    Compiling memchr v2.7.6
[INFO] [stderr]    Compiling downcast-rs v1.2.1
[INFO] [stderr]    Compiling scoped-tls v1.0.1
[INFO] [stderr]    Compiling libc v0.2.178
[INFO] [stderr]    Compiling dlib v0.5.2
[INFO] [stderr]    Compiling wayland-client v0.31.11
[INFO] [stderr]    Compiling rustix v0.38.44
[INFO] [stderr]    Compiling cc v1.2.51
[INFO] [stderr]    Compiling linux-raw-sys v0.4.15
[INFO] [stderr]    Compiling libm v0.2.16
[INFO] [stderr]    Compiling thiserror v1.0.69
[INFO] [stderr]    Compiling crc32fast v1.5.0
[INFO] [stderr]    Compiling simd-adler32 v0.3.8
[INFO] [stderr]    Compiling drm-sys v0.8.0
[INFO] [stderr]    Compiling pin-project-lite v0.2.16
[INFO] [stderr]    Compiling linux-raw-sys v0.6.5
[INFO] [stderr]    Compiling zerocopy v0.8.31
[INFO] [stderr]    Compiling drm-fourcc v2.2.0
[INFO] [stderr]    Compiling slab v0.4.11
[INFO] [stderr]    Compiling getrandom v0.3.4
[INFO] [stderr]    Compiling tracing-core v0.1.36
[INFO] [stderr]    Compiling adler2 v2.0.1
[INFO] [stderr]    Compiling miniz_oxide v0.8.9
[INFO] [stderr]    Compiling slotmap v1.1.1
[INFO] [stderr]    Compiling ahash v0.8.12
[INFO] [stderr]    Compiling smithay-client-toolkit v0.19.2
[INFO] [stderr]    Compiling xkeysym v0.2.1
[INFO] [stderr]    Compiling wayland-sys v0.31.7
[INFO] [stderr]    Compiling tiny-xlib v0.2.4
[INFO] [stderr]    Compiling as-raw-xcb-connection v1.0.1
[INFO] [stderr]    Compiling cfg_aliases v0.2.1
[INFO] [stderr]    Compiling xcursor v0.3.10
[INFO] [stderr]    Compiling cursor-icon v1.2.0
[INFO] [stderr]    Compiling winit v0.30.12
[INFO] [stderr]    Compiling syn v2.0.111
[INFO] [stderr]    Compiling quick-xml v0.37.5
[INFO] [stderr]    Compiling tracing v0.1.44
[INFO] [stderr]    Compiling flate2 v1.1.5
[INFO] [stderr]    Compiling fdeflate v0.3.7
[INFO] [stderr]    Compiling raw-window-handle v0.6.2
[INFO] [stderr]    Compiling memmap2 v0.9.9
[INFO] [stderr]    Compiling core_maths v0.1.1
[INFO] [stderr]    Compiling ttf-parser v0.25.1
[INFO] [stderr]    Compiling anyhow v1.0.100
[INFO] [stderr]    Compiling x11rb-protocol v0.13.2
[INFO] [stderr]    Compiling strict-num v0.1.1
[INFO] [stderr]    Compiling bitflags v1.3.2
[INFO] [stderr]    Compiling roxmltree v0.20.0
[INFO] [stderr]    Compiling tinyvec_macros v0.1.1
[INFO] [stderr]    Compiling arrayref v0.3.9
[INFO] [stderr]    Compiling ctor-lite v0.1.0
[INFO] [stderr]    Compiling tinyvec v1.10.0
[INFO] [stderr]    Compiling png v0.17.16
[INFO] [stderr]    Compiling wayland-scanner v0.31.7
[INFO] [stderr]    Compiling xkbcommon-dl v0.4.2
[INFO] [stderr]    Compiling wayland-backend v0.3.11
[INFO] [stderr]    Compiling dpi v0.1.2
[INFO] [stderr]    Compiling ab_glyph_rasterizer v0.1.10
[INFO] [stderr]    Compiling fontconfig-parser v0.5.8
[INFO] [stderr]    Compiling fastrand v2.3.0
[INFO] [stderr]    Compiling smol_str v0.2.2
[INFO] [stderr]    Compiling arrayvec v0.7.6
[INFO] [stderr]    Compiling thiserror-impl v1.0.69
[INFO] [stderr]    Compiling bytemuck_derive v1.10.2
[INFO] [stderr]    Compiling bytemuck v1.24.0
[INFO] [stderr]    Compiling tiny-skia-path v0.11.4
[INFO] [stderr]    Compiling owned_ttf_parser v0.25.1
[INFO] [stderr]    Compiling fontdb v0.23.0
[INFO] [stderr]    Compiling ab_glyph v0.2.32
[INFO] [stderr]    Compiling tiny-skia v0.11.4
[INFO] [stderr]    Compiling drm-ffi v0.9.0
[INFO] [stderr]    Compiling drm v0.14.1
[INFO] [stderr]    Compiling polling v3.11.0
[INFO] [stderr]    Compiling gethostname v1.1.0
[INFO] [stderr]    Compiling x11rb v0.13.2
[INFO] [stderr]    Compiling calloop v0.13.0
[INFO] [stderr]    Compiling wayland-csd-frame v0.3.0
[INFO] [stderr]    Compiling wayland-protocols v0.32.9
[INFO] [stderr]    Compiling wayland-cursor v0.31.11
[INFO] [stderr]    Compiling calloop-wayland-source v0.3.0
[INFO] [stderr]    Compiling softbuffer v0.4.8
[INFO] [stderr]    Compiling wayland-protocols-wlr v0.3.9
[INFO] [stderr]    Compiling wayland-protocols-plasma v0.3.9
[INFO] [stderr]    Compiling painter v0.2.2 (/opt/rustwide/workdir)
[INFO] [stdout] warning: use of deprecated constant `std::f32::INFINITY`: replaced by the `INFINITY` associated constant on `f32`
[INFO] [stdout]   --> src/primitive/errorbar.rs:94:24
[INFO] [stdout]    |
[INFO] [stdout] 94 |     let mut min = f32::INFINITY;
[INFO] [stdout]    |                        ^^^^^^^^
[INFO] [stdout]    |
[INFO] [stdout]    = note: `#[warn(deprecated)]` on by default
[INFO] [stdout] 
[INFO] [stdout] 
[INFO] [stdout] warning: use of deprecated constant `std::f32::NEG_INFINITY`: replaced by the `NEG_INFINITY` associated constant on `f32`
[INFO] [stdout]   --> src/primitive/errorbar.rs:95:24
[INFO] [stdout]    |
[INFO] [stdout] 95 |     let mut max = f32::NEG_INFINITY;
[INFO] [stdout]    |                        ^^^^^^^^^^^^
[INFO] [stdout] 
[INFO] [stdout] 
[INFO] [stdout] warning: use of deprecated constant `std::f32::INFINITY`: replaced by the `INFINITY` associated constant on `f32`
[INFO] [stdout]    --> src/primitive/errorbar.rs:138:30
[INFO] [stdout]     |
[INFO] [stdout] 138 |     let mut mins = vec![f32::INFINITY; num_points];
[INFO] [stdout]     |                              ^^^^^^^^
[INFO] [stdout] 
[INFO] [stdout] 
[INFO] [stdout] warning: use of deprecated constant `std::f32::NEG_INFINITY`: replaced by the `NEG_INFINITY` associated constant on `f32`
[INFO] [stdout]    --> src/primitive/errorbar.rs:139:30
[INFO] [stdout]     |
[INFO] [stdout] 139 |     let mut maxs = vec![f32::NEG_INFINITY; num_points];
[INFO] [stdout]     |                              ^^^^^^^^^^^^
[INFO] [stdout] 
[INFO] [stdout] 
[INFO] [stdout] warning: use of deprecated constant `std::f32::INFINITY`: replaced by the `INFINITY` associated constant on `f32`
[INFO] [stdout]    --> src/primitive/errorbar.rs:269:26
[INFO] [stdout]     |
[INFO] [stdout] 269 |     let mut x_min = f32::INFINITY;
[INFO] [stdout]     |                          ^^^^^^^^
[INFO] [stdout] 
[INFO] [stdout] 
[INFO] [stdout] warning: use of deprecated constant `std::f32::NEG_INFINITY`: replaced by the `NEG_INFINITY` associated constant on `f32`
[INFO] [stdout]    --> src/primitive/errorbar.rs:270:26
[INFO] [stdout]     |
[INFO] [stdout] 270 |     let mut x_max = f32::NEG_INFINITY;
[INFO] [stdout]     |                          ^^^^^^^^^^^^
[INFO] [stdout] 
[INFO] [stdout] 
[INFO] [stdout] warning: use of deprecated constant `std::f32::INFINITY`: replaced by the `INFINITY` associated constant on `f32`
[INFO] [stdout]    --> src/primitive/errorbar.rs:292:26
[INFO] [stdout]     |
[INFO] [stdout] 292 |     let mut y_min = f32::INFINITY;
[INFO] [stdout]     |                          ^^^^^^^^
[INFO] [stdout] 
[INFO] [stdout] 
[INFO] [stdout] warning: use of deprecated constant `std::f32::NEG_INFINITY`: replaced by the `NEG_INFINITY` associated constant on `f32`
[INFO] [stdout]    --> src/primitive/errorbar.rs:293:26
[INFO] [stdout]     |
[INFO] [stdout] 293 |     let mut y_max = f32::NEG_INFINITY;
[INFO] [stdout]     |                          ^^^^^^^^^^^^
[INFO] [stdout] 
[INFO] [stdout] 
[INFO] [stdout] warning: method `or` is never used
[INFO] [stdout]   --> src/primitive/errorbar.rs:33:6
[INFO] [stdout]    |
[INFO] [stdout] 24 | impl Bar {
[INFO] [stdout]    | -------- method in this implementation
[INFO] [stdout] ...
[INFO] [stdout] 33 |   fn or(mut self, rhs: f32) -> Self {
[INFO] [stdout]    |      ^^
[INFO] [stdout]    |
[INFO] [stdout]    = note: `#[warn(dead_code)]` (part of `#[warn(unused)]`) on by default
[INFO] [stdout] 
[INFO] [stdout] 
[INFO] [stderr] warning: unused dependency `anyhow`
[INFO] [stderr]  --> Cargo.toml:4:15
[INFO] [stderr]   |
[INFO] [stderr] 4 | [dependencies.anyhow]
[INFO] [stderr]   |               ^^^^^^^
[INFO] [stderr]   |
[INFO] [stderr]   = note: `cargo::unused_dependencies` is set to `warn` by default
[INFO] [stderr] help: consider removing the dependency on `anyhow`
[INFO] [stderr] warning: `painter` (manifest) generated 1 warning
[INFO] [stderr]     Finished `release` profile [optimized] target(s) in 1m 32s
[INFO] [stderr] warning: the following packages contain code that will be rejected by a future version of Rust: winit v0.30.12
[INFO] [stderr] note: to see what the problems were, use the option `--future-incompat-report`, or run `cargo report future-incompatibilities --id 1`
[INFO] running `Command { std: "docker" "inspect" "d520ca884d89421ed1e9881f516047a6bb43269d0df5899470922b7ab715af37", kill_on_drop: false }`
[INFO] running `Command { std: "docker" "exec" "-e" "SOURCE_DIR=/opt/rustwide/workdir" "-e" "CARGO_HOME=/opt/rustwide/cargo-home" "-e" "RUSTUP_HOME=/opt/rustwide/rustup-home" "-e" "CARGO_TARGET_DIR=/opt/rustwide/target" "-e" "CARGO_INCREMENTAL=0" "-e" "RUST_BACKTRACE=full" "-e" "RUSTFLAGS=--cap-lints=warn" "-e" "RUSTDOCFLAGS=--cap-lints=warn" "-w" "/opt/rustwide/workdir" "--user" "0:0" "d520ca884d89421ed1e9881f516047a6bb43269d0df5899470922b7ab715af37" "/opt/rustwide/cargo-home/bin/cargo" "+1.100.0-beta.1" "test" "--frozen" "--no-run" "--message-format=json" "--release", kill_on_drop: false }`
[INFO] [stderr]    Compiling painter v0.2.2 (/opt/rustwide/workdir)
[INFO] [stdout] warning: use of deprecated constant `std::f32::INFINITY`: replaced by the `INFINITY` associated constant on `f32`
[INFO] [stdout]   --> src/primitive/errorbar.rs:94:24
[INFO] [stdout]    |
[INFO] [stdout] 94 |     let mut min = f32::INFINITY;
[INFO] [stdout]    |                        ^^^^^^^^
[INFO] [stdout]    |
[INFO] [stdout]    = note: `#[warn(deprecated)]` on by default
[INFO] [stdout] 
[INFO] [stdout] 
[INFO] [stdout] warning: use of deprecated constant `std::f32::NEG_INFINITY`: replaced by the `NEG_INFINITY` associated constant on `f32`
[INFO] [stdout]   --> src/primitive/errorbar.rs:95:24
[INFO] [stdout]    |
[INFO] [stdout] 95 |     let mut max = f32::NEG_INFINITY;
[INFO] [stdout]    |                        ^^^^^^^^^^^^
[INFO] [stdout] 
[INFO] [stdout] 
[INFO] [stdout] warning: use of deprecated constant `std::f32::INFINITY`: replaced by the `INFINITY` associated constant on `f32`
[INFO] [stdout]    --> src/primitive/errorbar.rs:138:30
[INFO] [stdout]     |
[INFO] [stdout] 138 |     let mut mins = vec![f32::INFINITY; num_points];
[INFO] [stdout]     |                              ^^^^^^^^
[INFO] [stdout] 
[INFO] [stdout] 
[INFO] [stdout] warning: use of deprecated constant `std::f32::NEG_INFINITY`: replaced by the `NEG_INFINITY` associated constant on `f32`
[INFO] [stdout]    --> src/primitive/errorbar.rs:139:30
[INFO] [stdout]     |
[INFO] [stdout] 139 |     let mut maxs = vec![f32::NEG_INFINITY; num_points];
[INFO] [stdout]     |                              ^^^^^^^^^^^^
[INFO] [stdout] 
[INFO] [stdout] 
[INFO] [stdout] warning: use of deprecated constant `std::f32::INFINITY`: replaced by the `INFINITY` associated constant on `f32`
[INFO] [stdout]    --> src/primitive/errorbar.rs:269:26
[INFO] [stdout]     |
[INFO] [stdout] 269 |     let mut x_min = f32::INFINITY;
[INFO] [stdout]     |                          ^^^^^^^^
[INFO] [stdout] 
[INFO] [stdout] 
[INFO] [stdout] warning: use of deprecated constant `std::f32::NEG_INFINITY`: replaced by the `NEG_INFINITY` associated constant on `f32`
[INFO] [stdout]    --> src/primitive/errorbar.rs:270:26
[INFO] [stdout]     |
[INFO] [stdout] 270 |     let mut x_max = f32::NEG_INFINITY;
[INFO] [stdout]     |                          ^^^^^^^^^^^^
[INFO] [stdout] 
[INFO] [stdout] 
[INFO] [stdout] warning: use of deprecated constant `std::f32::INFINITY`: replaced by the `INFINITY` associated constant on `f32`
[INFO] [stdout]    --> src/primitive/errorbar.rs:292:26
[INFO] [stdout]     |
[INFO] [stdout] 292 |     let mut y_min = f32::INFINITY;
[INFO] [stdout]     |                          ^^^^^^^^
[INFO] [stdout] 
[INFO] [stdout] 
[INFO] [stdout] warning: use of deprecated constant `std::f32::NEG_INFINITY`: replaced by the `NEG_INFINITY` associated constant on `f32`
[INFO] [stdout]    --> src/primitive/errorbar.rs:293:26
[INFO] [stdout]     |
[INFO] [stdout] 293 |     let mut y_max = f32::NEG_INFINITY;
[INFO] [stdout]     |                          ^^^^^^^^^^^^
[INFO] [stdout] 
[INFO] [stdout] 
[INFO] [stdout] warning: method `or` is never used
[INFO] [stdout]   --> src/primitive/errorbar.rs:33:6
[INFO] [stdout]    |
[INFO] [stdout] 24 | impl Bar {
[INFO] [stdout]    | -------- method in this implementation
[INFO] [stdout] ...
[INFO] [stdout] 33 |   fn or(mut self, rhs: f32) -> Self {
[INFO] [stdout]    |      ^^
[INFO] [stdout]    |
[INFO] [stdout]    = note: `#[warn(dead_code)]` (part of `#[warn(unused)]`) on by default
[INFO] [stdout] 
[INFO] [stdout] 
[INFO] [stdout] warning: use of deprecated constant `std::f32::INFINITY`: replaced by the `INFINITY` associated constant on `f32`
[INFO] [stdout]   --> src/primitive/errorbar.rs:94:24
[INFO] [stdout]    |
[INFO] [stdout] 94 |     let mut min = f32::INFINITY;
[INFO] [stdout]    |                        ^^^^^^^^
[INFO] [stdout]    |
[INFO] [stdout]    = note: `#[warn(deprecated)]` on by default
[INFO] [stdout] 
[INFO] [stdout] 
[INFO] [stdout] warning: use of deprecated constant `std::f32::NEG_INFINITY`: replaced by the `NEG_INFINITY` associated constant on `f32`
[INFO] [stdout]   --> src/primitive/errorbar.rs:95:24
[INFO] [stdout]    |
[INFO] [stdout] 95 |     let mut max = f32::NEG_INFINITY;
[INFO] [stdout]    |                        ^^^^^^^^^^^^
[INFO] [stdout] 
[INFO] [stdout] 
[INFO] [stdout] warning: use of deprecated constant `std::f32::INFINITY`: replaced by the `INFINITY` associated constant on `f32`
[INFO] [stdout]    --> src/primitive/errorbar.rs:138:30
[INFO] [stdout]     |
[INFO] [stdout] 138 |     let mut mins = vec![f32::INFINITY; num_points];
[INFO] [stdout]     |                              ^^^^^^^^
[INFO] [stdout] 
[INFO] [stdout] 
[INFO] [stdout] warning: use of deprecated constant `std::f32::NEG_INFINITY`: replaced by the `NEG_INFINITY` associated constant on `f32`
[INFO] [stdout]    --> src/primitive/errorbar.rs:139:30
[INFO] [stdout]     |
[INFO] [stdout] 139 |     let mut maxs = vec![f32::NEG_INFINITY; num_points];
[INFO] [stdout]     |                              ^^^^^^^^^^^^
[INFO] [stdout] 
[INFO] [stdout] 
[INFO] [stdout] warning: use of deprecated constant `std::f32::INFINITY`: replaced by the `INFINITY` associated constant on `f32`
[INFO] [stdout]    --> src/primitive/errorbar.rs:269:26
[INFO] [stdout]     |
[INFO] [stdout] 269 |     let mut x_min = f32::INFINITY;
[INFO] [stdout]     |                          ^^^^^^^^
[INFO] [stdout] 
[INFO] [stdout] 
[INFO] [stdout] warning: use of deprecated constant `std::f32::NEG_INFINITY`: replaced by the `NEG_INFINITY` associated constant on `f32`
[INFO] [stdout]    --> src/primitive/errorbar.rs:270:26
[INFO] [stdout]     |
[INFO] [stdout] 270 |     let mut x_max = f32::NEG_INFINITY;
[INFO] [stdout]     |                          ^^^^^^^^^^^^
[INFO] [stdout] 
[INFO] [stdout] 
[INFO] [stdout] warning: use of deprecated constant `std::f32::INFINITY`: replaced by the `INFINITY` associated constant on `f32`
[INFO] [stdout]    --> src/primitive/errorbar.rs:292:26
[INFO] [stdout]     |
[INFO] [stdout] 292 |     let mut y_min = f32::INFINITY;
[INFO] [stdout]     |                          ^^^^^^^^
[INFO] [stdout] 
[INFO] [stdout] 
[INFO] [stdout] warning: use of deprecated constant `std::f32::NEG_INFINITY`: replaced by the `NEG_INFINITY` associated constant on `f32`
[INFO] [stdout]    --> src/primitive/errorbar.rs:293:26
[INFO] [stdout]     |
[INFO] [stdout] 293 |     let mut y_max = f32::NEG_INFINITY;
[INFO] [stdout]     |                          ^^^^^^^^^^^^
[INFO] [stdout] 
[INFO] [stdout] 
[INFO] [stdout] warning: method `or` is never used
[INFO] [stdout]   --> src/primitive/errorbar.rs:33:6
[INFO] [stdout]    |
[INFO] [stdout] 24 | impl Bar {
[INFO] [stdout]    | -------- method in this implementation
[INFO] [stdout] ...
[INFO] [stdout] 33 |   fn or(mut self, rhs: f32) -> Self {
[INFO] [stdout]    |      ^^
[INFO] [stdout]    |
[INFO] [stdout]    = note: `#[warn(dead_code)]` (part of `#[warn(unused)]`) on by default
[INFO] [stdout] 
[INFO] [stdout] 
[INFO] [stderr] warning: unused dependency `anyhow`
[INFO] [stderr]  --> Cargo.toml:4:15
[INFO] [stderr]   |
[INFO] [stderr] 4 | [dependencies.anyhow]
[INFO] [stderr]   |               ^^^^^^^
[INFO] [stderr]   |
[INFO] [stderr]   = note: `cargo::unused_dependencies` is set to `warn` by default
[INFO] [stderr] help: consider removing the dependency on `anyhow`
[INFO] [stderr] warning: `painter` (manifest) generated 1 warning
[INFO] [stderr]     Finished `release` profile [optimized] target(s) in 0.80s
[INFO] [stderr] warning: the following packages contain code that will be rejected by a future version of Rust: winit v0.30.12
[INFO] [stderr] note: to see what the problems were, use the option `--future-incompat-report`, or run `cargo report future-incompatibilities --id 1`
[INFO] running `Command { std: "docker" "inspect" "d520ca884d89421ed1e9881f516047a6bb43269d0df5899470922b7ab715af37", kill_on_drop: false }`
[INFO] running `Command { std: "docker" "exec" "-e" "SOURCE_DIR=/opt/rustwide/workdir" "-e" "CARGO_HOME=/opt/rustwide/cargo-home" "-e" "RUSTUP_HOME=/opt/rustwide/rustup-home" "-e" "CARGO_TARGET_DIR=/opt/rustwide/target" "-e" "CARGO_INCREMENTAL=0" "-e" "RUST_BACKTRACE=full" "-e" "RUSTFLAGS=--cap-lints=warn" "-e" "RUSTDOCFLAGS=--cap-lints=warn" "-w" "/opt/rustwide/workdir" "--user" "0:0" "d520ca884d89421ed1e9881f516047a6bb43269d0df5899470922b7ab715af37" "/opt/rustwide/cargo-home/bin/cargo" "+1.100.0-beta.1" "test" "--frozen" "--release", kill_on_drop: false }`
[INFO] [stderr] warning: use of deprecated constant `std::f32::INFINITY`: replaced by the `INFINITY` associated constant on `f32`
[INFO] [stderr]   --> src/primitive/errorbar.rs:94:24
[INFO] [stderr]    |
[INFO] [stderr] 94 |     let mut min = f32::INFINITY;
[INFO] [stderr]    |                        ^^^^^^^^
[INFO] [stderr]    |
[INFO] [stderr]    = note: `#[warn(deprecated)]` on by default
[INFO] [stderr] 
[INFO] [stderr] warning: use of deprecated constant `std::f32::NEG_INFINITY`: replaced by the `NEG_INFINITY` associated constant on `f32`
[INFO] [stderr]   --> src/primitive/errorbar.rs:95:24
[INFO] [stderr]    |
[INFO] [stderr] 95 |     let mut max = f32::NEG_INFINITY;
[INFO] [stderr]    |                        ^^^^^^^^^^^^
[INFO] [stderr] 
[INFO] [stderr] warning: use of deprecated constant `std::f32::INFINITY`: replaced by the `INFINITY` associated constant on `f32`
[INFO] [stderr]    --> src/primitive/errorbar.rs:138:30
[INFO] [stderr]     |
[INFO] [stderr] 138 |     let mut mins = vec![f32::INFINITY; num_points];
[INFO] [stderr]     |                              ^^^^^^^^
[INFO] [stderr] 
[INFO] [stderr] warning: use of deprecated constant `std::f32::NEG_INFINITY`: replaced by the `NEG_INFINITY` associated constant on `f32`
[INFO] [stderr]    --> src/primitive/errorbar.rs:139:30
[INFO] [stderr]     |
[INFO] [stderr] 139 |     let mut maxs = vec![f32::NEG_INFINITY; num_points];
[INFO] [stderr]     |                              ^^^^^^^^^^^^
[INFO] [stderr] 
[INFO] [stderr] warning: use of deprecated constant `std::f32::INFINITY`: replaced by the `INFINITY` associated constant on `f32`
[INFO] [stderr]    --> src/primitive/errorbar.rs:269:26
[INFO] [stderr]     |
[INFO] [stderr] 269 |     let mut x_min = f32::INFINITY;
[INFO] [stderr]     |                          ^^^^^^^^
[INFO] [stderr] 
[INFO] [stderr] warning: use of deprecated constant `std::f32::NEG_INFINITY`: replaced by the `NEG_INFINITY` associated constant on `f32`
[INFO] [stderr]    --> src/primitive/errorbar.rs:270:26
[INFO] [stderr]     |
[INFO] [stderr] 270 |     let mut x_max = f32::NEG_INFINITY;
[INFO] [stderr]     |                          ^^^^^^^^^^^^
[INFO] [stderr] 
[INFO] [stderr] warning: use of deprecated constant `std::f32::INFINITY`: replaced by the `INFINITY` associated constant on `f32`
[INFO] [stderr]    --> src/primitive/errorbar.rs:292:26
[INFO] [stderr]     |
[INFO] [stderr] 292 |     let mut y_min = f32::INFINITY;
[INFO] [stderr]     |                          ^^^^^^^^
[INFO] [stderr] 
[INFO] [stderr] warning: use of deprecated constant `std::f32::NEG_INFINITY`: replaced by the `NEG_INFINITY` associated constant on `f32`
[INFO] [stderr]    --> src/primitive/errorbar.rs:293:26
[INFO] [stderr]     |
[INFO] [stderr] 293 |     let mut y_max = f32::NEG_INFINITY;
[INFO] [stderr]     |                          ^^^^^^^^^^^^
[INFO] [stderr] 
[INFO] [stderr] warning: method `or` is never used
[INFO] [stderr]   --> src/primitive/errorbar.rs:33:6
[INFO] [stderr]    |
[INFO] [stderr] 24 | impl Bar {
[INFO] [stderr]    | -------- method in this implementation
[INFO] [stderr] ...
[INFO] [stderr] 33 |   fn or(mut self, rhs: f32) -> Self {
[INFO] [stderr]    |      ^^
[INFO] [stderr]    |
[INFO] [stderr]    = note: `#[warn(dead_code)]` (part of `#[warn(unused)]`) on by default
[INFO] [stderr] 
[INFO] [stderr] warning: `painter` (lib) generated 9 warnings
[INFO] [stderr] warning: `painter` (lib test) generated 9 warnings (9 duplicates)
[INFO] [stderr] warning: unused dependency `anyhow`
[INFO] [stderr]  --> Cargo.toml:4:15
[INFO] [stderr]   |
[INFO] [stderr] 4 | [dependencies.anyhow]
[INFO] [stderr]   |               ^^^^^^^
[INFO] [stderr]   |
[INFO] [stderr]   = note: `cargo::unused_dependencies` is set to `warn` by default
[INFO] [stderr] help: consider removing the dependency on `anyhow`
[INFO] [stderr] warning: `painter` (manifest) generated 1 warning
[INFO] [stderr]     Finished `release` profile [optimized] target(s) in 0.18s
[INFO] [stderr] warning: the following packages contain code that will be rejected by a future version of Rust: winit v0.30.12
[INFO] [stderr] note: to see what the problems were, use the option `--future-incompat-report`, or run `cargo report future-incompatibilities --id 1`
[INFO] [stderr]      Running unittests src/lib.rs (/opt/rustwide/target/release/build/painter/e0970cda1795f64e/out/painter-e0970cda1795f64e)
[INFO] [stdout] 
[INFO] [stdout] running 1 test
[INFO] [stdout] test text_render::test_has_font ... FAILED
[INFO] [stdout] 
[INFO] [stdout] failures:
[INFO] [stdout] 
[INFO] [stdout] ---- text_render::test_has_font stdout ----
[INFO] [stdout] 
[INFO] [stdout] thread 'text_render::test_has_font' (2178) panicked at src/text_render.rs:128:3:
[INFO] [stdout] assertion failed: tr.has_family("Noto Serif Test")
[INFO] [stdout] stack backtrace:
[INFO] [stdout]    0:     0x5eed266defd1 - <<std[617be2ca0a6fd877]::sys::backtrace::BacktraceLock>::print::DisplayBacktrace as core[a373ad73a504971]::fmt::Display>::fmt
[INFO] [stdout]    1:     0x5eed266f48ea - core[a373ad73a504971]::fmt::write
[INFO] [stdout]    2:     0x5eed266e34dc - <alloc[2e1b2a31b91974c5]::vec::Vec<u8> as core[a373ad73a504971]::io::write::Write>::write_fmt
[INFO] [stdout]    3:     0x5eed266ba3d6 - std[617be2ca0a6fd877]::panicking::default_hook::{closure#0}
[INFO] [stdout]    4:     0x5eed266d7059 - std[617be2ca0a6fd877]::panicking::default_hook
[INFO] [stdout]    5:     0x5eed2663b100 - test[aada8e7e76ba119b]::test_main_inner::{closure#0}
[INFO] [stdout]    6:     0x5eed266d7212 - std[617be2ca0a6fd877]::panicking::panic_with_hook
[INFO] [stdout]    7:     0x5eed266ba4b4 - std[617be2ca0a6fd877]::panicking::panic_handler::{closure#0}
[INFO] [stdout]    8:     0x5eed266b2f69 - std[617be2ca0a6fd877]::sys::backtrace::__rust_end_short_backtrace::<std[617be2ca0a6fd877]::panicking::panic_handler::{closure#0}, !>
[INFO] [stdout]    9:     0x5eed266bb08d - __rustc[ea4f61d10b84890b]::rust_begin_unwind
[INFO] [stdout]   10:     0x5eed266f501c - core[a373ad73a504971]::panicking::panic_fmt
[INFO] [stdout]   11:     0x5eed266f4fe2 - core[a373ad73a504971]::panicking::panic
[INFO] [stdout]   12:     0x5eed2662e410 - <painter[b1e94f3e4e555829]::text_render::test_has_font::{closure#0} as core[a373ad73a504971]::ops::function::FnOnce<()>>::call_once
[INFO] [stdout]   13:     0x5eed2662e54b - test[aada8e7e76ba119b]::__rust_begin_short_backtrace::<core[a373ad73a504971]::result::Result<(), alloc[2e1b2a31b91974c5]::string::String>, fn() -> core[a373ad73a504971]::result::Result<(), alloc[2e1b2a31b91974c5]::string::String>>
[INFO] [stdout]   14:     0x5eed2663b725 - test[aada8e7e76ba119b]::run_test::{closure#0}
[INFO] [stdout]   15:     0x5eed26635014 - std[617be2ca0a6fd877]::sys::backtrace::__rust_begin_short_backtrace::<test[aada8e7e76ba119b]::run_test::{closure#1}, ()>
[INFO] [stdout]   16:     0x5eed2663e7b2 - <std[617be2ca0a6fd877]::thread::lifecycle::spawn_unchecked<test[aada8e7e76ba119b]::run_test::{closure#1}, ()>::{closure#1} as core[a373ad73a504971]::ops::function::FnOnce<()>>::call_once::{shim:vtable#0}
[INFO] [stdout]   17:     0x5eed266de4cf - <std[617be2ca0a6fd877]::sys::thread::unix::Thread>::new::thread_start
[INFO] [stdout]   18:     0x7059a37c5dfa - <unknown>
[INFO] [stdout]   19:     0x7059a38593d4 - clone
[INFO] [stdout]   20:                0x0 - <unknown>
[INFO] [stdout] 
[INFO] [stdout] 
[INFO] [stdout] failures:
[INFO] [stdout]     text_render::test_has_font
[INFO] [stdout] 
[INFO] [stdout] test result: FAILED. 0 passed; 1 failed; 0 ignored; 0 measured; 0 filtered out; finished in 0.06s
[INFO] [stdout] 
[INFO] [stderr] error: test failed, to rerun pass `--lib`
[INFO] running `Command { std: "docker" "inspect" "d520ca884d89421ed1e9881f516047a6bb43269d0df5899470922b7ab715af37", kill_on_drop: false }`
[INFO] running `Command { std: "docker" "rm" "-f" "d520ca884d89421ed1e9881f516047a6bb43269d0df5899470922b7ab715af37", kill_on_drop: false }`
[INFO] [stdout] d520ca884d89421ed1e9881f516047a6bb43269d0df5899470922b7ab715af37
