[INFO] fetching crate painted 1.0.0...
[INFO] testing painted-1.0.0 against 1.100.0-beta.1+cargoflags=--release for beta-release-1.100-2
[INFO] extracting crate painted 1.0.0 into /workspace/builds/worker-7-tc2/source
[INFO] started tweaking crates.io crate painted 1.0.0
[INFO] finished tweaking crates.io crate painted 1.0.0
[INFO] tweaked toml for crates.io crate painted 1.0.0 written to /workspace/builds/worker-7-tc2/source/Cargo.toml
[INFO] validating manifest of crates.io crate painted 1.0.0 on toolchain 1.100.0-beta.1
[INFO] running `Command { std: CARGO_HOME="/workspace/cargo-home" RUSTUP_HOME="/workspace/rustup-home" "/workspace/cargo-home/bin/cargo" "+1.100.0-beta.1" "metadata" "--manifest-path" "Cargo.toml" "--no-deps", kill_on_drop: false }`
[INFO] crate crates.io crate painted 1.0.0 already has a lockfile, it will not be regenerated
[INFO] running `Command { std: CARGO_HOME="/workspace/cargo-home" RUSTUP_HOME="/workspace/rustup-home" "/workspace/cargo-home/bin/cargo" "+1.100.0-beta.1" "fetch" "--manifest-path" "Cargo.toml", kill_on_drop: false }`
[INFO] [stderr] warning: `package.homepage` is redundant with `package.repository`
[INFO] [stderr]   --> Cargo.toml:20:12
[INFO] [stderr]    |
[INFO] [stderr] 20 | homepage = "https://github.com/mrquantumoff/painted"
[INFO] [stderr]    |            ^^^^^^^^^^^^^^^^^^^^^^^^^^^^^^^^^^^^^^^^^
[INFO] [stderr] ...
[INFO] [stderr] 25 | repository = "https://github.com/mrquantumoff/painted"
[INFO] [stderr]    |              -----------------------------------------
[INFO] [stderr]    |
[INFO] [stderr]    = note: `cargo::redundant_homepage` is set to `warn` by default
[INFO] [stderr] help: consider removing `package.homepage`
[INFO] [stderr] warning: `painted` (manifest) generated 1 warning
[INFO] running `Command { std: "docker" "create" "-v" "/var/lib/crater-agent-workspace/builds/worker-7-tc2/source:/opt/rustwide/workdir:ro,Z" "-v" "/var/lib/crater-agent-workspace/builds/worker-7-tc2/target:/opt/rustwide/target:rw,Z" "-v" "/var/lib/crater-agent-workspace/cargo-home:/opt/rustwide/cargo-home:ro,Z" "-v" "/var/lib/crater-agent-workspace/rustup-home:/opt/rustwide/rustup-home:ro,Z" "-m" "1610612736" "--network" "none" "ghcr.io/rust-lang/crates-build-env/linux@sha256:77db811e55d90add9212f6832c23229e3de5f1c1f9905e8cb07319ea15df73ac" "sleep" "infinity", kill_on_drop: false }`
[INFO] [stdout] d1dd431ed0619becf2b3b0ca1a9ceb34bb6894cc8ab364dcc50abd60ab95b4eb
[INFO] running `Command { std: "docker" "start" "d1dd431ed0619becf2b3b0ca1a9ceb34bb6894cc8ab364dcc50abd60ab95b4eb", kill_on_drop: false }`
[INFO] running `Command { std: "docker" "inspect" "d1dd431ed0619becf2b3b0ca1a9ceb34bb6894cc8ab364dcc50abd60ab95b4eb", kill_on_drop: false }`
[INFO] running `Command { std: "docker" "exec" "-e" "SOURCE_DIR=/opt/rustwide/workdir" "-e" "CARGO_HOME=/opt/rustwide/cargo-home" "-e" "RUSTUP_HOME=/opt/rustwide/rustup-home" "-e" "CARGO_TARGET_DIR=/opt/rustwide/target" "-w" "/opt/rustwide/workdir" "--user" "0:0" "d1dd431ed0619becf2b3b0ca1a9ceb34bb6894cc8ab364dcc50abd60ab95b4eb" "/opt/rustwide/cargo-home/bin/cargo" "+1.100.0-beta.1" "metadata" "--no-deps" "--format-version=1", kill_on_drop: false }`
[INFO] running `Command { std: "docker" "inspect" "d1dd431ed0619becf2b3b0ca1a9ceb34bb6894cc8ab364dcc50abd60ab95b4eb", kill_on_drop: false }`
[INFO] running `Command { std: "docker" "exec" "-e" "SOURCE_DIR=/opt/rustwide/workdir" "-e" "CARGO_HOME=/opt/rustwide/cargo-home" "-e" "RUSTUP_HOME=/opt/rustwide/rustup-home" "-e" "CARGO_TARGET_DIR=/opt/rustwide/target" "-e" "CARGO_INCREMENTAL=0" "-e" "RUST_BACKTRACE=full" "-e" "RUSTFLAGS=--cap-lints=warn" "-e" "RUSTDOCFLAGS=--cap-lints=warn" "-w" "/opt/rustwide/workdir" "--user" "0:0" "d1dd431ed0619becf2b3b0ca1a9ceb34bb6894cc8ab364dcc50abd60ab95b4eb" "/opt/rustwide/cargo-home/bin/cargo" "+1.100.0-beta.1" "build" "--frozen" "--message-format=json" "--release", kill_on_drop: false }`
[INFO] [stderr] warning: `package.homepage` is redundant with `package.repository`
[INFO] [stderr]   --> Cargo.toml:20:12
[INFO] [stderr]    |
[INFO] [stderr] 20 | homepage = "https://github.com/mrquantumoff/painted"
[INFO] [stderr]    |            ^^^^^^^^^^^^^^^^^^^^^^^^^^^^^^^^^^^^^^^^^
[INFO] [stderr] ...
[INFO] [stderr] 25 | repository = "https://github.com/mrquantumoff/painted"
[INFO] [stderr]    |              -----------------------------------------
[INFO] [stderr]    |
[INFO] [stderr]    = note: `cargo::redundant_homepage` is set to `warn` by default
[INFO] [stderr] help: consider removing `package.homepage`
[INFO] [stderr] warning: `painted` (manifest) generated 1 warning
[INFO] [stderr]    Compiling libc v0.2.132
[INFO] [stderr]    Compiling atty v0.2.14
[INFO] [stderr]    Compiling painted v1.0.0 (/opt/rustwide/workdir)
[INFO] [stdout] warning: unnecessary parentheses around closure body
[INFO] [stdout]   --> src/style.rs:78:39
[INFO] [stdout]    |
[INFO] [stdout] 78 |             .filter(|&&(ref mask, _)| (0 != (u & mask)))
[INFO] [stdout]    |                                       ^               ^
[INFO] [stdout]    |
[INFO] [stdout]    = note: `#[warn(unused_parens)]` (part of `#[warn(unused)]`) on by default
[INFO] [stdout] help: remove these parentheses
[INFO] [stdout]    |
[INFO] [stdout] 78 -             .filter(|&&(ref mask, _)| (0 != (u & mask)))
[INFO] [stdout] 78 +             .filter(|&&(ref mask, _)| 0 != (u & mask))
[INFO] [stdout]    |
[INFO] [stdout] 
[INFO] [stdout] 
[INFO] [stdout] warning: type `paintedString` should have an upper camel case name
[INFO] [stdout]   --> src/lib.rs:54:12
[INFO] [stdout]    |
[INFO] [stdout] 54 | pub struct paintedString {
[INFO] [stdout]    |            ^^^^^^^^^^^^^ help: convert the identifier to upper camel case: `PaintedString`
[INFO] [stdout]    |
[INFO] [stdout]    = note: `#[warn(non_camel_case_types)]` (part of `#[warn(nonstandard_style)]`) on by default
[INFO] [stdout] 
[INFO] [stdout] 
[INFO] [stdout] warning: hiding a lifetime that's elided elsewhere is confusing
[INFO] [stdout]    --> src/lib.rs:433:37
[INFO] [stdout]     |
[INFO] [stdout] 433 |     fn escape_inner_reset_sequences(&self) -> Cow<str> {
[INFO] [stdout]     |                                     ^^^^^     ^^^^^^^^ the same lifetime is hidden here
[INFO] [stdout]     |                                     |
[INFO] [stdout]     |                                     the lifetime is elided here
[INFO] [stdout]     |
[INFO] [stdout]     = help: the same lifetime is referred to in inconsistent ways, making the signature confusing
[INFO] [stdout]     = note: `#[warn(mismatched_lifetime_syntaxes)]` on by default
[INFO] [stdout] help: use `'_` for type paths
[INFO] [stdout]     |
[INFO] [stdout] 433 |     fn escape_inner_reset_sequences(&self) -> Cow<'_, str> {
[INFO] [stdout]     |                                                   +++
[INFO] [stdout] 
[INFO] [stdout] 
[INFO] [stderr]     Finished `release` profile [optimized] target(s) in 1.21s
[INFO] running `Command { std: "docker" "inspect" "d1dd431ed0619becf2b3b0ca1a9ceb34bb6894cc8ab364dcc50abd60ab95b4eb", kill_on_drop: false }`
[INFO] running `Command { std: "docker" "exec" "-e" "SOURCE_DIR=/opt/rustwide/workdir" "-e" "CARGO_HOME=/opt/rustwide/cargo-home" "-e" "RUSTUP_HOME=/opt/rustwide/rustup-home" "-e" "CARGO_TARGET_DIR=/opt/rustwide/target" "-e" "CARGO_INCREMENTAL=0" "-e" "RUST_BACKTRACE=full" "-e" "RUSTFLAGS=--cap-lints=warn" "-e" "RUSTDOCFLAGS=--cap-lints=warn" "-w" "/opt/rustwide/workdir" "--user" "0:0" "d1dd431ed0619becf2b3b0ca1a9ceb34bb6894cc8ab364dcc50abd60ab95b4eb" "/opt/rustwide/cargo-home/bin/cargo" "+1.100.0-beta.1" "test" "--frozen" "--no-run" "--message-format=json" "--release", kill_on_drop: false }`
[INFO] [stderr] warning: `package.homepage` is redundant with `package.repository`
[INFO] [stderr]   --> Cargo.toml:20:12
[INFO] [stderr]    |
[INFO] [stderr] 20 | homepage = "https://github.com/mrquantumoff/painted"
[INFO] [stderr]    |            ^^^^^^^^^^^^^^^^^^^^^^^^^^^^^^^^^^^^^^^^^
[INFO] [stderr] ...
[INFO] [stderr] 25 | repository = "https://github.com/mrquantumoff/painted"
[INFO] [stderr]    |              -----------------------------------------
[INFO] [stderr]    |
[INFO] [stderr]    = note: `cargo::redundant_homepage` is set to `warn` by default
[INFO] [stderr] help: consider removing `package.homepage`
[INFO] [stderr] warning: `painted` (manifest) generated 1 warning
[INFO] [stdout] warning: unnecessary parentheses around closure body
[INFO] [stdout]   --> src/style.rs:78:39
[INFO] [stdout]    |
[INFO] [stdout] 78 |             .filter(|&&(ref mask, _)| (0 != (u & mask)))
[INFO] [stdout]    |                                       ^               ^
[INFO] [stdout]    |
[INFO] [stdout]    = note: `#[warn(unused_parens)]` (part of `#[warn(unused)]`) on by default
[INFO] [stdout] help: remove these parentheses
[INFO] [stdout]    |
[INFO] [stdout] 78 -             .filter(|&&(ref mask, _)| (0 != (u & mask)))
[INFO] [stdout] 78 +             .filter(|&&(ref mask, _)| 0 != (u & mask))
[INFO] [stdout]    |
[INFO] [stdout] 
[INFO] [stdout] 
[INFO] [stdout] warning: type `paintedString` should have an upper camel case name
[INFO] [stdout]   --> src/lib.rs:54:12
[INFO] [stdout]    |
[INFO] [stdout] 54 | pub struct paintedString {
[INFO] [stdout]    |            ^^^^^^^^^^^^^ help: convert the identifier to upper camel case: `PaintedString`
[INFO] [stdout]    |
[INFO] [stdout]    = note: `#[warn(non_camel_case_types)]` (part of `#[warn(nonstandard_style)]`) on by default
[INFO] [stdout] 
[INFO] [stdout] 
[INFO] [stdout] warning: hiding a lifetime that's elided elsewhere is confusing
[INFO] [stdout]    --> src/lib.rs:433:37
[INFO] [stdout]     |
[INFO] [stdout] 433 |     fn escape_inner_reset_sequences(&self) -> Cow<str> {
[INFO] [stdout]     |                                     ^^^^^     ^^^^^^^^ the same lifetime is hidden here
[INFO] [stdout]     |                                     |
[INFO] [stdout]     |                                     the lifetime is elided here
[INFO] [stdout]     |
[INFO] [stdout]     = help: the same lifetime is referred to in inconsistent ways, making the signature confusing
[INFO] [stdout]     = note: `#[warn(mismatched_lifetime_syntaxes)]` on by default
[INFO] [stdout] help: use `'_` for type paths
[INFO] [stdout]     |
[INFO] [stdout] 433 |     fn escape_inner_reset_sequences(&self) -> Cow<'_, str> {
[INFO] [stdout]     |                                                   +++
[INFO] [stdout] 
[INFO] [stdout] 
[INFO] [stderr]    Compiling ansi_term v0.12.1
[INFO] [stderr]    Compiling rspec v1.0.0-beta.3
[INFO] [stderr]    Compiling painted v1.0.0 (/opt/rustwide/workdir)
[INFO] [stdout] warning: unnecessary parentheses around closure body
[INFO] [stdout]   --> src/style.rs:78:39
[INFO] [stdout]    |
[INFO] [stdout] 78 |             .filter(|&&(ref mask, _)| (0 != (u & mask)))
[INFO] [stdout]    |                                       ^               ^
[INFO] [stdout]    |
[INFO] [stdout]    = note: `#[warn(unused_parens)]` (part of `#[warn(unused)]`) on by default
[INFO] [stdout] help: remove these parentheses
[INFO] [stdout]    |
[INFO] [stdout] 78 -             .filter(|&&(ref mask, _)| (0 != (u & mask)))
[INFO] [stdout] 78 +             .filter(|&&(ref mask, _)| 0 != (u & mask))
[INFO] [stdout]    |
[INFO] [stdout] 
[INFO] [stdout] 
[INFO] [stdout] warning: type `paintedString` should have an upper camel case name
[INFO] [stdout]   --> src/lib.rs:54:12
[INFO] [stdout]    |
[INFO] [stdout] 54 | pub struct paintedString {
[INFO] [stdout]    |            ^^^^^^^^^^^^^ help: convert the identifier to upper camel case: `PaintedString`
[INFO] [stdout]    |
[INFO] [stdout]    = note: `#[warn(non_camel_case_types)]` (part of `#[warn(nonstandard_style)]`) on by default
[INFO] [stdout] 
[INFO] [stdout] 
[INFO] [stdout] warning: hiding a lifetime that's elided elsewhere is confusing
[INFO] [stdout]    --> src/lib.rs:433:37
[INFO] [stdout]     |
[INFO] [stdout] 433 |     fn escape_inner_reset_sequences(&self) -> Cow<str> {
[INFO] [stdout]     |                                     ^^^^^     ^^^^^^^^ the same lifetime is hidden here
[INFO] [stdout]     |                                     |
[INFO] [stdout]     |                                     the lifetime is elided here
[INFO] [stdout]     |
[INFO] [stdout]     = help: the same lifetime is referred to in inconsistent ways, making the signature confusing
[INFO] [stdout]     = note: `#[warn(mismatched_lifetime_syntaxes)]` on by default
[INFO] [stdout] help: use `'_` for type paths
[INFO] [stdout]     |
[INFO] [stdout] 433 |     fn escape_inner_reset_sequences(&self) -> Cow<'_, str> {
[INFO] [stdout]     |                                                   +++
[INFO] [stdout] 
[INFO] [stdout] 
[INFO] [stderr]     Finished `release` profile [optimized] target(s) in 3.17s
[INFO] running `Command { std: "docker" "inspect" "d1dd431ed0619becf2b3b0ca1a9ceb34bb6894cc8ab364dcc50abd60ab95b4eb", kill_on_drop: false }`
[INFO] running `Command { std: "docker" "exec" "-e" "SOURCE_DIR=/opt/rustwide/workdir" "-e" "CARGO_HOME=/opt/rustwide/cargo-home" "-e" "RUSTUP_HOME=/opt/rustwide/rustup-home" "-e" "CARGO_TARGET_DIR=/opt/rustwide/target" "-e" "CARGO_INCREMENTAL=0" "-e" "RUST_BACKTRACE=full" "-e" "RUSTFLAGS=--cap-lints=warn" "-e" "RUSTDOCFLAGS=--cap-lints=warn" "-w" "/opt/rustwide/workdir" "--user" "0:0" "d1dd431ed0619becf2b3b0ca1a9ceb34bb6894cc8ab364dcc50abd60ab95b4eb" "/opt/rustwide/cargo-home/bin/cargo" "+1.100.0-beta.1" "test" "--frozen" "--release", kill_on_drop: false }`
[INFO] [stderr] warning: `package.homepage` is redundant with `package.repository`
[INFO] [stderr]   --> Cargo.toml:20:12
[INFO] [stderr]    |
[INFO] [stderr] 20 | homepage = "https://github.com/mrquantumoff/painted"
[INFO] [stderr]    |            ^^^^^^^^^^^^^^^^^^^^^^^^^^^^^^^^^^^^^^^^^
[INFO] [stderr] ...
[INFO] [stderr] 25 | repository = "https://github.com/mrquantumoff/painted"
[INFO] [stderr]    |              -----------------------------------------
[INFO] [stderr]    |
[INFO] [stderr]    = note: `cargo::redundant_homepage` is set to `warn` by default
[INFO] [stderr] help: consider removing `package.homepage`
[INFO] [stderr] warning: `painted` (manifest) generated 1 warning
[INFO] [stderr] warning: unnecessary parentheses around closure body
[INFO] [stderr]   --> src/style.rs:78:39
[INFO] [stderr]    |
[INFO] [stderr] 78 |             .filter(|&&(ref mask, _)| (0 != (u & mask)))
[INFO] [stderr]    |                                       ^               ^
[INFO] [stderr]    |
[INFO] [stderr]    = note: `#[warn(unused_parens)]` (part of `#[warn(unused)]`) on by default
[INFO] [stderr] help: remove these parentheses
[INFO] [stderr]    |
[INFO] [stderr] 78 -             .filter(|&&(ref mask, _)| (0 != (u & mask)))
[INFO] [stderr] 78 +             .filter(|&&(ref mask, _)| 0 != (u & mask))
[INFO] [stderr]    |
[INFO] [stderr] 
[INFO] [stderr] warning: type `paintedString` should have an upper camel case name
[INFO] [stderr]   --> src/lib.rs:54:12
[INFO] [stderr]    |
[INFO] [stderr] 54 | pub struct paintedString {
[INFO] [stderr]    |            ^^^^^^^^^^^^^ help: convert the identifier to upper camel case: `PaintedString`
[INFO] [stderr]    |
[INFO] [stderr]    = note: `#[warn(non_camel_case_types)]` (part of `#[warn(nonstandard_style)]`) on by default
[INFO] [stderr] 
[INFO] [stderr] warning: hiding a lifetime that's elided elsewhere is confusing
[INFO] [stderr]    --> src/lib.rs:433:37
[INFO] [stderr]     |
[INFO] [stderr] 433 |     fn escape_inner_reset_sequences(&self) -> Cow<str> {
[INFO] [stderr]     |                                     ^^^^^     ^^^^^^^^ the same lifetime is hidden here
[INFO] [stderr]     |                                     |
[INFO] [stderr]     |                                     the lifetime is elided here
[INFO] [stderr]     |
[INFO] [stderr]     = help: the same lifetime is referred to in inconsistent ways, making the signature confusing
[INFO] [stderr]     = note: `#[warn(mismatched_lifetime_syntaxes)]` on by default
[INFO] [stderr] help: use `'_` for type paths
[INFO] [stderr]     |
[INFO] [stderr] 433 |     fn escape_inner_reset_sequences(&self) -> Cow<'_, str> {
[INFO] [stderr]     |                                                   +++
[INFO] [stderr] 
[INFO] [stderr] warning: `painted` (lib) generated 3 warnings (run `cargo fix --lib -p painted` to apply 2 suggestions)
[INFO] [stderr] warning: `painted` (lib test) generated 3 warnings (3 duplicates)
[INFO] [stderr]     Finished `release` profile [optimized] target(s) in 0.06s
[INFO] [stderr]      Running unittests src/lib.rs (/opt/rustwide/target/release/build/painted/dcb7795f9a4b41bb/out/painted-dcb7795f9a4b41bb)
[INFO] [stdout] 
[INFO] [stdout] running 86 tests
[INFO] [stdout] test color::tests::from_str::black ... ok
[INFO] [stdout] test color::tests::from_str::brightred ... ok
[INFO] [stdout] test color::tests::from_str::blue ... ok
[INFO] [stdout] test color::tests::from_str::brightblue ... ok
[INFO] [stdout] test color::tests::from_str::brightcyan ... ok
[INFO] [stdout] test color::tests::from_str::brightgreen ... ok
[INFO] [stdout] test color::tests::from_str::brightmagenta ... ok
[INFO] [stdout] test color::tests::from_str::brightblack ... ok
[INFO] [stdout] test color::tests::from_str::mixed_case ... ok
[INFO] [stdout] test color::tests::from_str::magenta ... ok
[INFO] [stdout] test color::tests::from_str::brightwhite ... ok
[INFO] [stdout] test color::tests::from_str::brightyellow ... ok
[INFO] [stdout] test color::tests::from_str::capitalized ... ok
[INFO] [stdout] test color::tests::from_str::cyan ... ok
[INFO] [stdout] test color::tests::from_str::green ... ok
[INFO] [stdout] test color::tests::from_str::invalid ... ok
[INFO] [stdout] test color::tests::from_str::purple ... ok
[INFO] [stdout] test color::tests::from_string::brightblack ... ok
[INFO] [stdout] test color::tests::from_string::brightblue ... ok
[INFO] [stdout] test color::tests::from_str::white ... ok
[INFO] [stdout] test color::tests::from_str::yellow ... ok
[INFO] [stdout] test color::tests::from_string::blue ... ok
[INFO] [stdout] test color::tests::from_str::red ... ok
[INFO] [stdout] test color::tests::from_string::brightred ... ok
[INFO] [stdout] test color::tests::from_string::brightgreen ... ok
[INFO] [stdout] test color::tests::from_string::black ... ok
[INFO] [stdout] test color::tests::from_string::capitalized ... ok
[INFO] [stdout] test color::tests::from_string::cyan ... ok
[INFO] [stdout] test color::tests::from_string::green ... ok
[INFO] [stdout] test color::tests::from_string::invalid ... ok
[INFO] [stdout] test color::tests::from_string::magenta ... ok
[INFO] [stdout] test color::tests::from_string::mixed_case ... ok
[INFO] [stdout] test color::tests::from_string::brightcyan ... ok
[INFO] [stdout] test color::tests::fromstr::error ... ok
[INFO] [stdout] test color::tests::from_string::brightmagenta ... ok
[INFO] [stdout] test color::tests::fromstr::parse ... ok
[INFO] [stdout] test color::tests::from_string::brightwhite ... ok
[INFO] [stdout] Running tests:
[INFO] [stdout] 
[INFO] [stdout] ...................
[INFO] [stdout] 
[INFO] [stdout] Failed examples:
[INFO] [stdout] 
[INFO] [stdout] 
[INFO] [stdout] test result: ok. 27 examples; 27 passed; 0 failed;
[INFO] [stdout] test control::specs::clicolor_behavior ... ok
[INFO] [stdout] test customcolors::tests::main ... ok
[INFO] [stdout] test style::tests::styles_combine_complex::aggreg1 ... ok
[INFO] [stdout] test style::tests::styles_combine_complex::aggreg2 ... ok
[INFO] [stdout] test color::tests::from_string::white ... ok
[INFO] [stdout] test color::tests::from_string::yellow ... ok
[INFO] [stdout] test color::tests::from_string::brightyellow ... ok
[INFO] [stdout] test color::tests::from_string::red ... ok
[INFO] [stdout] test style::tests::styles_combine_complex::all ... ok
[INFO] [stdout] test style::tests::styles_combine_complex::three2 ... ok
[INFO] [stdout] test style::tests::styles_combine_complex::two1 ... ok
[INFO] [stdout] test style::tests::styles_combine_complex::five ... ok
[INFO] [stdout] test style::tests::styles_combine_complex::four ... ok
[INFO] [stdout] test style::tests::styles_combine_complex::six ... ok
[INFO] [stdout] test style::tests::styles_combine_complex::three1 ... ok
[INFO] [stdout] test style::tests::u8_to_styles_invalid_is_none::empty_is_none ... ok
[INFO] [stdout] test style::tests::u8_to_styles_isomorphism::dimmed ... ok
[INFO] [stdout] test style::tests::u8_to_styles_isomorphism::hidden ... ok
[INFO] [stdout] test style::tests::styles_combine_complex::aggreg3 ... ok
[INFO] [stdout] test style::tests::u8_to_styles_isomorphism::italic ... ok
[INFO] [stdout] test style::tests::u8_to_styles_isomorphism::underline ... ok
[INFO] [stdout] test style::tests::u8_to_styles_isomorphism::blink ... ok
[INFO] [stdout] test style::tests::u8_to_styles_isomorphism::reversed ... ok
[INFO] [stdout] test style::tests::styles_combine_complex::two2 ... ok
[INFO] [stdout] test style::tests::u8_to_styles_isomorphism::strikethrough ... ok
[INFO] [stdout] test style::tests::styles_combine_complex::two3 ... ok
[INFO] [stdout] test style::tests::test_style_contains ... ok
[INFO] [stdout] test tests::bright_color_fn ... ok
[INFO] [stdout] test tests::color_fn ... ok
[INFO] [stdout] test style::tests::u8_to_styles_isomorphism::bold ... ok
[INFO] [stdout] test tests::compute_style_blue_on_blue ... FAILED
[INFO] [stdout] test tests::compute_style_blue_bold ... FAILED
[INFO] [stdout] test tests::compute_style_blue_bold_on_blue ... FAILED
[INFO] [stdout] test tests::compute_style_simple_bg_blue ... FAILED
[INFO] [stdout] test tests::compute_style_bright_blue_on_bright_blue ... FAILED
[INFO] [stdout] test tests::compute_style_empty_string ... ok
[INFO] [stdout] test tests::compute_style_simple_bg_bright_blue ... FAILED
[INFO] [stdout] test tests::escape_reset_sequence_spec_should_replace_inner_reset_sequence_with_current_style ... FAILED
[INFO] [stdout] test tests::compute_style_simple_fg_blue ... FAILED
[INFO] [stdout] test tests::compute_style_simple_fg_bright_blue ... FAILED
[INFO] [stdout] test tests::compute_style_simple_bold ... FAILED
[INFO] [stdout] test tests::on_bright_color_fn ... ok
[INFO] [stdout] test tests::escape_reset_sequence_spec_should_do_nothing_on_string_with_no_reset ... ok
[INFO] [stdout] test tests::escape_reset_sequence_spec_should_do_nothing_on_empty_strings ... ok
[INFO] [stdout] test tests::escape_reset_sequence_spec_should_replace_multiple_inner_reset_sequences_with_current_style ... FAILED
[INFO] [stdout] test tests::exposing_tests ... ok
[INFO] [stdout] test tests::it_works ... ok
[INFO] [stdout] test tests::on_color_fn ... ok
[INFO] [stderr] error: test failed, to rerun pass `--lib`
[INFO] [stdout] test tests::formatting ... ok
[INFO] [stdout] 
[INFO] [stdout] failures:
[INFO] [stdout] 
[INFO] [stdout] ---- tests::compute_style_blue_on_blue stdout ----
[INFO] [stdout] 
[INFO] [stdout] thread 'tests::compute_style_blue_on_blue' (396) panicked at src/lib.rs:706:9:
[INFO] [stdout] assertion `left == right` failed
[INFO] [stdout]   left: "\u{1b}[44;34m"
[INFO] [stdout]  right: ""
[INFO] [stdout] stack backtrace:
[INFO] [stdout]    0:     0x58bfa8c65b11 - <<std[617be2ca0a6fd877]::sys::backtrace::BacktraceLock>::print::DisplayBacktrace as core[a373ad73a504971]::fmt::Display>::fmt
[INFO] [stdout]    1:     0x58bfa8c7a81a - core[a373ad73a504971]::fmt::write
[INFO] [stdout]    2:     0x58bfa8c69d4c - <alloc[2e1b2a31b91974c5]::vec::Vec<u8> as core[a373ad73a504971]::io::write::Write>::write_fmt
[INFO] [stdout]    3:     0x58bfa8c41f76 - std[617be2ca0a6fd877]::panicking::default_hook::{closure#0}
[INFO] [stdout]    4:     0x58bfa8c5e1a9 - std[617be2ca0a6fd877]::panicking::default_hook
[INFO] [stdout]    5:     0x58bfa8bf9ba0 - test[aada8e7e76ba119b]::test_main_inner::{closure#0}
[INFO] [stdout]    6:     0x58bfa8c5e362 - std[617be2ca0a6fd877]::panicking::panic_with_hook
[INFO] [stdout]    7:     0x58bfa8c42022 - std[617be2ca0a6fd877]::panicking::panic_handler::{closure#0}
[INFO] [stdout]    8:     0x58bfa8c3ad39 - std[617be2ca0a6fd877]::sys::backtrace::__rust_end_short_backtrace::<std[617be2ca0a6fd877]::panicking::panic_handler::{closure#0}, !>
[INFO] [stdout]    9:     0x58bfa8c42c2d - __rustc[ea4f61d10b84890b]::rust_begin_unwind
[INFO] [stdout]   10:     0x58bfa8c7af4c - core[a373ad73a504971]::panicking::panic_fmt
[INFO] [stdout]   11:     0x58bfa8c7ae63 - core[a373ad73a504971]::panicking::assert_failed_inner
[INFO] [stdout]   12:     0x58bfa8be646e - core[a373ad73a504971]::panicking::assert_failed::<&str, alloc[2e1b2a31b91974c5]::string::String>
[INFO] [stdout]   13:     0x58bfa8beadd1 - <painted[5bd031fe3680b192]::tests::compute_style_blue_on_blue::{closure#0} as core[a373ad73a504971]::ops::function::FnOnce<()>>::call_once
[INFO] [stdout]   14:     0x58bfa8becfeb - test[aada8e7e76ba119b]::__rust_begin_short_backtrace::<core[a373ad73a504971]::result::Result<(), alloc[2e1b2a31b91974c5]::string::String>, fn() -> core[a373ad73a504971]::result::Result<(), alloc[2e1b2a31b91974c5]::string::String>>
[INFO] [stdout]   15:     0x58bfa8bfa1c5 - test[aada8e7e76ba119b]::run_test::{closure#0}
[INFO] [stdout]   16:     0x58bfa8bf3ab4 - std[617be2ca0a6fd877]::sys::backtrace::__rust_begin_short_backtrace::<test[aada8e7e76ba119b]::run_test::{closure#1}, ()>
[INFO] [stdout]   17:     0x58bfa8bfd252 - <std[617be2ca0a6fd877]::thread::lifecycle::spawn_unchecked<test[aada8e7e76ba119b]::run_test::{closure#1}, ()>::{closure#1} as core[a373ad73a504971]::ops::function::FnOnce<()>>::call_once::{shim:vtable#0}
[INFO] [stdout]   18:     0x58bfa8c6536f - <std[617be2ca0a6fd877]::sys::thread::unix::Thread>::new::thread_start
[INFO] [stdout]   19:     0x78b66e818dfa - <unknown>
[INFO] [stdout]   20:     0x78b66e8ac3d4 - clone
[INFO] [stdout]   21:                0x0 - <unknown>
[INFO] [stdout] 
[INFO] [stdout] ---- tests::compute_style_blue_bold stdout ----
[INFO] [stdout] 
[INFO] [stdout] thread 'tests::compute_style_blue_bold' (394) panicked at src/lib.rs:749:9:
[INFO] [stdout] assertion `left == right` failed
[INFO] [stdout]   left: "\u{1b}[1;34m"
[INFO] [stdout]  right: ""
[INFO] [stdout] stack backtrace:
[INFO] [stdout]    0:     0x58bfa8c65b11 - <<std[617be2ca0a6fd877]::sys::backtrace::BacktraceLock>::print::DisplayBacktrace as core[a373ad73a504971]::fmt::Display>::fmt
[INFO] [stdout]    1:     0x58bfa8c7a81a - core[a373ad73a504971]::fmt::write
[INFO] [stdout]    2:     0x58bfa8c69d4c - <alloc[2e1b2a31b91974c5]::vec::Vec<u8> as core[a373ad73a504971]::io::write::Write>::write_fmt
[INFO] [stdout]    3:     0x58bfa8c41f76 - std[617be2ca0a6fd877]::panicking::default_hook::{closure#0}
[INFO] [stdout]    4:     0x58bfa8c5e1a9 - std[617be2ca0a6fd877]::panicking::default_hook
[INFO] [stdout]    5:     0x58bfa8bf9ba0 - test[aada8e7e76ba119b]::test_main_inner::{closure#0}
[INFO] [stdout]    6:     0x58bfa8c5e362 - std[617be2ca0a6fd877]::panicking::panic_with_hook
[INFO] [stdout]    7:     0x58bfa8c42022 - std[617be2ca0a6fd877]::panicking::panic_handler::{closure#0}
[INFO] [stdout]    8:     0x58bfa8c3ad39 - std[617be2ca0a6fd877]::sys::backtrace::__rust_end_short_backtrace::<std[617be2ca0a6fd877]::panicking::panic_handler::{closure#0}, !>
[INFO] [stdout]    9:     0x58bfa8c42c2d - __rustc[ea4f61d10b84890b]::rust_begin_unwind
[INFO] [stdout]   10:     0x58bfa8c7af4c - core[a373ad73a504971]::panicking::panic_fmt
[INFO] [stdout]   11:     0x58bfa8c7ae63 - core[a373ad73a504971]::panicking::assert_failed_inner
[INFO] [stdout]   12:     0x58bfa8be646e - core[a373ad73a504971]::panicking::assert_failed::<&str, alloc[2e1b2a31b91974c5]::string::String>
[INFO] [stdout]   13:     0x58bfa8beac25 - <painted[5bd031fe3680b192]::tests::compute_style_blue_bold::{closure#0} as core[a373ad73a504971]::ops::function::FnOnce<()>>::call_once
[INFO] [stdout]   14:     0x58bfa8becfeb - test[aada8e7e76ba119b]::__rust_begin_short_backtrace::<core[a373ad73a504971]::result::Result<(), alloc[2e1b2a31b91974c5]::string::String>, fn() -> core[a373ad73a504971]::result::Result<(), alloc[2e1b2a31b91974c5]::string::String>>
[INFO] [stdout]   15:     0x58bfa8bfa1c5 - test[aada8e7e76ba119b]::run_test::{closure#0}
[INFO] [stdout]   16:     0x58bfa8bf3ab4 - std[617be2ca0a6fd877]::sys::backtrace::__rust_begin_short_backtrace::<test[aada8e7e76ba119b]::run_test::{closure#1}, ()>
[INFO] [stdout]   17:     0x58bfa8bfd252 - <std[617be2ca0a6fd877]::thread::lifecycle::spawn_unchecked<test[aada8e7e76ba119b]::run_test::{closure#1}, ()>::{closure#1} as core[a373ad73a504971]::ops::function::FnOnce<()>>::call_once::{shim:vtable#0}
[INFO] [stdout]   18:     0x58bfa8c6536f - <std[617be2ca0a6fd877]::sys::thread::unix::Thread>::new::thread_start
[INFO] [stdout]   19:     0x78b66e818dfa - <unknown>
[INFO] [stdout]   20:     0x78b66e8ac3d4 - clone
[INFO] [stdout]   21:                0x0 - <unknown>
[INFO] [stdout] 
[INFO] [stdout] ---- tests::compute_style_blue_bold_on_blue stdout ----
[INFO] [stdout] 
[INFO] [stdout] thread 'tests::compute_style_blue_bold_on_blue' (395) panicked at src/lib.rs:757:9:
[INFO] [stdout] assertion `left == right` failed
[INFO] [stdout]   left: "\u{1b}[1;44;34m"
[INFO] [stdout]  right: ""
[INFO] [stdout] stack backtrace:
[INFO] [stdout]    0:     0x58bfa8c65b11 - <<std[617be2ca0a6fd877]::sys::backtrace::BacktraceLock>::print::DisplayBacktrace as core[a373ad73a504971]::fmt::Display>::fmt
[INFO] [stdout]    1:     0x58bfa8c7a81a - core[a373ad73a504971]::fmt::write
[INFO] [stdout]    2:     0x58bfa8c69d4c - <alloc[2e1b2a31b91974c5]::vec::Vec<u8> as core[a373ad73a504971]::io::write::Write>::write_fmt
[INFO] [stdout]    3:     0x58bfa8c41f76 - std[617be2ca0a6fd877]::panicking::default_hook::{closure#0}
[INFO] [stdout]    4:     0x58bfa8c5e1a9 - std[617be2ca0a6fd877]::panicking::default_hook
[INFO] [stdout]    5:     0x58bfa8bf9ba0 - test[aada8e7e76ba119b]::test_main_inner::{closure#0}
[INFO] [stdout]    6:     0x58bfa8c5e362 - std[617be2ca0a6fd877]::panicking::panic_with_hook
[INFO] [stdout]    7:     0x58bfa8c42022 - std[617be2ca0a6fd877]::panicking::panic_handler::{closure#0}
[INFO] [stdout]    8:     0x58bfa8c3ad39 - std[617be2ca0a6fd877]::sys::backtrace::__rust_end_short_backtrace::<std[617be2ca0a6fd877]::panicking::panic_handler::{closure#0}, !>
[INFO] [stdout]    9:     0x58bfa8c42c2d - __rustc[ea4f61d10b84890b]::rust_begin_unwind
[INFO] [stdout]   10:     0x58bfa8c7af4c - core[a373ad73a504971]::panicking::panic_fmt
[INFO] [stdout]   11:     0x58bfa8c7ae63 - core[a373ad73a504971]::panicking::assert_failed_inner
[INFO] [stdout]   12:     0x58bfa8be646e - core[a373ad73a504971]::panicking::assert_failed::<&str, alloc[2e1b2a31b91974c5]::string::String>
[INFO] [stdout]   13:     0x58bfa8beb13f - <painted[5bd031fe3680b192]::tests::compute_style_blue_bold_on_blue::{closure#0} as core[a373ad73a504971]::ops::function::FnOnce<()>>::call_once
[INFO] [stdout]   14:     0x58bfa8becfeb - test[aada8e7e76ba119b]::__rust_begin_short_backtrace::<core[a373ad73a504971]::result::Result<(), alloc[2e1b2a31b91974c5]::string::String>, fn() -> core[a373ad73a504971]::result::Result<(), alloc[2e1b2a31b91974c5]::string::String>>
[INFO] [stdout]   15:     0x58bfa8bfa1c5 - test[aada8e7e76ba119b]::run_test::{closure#0}
[INFO] [stdout]   16:     0x58bfa8bf3ab4 - std[617be2ca0a6fd877]::sys::backtrace::__rust_begin_short_backtrace::<test[aada8e7e76ba119b]::run_test::{closure#1}, ()>
[INFO] [stdout]   17:     0x58bfa8bfd252 - <std[617be2ca0a6fd877]::thread::lifecycle::spawn_unchecked<test[aada8e7e76ba119b]::run_test::{closure#1}, ()>::{closure#1} as core[a373ad73a504971]::ops::function::FnOnce<()>>::call_once::{shim:vtable#0}
[INFO] [stdout]   18:     0x58bfa8c6536f - <std[617be2ca0a6fd877]::sys::thread::unix::Thread>::new::thread_start
[INFO] [stdout]   19:     0x78b66e818dfa - <unknown>
[INFO] [stdout]   20:     0x78b66e8ac3d4 - clone
[INFO] [stdout]   21:                0x0 - <unknown>
[INFO] [stdout] 
[INFO] [stdout] ---- tests::compute_style_simple_bg_blue stdout ----
[INFO] [stdout] 
[INFO] [stdout] thread 'tests::compute_style_simple_bg_blue' (399) panicked at src/lib.rs:698:9:
[INFO] [stdout] assertion `left == right` failed
[INFO] [stdout]   left: "\u{1b}[44m"
[INFO] [stdout]  right: ""
[INFO] [stdout] stack backtrace:
[INFO] [stdout]    0:     0x58bfa8c65b11 - <<std[617be2ca0a6fd877]::sys::backtrace::BacktraceLock>::print::DisplayBacktrace as core[a373ad73a504971]::fmt::Display>::fmt
[INFO] [stdout]    1:     0x58bfa8c7a81a - core[a373ad73a504971]::fmt::write
[INFO] [stdout]    2:     0x58bfa8c69d4c - <alloc[2e1b2a31b91974c5]::vec::Vec<u8> as core[a373ad73a504971]::io::write::Write>::write_fmt
[INFO] [stdout]    3:     0x58bfa8c41f76 - std[617be2ca0a6fd877]::panicking::default_hook::{closure#0}
[INFO] [stdout]    4:     0x58bfa8c5e1a9 - std[617be2ca0a6fd877]::panicking::default_hook
[INFO] [stdout]    5:     0x58bfa8bf9ba0 - test[aada8e7e76ba119b]::test_main_inner::{closure#0}
[INFO] [stdout]    6:     0x58bfa8c5e362 - std[617be2ca0a6fd877]::panicking::panic_with_hook
[INFO] [stdout]    7:     0x58bfa8c42022 - std[617be2ca0a6fd877]::panicking::panic_handler::{closure#0}
[INFO] [stdout]    8:     0x58bfa8c3ad39 - std[617be2ca0a6fd877]::sys::backtrace::__rust_end_short_backtrace::<std[617be2ca0a6fd877]::panicking::panic_handler::{closure#0}, !>
[INFO] [stdout]    9:     0x58bfa8c42c2d - __rustc[ea4f61d10b84890b]::rust_begin_unwind
[INFO] [stdout]   10:     0x58bfa8c7af4c - core[a373ad73a504971]::panicking::panic_fmt
[INFO] [stdout]   11:     0x58bfa8c7ae63 - core[a373ad73a504971]::panicking::assert_failed_inner
[INFO] [stdout]   12:     0x58bfa8be646e - core[a373ad73a504971]::panicking::assert_failed::<&str, alloc[2e1b2a31b91974c5]::string::String>
[INFO] [stdout]   13:     0x58bfa8beaf74 - <painted[5bd031fe3680b192]::tests::compute_style_simple_bg_blue::{closure#0} as core[a373ad73a504971]::ops::function::FnOnce<()>>::call_once
[INFO] [stdout]   14:     0x58bfa8becfeb - test[aada8e7e76ba119b]::__rust_begin_short_backtrace::<core[a373ad73a504971]::result::Result<(), alloc[2e1b2a31b91974c5]::string::String>, fn() -> core[a373ad73a504971]::result::Result<(), alloc[2e1b2a31b91974c5]::string::String>>
[INFO] [stdout]   15:     0x58bfa8bfa1c5 - test[aada8e7e76ba119b]::run_test::{closure#0}
[INFO] [stdout]   16:     0x58bfa8bf3ab4 - std[617be2ca0a6fd877]::sys::backtrace::__rust_begin_short_backtrace::<test[aada8e7e76ba119b]::run_test::{closure#1}, ()>
[INFO] [stdout]   17:     0x58bfa8bfd252 - <std[617be2ca0a6fd877]::thread::lifecycle::spawn_unchecked<test[aada8e7e76ba119b]::run_test::{closure#1}, ()>::{closure#1} as core[a373ad73a504971]::ops::function::FnOnce<()>>::call_once::{shim:vtable#0}
[INFO] [stdout]   18:     0x58bfa8c6536f - <std[617be2ca0a6fd877]::sys::thread::unix::Thread>::new::thread_start
[INFO] [stdout]   19:     0x78b66e818dfa - <unknown>
[INFO] [stdout]   20:     0x78b66e8ac3d4 - clone
[INFO] [stdout]   21:                0x0 - <unknown>
[INFO] [stdout] 
[INFO] [stdout] ---- tests::compute_style_bright_blue_on_bright_blue stdout ----
[INFO] [stdout] 
[INFO] [stdout] thread 'tests::compute_style_bright_blue_on_bright_blue' (397) panicked at src/lib.rs:730:9:
[INFO] [stdout] assertion `left == right` failed
[INFO] [stdout]   left: "\u{1b}[104;94m"
[INFO] [stdout]  right: ""
[INFO] [stdout] stack backtrace:
[INFO] [stdout]    0:     0x58bfa8c65b11 - <<std[617be2ca0a6fd877]::sys::backtrace::BacktraceLock>::print::DisplayBacktrace as core[a373ad73a504971]::fmt::Display>::fmt
[INFO] [stdout]    1:     0x58bfa8c7a81a - core[a373ad73a504971]::fmt::write
[INFO] [stdout]    2:     0x58bfa8c69d4c - <alloc[2e1b2a31b91974c5]::vec::Vec<u8> as core[a373ad73a504971]::io::write::Write>::write_fmt
[INFO] [stdout]    3:     0x58bfa8c41f76 - std[617be2ca0a6fd877]::panicking::default_hook::{closure#0}
[INFO] [stdout]    4:     0x58bfa8c5e1a9 - std[617be2ca0a6fd877]::panicking::default_hook
[INFO] [stdout]    5:     0x58bfa8bf9ba0 - test[aada8e7e76ba119b]::test_main_inner::{closure#0}
[INFO] [stdout]    6:     0x58bfa8c5e362 - std[617be2ca0a6fd877]::panicking::panic_with_hook
[INFO] [stdout]    7:     0x58bfa8c42022 - std[617be2ca0a6fd877]::panicking::panic_handler::{closure#0}
[INFO] [stdout]    8:     0x58bfa8c3ad39 - std[617be2ca0a6fd877]::sys::backtrace::__rust_end_short_backtrace::<std[617be2ca0a6fd877]::panicking::panic_handler::{closure#0}, !>
[INFO] [stdout]    9:     0x58bfa8c42c2d - __rustc[ea4f61d10b84890b]::rust_begin_unwind
[INFO] [stdout]   10:     0x58bfa8c7af4c - core[a373ad73a504971]::panicking::panic_fmt
[INFO] [stdout]   11:     0x58bfa8c7ae63 - core[a373ad73a504971]::panicking::assert_failed_inner
[INFO] [stdout]   12:     0x58bfa8be646e - core[a373ad73a504971]::panicking::assert_failed::<&str, alloc[2e1b2a31b91974c5]::string::String>
[INFO] [stdout]   13:     0x58bfa8beb3ec - <painted[5bd031fe3680b192]::tests::compute_style_bright_blue_on_bright_blue::{closure#0} as core[a373ad73a504971]::ops::function::FnOnce<()>>::call_once
[INFO] [stdout]   14:     0x58bfa8becfeb - test[aada8e7e76ba119b]::__rust_begin_short_backtrace::<core[a373ad73a504971]::result::Result<(), alloc[2e1b2a31b91974c5]::string::String>, fn() -> core[a373ad73a504971]::result::Result<(), alloc[2e1b2a31b91974c5]::string::String>>
[INFO] [stdout]   15:     0x58bfa8bfa1c5 - test[aada8e7e76ba119b]::run_test::{closure#0}
[INFO] [stdout]   16:     0x58bfa8bf3ab4 - std[617be2ca0a6fd877]::sys::backtrace::__rust_begin_short_backtrace::<test[aada8e7e76ba119b]::run_test::{closure#1}, ()>
[INFO] [stdout]   17:     0x58bfa8bfd252 - <std[617be2ca0a6fd877]::thread::lifecycle::spawn_unchecked<test[aada8e7e76ba119b]::run_test::{closure#1}, ()>::{closure#1} as core[a373ad73a504971]::ops::function::FnOnce<()>>::call_once::{shim:vtable#0}
[INFO] [stdout]   18:     0x58bfa8c6536f - <std[617be2ca0a6fd877]::sys::thread::unix::Thread>::new::thread_start
[INFO] [stdout]   19:     0x78b66e818dfa - <unknown>
[INFO] [stdout]   20:     0x78b66e8ac3d4 - clone
[INFO] [stdout]   21:                0x0 - <unknown>
[INFO] [stdout] 
[INFO] [stdout] ---- tests::compute_style_simple_bg_bright_blue stdout ----
[INFO] [stdout] 
[INFO] [stdout] thread 'tests::compute_style_simple_bg_bright_blue' (400) panicked at src/lib.rs:722:9:
[INFO] [stdout] assertion `left == right` failed
[INFO] [stdout]   left: "\u{1b}[104m"
[INFO] [stdout]  right: ""
[INFO] [stdout] stack backtrace:
[INFO] [stdout]    0:     0x58bfa8c65b11 - <<std[617be2ca0a6fd877]::sys::backtrace::BacktraceLock>::print::DisplayBacktrace as core[a373ad73a504971]::fmt::Display>::fmt
[INFO] [stdout]    1:     0x58bfa8c7a81a - core[a373ad73a504971]::fmt::write
[INFO] [stdout]    2:     0x58bfa8c69d4c - <alloc[2e1b2a31b91974c5]::vec::Vec<u8> as core[a373ad73a504971]::io::write::Write>::write_fmt
[INFO] [stdout]    3:     0x58bfa8c41f76 - std[617be2ca0a6fd877]::panicking::default_hook::{closure#0}
[INFO] [stdout]    4:     0x58bfa8c5e1a9 - std[617be2ca0a6fd877]::panicking::default_hook
[INFO] [stdout]    5:     0x58bfa8bf9ba0 - test[aada8e7e76ba119b]::test_main_inner::{closure#0}
[INFO] [stdout]    6:     0x58bfa8c5e362 - std[617be2ca0a6fd877]::panicking::panic_with_hook
[INFO] [stdout]    7:     0x58bfa8c42022 - std[617be2ca0a6fd877]::panicking::panic_handler::{closure#0}
[INFO] [stdout]    8:     0x58bfa8c3ad39 - std[617be2ca0a6fd877]::sys::backtrace::__rust_end_short_backtrace::<std[617be2ca0a6fd877]::panicking::panic_handler::{closure#0}, !>
[INFO] [stdout]    9:     0x58bfa8c42c2d - __rustc[ea4f61d10b84890b]::rust_begin_unwind
[INFO] [stdout]   10:     0x58bfa8c7af4c - core[a373ad73a504971]::panicking::panic_fmt
[INFO] [stdout]   11:     0x58bfa8c7ae63 - core[a373ad73a504971]::panicking::assert_failed_inner
[INFO] [stdout]   12:     0x58bfa8be646e - core[a373ad73a504971]::panicking::assert_failed::<&str, alloc[2e1b2a31b91974c5]::string::String>
[INFO] [stdout]   13:     0x58bfa8beb227 - <painted[5bd031fe3680b192]::tests::compute_style_simple_bg_bright_blue::{closure#0} as core[a373ad73a504971]::ops::function::FnOnce<()>>::call_once
[INFO] [stdout]   14:     0x58bfa8becfeb - test[aada8e7e76ba119b]::__rust_begin_short_backtrace::<core[a373ad73a504971]::result::Result<(), alloc[2e1b2a31b91974c5]::string::String>, fn() -> core[a373ad73a504971]::result::Result<(), alloc[2e1b2a31b91974c5]::string::String>>
[INFO] [stdout]   15:     0x58bfa8bfa1c5 - test[aada8e7e76ba119b]::run_test::{closure#0}
[INFO] [stdout]   16:     0x58bfa8bf3ab4 - std[617be2ca0a6fd877]::sys::backtrace::__rust_begin_short_backtrace::<test[aada8e7e76ba119b]::run_test::{closure#1}, ()>
[INFO] [stdout]   17:     0x58bfa8bfd252 - <std[617be2ca0a6fd877]::thread::lifecycle::spawn_unchecked<test[aada8e7e76ba119b]::run_test::{closure#1}, ()>::{closure#1} as core[a373ad73a504971]::ops::function::FnOnce<()>>::call_once::{shim:vtable#0}
[INFO] [stdout]   18:     0x58bfa8c6536f - <std[617be2ca0a6fd877]::sys::thread::unix::Thread>::new::thread_start
[INFO] [stdout]   19:     0x78b66e818dfa - <unknown>
[INFO] [stdout]   20:     0x78b66e8ac3d4 - clone
[INFO] [stdout]   21:                0x0 - <unknown>
[INFO] [stdout] 
[INFO] [stdout] ---- tests::escape_reset_sequence_spec_should_replace_inner_reset_sequence_with_current_style stdout ----
[INFO] [stdout] 
[INFO] [stdout] thread 'tests::escape_reset_sequence_spec_should_replace_inner_reset_sequence_with_current_style' (406) panicked at src/lib.rs:797:9:
[INFO] [stdout] assertion `left == right` failed
[INFO] [stdout]   left: "start \u{1b}[31mhello world !\u{1b}[0m\u{1b}[34m end"
[INFO] [stdout]  right: "start hello world ! end"
[INFO] [stdout] stack backtrace:
[INFO] [stdout]    0:     0x58bfa8c65b11 - <<std[617be2ca0a6fd877]::sys::backtrace::BacktraceLock>::print::DisplayBacktrace as core[a373ad73a504971]::fmt::Display>::fmt
[INFO] [stdout]    1:     0x58bfa8c7a81a - core[a373ad73a504971]::fmt::write
[INFO] [stdout]    2:     0x58bfa8c69d4c - <alloc[2e1b2a31b91974c5]::vec::Vec<u8> as core[a373ad73a504971]::io::write::Write>::write_fmt
[INFO] [stdout]    3:     0x58bfa8c41f76 - std[617be2ca0a6fd877]::panicking::default_hook::{closure#0}
[INFO] [stdout]    4:     0x58bfa8c5e1a9 - std[617be2ca0a6fd877]::panicking::default_hook
[INFO] [stdout]    5:     0x58bfa8bf9ba0 - test[aada8e7e76ba119b]::test_main_inner::{closure#0}
[INFO] [stdout]    6:     0x58bfa8c5e362 - std[617be2ca0a6fd877]::panicking::panic_with_hook
[INFO] [stdout]    7:     0x58bfa8c42022 - std[617be2ca0a6fd877]::panicking::panic_handler::{closure#0}
[INFO] [stdout]    8:     0x58bfa8c3ad39 - std[617be2ca0a6fd877]::sys::backtrace::__rust_end_short_backtrace::<std[617be2ca0a6fd877]::panicking::panic_handler::{closure#0}, !>
[INFO] [stdout]    9:     0x58bfa8c42c2d - __rustc[ea4f61d10b84890b]::rust_begin_unwind
[INFO] [stdout]   10:     0x58bfa8c7af4c - core[a373ad73a504971]::panicking::panic_fmt
[INFO] [stdout]   11:     0x58bfa8c7ae63 - core[a373ad73a504971]::panicking::assert_failed_inner
[INFO] [stdout]   12:     0x58bfa8be63d1 - core[a373ad73a504971]::panicking::assert_failed::<alloc[2e1b2a31b91974c5]::string::String, alloc[2e1b2a31b91974c5]::borrow::Cow<str>>
[INFO] [stdout]   13:     0x58bfa8beb9ae - <painted[5bd031fe3680b192]::tests::escape_reset_sequence_spec_should_replace_inner_reset_sequence_with_current_style::{closure#0} as core[a373ad73a504971]::ops::function::FnOnce<()>>::call_once
[INFO] [stdout]   14:     0x58bfa8becfeb - test[aada8e7e76ba119b]::__rust_begin_short_backtrace::<core[a373ad73a504971]::result::Result<(), alloc[2e1b2a31b91974c5]::string::String>, fn() -> core[a373ad73a504971]::result::Result<(), alloc[2e1b2a31b91974c5]::string::String>>
[INFO] [stdout]   15:     0x58bfa8bfa1c5 - test[aada8e7e76ba119b]::run_test::{closure#0}
[INFO] [stdout]   16:     0x58bfa8bf3ab4 - std[617be2ca0a6fd877]::sys::backtrace::__rust_begin_short_backtrace::<test[aada8e7e76ba119b]::run_test::{closure#1}, ()>
[INFO] [stdout]   17:     0x58bfa8bfd252 - <std[617be2ca0a6fd877]::thread::lifecycle::spawn_unchecked<test[aada8e7e76ba119b]::run_test::{closure#1}, ()>::{closure#1} as core[a373ad73a504971]::ops::function::FnOnce<()>>::call_once::{shim:vtable#0}
[INFO] [stdout]   18:     0x58bfa8c6536f - <std[617be2ca0a6fd877]::sys::thread::unix::Thread>::new::thread_start
[INFO] [stdout]   19:     0x78b66e818dfa - <unknown>
[INFO] [stdout]   20:     0x78b66e8ac3d4 - clone
[INFO] [stdout]   21:                0x0 - <unknown>
[INFO] [stdout] 
[INFO] [stdout] ---- tests::compute_style_simple_fg_blue stdout ----
[INFO] [stdout] 
[INFO] [stdout] thread 'tests::compute_style_simple_fg_blue' (402) panicked at src/lib.rs:690:9:
[INFO] [stdout] assertion `left == right` failed
[INFO] [stdout]   left: "\u{1b}[34m"
[INFO] [stdout]  right: ""
[INFO] [stdout] stack backtrace:
[INFO] [stdout]    0:     0x58bfa8c65b11 - <<std[617be2ca0a6fd877]::sys::backtrace::BacktraceLock>::print::DisplayBacktrace as core[a373ad73a504971]::fmt::Display>::fmt
[INFO] [stdout]    1:     0x58bfa8c7a81a - core[a373ad73a504971]::fmt::write
[INFO] [stdout]    2:     0x58bfa8c69d4c - <alloc[2e1b2a31b91974c5]::vec::Vec<u8> as core[a373ad73a504971]::io::write::Write>::write_fmt
[INFO] [stdout]    3:     0x58bfa8c41f76 - std[617be2ca0a6fd877]::panicking::default_hook::{closure#0}
[INFO] [stdout]    4:     0x58bfa8c5e1a9 - std[617be2ca0a6fd877]::panicking::default_hook
[INFO] [stdout]    5:     0x58bfa8bf9ba0 - test[aada8e7e76ba119b]::test_main_inner::{closure#0}
[INFO] [stdout]    6:     0x58bfa8c5e362 - std[617be2ca0a6fd877]::panicking::panic_with_hook
[INFO] [stdout]    7:     0x58bfa8c42022 - std[617be2ca0a6fd877]::panicking::panic_handler::{closure#0}
[INFO] [stdout]    8:     0x58bfa8c3ad39 - std[617be2ca0a6fd877]::sys::backtrace::__rust_end_short_backtrace::<std[617be2ca0a6fd877]::panicking::panic_handler::{closure#0}, !>
[INFO] [stdout]    9:     0x58bfa8c42c2d - __rustc[ea4f61d10b84890b]::rust_begin_unwind
[INFO] [stdout]   10:     0x58bfa8c7af4c - core[a373ad73a504971]::panicking::panic_fmt
[INFO] [stdout]   11:     0x58bfa8c7ae63 - core[a373ad73a504971]::panicking::assert_failed_inner
[INFO] [stdout]   12:     0x58bfa8be646e - core[a373ad73a504971]::panicking::assert_failed::<&str, alloc[2e1b2a31b91974c5]::string::String>
[INFO] [stdout]   13:     0x58bfa8beb054 - <painted[5bd031fe3680b192]::tests::compute_style_simple_fg_blue::{closure#0} as core[a373ad73a504971]::ops::function::FnOnce<()>>::call_once
[INFO] [stdout]   14:     0x58bfa8becfeb - test[aada8e7e76ba119b]::__rust_begin_short_backtrace::<core[a373ad73a504971]::result::Result<(), alloc[2e1b2a31b91974c5]::string::String>, fn() -> core[a373ad73a504971]::result::Result<(), alloc[2e1b2a31b91974c5]::string::String>>
[INFO] [stdout]   15:     0x58bfa8bfa1c5 - test[aada8e7e76ba119b]::run_test::{closure#0}
[INFO] [stdout]   16:     0x58bfa8bf3ab4 - std[617be2ca0a6fd877]::sys::backtrace::__rust_begin_short_backtrace::<test[aada8e7e76ba119b]::run_test::{closure#1}, ()>
[INFO] [stdout]   17:     0x58bfa8bfd252 - <std[617be2ca0a6fd877]::thread::lifecycle::spawn_unchecked<test[aada8e7e76ba119b]::run_test::{closure#1}, ()>::{closure#1} as core[a373ad73a504971]::ops::function::FnOnce<()>>::call_once::{shim:vtable#0}
[INFO] [stdout]   18:     0x58bfa8c6536f - <std[617be2ca0a6fd877]::sys::thread::unix::Thread>::new::thread_start
[INFO] [stdout]   19:     0x78b66e818dfa - <unknown>
[INFO] [stdout]   20:     0x78b66e8ac3d4 - clone
[INFO] [stdout]   21:                0x0 - <unknown>
[INFO] [stdout] 
[INFO] [stdout] ---- tests::compute_style_simple_fg_bright_blue stdout ----
[INFO] [stdout] 
[INFO] [stdout] thread 'tests::compute_style_simple_fg_bright_blue' (403) panicked at src/lib.rs:714:9:
[INFO] [stdout] assertion `left == right` failed
[INFO] [stdout]   left: "\u{1b}[94m"
[INFO] [stdout]  right: ""
[INFO] [stdout] stack backtrace:
[INFO] [stdout]    0:     0x58bfa8c65b11 - <<std[617be2ca0a6fd877]::sys::backtrace::BacktraceLock>::print::DisplayBacktrace as core[a373ad73a504971]::fmt::Display>::fmt
[INFO] [stdout]    1:     0x58bfa8c7a81a - core[a373ad73a504971]::fmt::write
[INFO] [stdout]    2:     0x58bfa8c69d4c - <alloc[2e1b2a31b91974c5]::vec::Vec<u8> as core[a373ad73a504971]::io::write::Write>::write_fmt
[INFO] [stdout]    3:     0x58bfa8c41f76 - std[617be2ca0a6fd877]::panicking::default_hook::{closure#0}
[INFO] [stdout]    4:     0x58bfa8c5e1a9 - std[617be2ca0a6fd877]::panicking::default_hook
[INFO] [stdout]    5:     0x58bfa8bf9ba0 - test[aada8e7e76ba119b]::test_main_inner::{closure#0}
[INFO] [stdout]    6:     0x58bfa8c5e362 - std[617be2ca0a6fd877]::panicking::panic_with_hook
[INFO] [stdout]    7:     0x58bfa8c42022 - std[617be2ca0a6fd877]::panicking::panic_handler::{closure#0}
[INFO] [stdout]    8:     0x58bfa8c3ad39 - std[617be2ca0a6fd877]::sys::backtrace::__rust_end_short_backtrace::<std[617be2ca0a6fd877]::panicking::panic_handler::{closure#0}, !>
[INFO] [stdout]    9:     0x58bfa8c42c2d - __rustc[ea4f61d10b84890b]::rust_begin_unwind
[INFO] [stdout]   10:     0x58bfa8c7af4c - core[a373ad73a504971]::panicking::panic_fmt
[INFO] [stdout]   11:     0x58bfa8c7ae63 - core[a373ad73a504971]::panicking::assert_failed_inner
[INFO] [stdout]   12:     0x58bfa8be646e - core[a373ad73a504971]::panicking::assert_failed::<&str, alloc[2e1b2a31b91974c5]::string::String>
[INFO] [stdout]   13:     0x58bfa8beb304 - <painted[5bd031fe3680b192]::tests::compute_style_simple_fg_bright_blue::{closure#0} as core[a373ad73a504971]::ops::function::FnOnce<()>>::call_once
[INFO] [stdout]   14:     0x58bfa8becfeb - test[aada8e7e76ba119b]::__rust_begin_short_backtrace::<core[a373ad73a504971]::result::Result<(), alloc[2e1b2a31b91974c5]::string::String>, fn() -> core[a373ad73a504971]::result::Result<(), alloc[2e1b2a31b91974c5]::string::String>>
[INFO] [stdout]   15:     0x58bfa8bfa1c5 - test[aada8e7e76ba119b]::run_test::{closure#0}
[INFO] [stdout]   16:     0x58bfa8bf3ab4 - std[617be2ca0a6fd877]::sys::backtrace::__rust_begin_short_backtrace::<test[aada8e7e76ba119b]::run_test::{closure#1}, ()>
[INFO] [stdout]   17:     0x58bfa8bfd252 - <std[617be2ca0a6fd877]::thread::lifecycle::spawn_unchecked<test[aada8e7e76ba119b]::run_test::{closure#1}, ()>::{closure#1} as core[a373ad73a504971]::ops::function::FnOnce<()>>::call_once::{shim:vtable#0}
[INFO] [stdout]   18:     0x58bfa8c6536f - <std[617be2ca0a6fd877]::sys::thread::unix::Thread>::new::thread_start
[INFO] [stdout]   19:     0x78b66e818dfa - <unknown>
[INFO] [stdout]   20:     0x78b66e8ac3d4 - clone
[INFO] [stdout]   21:                0x0 - <unknown>
[INFO] [stdout] 
[INFO] [stdout] ---- tests::compute_style_simple_bold stdout ----
[INFO] [stdout] 
[INFO] [stdout] thread 'tests::compute_style_simple_bold' (401) panicked at src/lib.rs:741:9:
[INFO] [stdout] assertion `left == right` failed
[INFO] [stdout]   left: "\u{1b}[1m"
[INFO] [stdout]  right: ""
[INFO] [stdout] stack backtrace:
[INFO] [stdout]    0:     0x58bfa8c65b11 - <<std[617be2ca0a6fd877]::sys::backtrace::BacktraceLock>::print::DisplayBacktrace as core[a373ad73a504971]::fmt::Display>::fmt
[INFO] [stdout]    1:     0x58bfa8c7a81a - core[a373ad73a504971]::fmt::write
[INFO] [stdout]    2:     0x58bfa8c69d4c - <alloc[2e1b2a31b91974c5]::vec::Vec<u8> as core[a373ad73a504971]::io::write::Write>::write_fmt
[INFO] [stdout]    3:     0x58bfa8c41f76 - std[617be2ca0a6fd877]::panicking::default_hook::{closure#0}
[INFO] [stdout]    4:     0x58bfa8c5e1a9 - std[617be2ca0a6fd877]::panicking::default_hook
[INFO] [stdout]    5:     0x58bfa8bf9ba0 - test[aada8e7e76ba119b]::test_main_inner::{closure#0}
[INFO] [stdout]    6:     0x58bfa8c5e362 - std[617be2ca0a6fd877]::panicking::panic_with_hook
[INFO] [stdout]    7:     0x58bfa8c42022 - std[617be2ca0a6fd877]::panicking::panic_handler::{closure#0}
[INFO] [stdout]    8:     0x58bfa8c3ad39 - std[617be2ca0a6fd877]::sys::backtrace::__rust_end_short_backtrace::<std[617be2ca0a6fd877]::panicking::panic_handler::{closure#0}, !>
[INFO] [stdout]    9:     0x58bfa8c42c2d - __rustc[ea4f61d10b84890b]::rust_begin_unwind
[INFO] [stdout]   10:     0x58bfa8c7af4c - core[a373ad73a504971]::panicking::panic_fmt
[INFO] [stdout]   11:     0x58bfa8c7ae63 - core[a373ad73a504971]::panicking::assert_failed_inner
[INFO] [stdout]   12:     0x58bfa8be646e - core[a373ad73a504971]::panicking::assert_failed::<&str, alloc[2e1b2a31b91974c5]::string::String>
[INFO] [stdout]   13:     0x58bfa8beacfa - <painted[5bd031fe3680b192]::tests::compute_style_simple_bold::{closure#0} as core[a373ad73a504971]::ops::function::FnOnce<()>>::call_once
[INFO] [stdout]   14:     0x58bfa8becfeb - test[aada8e7e76ba119b]::__rust_begin_short_backtrace::<core[a373ad73a504971]::result::Result<(), alloc[2e1b2a31b91974c5]::string::String>, fn() -> core[a373ad73a504971]::result::Result<(), alloc[2e1b2a31b91974c5]::string::String>>
[INFO] [stdout]   15:     0x58bfa8bfa1c5 - test[aada8e7e76ba119b]::run_test::{closure#0}
[INFO] [stdout]   16:     0x58bfa8bf3ab4 - std[617be2ca0a6fd877]::sys::backtrace::__rust_begin_short_backtrace::<test[aada8e7e76ba119b]::run_test::{closure#1}, ()>
[INFO] [stdout]   17:     0x58bfa8bfd252 - <std[617be2ca0a6fd877]::thread::lifecycle::spawn_unchecked<test[aada8e7e76ba119b]::run_test::{closure#1}, ()>::{closure#1} as core[a373ad73a504971]::ops::function::FnOnce<()>>::call_once::{shim:vtable#0}
[INFO] [stdout]   18:     0x58bfa8c6536f - <std[617be2ca0a6fd877]::sys::thread::unix::Thread>::new::thread_start
[INFO] [stdout]   19:     0x78b66e818dfa - <unknown>
[INFO] [stdout]   20:     0x78b66e8ac3d4 - clone
[INFO] [stdout]   21:                0x0 - <unknown>
[INFO] [stdout] 
[INFO] [stdout] ---- tests::escape_reset_sequence_spec_should_replace_multiple_inner_reset_sequences_with_current_style stdout ----
[INFO] [stdout] first: start 1:[3myo[0m[34m 2:[3myo[0m[34m 3:[3myo[0m[34m end
[INFO] [stdout] second: start 1:yo 2:yo 3:yo end
[INFO] [stdout] 
[INFO] [stdout] thread 'tests::escape_reset_sequence_spec_should_replace_multiple_inner_reset_sequences_with_current_style' (407) panicked at src/lib.rs:822:9:
[INFO] [stdout] assertion `left == right` failed
[INFO] [stdout]   left: "start 1:\u{1b}[3myo\u{1b}[0m\u{1b}[34m 2:\u{1b}[3myo\u{1b}[0m\u{1b}[34m 3:\u{1b}[3myo\u{1b}[0m\u{1b}[34m end"
[INFO] [stdout]  right: "start 1:yo 2:yo 3:yo end"
[INFO] [stdout] stack backtrace:
[INFO] [stdout]    0:     0x58bfa8c65b11 - <<std[617be2ca0a6fd877]::sys::backtrace::BacktraceLock>::print::DisplayBacktrace as core[a373ad73a504971]::fmt::Display>::fmt
[INFO] [stdout]    1:     0x58bfa8c7a81a - core[a373ad73a504971]::fmt::write
[INFO] [stdout]    2:     0x58bfa8c69d4c - <alloc[2e1b2a31b91974c5]::vec::Vec<u8> as core[a373ad73a504971]::io::write::Write>::write_fmt
[INFO] [stdout]    3:     0x58bfa8c41f76 - std[617be2ca0a6fd877]::panicking::default_hook::{closure#0}
[INFO] [stdout]    4:     0x58bfa8c5e1a9 - std[617be2ca0a6fd877]::panicking::default_hook
[INFO] [stdout]    5:     0x58bfa8bf9ba0 - test[aada8e7e76ba119b]::test_main_inner::{closure#0}
[INFO] [stdout]    6:     0x58bfa8c5e362 - std[617be2ca0a6fd877]::panicking::panic_with_hook
[INFO] [stdout]    7:     0x58bfa8c42022 - std[617be2ca0a6fd877]::panicking::panic_handler::{closure#0}
[INFO] [stdout]    8:     0x58bfa8c3ad39 - std[617be2ca0a6fd877]::sys::backtrace::__rust_end_short_backtrace::<std[617be2ca0a6fd877]::panicking::panic_handler::{closure#0}, !>
[INFO] [stdout]    9:     0x58bfa8c42c2d - __rustc[ea4f61d10b84890b]::rust_begin_unwind
[INFO] [stdout]   10:     0x58bfa8c7af4c - core[a373ad73a504971]::panicking::panic_fmt
[INFO] [stdout]   11:     0x58bfa8c7ae63 - core[a373ad73a504971]::panicking::assert_failed_inner
[INFO] [stdout]   12:     0x58bfa8be63d1 - core[a373ad73a504971]::panicking::assert_failed::<alloc[2e1b2a31b91974c5]::string::String, alloc[2e1b2a31b91974c5]::borrow::Cow<str>>
[INFO] [stdout]   13:     0x58bfa8becf0d - <painted[5bd031fe3680b192]::tests::escape_reset_sequence_spec_should_replace_multiple_inner_reset_sequences_with_current_style::{closure#0} as core[a373ad73a504971]::ops::function::FnOnce<()>>::call_once
[INFO] [stdout]   14:     0x58bfa8becfeb - test[aada8e7e76ba119b]::__rust_begin_short_backtrace::<core[a373ad73a504971]::result::Result<(), alloc[2e1b2a31b91974c5]::string::String>, fn() -> core[a373ad73a504971]::result::Result<(), alloc[2e1b2a31b91974c5]::string::String>>
[INFO] [stdout]   15:     0x58bfa8bfa1c5 - test[aada8e7e76ba119b]::run_test::{closure#0}
[INFO] [stdout]   16:     0x58bfa8bf3ab4 - std[617be2ca0a6fd877]::sys::backtrace::__rust_begin_short_backtrace::<test[aada8e7e76ba119b]::run_test::{closure#1}, ()>
[INFO] [stdout]   17:     0x58bfa8bfd252 - <std[617be2ca0a6fd877]::thread::lifecycle::spawn_unchecked<test[aada8e7e76ba119b]::run_test::{closure#1}, ()>::{closure#1} as core[a373ad73a504971]::ops::function::FnOnce<()>>::call_once::{shim:vtable#0}
[INFO] [stdout]   18:     0x58bfa8c6536f - <std[617be2ca0a6fd877]::sys::thread::unix::Thread>::new::thread_start
[INFO] [stdout]   19:     0x78b66e818dfa - <unknown>
[INFO] [stdout]   20:     0x78b66e8ac3d4 - clone
[INFO] [stdout]   21:                0x0 - <unknown>
[INFO] [stdout] 
[INFO] [stdout] 
[INFO] [stdout] failures:
[INFO] [stdout]     tests::compute_style_blue_bold
[INFO] [stdout]     tests::compute_style_blue_bold_on_blue
[INFO] [stdout]     tests::compute_style_blue_on_blue
[INFO] [stdout]     tests::compute_style_bright_blue_on_bright_blue
[INFO] [stdout]     tests::compute_style_simple_bg_blue
[INFO] [stdout]     tests::compute_style_simple_bg_bright_blue
[INFO] [stdout]     tests::compute_style_simple_bold
[INFO] [stdout]     tests::compute_style_simple_fg_blue
[INFO] [stdout]     tests::compute_style_simple_fg_bright_blue
[INFO] [stdout]     tests::escape_reset_sequence_spec_should_replace_inner_reset_sequence_with_current_style
[INFO] [stdout]     tests::escape_reset_sequence_spec_should_replace_multiple_inner_reset_sequences_with_current_style
[INFO] [stdout] 
[INFO] [stdout] test result: FAILED. 75 passed; 11 failed; 0 ignored; 0 measured; 0 filtered out; finished in 0.04s
[INFO] [stdout] 
[INFO] running `Command { std: "docker" "inspect" "d1dd431ed0619becf2b3b0ca1a9ceb34bb6894cc8ab364dcc50abd60ab95b4eb", kill_on_drop: false }`
[INFO] running `Command { std: "docker" "rm" "-f" "d1dd431ed0619becf2b3b0ca1a9ceb34bb6894cc8ab364dcc50abd60ab95b4eb", kill_on_drop: false }`
[INFO] [stdout] d1dd431ed0619becf2b3b0ca1a9ceb34bb6894cc8ab364dcc50abd60ab95b4eb
