[INFO] fetching crate paimon-mosaic-core 0.2.0...
[INFO] testing paimon-mosaic-core-0.2.0 against 1.99.0-beta.8+cargoflags=--release for beta-release-1.100-2
[INFO] extracting crate paimon-mosaic-core 0.2.0 into /workspace/builds/worker-2-tc1/source
[INFO] started tweaking crates.io crate paimon-mosaic-core 0.2.0
[INFO] removed 0 missing tests
[INFO] finished tweaking crates.io crate paimon-mosaic-core 0.2.0
[INFO] tweaked toml for crates.io crate paimon-mosaic-core 0.2.0 written to /workspace/builds/worker-2-tc1/source/Cargo.toml
[INFO] validating manifest of crates.io crate paimon-mosaic-core 0.2.0 on toolchain 1.99.0-beta.8
[INFO] running `Command { std: CARGO_HOME="/workspace/cargo-home" RUSTUP_HOME="/workspace/rustup-home" "/workspace/cargo-home/bin/cargo" "+1.99.0-beta.8" "metadata" "--manifest-path" "Cargo.toml" "--no-deps", kill_on_drop: false }`
[INFO] crate crates.io crate paimon-mosaic-core 0.2.0 already has a lockfile, it will not be regenerated
[INFO] running `Command { std: CARGO_HOME="/workspace/cargo-home" RUSTUP_HOME="/workspace/rustup-home" "/workspace/cargo-home/bin/cargo" "+1.99.0-beta.8" "fetch" "--manifest-path" "Cargo.toml", kill_on_drop: false }`
[INFO] [stderr]  Downloading crates ...
[INFO] [stderr]   Downloaded arrow-data v58.3.0
[INFO] [stderr]   Downloaded arrow-schema v58.3.0
[INFO] [stderr]   Downloaded arrow-buffer v58.3.0
[INFO] [stderr]   Downloaded arrow-array v58.3.0
[INFO] running `Command { std: "docker" "create" "-v" "/var/lib/crater-agent-workspace/builds/worker-2-tc1/source:/opt/rustwide/workdir:ro,Z" "-v" "/var/lib/crater-agent-workspace/builds/worker-2-tc1/target:/opt/rustwide/target:rw,Z" "-v" "/var/lib/crater-agent-workspace/cargo-home:/opt/rustwide/cargo-home:ro,Z" "-v" "/var/lib/crater-agent-workspace/rustup-home:/opt/rustwide/rustup-home:ro,Z" "-m" "1610612736" "--network" "none" "ghcr.io/rust-lang/crates-build-env/linux@sha256:77db811e55d90add9212f6832c23229e3de5f1c1f9905e8cb07319ea15df73ac" "sleep" "infinity", kill_on_drop: false }`
[INFO] [stdout] 2290a7633fcd618a2a78b58ec4b56e35f594b6e8085ab357f1664b3654d46c08
[INFO] running `Command { std: "docker" "start" "2290a7633fcd618a2a78b58ec4b56e35f594b6e8085ab357f1664b3654d46c08", kill_on_drop: false }`
[INFO] running `Command { std: "docker" "inspect" "2290a7633fcd618a2a78b58ec4b56e35f594b6e8085ab357f1664b3654d46c08", kill_on_drop: false }`
[INFO] running `Command { std: "docker" "exec" "-e" "SOURCE_DIR=/opt/rustwide/workdir" "-e" "CARGO_HOME=/opt/rustwide/cargo-home" "-e" "RUSTUP_HOME=/opt/rustwide/rustup-home" "-e" "CARGO_TARGET_DIR=/opt/rustwide/target" "-w" "/opt/rustwide/workdir" "--user" "0:0" "2290a7633fcd618a2a78b58ec4b56e35f594b6e8085ab357f1664b3654d46c08" "/opt/rustwide/cargo-home/bin/cargo" "+1.99.0-beta.8" "metadata" "--no-deps" "--format-version=1", kill_on_drop: false }`
[INFO] running `Command { std: "docker" "inspect" "2290a7633fcd618a2a78b58ec4b56e35f594b6e8085ab357f1664b3654d46c08", kill_on_drop: false }`
[INFO] running `Command { std: "docker" "exec" "-e" "SOURCE_DIR=/opt/rustwide/workdir" "-e" "CARGO_HOME=/opt/rustwide/cargo-home" "-e" "RUSTUP_HOME=/opt/rustwide/rustup-home" "-e" "CARGO_TARGET_DIR=/opt/rustwide/target" "-e" "CARGO_INCREMENTAL=0" "-e" "RUST_BACKTRACE=full" "-e" "RUSTFLAGS=--cap-lints=warn" "-e" "RUSTDOCFLAGS=--cap-lints=warn" "-w" "/opt/rustwide/workdir" "--user" "0:0" "2290a7633fcd618a2a78b58ec4b56e35f594b6e8085ab357f1664b3654d46c08" "/opt/rustwide/cargo-home/bin/cargo" "+1.99.0-beta.8" "build" "--frozen" "--message-format=json" "--release", kill_on_drop: false }`
[INFO] [stderr]    Compiling num-traits v0.2.19
[INFO] [stderr]    Compiling zerocopy v0.8.52
[INFO] [stderr]    Compiling getrandom v0.3.4
[INFO] [stderr]    Compiling bytes v1.11.1
[INFO] [stderr]    Compiling zstd-safe v7.2.4
[INFO] [stderr]    Compiling once_cell v1.21.4
[INFO] [stderr]    Compiling ahash v0.8.12
[INFO] [stderr]    Compiling arrow-schema v58.3.0
[INFO] [stderr]    Compiling jobserver v0.1.34
[INFO] [stderr]    Compiling zerocopy-derive v0.8.52
[INFO] [stderr]    Compiling cc v1.2.64
[INFO] [stderr]    Compiling num-integer v0.1.46
[INFO] [stderr]    Compiling num-complex v0.4.6
[INFO] [stderr]    Compiling chrono v0.4.45
[INFO] [stderr]    Compiling zstd-sys v2.0.16+zstd.1.5.7
[INFO] [stderr]    Compiling num-bigint v0.4.6
[INFO] [stderr]    Compiling half v2.7.1
[INFO] [stderr]    Compiling arrow-buffer v58.3.0
[INFO] [stderr]    Compiling arrow-data v58.3.0
[INFO] [stderr]    Compiling arrow-array v58.3.0
[INFO] [stderr]    Compiling zstd v0.13.3
[INFO] [stderr]    Compiling paimon-mosaic-core v0.2.0 (/opt/rustwide/workdir)
[INFO] [stderr]     Finished `release` profile [optimized] target(s) in 50.51s
[INFO] running `Command { std: "docker" "inspect" "2290a7633fcd618a2a78b58ec4b56e35f594b6e8085ab357f1664b3654d46c08", kill_on_drop: false }`
[INFO] running `Command { std: "docker" "exec" "-e" "SOURCE_DIR=/opt/rustwide/workdir" "-e" "CARGO_HOME=/opt/rustwide/cargo-home" "-e" "RUSTUP_HOME=/opt/rustwide/rustup-home" "-e" "CARGO_TARGET_DIR=/opt/rustwide/target" "-e" "CARGO_INCREMENTAL=0" "-e" "RUST_BACKTRACE=full" "-e" "RUSTFLAGS=--cap-lints=warn" "-e" "RUSTDOCFLAGS=--cap-lints=warn" "-w" "/opt/rustwide/workdir" "--user" "0:0" "2290a7633fcd618a2a78b58ec4b56e35f594b6e8085ab357f1664b3654d46c08" "/opt/rustwide/cargo-home/bin/cargo" "+1.99.0-beta.8" "test" "--frozen" "--no-run" "--message-format=json" "--release", kill_on_drop: false }`
[INFO] [stderr]    Compiling paimon-mosaic-core v0.2.0 (/opt/rustwide/workdir)
[INFO] [stderr]     Finished `release` profile [optimized] target(s) in 28.87s
[INFO] running `Command { std: "docker" "inspect" "2290a7633fcd618a2a78b58ec4b56e35f594b6e8085ab357f1664b3654d46c08", kill_on_drop: false }`
[INFO] running `Command { std: "docker" "exec" "-e" "SOURCE_DIR=/opt/rustwide/workdir" "-e" "CARGO_HOME=/opt/rustwide/cargo-home" "-e" "RUSTUP_HOME=/opt/rustwide/rustup-home" "-e" "CARGO_TARGET_DIR=/opt/rustwide/target" "-e" "CARGO_INCREMENTAL=0" "-e" "RUST_BACKTRACE=full" "-e" "RUSTFLAGS=--cap-lints=warn" "-e" "RUSTDOCFLAGS=--cap-lints=warn" "-w" "/opt/rustwide/workdir" "--user" "0:0" "2290a7633fcd618a2a78b58ec4b56e35f594b6e8085ab357f1664b3654d46c08" "/opt/rustwide/cargo-home/bin/cargo" "+1.99.0-beta.8" "test" "--frozen" "--release", kill_on_drop: false }`
[INFO] [stderr]     Finished `release` profile [optimized] target(s) in 0.06s
[INFO] [stderr]      Running unittests src/lib.rs (/opt/rustwide/target/release/deps/paimon_mosaic_core-1eb98cd330275539)
[INFO] [stdout] 
[INFO] [stdout] running 126 tests
[INFO] [stdout] test bucket_writer::tests::test_multi_column_mixed_encodings ... ok
[INFO] [stdout] test bpe::tests::test_bpe_encode ... ok
[INFO] [stdout] test bucket_writer::tests::test_dict_encoding ... ok
[INFO] [stdout] test bucket_writer::tests::test_const_encoding ... ok
[INFO] [stdout] test bucket_writer::tests::test_const_with_nulls ... ok
[INFO] [stdout] test bucket_writer::tests::test_const_string_encoding ... ok
[INFO] [stdout] test reader::tests::test_binary_varbinary_roundtrip ... ok
[INFO] [stdout] test reader::tests::test_boolean_all_true ... ok
[INFO] [stdout] test reader::tests::test_boolean_alternating ... ok
[INFO] [stdout] test reader::tests::test_const_encoding_with_nulls ... ok
[INFO] [stdout] test bucket_writer::tests::test_timestamp_nanos_byte_dict_after_no_null_batch ... ok
[INFO] [stdout] test reader::tests::test_cursor_api_basic ... ok
[INFO] [stdout] test bucket_writer::tests::test_reset_and_reuse ... ok
[INFO] [stdout] test bucket_writer::tests::test_expand_col_types_records_explicit_child_layout ... ok
[INFO] [stdout] test bucket_writer::tests::test_dict_with_nulls ... ok
[INFO] [stdout] test bpe::tests::test_ascii_only ... ok
[INFO] [stdout] test reader::tests::test_cursor_api_overwrites_previous_row ... ok
[INFO] [stdout] test bucket_writer::tests::test_plain_encoding ... ok
[INFO] [stdout] test bucket_writer::tests::test_dict_string_encoding ... ok
[INFO] [stdout] test reader::tests::test_dict_encoding_with_nulls ... ok
[INFO] [stdout] test reader::tests::test_legacy_timestamp_nanos_struct_rejects_invalid_nanos ... ok
[INFO] [stdout] test reader::tests::test_legacy_timestamp_nanos_struct_rejects_overflow ... ok
[INFO] [stdout] test reader::tests::test_legacy_timestamp_nanos_struct_writes_as_arrow_nanos ... ok
[INFO] [stdout] test reader::tests::test_cursor_api_with_projection ... ok
[INFO] [stdout] test reader::tests::test_const_string_encoding ... ok
[INFO] [stdout] test reader::tests::test_decimal_large_roundtrip ... ok
[INFO] [stdout] test reader::tests::test_all_null_rows ... ok
[INFO] [stdout] test reader::tests::test_file_open_single_io ... ok
[INFO] [stdout] test reader::tests::test_dict_string_encoding_with_nulls ... ok
[INFO] [stdout] test reader::tests::test_many_columns_few_buckets ... ok
[INFO] [stdout] test reader::tests::test_no_stats_minimal_overhead ... ok
[INFO] [stdout] test reader::tests::test_mixed_encodings_multi_column ... ok
[INFO] [stdout] test reader::tests::test_evolution_dropped_column_readback ... ok
[INFO] [stdout] test reader::tests::test_evolution_const_and_dict_encoding_readback ... ok
[INFO] [stdout] test reader::tests::test_legacy_timestamp_nanos_struct_rejects_child_null ... ok
[INFO] [stdout] test reader::tests::test_dict_string_encoding ... ok
[INFO] [stdout] test bucket_writer::tests::test_all_null_encoding ... ok
[INFO] [stdout] test reader::tests::test_mixed_paged_and_monolithic_buckets ... ok
[INFO] [stdout] test reader::tests::test_paged_dict_with_nulls ... ok
[INFO] [stdout] test reader::tests::test_paged_const_with_nulls ... ok
[INFO] [stdout] test reader::tests::test_paged_adjacent_columns_coalesced_read ... ok
[INFO] [stdout] test reader::tests::test_evolution_type_widening_readback ... ok
[INFO] [stdout] test reader::tests::test_paged_mixed_encodings ... ok
[INFO] [stdout] test reader::tests::test_projection_preserves_requested_order ... ok
[INFO] [stdout] test reader::tests::test_paged_string_dict_encoding ... ok
[INFO] [stdout] test reader::tests::test_paged_roundtrip_basic ... ok
[INFO] [stdout] test reader::tests::test_paged_all_null_columns_in_projection ... ok
[INFO] [stdout] test reader::tests::test_paged_projection ... ok
[INFO] [stdout] test reader::tests::test_projection_empty_via_project_method ... ok
[INFO] [stdout] test reader::tests::test_projection_empty_columns_preserves_row_count ... ok
[INFO] [stdout] test reader::tests::test_projection_single_column ... ok
[INFO] [stdout] test reader::tests::test_read_columns_binary_offsets ... ok
[INFO] [stdout] test reader::tests::test_paged_multi_bucket_projection ... ok
[INFO] [stdout] test reader::tests::test_projection_subset ... ok
[INFO] [stdout] test reader::tests::test_read_columns_mixed_encodings ... ok
[INFO] [stdout] test reader::tests::test_read_ranges_coalesces_adjacent ... ok
[INFO] [stdout] test reader::tests::test_read_range_buffer_new_validates_bounds ... ok
[INFO] [stdout] test reader::tests::test_read_ranges_empty ... ok
[INFO] [stdout] test reader::tests::test_read_ranges_out_of_order ... ok
[INFO] [stdout] test reader::tests::test_read_columns_with_projection ... ok
[INFO] [stdout] test reader::tests::test_read_columns_with_projection_monolithic_bucket ... ok
[INFO] [stdout] test reader::tests::test_read_columns_paged ... ok
[INFO] [stdout] test reader::tests::test_paged_all_null_only_projection ... ok
[INFO] [stdout] test reader::tests::test_roundtrip_with_nulls ... ok
[INFO] [stdout] test reader::tests::test_roundtrip_basic ... ok
[INFO] [stdout] test reader::tests::test_roundtrip_with_zstd ... ok
[INFO] [stdout] test reader::tests::test_read_ranges_shared_reuses_coalesced_buffer ... ok
[INFO] [stdout] test reader::tests::test_row_group_num_rows_out_of_range ... ok
[INFO] [stdout] test reader::tests::test_read_columns_basic ... ok
[INFO] [stdout] test reader::tests::test_read_columns_with_nulls ... ok
[INFO] [stdout] test reader::tests::test_read_ranges_coalesces_small_gap ... ok
[INFO] [stdout] test reader::tests::test_paged_wide_table_sparse_projection ... ok
[INFO] [stdout] test reader::tests::test_read_ranges_splits_large_gap ... ok
[INFO] [stdout] test reader::tests::test_roundtrip_all_types ... ok
[INFO] [stdout] test reader::tests::test_stats_string_column ... ok
[INFO] [stdout] test reader::tests::test_stats_empty_string_min ... ok
[INFO] [stdout] test reader::tests::test_stats_with_nulls ... ok
[INFO] [stdout] test reader::tests::test_single_bucket ... ok
[INFO] [stdout] test reader::tests::test_stats_across_multiple_row_groups ... ok
[INFO] [stdout] test reader::tests::test_stats_roundtrip ... ok
[INFO] [stdout] test reader::tests::test_stats_all_null_column ... ok
[INFO] [stdout] test reader::tests::test_time_roundtrip ... ok
[INFO] [stdout] test reader::tests::test_single_row ... ok
[INFO] [stdout] test reader::tests::test_timestamp_ltz_nanos_roundtrip ... ok
[INFO] [stdout] test reader::tests::test_writer_close_idempotent ... ok
[INFO] [stdout] test reader::tests::test_writer_stats_basic ... ok
[INFO] [stdout] test reader::tests::test_writer_stats_matches_reader_stats ... ok
[INFO] [stdout] test reader::tests::test_writer_stats_with_nulls ... ok
[INFO] [stdout] test reader::tests::test_writer_stats_all_null ... ok
[INFO] [stdout] test reader::tests::test_timestamp_micros_roundtrip ... ok
[INFO] [stdout] test reader::tests::test_timestamp_ltz_roundtrip ... ok
[INFO] [stdout] test reader::tests::test_zero_rows ... ok
[INFO] [stdout] test reader::tests::test_varchar_char_roundtrip ... ok
[INFO] [stdout] test reader::tests::test_schema_order_preserved_after_roundtrip ... ok
[INFO] [stdout] test reader::tests::test_write_batch_non_nullable_rejects_nulls ... ok
[INFO] [stdout] test schema::tests::test_original_order_identity ... ok
[INFO] [stdout] test schema::tests::test_serialize ... ok
[INFO] [stdout] test reader::tests::test_timestamp_nanos_stats_min_max ... ok
[INFO] [stdout] test schema::tests::test_serialize_deserialize_sorted_order ... ok
[INFO] [stdout] test schema::tests::test_bucket_assignment ... ok
[INFO] [stdout] test stats::tests::test_serialize_all_null_stats ... ok
[INFO] [stdout] test reader::tests::test_timestamp_nanos_roundtrip ... ok
[INFO] [stdout] test schema::tests::test_original_order_duplicate_rejected ... ok
[INFO] [stdout] test stats::tests::test_serialize_deserialize_stats ... ok
[INFO] [stdout] test varint::tests::test_roundtrip ... ok
[INFO] [stdout] test varint::tests::test_zigzag_roundtrip ... ok
[INFO] [stdout] test stats::tests::test_compare_values ... ok
[INFO] [stdout] test varint::tests::test_u64_roundtrip ... ok
[INFO] [stdout] test stats::tests::test_stats_collector ... ok
[INFO] [stdout] test schema::tests::test_original_order_out_of_range_rejected ... ok
[INFO] [stdout] test stats::tests::test_serialize_empty_stats ... ok
[INFO] [stdout] test writer::tests::test_stats_columns_sorted_by_index ... ok
[INFO] [stdout] test writer::tests::test_stats_columns_unsupported_type ... ok
[INFO] [stdout] test writer::tests::test_stats_columns_valid ... ok
[INFO] [stdout] test writer::tests::test_write_with_zstd ... ok
[INFO] [stdout] test writer::tests::test_stats_columns_not_found ... ok
[INFO] [stdout] test writer::tests::test_estimated_file_size ... ok
[INFO] [stdout] test varint::tests::test_decode_eof ... ok
[INFO] [stdout] test writer::tests::test_non_nullable_rejects_null ... ok
[INFO] [stdout] test writer::tests::test_write_simple_file ... ok
[INFO] [stdout] test reader::tests::test_multiple_row_groups ... ok
[INFO] [stdout] test reader::tests::test_multiple_row_groups_with_projection ... ok
[INFO] [stdout] test reader::tests::test_zstd_with_multiple_row_groups ... ok
[INFO] [stdout] test reader::tests::test_read_columns_multiple_row_groups ... ok
[INFO] [stdout] test reader::tests::test_paged_multiple_row_groups ... ok
[INFO] [stdout] test reader::tests::test_row_group_num_rows ... ok
[INFO] [stdout] 
[INFO] [stdout] test result: ok. 126 passed; 0 failed; 0 ignored; 0 measured; 0 filtered out; finished in 0.16s
[INFO] [stdout] 
[INFO] [stderr]      Running tests/array_type_test.rs (/opt/rustwide/target/release/deps/array_type_test-f09189170e123623)
[INFO] [stdout] 
[INFO] [stdout] running 23 tests
[INFO] [stdout] test test_array_date32_elements ... ok
[INFO] [stdout] test test_array_null_row_preserves_child_offsets ... ok
[INFO] [stdout] test test_complex_map_key_rejected ... ok
[INFO] [stdout] test test_array_all_null ... ok
[INFO] [stdout] test test_array_of_map ... ok
[INFO] [stdout] test test_array_int32_basic ... ok
[INFO] [stdout] test test_map_all_null ... ok
[INFO] [stdout] test test_array_nested_array ... ok
[INFO] [stdout] test test_array_of_map_with_array_value ... ok
[INFO] [stdout] test test_sorted_map_rejected ... ok
[INFO] [stdout] test test_array_with_other_columns ... ok
[INFO] [stdout] test test_array_child_dict_encoding ... ok
[INFO] [stdout] test test_array_large_batch ... ok
[INFO] [stdout] test test_map_int_string_basic ... ok
[INFO] [stdout] test test_project_array_from_paged_bucket ... ok
[INFO] [stdout] test test_array_paged_layout ... ok
[INFO] [stdout] test test_array_with_null_elements ... ok
[INFO] [stdout] test test_map_with_array_value ... ok
[INFO] [stdout] test test_project_one_array_from_multi_array_paged ... ok
[INFO] [stdout] test test_array_string_elements ... ok
[INFO] [stdout] test test_multiple_array_columns_in_bucket ... ok
[INFO] [stdout] test test_map_with_other_columns ... ok
[INFO] [stdout] test test_map_custom_field_names_roundtrip ... ok
[INFO] [stdout] 
[INFO] [stdout] test result: ok. 23 passed; 0 failed; 0 ignored; 0 measured; 0 filtered out; finished in 0.01s
[INFO] [stdout] 
[INFO] [stderr]      Running tests/data_patterns_test.rs (/opt/rustwide/target/release/deps/data_patterns_test-1e05bc7857e01af8)
[INFO] [stdout] 
[INFO] [stdout] running 20 tests
[INFO] [stdout] test test_all_extremes_int ... ok
[INFO] [stdout] test test_decimal_near_overflow ... ok
[INFO] [stdout] test test_fibonacci_like_values ... ok
[INFO] [stdout] test test_run_length_encoding_friendly ... ok
[INFO] [stdout] test test_timestamp_boundaries ... ok
[INFO] [stdout] test test_zigzag_int_pattern ... ok
[INFO] [stdout] test test_single_value_then_varied ... ok
[INFO] [stdout] test test_monotonic_then_random ... ok
[INFO] [stdout] test test_sawtooth_pattern ... ok
[INFO] [stdout] test test_power_of_two_values ... ok
[INFO] [stdout] test test_binary_all_zeros ... ok
[INFO] [stdout] test test_binary_all_0xff ... ok
[INFO] [stdout] test test_low_cardinality_with_skew ... ok
[INFO] [stdout] test test_string_with_special_chars ... ok
[INFO] [stdout] test test_unicode_strings ... ok
[INFO] [stdout] test test_correlated_null_columns ... ok
[INFO] [stdout] test test_sparse_data ... ok
[INFO] [stdout] test test_high_cardinality_strings ... ok
[INFO] [stdout] test test_dense_data_no_nulls ... ok
[INFO] [stdout] test test_string_length_distribution ... ok
[INFO] [stdout] 
[INFO] [stdout] test result: ok. 20 passed; 0 failed; 0 ignored; 0 measured; 0 filtered out; finished in 1.26s
[INFO] [stdout] 
[INFO] [stderr]      Running tests/determinism_test.rs (/opt/rustwide/target/release/deps/determinism_test-c7324bab19123915)
[INFO] [stdout] 
[INFO] [stdout] running 18 tests
[INFO] [stdout] test test_deterministic_shared_substring_columns ... ok
[INFO] [stdout] test test_deterministic_with_no_compression ... ok
[INFO] [stdout] test test_deterministic_int_output ... ok
[INFO] [stdout] test test_deterministic_different_batch_splits ... ok
[INFO] [stdout] test test_deterministic_with_nulls ... ok
[INFO] [stdout] test test_reroundtrip_with_projection ... ok
[INFO] [stdout] test test_footer_position_deterministic ... ok
[INFO] [stdout] test test_deterministic_with_zstd ... ok
[INFO] [stdout] test test_reroundtrip_int_data ... ok
[INFO] [stdout] test test_reroundtrip_chain_5_times ... ok
[INFO] [stdout] test test_reroundtrip_with_nulls ... ok
[INFO] [stdout] test test_output_size_consistent ... ok
[INFO] [stdout] test test_deterministic_multiple_row_groups ... ok
[INFO] [stdout] test test_reroundtrip_string_data ... ok
[INFO] [stdout] test test_deterministic_string_output ... ok
[INFO] [stdout] test test_reroundtrip_all_types ... ok
[INFO] [stdout] test test_deterministic_all_types ... ok
[INFO] [stdout] test test_reroundtrip_multiple_row_groups ... ok
[INFO] [stdout] 
[INFO] [stdout] test result: ok. 18 passed; 0 failed; 0 ignored; 0 measured; 0 filtered out; finished in 0.50s
[INFO] [stdout] 
[INFO] [stderr]      Running tests/encoding_compression_test.rs (/opt/rustwide/target/release/deps/encoding_compression_test-b9b5d22922a2fa52)
[INFO] [stdout] 
[INFO] [stdout] running 30 tests
[INFO] [stdout] test test_bucket_count_exceeds_columns ... ok
[INFO] [stdout] test test_bucket_count_equals_columns ... ok
[INFO] [stdout] test test_compression_empty_strings ... ok
[INFO] [stdout] test test_dict_budget_exceeded ... ok
[INFO] [stdout] test test_compression_incompressible ... ok
[INFO] [stdout] test test_projection_by_name ... ok
[INFO] [stdout] test test_dict_encoding_boundary_253_254_255_256 ... ok
[INFO] [stdout] test test_projection_reverse_order ... ok
[INFO] [stdout] test test_huge_row_group_max ... ok
[INFO] [stdout] test test_projection_last_column ... ok
[INFO] [stdout] test test_projection_same_column_twice ... ok
[INFO] [stdout] test test_all_null_encoding ... ok
[INFO] [stdout] test test_page_size_threshold_large ... ok
[INFO] [stdout] test test_stats_all_columns ... ok
[INFO] [stdout] test test_compression_highly_compressible ... ok
[INFO] [stdout] test test_projection_with_all_encodings ... ok
[INFO] [stdout] test test_encoding_mixed_in_same_file ... ok
[INFO] [stdout] test test_stats_subset_columns ... ok
[INFO] [stdout] test test_const_encoding_all_types ... ok
[INFO] [stdout] test test_projection_first_column ... ok
[INFO] [stdout] test test_exact_row_group_boundary ... ok
[INFO] [stdout] test test_projection_single_column_from_100 ... ok
[INFO] [stdout] test test_page_size_threshold_small ... ok
[INFO] [stdout] test test_tiny_row_group_max ... ok
[INFO] [stdout] test test_projection_across_multiple_row_groups ... ok
[INFO] [stdout] test test_bucket_count_1 ... ok
[INFO] [stdout] test test_dict_encoding_string_cardinality ... ok
[INFO] [stdout] test test_no_compression_roundtrip_all_types ... ok
[INFO] [stdout] test test_data_split_across_many_row_groups ... ok
[INFO] [stdout] test test_zstd_compression_levels ... ok
[INFO] [stdout] 
[INFO] [stdout] test result: ok. 30 passed; 0 failed; 0 ignored; 0 measured; 0 filtered out; finished in 4.65s
[INFO] [stdout] 
[INFO] [stderr]      Running tests/format_verification_test.rs (/opt/rustwide/target/release/deps/format_verification_test-d17110a51993322b)
[INFO] [stdout] 
[INFO] [stdout] running 26 tests
[INFO] [stdout] test test_estimated_size_before_any_write ... ok
[INFO] [stdout] test test_footer_compression_byte ... ok
[INFO] [stdout] test test_footer_magic_bytes ... ok
[INFO] [stdout] test test_column_order_alphabetical ... ok
[INFO] [stdout] test test_footer_offsets_valid ... ok
[INFO] [stdout] test test_estimated_size_constant_data ... ok
[INFO] [stdout] test test_multiple_files_different_schemas ... ok
[INFO] [stdout] test test_stats_all_null_column ... ok
[INFO] [stdout] test test_footer_version_byte ... ok
[INFO] [stdout] test test_schema_block_readable ... ok
[INFO] [stdout] test test_stats_negative_values ... ok
[INFO] [stdout] test test_stats_string_min_max_exact ... ok
[INFO] [stdout] test test_footer_size_exactly_32 ... ok
[INFO] [stdout] test test_footer_num_buckets ... ok
[INFO] [stdout] test test_stats_no_null_column ... ok
[INFO] [stdout] test test_stats_disabled_columns ... ok
[INFO] [stdout] test test_stats_float64_min_max_exact ... ok
[INFO] [stdout] test test_stats_int64_min_max_exact ... ok
[INFO] [stdout] test test_estimated_size_with_compression ... ok
[INFO] [stdout] test test_footer_num_row_groups ... ok
[INFO] [stdout] test test_stats_int32_min_max_exact ... ok
[INFO] [stdout] test test_stats_across_multiple_row_groups ... ok
[INFO] [stdout] test test_stats_null_count_exact ... ok
[INFO] [stdout] test test_stats_single_value ... ok
[INFO] [stdout] test test_estimated_size_grows_with_data ... ok
[INFO] [stdout] test test_estimated_size_vs_actual_within_tolerance ... ok
[INFO] [stdout] 
[INFO] [stdout] test result: ok. 26 passed; 0 failed; 0 ignored; 0 measured; 0 filtered out; finished in 0.19s
[INFO] [stdout] 
[INFO] [stderr]      Running tests/gen_fixtures.rs (/opt/rustwide/target/release/deps/gen_fixtures-f17fb93969daf01f)
[INFO] [stdout] 
[INFO] [stdout] running 6 tests
[INFO] [stdout] test test_v1_no_array_binary_compatible ... ok
[INFO] [stdout] test test_v1_with_map_binary_stable ... ok
[INFO] [stdout] test test_v1_with_array_binary_stable ... ok
[INFO] [stdout] test test_v1_no_array_golden_readable ... ok
[INFO] [stdout] test test_v1_with_map_golden_readable ... ok
[INFO] [stderr]      Running tests/interop_read_test.rs (/opt/rustwide/target/release/deps/interop_read_test-5fea3d0bfe875609)
[INFO] [stdout] test test_v1_with_array_golden_readable ... ok
[INFO] [stdout] 
[INFO] [stdout] test result: ok. 6 passed; 0 failed; 0 ignored; 0 measured; 0 filtered out; finished in 0.01s
[INFO] [stdout] 
[INFO] [stdout] 
[INFO] [stdout] running 2 tests
[INFO] [stdout] test test_read_python_written_file ... FAILED
[INFO] [stdout] test test_read_java_written_file ... FAILED
[INFO] [stdout] 
[INFO] [stdout] failures:
[INFO] [stdout] 
[INFO] [stdout] ---- test_read_python_written_file stdout ----
[INFO] [stdout] 
[INFO] [stdout] thread 'test_read_python_written_file' (2855) panicked at tests/interop_read_test.rs:60:9:
[INFO] [stdout] Failed to read /tmp/mosaic_interop/python_written.mosaic: No such file or directory (os error 2). Did you run the Java/Python interop tests first?
[INFO] [stdout] stack backtrace:
[INFO] [stdout]    0:     0x63693a5a5ed1 - <<std[70759c8f55707aa4]::sys::backtrace::BacktraceLock>::print::DisplayBacktrace as core[df12db4294e9bfd3]::fmt::Display>::fmt
[INFO] [stdout]    1:     0x63693a5bbb9a - core[df12db4294e9bfd3]::fmt::write
[INFO] [stdout]    2:     0x63693a5aa3bc - <alloc[2182bb758b4b3781]::vec::Vec<u8> as core[df12db4294e9bfd3]::io::write::Write>::write_fmt
[INFO] [stdout]    3:     0x63693a581f66 - std[70759c8f55707aa4]::panicking::default_hook::{closure#0}
[INFO] [stdout]    4:     0x63693a59e0e9 - std[70759c8f55707aa4]::panicking::default_hook
[INFO] [stdout]    5:     0x63693a43c040 - test[9d35eded1c95d3be]::test_main_inner::<test[9d35eded1c95d3be]::test_main_static::{closure#0}>::{closure#0}
[INFO] [stdout]    6:     0x63693a59e412 - std[70759c8f55707aa4]::panicking::panic_with_hook
[INFO] [stdout]    7:     0x63693a582012 - std[70759c8f55707aa4]::panicking::panic_handler::{closure#0}
[INFO] [stdout]    8:     0x63693a57ac09 - std[70759c8f55707aa4]::sys::backtrace::__rust_end_short_backtrace::<std[70759c8f55707aa4]::panicking::panic_handler::{closure#0}, !>
[INFO] [stdout]    9:     0x63693a582c0d - __rustc[8fa7c3cbc660c2b3]::rust_begin_unwind
[INFO] [stdout]   10:     0x63693a5bc2cc - core[df12db4294e9bfd3]::panicking::panic_fmt
[INFO] [stdout]   11:     0x63693a42847a - interop_read_test[9b6904e510e1fc63]::open_file::{closure#0}
[INFO] [stdout]   12:     0x63693a428607 - interop_read_test[9b6904e510e1fc63]::open_file
[INFO] [stdout]   13:     0x63693a4291d2 - <interop_read_test[9b6904e510e1fc63]::test_read_python_written_file::{closure#0} as core[df12db4294e9bfd3]::ops::function::FnOnce<()>>::call_once
[INFO] [stdout]   14:     0x63693a42f32b - test[9d35eded1c95d3be]::__rust_begin_short_backtrace::<core[df12db4294e9bfd3]::result::Result<(), alloc[2182bb758b4b3781]::string::String>, fn() -> core[df12db4294e9bfd3]::result::Result<(), alloc[2182bb758b4b3781]::string::String>>
[INFO] [stdout]   15:     0x63693a43c995 - test[9d35eded1c95d3be]::run_test::{closure#0}
[INFO] [stdout]   16:     0x63693a436254 - std[70759c8f55707aa4]::sys::backtrace::__rust_begin_short_backtrace::<test[9d35eded1c95d3be]::run_test::{closure#1}, ()>
[INFO] [stdout]   17:     0x63693a43faf2 - <std[70759c8f55707aa4]::thread::lifecycle::spawn_unchecked<test[9d35eded1c95d3be]::run_test::{closure#1}, ()>::{closure#1} as core[df12db4294e9bfd3]::ops::function::FnOnce<()>>::call_once::{shim:vtable#0}
[INFO] [stdout]   18:     0x63693a5a5479 - <std[70759c8f55707aa4]::sys::thread::unix::Thread>::new::thread_start
[INFO] [stdout]   19:     0x79f9bc1a8dfa - <unknown>
[INFO] [stdout]   20:     0x79f9bc23c3d4 - clone
[INFO] [stdout]   21:                0x0 - <unknown>
[INFO] [stdout] 
[INFO] [stdout] ---- test_read_java_written_file stdout ----
[INFO] [stdout] 
[INFO] [stdout] thread 'test_read_java_written_file' (2854) panicked at tests/interop_read_test.rs:60:9:
[INFO] [stdout] Failed to read /tmp/mosaic_interop/java_written.mosaic: No such file or directory (os error 2). Did you run the Java/Python interop tests first?
[INFO] [stdout] stack backtrace:
[INFO] [stdout]    0:     0x63693a5a5ed1 - <<std[70759c8f55707aa4]::sys::backtrace::BacktraceLock>::print::DisplayBacktrace as core[df12db4294e9bfd3]::fmt::Display>::fmt
[INFO] [stdout]    1:     0x63693a5bbb9a - core[df12db4294e9bfd3]::fmt::write
[INFO] [stdout]    2:     0x63693a5aa3bc - <alloc[2182bb758b4b3781]::vec::Vec<u8> as core[df12db4294e9bfd3]::io::write::Write>::write_fmt
[INFO] [stdout]    3:     0x63693a581f66 - std[70759c8f55707aa4]::panicking::default_hook::{closure#0}
[INFO] [stdout]    4:     0x63693a59e0e9 - std[70759c8f55707aa4]::panicking::default_hook
[INFO] [stdout]    5:     0x63693a43c040 - test[9d35eded1c95d3be]::test_main_inner::<test[9d35eded1c95d3be]::test_main_static::{closure#0}>::{closure#0}
[INFO] [stdout]    6:     0x63693a59e412 - std[70759c8f55707aa4]::panicking::panic_with_hook
[INFO] [stdout]    7:     0x63693a582012 - std[70759c8f55707aa4]::panicking::panic_handler::{closure#0}
[INFO] [stdout]    8:     0x63693a57ac09 - std[70759c8f55707aa4]::sys::backtrace::__rust_end_short_backtrace::<std[70759c8f55707aa4]::panicking::panic_handler::{closure#0}, !>
[INFO] [stdout]    9:     0x63693a582c0d - __rustc[8fa7c3cbc660c2b3]::rust_begin_unwind
[INFO] [stdout]   10:     0x63693a5bc2cc - core[df12db4294e9bfd3]::panicking::panic_fmt
[INFO] [stdout]   11:     0x63693a42847a - interop_read_test[9b6904e510e1fc63]::open_file::{closure#0}
[INFO] [stdout]   12:     0x63693a428607 - interop_read_test[9b6904e510e1fc63]::open_file
[INFO] [stdout]   13:     0x63693a428892 - <interop_read_test[9b6904e510e1fc63]::test_read_java_written_file::{closure#0} as core[df12db4294e9bfd3]::ops::function::FnOnce<()>>::call_once
[INFO] [stdout]   14:     0x63693a42f32b - test[9d35eded1c95d3be]::__rust_begin_short_backtrace::<core[df12db4294e9bfd3]::result::Result<(), alloc[2182bb758b4b3781]::string::String>, fn() -> core[df12db4294e9bfd3]::result::Result<(), alloc[2182bb758b4b3781]::string::String>>
[INFO] [stdout]   15:     0x63693a43c995 - test[9d35eded1c95d3be]::run_test::{closure#0}
[INFO] [stdout]   16:     0x63693a436254 - std[70759c8f55707aa4]::sys::backtrace::__rust_begin_short_backtrace::<test[9d35eded1c95d3be]::run_test::{closure#1}, ()>
[INFO] [stdout]   17:     0x63693a43faf2 - <std[70759c8f55707aa4]::thread::lifecycle::spawn_unchecked<test[9d35eded1c95d3be]::run_test::{closure#1}, ()>::{closure#1} as core[df12db4294e9bfd3]::ops::function::FnOnce<()>>::call_once::{shim:vtable#0}
[INFO] [stdout]   18:     0x63693a5a5479 - <std[70759c8f55707aa4]::sys::thread::unix::Thread>::new::thread_start
[INFO] [stdout]   19:     0x79f9bc1a8dfa - <unknown>
[INFO] [stdout]   20:     0x79f9bc23c3d4 - clone
[INFO] [stdout]   21:                0x0 - <unknown>
[INFO] [stdout] 
[INFO] [stdout] 
[INFO] [stdout] failures:
[INFO] [stdout]     test_read_java_written_file
[INFO] [stdout]     test_read_python_written_file
[INFO] [stdout] 
[INFO] [stdout] test result: FAILED. 0 passed; 2 failed; 0 ignored; 0 measured; 0 filtered out; finished in 0.00s
[INFO] [stdout] 
[INFO] [stderr] error: test failed, to rerun pass `--test interop_read_test`
[INFO] running `Command { std: "docker" "inspect" "2290a7633fcd618a2a78b58ec4b56e35f594b6e8085ab357f1664b3654d46c08", kill_on_drop: false }`
[INFO] running `Command { std: "docker" "rm" "-f" "2290a7633fcd618a2a78b58ec4b56e35f594b6e8085ab357f1664b3654d46c08", kill_on_drop: false }`
[INFO] [stdout] 2290a7633fcd618a2a78b58ec4b56e35f594b6e8085ab357f1664b3654d46c08
