[INFO] fetching crate pageseeder-api 0.1.1...
[INFO] testing pageseeder-api-0.1.1 against 1.99.0-beta.8+cargoflags=--release for beta-release-1.100-2
[INFO] extracting crate pageseeder-api 0.1.1 into /workspace/builds/worker-3-tc1/source
[INFO] started tweaking crates.io crate pageseeder-api 0.1.1
[INFO] finished tweaking crates.io crate pageseeder-api 0.1.1
[INFO] tweaked toml for crates.io crate pageseeder-api 0.1.1 written to /workspace/builds/worker-3-tc1/source/Cargo.toml
[INFO] validating manifest of crates.io crate pageseeder-api 0.1.1 on toolchain 1.99.0-beta.8
[INFO] running `Command { std: CARGO_HOME="/workspace/cargo-home" RUSTUP_HOME="/workspace/rustup-home" "/workspace/cargo-home/bin/cargo" "+1.99.0-beta.8" "metadata" "--manifest-path" "Cargo.toml" "--no-deps", kill_on_drop: false }`
[INFO] crate crates.io crate pageseeder-api 0.1.1 already has a lockfile, it will not be regenerated
[INFO] running `Command { std: CARGO_HOME="/workspace/cargo-home" RUSTUP_HOME="/workspace/rustup-home" "/workspace/cargo-home/bin/cargo" "+1.99.0-beta.8" "fetch" "--manifest-path" "Cargo.toml", kill_on_drop: false }`
[INFO] [stderr]     Updating crates.io index
[INFO] [stderr]  Downloading crates ...
[INFO] [stderr]   Downloaded thiserror v2.0.16
[INFO] [stderr]   Downloaded serde_core v1.0.226
[INFO] [stderr]   Downloaded redox_syscall v0.5.17
[INFO] [stderr]   Downloaded wasm-bindgen-shared v0.2.103
[INFO] [stderr]   Downloaded thiserror-impl v2.0.16
[INFO] [stderr]   Downloaded wasm-bindgen-macro-support v0.2.103
[INFO] [stderr]   Downloaded wasm-bindgen-macro v0.2.103
[INFO] [stderr]   Downloaded wasm-bindgen-futures v0.4.53
[INFO] [stderr]   Downloaded psml v0.1.2
[INFO] [stderr]   Downloaded serde v1.0.226
[INFO] [stderr]   Downloaded tokio-rustls v0.26.3
[INFO] [stderr]   Downloaded wasm-bindgen v0.2.103
[INFO] [stderr]   Downloaded wasm-bindgen-backend v0.2.103
[INFO] [stderr]   Downloaded serde_derive v1.0.226
[INFO] [stderr]   Downloaded windows-core v0.62.0
[INFO] [stderr]   Downloaded js-sys v0.3.80
[INFO] [stderr]   Downloaded openssl-sys v0.9.109
[INFO] [stderr]   Downloaded cc v1.2.38
[INFO] [stderr]   Downloaded regex v1.11.2
[INFO] [stderr]   Downloaded openssl v0.10.73
[INFO] [stderr]   Downloaded web-sys v0.3.80
[INFO] [stderr]   Downloaded regex-automata v0.4.10
[INFO] [stderr]   Downloaded libc v0.2.175
[INFO] [stderr]   Downloaded windows-sys v0.61.0
[INFO] running `Command { std: "docker" "create" "-v" "/var/lib/crater-agent-workspace/builds/worker-3-tc1/source:/opt/rustwide/workdir:ro,Z" "-v" "/var/lib/crater-agent-workspace/builds/worker-3-tc1/target:/opt/rustwide/target:rw,Z" "-v" "/var/lib/crater-agent-workspace/cargo-home:/opt/rustwide/cargo-home:ro,Z" "-v" "/var/lib/crater-agent-workspace/rustup-home:/opt/rustwide/rustup-home:ro,Z" "-m" "1610612736" "--network" "none" "ghcr.io/rust-lang/crates-build-env/linux@sha256:77db811e55d90add9212f6832c23229e3de5f1c1f9905e8cb07319ea15df73ac" "sleep" "infinity", kill_on_drop: false }`
[INFO] [stdout] c8a476ed2fa26cdf364dae632d8446432f20450528a403b1deee4edf1357c556
[INFO] running `Command { std: "docker" "start" "c8a476ed2fa26cdf364dae632d8446432f20450528a403b1deee4edf1357c556", kill_on_drop: false }`
[INFO] running `Command { std: "docker" "inspect" "c8a476ed2fa26cdf364dae632d8446432f20450528a403b1deee4edf1357c556", kill_on_drop: false }`
[INFO] running `Command { std: "docker" "exec" "-e" "SOURCE_DIR=/opt/rustwide/workdir" "-e" "CARGO_HOME=/opt/rustwide/cargo-home" "-e" "RUSTUP_HOME=/opt/rustwide/rustup-home" "-e" "CARGO_TARGET_DIR=/opt/rustwide/target" "-w" "/opt/rustwide/workdir" "--user" "0:0" "c8a476ed2fa26cdf364dae632d8446432f20450528a403b1deee4edf1357c556" "/opt/rustwide/cargo-home/bin/cargo" "+1.99.0-beta.8" "metadata" "--no-deps" "--format-version=1", kill_on_drop: false }`
[INFO] running `Command { std: "docker" "inspect" "c8a476ed2fa26cdf364dae632d8446432f20450528a403b1deee4edf1357c556", kill_on_drop: false }`
[INFO] running `Command { std: "docker" "exec" "-e" "SOURCE_DIR=/opt/rustwide/workdir" "-e" "CARGO_HOME=/opt/rustwide/cargo-home" "-e" "RUSTUP_HOME=/opt/rustwide/rustup-home" "-e" "CARGO_TARGET_DIR=/opt/rustwide/target" "-e" "CARGO_INCREMENTAL=0" "-e" "RUST_BACKTRACE=full" "-e" "RUSTFLAGS=--cap-lints=warn" "-e" "RUSTDOCFLAGS=--cap-lints=warn" "-w" "/opt/rustwide/workdir" "--user" "0:0" "c8a476ed2fa26cdf364dae632d8446432f20450528a403b1deee4edf1357c556" "/opt/rustwide/cargo-home/bin/cargo" "+1.99.0-beta.8" "build" "--frozen" "--message-format=json" "--release", kill_on_drop: false }`
[INFO] [stderr]    Compiling unicode-ident v1.0.19
[INFO] [stderr]    Compiling libc v0.2.175
[INFO] [stderr]    Compiling stable_deref_trait v1.2.0
[INFO] [stderr]    Compiling find-msvc-tools v0.1.2
[INFO] [stderr]    Compiling serde_core v1.0.226
[INFO] [stderr]    Compiling serde v1.0.226
[INFO] [stderr]    Compiling cfg-if v1.0.3
[INFO] [stderr]    Compiling futures-task v0.3.31
[INFO] [stderr]    Compiling memchr v2.7.5
[INFO] [stderr]    Compiling futures-sink v0.3.31
[INFO] [stderr]    Compiling bitflags v2.9.4
[INFO] [stderr]    Compiling openssl v0.10.73
[INFO] [stderr]    Compiling indexmap v2.11.4
[INFO] [stderr]    Compiling futures-channel v0.3.31
[INFO] [stderr]    Compiling regex-syntax v0.8.6
[INFO] [stderr]    Compiling http-body-util v0.1.3
[INFO] [stderr]    Compiling thiserror v2.0.16
[INFO] [stderr]    Compiling rustls-pki-types v1.12.0
[INFO] [stderr]    Compiling encoding_rs v0.8.35
[INFO] [stderr]    Compiling proc-macro2 v1.0.101
[INFO] [stderr]    Compiling futures-util v0.3.31
[INFO] [stderr]    Compiling cc v1.2.38
[INFO] [stderr]    Compiling quote v1.0.40
[INFO] [stderr]    Compiling aho-corasick v1.1.3
[INFO] [stderr]    Compiling syn v2.0.106
[INFO] [stderr]    Compiling mio v1.0.4
[INFO] [stderr]    Compiling socket2 v0.6.0
[INFO] [stderr]    Compiling openssl-sys v0.9.109
[INFO] [stderr]    Compiling tokio v1.47.1
[INFO] [stderr]    Compiling native-tls v0.2.14
[INFO] [stderr]    Compiling serde_json v1.0.145
[INFO] [stderr]    Compiling regex-automata v0.4.10
[INFO] [stderr]    Compiling synstructure v0.13.2
[INFO] [stderr]    Compiling zerofrom-derive v0.1.6
[INFO] [stderr]    Compiling yoke-derive v0.8.0
[INFO] [stderr]    Compiling zerovec-derive v0.11.1
[INFO] [stderr]    Compiling displaydoc v0.2.5
[INFO] [stderr]    Compiling serde_derive v1.0.226
[INFO] [stderr]    Compiling openssl-macros v0.1.1
[INFO] [stderr]    Compiling thiserror-impl v2.0.16
[INFO] [stderr]    Compiling regex v1.11.2
[INFO] [stderr]    Compiling zerofrom v0.1.6
[INFO] [stderr]    Compiling yoke v0.8.0
[INFO] [stderr]    Compiling zerovec v0.11.4
[INFO] [stderr]    Compiling zerotrie v0.2.2
[INFO] [stderr]    Compiling tokio-util v0.7.16
[INFO] [stderr]    Compiling tower v0.5.2
[INFO] [stderr]    Compiling tower-http v0.6.6
[INFO] [stderr]    Compiling h2 v0.4.12
[INFO] [stderr]    Compiling tinystr v0.8.1
[INFO] [stderr]    Compiling potential_utf v0.1.3
[INFO] [stderr]    Compiling icu_collections v2.0.0
[INFO] [stderr]    Compiling icu_locale_core v2.0.0
[INFO] [stderr]    Compiling icu_provider v2.0.0
[INFO] [stderr]    Compiling serde_urlencoded v0.7.1
[INFO] [stderr]    Compiling psml v0.1.2
[INFO] [stderr]    Compiling quick-xml v0.31.0
[INFO] [stderr]    Compiling chrono v0.4.42
[INFO] [stderr]    Compiling icu_normalizer v2.0.0
[INFO] [stderr]    Compiling icu_properties v2.0.1
[INFO] [stderr]    Compiling tokio-native-tls v0.3.1
[INFO] [stderr]    Compiling idna_adapter v1.2.1
[INFO] [stderr]    Compiling idna v1.1.0
[INFO] [stderr]    Compiling url v2.5.7
[INFO] [stderr]    Compiling hyper v1.7.0
[INFO] [stderr]    Compiling hyper-util v0.1.17
[INFO] [stderr]    Compiling hyper-tls v0.6.0
[INFO] [stderr]    Compiling reqwest v0.12.23
[INFO] [stderr]    Compiling pageseeder-api v0.1.1 (/opt/rustwide/workdir)
[INFO] [stderr]     Finished `release` profile [optimized] target(s) in 1m 24s
[INFO] running `Command { std: "docker" "inspect" "c8a476ed2fa26cdf364dae632d8446432f20450528a403b1deee4edf1357c556", kill_on_drop: false }`
[INFO] running `Command { std: "docker" "exec" "-e" "SOURCE_DIR=/opt/rustwide/workdir" "-e" "CARGO_HOME=/opt/rustwide/cargo-home" "-e" "RUSTUP_HOME=/opt/rustwide/rustup-home" "-e" "CARGO_TARGET_DIR=/opt/rustwide/target" "-e" "CARGO_INCREMENTAL=0" "-e" "RUST_BACKTRACE=full" "-e" "RUSTFLAGS=--cap-lints=warn" "-e" "RUSTDOCFLAGS=--cap-lints=warn" "-w" "/opt/rustwide/workdir" "--user" "0:0" "c8a476ed2fa26cdf364dae632d8446432f20450528a403b1deee4edf1357c556" "/opt/rustwide/cargo-home/bin/cargo" "+1.99.0-beta.8" "test" "--frozen" "--no-run" "--message-format=json" "--release", kill_on_drop: false }`
[INFO] [stderr]    Compiling parking_lot_core v0.9.11
[INFO] [stderr]    Compiling lock_api v0.4.13
[INFO] [stderr]    Compiling tokio-macros v2.5.0
[INFO] [stderr]    Compiling signal-hook-registry v1.4.6
[INFO] [stderr]    Compiling parking_lot v0.12.4
[INFO] [stderr]    Compiling tokio v1.47.1
[INFO] [stderr]    Compiling tokio-util v0.7.16
[INFO] [stderr]    Compiling tokio-native-tls v0.3.1
[INFO] [stderr]    Compiling tower v0.5.2
[INFO] [stderr]    Compiling tower-http v0.6.6
[INFO] [stderr]    Compiling h2 v0.4.12
[INFO] [stderr]    Compiling hyper v1.7.0
[INFO] [stderr]    Compiling hyper-util v0.1.17
[INFO] [stderr]    Compiling hyper-tls v0.6.0
[INFO] [stderr]    Compiling reqwest v0.12.23
[INFO] [stderr]    Compiling pageseeder-api v0.1.1 (/opt/rustwide/workdir)
[INFO] [stderr]     Finished `release` profile [optimized] target(s) in 36.00s
[INFO] running `Command { std: "docker" "inspect" "c8a476ed2fa26cdf364dae632d8446432f20450528a403b1deee4edf1357c556", kill_on_drop: false }`
[INFO] running `Command { std: "docker" "exec" "-e" "SOURCE_DIR=/opt/rustwide/workdir" "-e" "CARGO_HOME=/opt/rustwide/cargo-home" "-e" "RUSTUP_HOME=/opt/rustwide/rustup-home" "-e" "CARGO_TARGET_DIR=/opt/rustwide/target" "-e" "CARGO_INCREMENTAL=0" "-e" "RUST_BACKTRACE=full" "-e" "RUSTFLAGS=--cap-lints=warn" "-e" "RUSTDOCFLAGS=--cap-lints=warn" "-w" "/opt/rustwide/workdir" "--user" "0:0" "c8a476ed2fa26cdf364dae632d8446432f20450528a403b1deee4edf1357c556" "/opt/rustwide/cargo-home/bin/cargo" "+1.99.0-beta.8" "test" "--frozen" "--release", kill_on_drop: false }`
[INFO] [stderr]     Finished `release` profile [optimized] target(s) in 0.21s
[INFO] [stderr]      Running unittests src/lib.rs (/opt/rustwide/target/release/deps/pageseeder_api-858c45f34eb6f2cb)
[INFO] [stdout] 
[INFO] [stdout] running 2 tests
[INFO] [stdout] test tests::test_uri_history ... FAILED
[INFO] [stdout] test tests::test_group_search ... FAILED
[INFO] [stdout] 
[INFO] [stdout] failures:
[INFO] [stdout] 
[INFO] [stdout] ---- tests::test_uri_history stdout ----
[INFO] [stdout] 
[INFO] [stdout] thread 'tests::test_uri_history' (1912) panicked at src/tests.rs:14:33:
[INFO] [stdout] Set environment variable PS_TEST_URL: NotPresent
[INFO] [stdout] stack backtrace:
[INFO] [stdout]    0:     0x5eaf859abd01 - <<std[70759c8f55707aa4]::sys::backtrace::BacktraceLock>::print::DisplayBacktrace as core[df12db4294e9bfd3]::fmt::Display>::fmt
[INFO] [stdout]    1:     0x5eaf859c1c1a - core[df12db4294e9bfd3]::fmt::write
[INFO] [stdout]    2:     0x5eaf859b08bc - <alloc[2182bb758b4b3781]::vec::Vec<u8> as core[df12db4294e9bfd3]::io::write::Write>::write_fmt
[INFO] [stdout]    3:     0x5eaf85986e66 - std[70759c8f55707aa4]::panicking::default_hook::{closure#0}
[INFO] [stdout]    4:     0x5eaf859a3c09 - std[70759c8f55707aa4]::panicking::default_hook
[INFO] [stdout]    5:     0x5eaf857e09e0 - test[9d35eded1c95d3be]::test_main_inner::<test[9d35eded1c95d3be]::test_main_static::{closure#0}>::{closure#0}
[INFO] [stdout]    6:     0x5eaf859a3f32 - std[70759c8f55707aa4]::panicking::panic_with_hook
[INFO] [stdout]    7:     0x5eaf85986f12 - std[70759c8f55707aa4]::panicking::panic_handler::{closure#0}
[INFO] [stdout]    8:     0x5eaf8597fbb9 - std[70759c8f55707aa4]::sys::backtrace::__rust_end_short_backtrace::<std[70759c8f55707aa4]::panicking::panic_handler::{closure#0}, !>
[INFO] [stdout]    9:     0x5eaf85987cfd - __rustc[8fa7c3cbc660c2b3]::rust_begin_unwind
[INFO] [stdout]   10:     0x5eaf859c237c - core[df12db4294e9bfd3]::panicking::panic_fmt
[INFO] [stdout]   11:     0x5eaf859c2152 - core[df12db4294e9bfd3]::result::unwrap_failed
[INFO] [stdout]   12:     0x5eaf857b4e7a - pageseeder_api[a5ed9fdbcc69bc9]::tests::test_server
[INFO] [stdout]   13:     0x5eaf857b24e6 - pageseeder_api[a5ed9fdbcc69bc9]::tests::test_uri_history::{closure#0}
[INFO] [stdout]   14:     0x5eaf857ce493 - <tokio[b16a0a8c8a0f0198]::runtime::scheduler::current_thread::Context>::enter::<core[df12db4294e9bfd3]::task::poll::Poll<()>, <tokio[b16a0a8c8a0f0198]::runtime::scheduler::current_thread::CoreGuard>::block_on<core[df12db4294e9bfd3]::pin::Pin<&mut core[df12db4294e9bfd3]::pin::Pin<&mut dyn core[df12db4294e9bfd3]::future::future::Future<Output = ()>>>>::{closure#0}::{closure#0}>
[INFO] [stdout]   15:     0x5eaf857c22e9 - <std[70759c8f55707aa4]::thread::local::LocalKey<tokio[b16a0a8c8a0f0198]::runtime::context::Context>>::with::<tokio[b16a0a8c8a0f0198]::runtime::context::set_scheduler<(alloc[2182bb758b4b3781]::boxed::Box<tokio[b16a0a8c8a0f0198]::runtime::scheduler::current_thread::Core>, core[df12db4294e9bfd3]::option::Option<()>), <tokio[b16a0a8c8a0f0198]::runtime::scheduler::current_thread::CoreGuard>::enter<<tokio[b16a0a8c8a0f0198]::runtime::scheduler::current_thread::CoreGuard>::block_on<core[df12db4294e9bfd3]::pin::Pin<&mut core[df12db4294e9bfd3]::pin::Pin<&mut dyn core[df12db4294e9bfd3]::future::future::Future<Output = ()>>>>::{closure#0}, core[df12db4294e9bfd3]::option::Option<()>>::{closure#0}>::{closure#0}, (alloc[2182bb758b4b3781]::boxed::Box<tokio[b16a0a8c8a0f0198]::runtime::scheduler::current_thread::Core>, core[df12db4294e9bfd3]::option::Option<()>)>
[INFO] [stdout]   16:     0x5eaf857ce7c7 - <tokio[b16a0a8c8a0f0198]::runtime::scheduler::current_thread::CoreGuard>::block_on::<core[df12db4294e9bfd3]::pin::Pin<&mut core[df12db4294e9bfd3]::pin::Pin<&mut dyn core[df12db4294e9bfd3]::future::future::Future<Output = ()>>>>
[INFO] [stdout]   17:     0x5eaf857cdcdd - tokio[b16a0a8c8a0f0198]::runtime::context::runtime::enter_runtime::<<tokio[b16a0a8c8a0f0198]::runtime::scheduler::current_thread::CurrentThread>::block_on<core[df12db4294e9bfd3]::pin::Pin<&mut dyn core[df12db4294e9bfd3]::future::future::Future<Output = ()>>>::{closure#0}, ()>
[INFO] [stdout]   18:     0x5eaf857cc9de - <tokio[b16a0a8c8a0f0198]::runtime::runtime::Runtime>::block_on::<core[df12db4294e9bfd3]::pin::Pin<&mut dyn core[df12db4294e9bfd3]::future::future::Future<Output = ()>>>
[INFO] [stdout]   19:     0x5eaf857b509b - pageseeder_api[a5ed9fdbcc69bc9]::tests::test_uri_history
[INFO] [stdout]   20:     0x5eaf857c8729 - <pageseeder_api[a5ed9fdbcc69bc9]::tests::test_uri_history::{closure#0} as core[df12db4294e9bfd3]::ops::function::FnOnce<()>>::call_once
[INFO] [stdout]   21:     0x5eaf857d3ccb - test[9d35eded1c95d3be]::__rust_begin_short_backtrace::<core[df12db4294e9bfd3]::result::Result<(), alloc[2182bb758b4b3781]::string::String>, fn() -> core[df12db4294e9bfd3]::result::Result<(), alloc[2182bb758b4b3781]::string::String>>
[INFO] [stdout]   22:     0x5eaf857e1335 - test[9d35eded1c95d3be]::run_test::{closure#0}
[INFO] [stdout]   23:     0x5eaf857dabf4 - std[70759c8f55707aa4]::sys::backtrace::__rust_begin_short_backtrace::<test[9d35eded1c95d3be]::run_test::{closure#1}, ()>
[INFO] [stdout]   24:     0x5eaf857e4492 - <std[70759c8f55707aa4]::thread::lifecycle::spawn_unchecked<test[9d35eded1c95d3be]::run_test::{closure#1}, ()>::{closure#1} as core[df12db4294e9bfd3]::ops::function::FnOnce<()>>::call_once::{shim:vtable#0}
[INFO] [stdout]   25:     0x5eaf859ab229 - <std[70759c8f55707aa4]::sys::thread::unix::Thread>::new::thread_start
[INFO] [stdout]   26:     0x7e6324272dfa - <unknown>
[INFO] [stdout]   27:     0x7e63243063d4 - clone
[INFO] [stdout]   28:                0x0 - <unknown>
[INFO] [stdout] 
[INFO] [stdout] ---- tests::test_group_search stdout ----
[INFO] [stdout] 
[INFO] [stdout] thread 'tests::test_group_search' (1911) panicked at src/tests.rs:14:33:
[INFO] [stdout] Set environment variable PS_TEST_URL: NotPresent
[INFO] [stdout] stack backtrace:
[INFO] [stdout]    0:     0x5eaf859abd01 - <<std[70759c8f55707aa4]::sys::backtrace::BacktraceLock>::print::DisplayBacktrace as core[df12db4294e9bfd3]::fmt::Display>::fmt
[INFO] [stdout]    1:     0x5eaf859c1c1a - core[df12db4294e9bfd3]::fmt::write
[INFO] [stdout]    2:     0x5eaf859b08bc - <alloc[2182bb758b4b3781]::vec::Vec<u8> as core[df12db4294e9bfd3]::io::write::Write>::write_fmt
[INFO] [stdout]    3:     0x5eaf85986e66 - std[70759c8f55707aa4]::panicking::default_hook::{closure#0}
[INFO] [stdout]    4:     0x5eaf859a3c09 - std[70759c8f55707aa4]::panicking::default_hook
[INFO] [stdout]    5:     0x5eaf857e09e0 - test[9d35eded1c95d3be]::test_main_inner::<test[9d35eded1c95d3be]::test_main_static::{closure#0}>::{closure#0}
[INFO] [stdout]    6:     0x5eaf859a3f32 - std[70759c8f55707aa4]::panicking::panic_with_hook
[INFO] [stdout]    7:     0x5eaf85986f12 - std[70759c8f55707aa4]::panicking::panic_handler::{closure#0}
[INFO] [stdout]    8:     0x5eaf8597fbb9 - std[70759c8f55707aa4]::sys::backtrace::__rust_end_short_backtrace::<std[70759c8f55707aa4]::panicking::panic_handler::{closure#0}, !>
[INFO] [stdout]    9:     0x5eaf85987cfd - __rustc[8fa7c3cbc660c2b3]::rust_begin_unwind
[INFO] [stdout]   10:     0x5eaf859c237c - core[df12db4294e9bfd3]::panicking::panic_fmt
[INFO] [stdout]   11:     0x5eaf859c2152 - core[df12db4294e9bfd3]::result::unwrap_failed
[INFO] [stdout]   12:     0x5eaf857b4e7a - pageseeder_api[a5ed9fdbcc69bc9]::tests::test_server
[INFO] [stdout]   13:     0x5eaf857b3128 - pageseeder_api[a5ed9fdbcc69bc9]::tests::test_group_search::{closure#0}
[INFO] [stdout]   14:     0x5eaf857ce493 - <tokio[b16a0a8c8a0f0198]::runtime::scheduler::current_thread::Context>::enter::<core[df12db4294e9bfd3]::task::poll::Poll<()>, <tokio[b16a0a8c8a0f0198]::runtime::scheduler::current_thread::CoreGuard>::block_on<core[df12db4294e9bfd3]::pin::Pin<&mut core[df12db4294e9bfd3]::pin::Pin<&mut dyn core[df12db4294e9bfd3]::future::future::Future<Output = ()>>>>::{closure#0}::{closure#0}>
[INFO] [stdout]   15:     0x5eaf857c22e9 - <std[70759c8f55707aa4]::thread::local::LocalKey<tokio[b16a0a8c8a0f0198]::runtime::context::Context>>::with::<tokio[b16a0a8c8a0f0198]::runtime::context::set_scheduler<(alloc[2182bb758b4b3781]::boxed::Box<tokio[b16a0a8c8a0f0198]::runtime::scheduler::current_thread::Core>, core[df12db4294e9bfd3]::option::Option<()>), <tokio[b16a0a8c8a0f0198]::runtime::scheduler::current_thread::CoreGuard>::enter<<tokio[b16a0a8c8a0f0198]::runtime::scheduler::current_thread::CoreGuard>::block_on<core[df12db4294e9bfd3]::pin::Pin<&mut core[df12db4294e9bfd3]::pin::Pin<&mut dyn core[df12db4294e9bfd3]::future::future::Future<Output = ()>>>>::{closure#0}, core[df12db4294e9bfd3]::option::Option<()>>::{closure#0}>::{closure#0}, (alloc[2182bb758b4b3781]::boxed::Box<tokio[b16a0a8c8a0f0198]::runtime::scheduler::current_thread::Core>, core[df12db4294e9bfd3]::option::Option<()>)>
[INFO] [stdout]   16:     0x5eaf857ce7c7 - <tokio[b16a0a8c8a0f0198]::runtime::scheduler::current_thread::CoreGuard>::block_on::<core[df12db4294e9bfd3]::pin::Pin<&mut core[df12db4294e9bfd3]::pin::Pin<&mut dyn core[df12db4294e9bfd3]::future::future::Future<Output = ()>>>>
[INFO] [stdout]   17:     0x5eaf857cdcdd - tokio[b16a0a8c8a0f0198]::runtime::context::runtime::enter_runtime::<<tokio[b16a0a8c8a0f0198]::runtime::scheduler::current_thread::CurrentThread>::block_on<core[df12db4294e9bfd3]::pin::Pin<&mut dyn core[df12db4294e9bfd3]::future::future::Future<Output = ()>>>::{closure#0}, ()>
[INFO] [stdout]   18:     0x5eaf857cc9de - <tokio[b16a0a8c8a0f0198]::runtime::runtime::Runtime>::block_on::<core[df12db4294e9bfd3]::pin::Pin<&mut dyn core[df12db4294e9bfd3]::future::future::Future<Output = ()>>>
[INFO] [stdout]   19:     0x5eaf857b51eb - pageseeder_api[a5ed9fdbcc69bc9]::tests::test_group_search
[INFO] [stdout]   20:     0x5eaf857c8749 - <pageseeder_api[a5ed9fdbcc69bc9]::tests::test_group_search::{closure#0} as core[df12db4294e9bfd3]::ops::function::FnOnce<()>>::call_once
[INFO] [stdout]   21:     0x5eaf857d3ccb - test[9d35eded1c95d3be]::__rust_begin_short_backtrace::<core[df12db4294e9bfd3]::result::Result<(), alloc[2182bb758b4b3781]::string::String>, fn() -> core[df12db4294e9bfd3]::result::Result<(), alloc[2182bb758b4b3781]::string::String>>
[INFO] [stdout]   22:     0x5eaf857e1335 - test[9d35eded1c95d3be]::run_test::{closure#0}
[INFO] [stdout]   23:     0x5eaf857dabf4 - std[70759c8f55707aa4]::sys::backtrace::__rust_begin_short_backtrace::<test[9d35eded1c95d3be]::run_test::{closure#1}, ()>
[INFO] [stdout]   24:     0x5eaf857e4492 - <std[70759c8f55707aa4]::thread::lifecycle::spawn_unchecked<test[9d35eded1c95d3be]::run_test::{closure#1}, ()>::{closure#1} as core[df12db4294e9bfd3]::ops::function::FnOnce<()>>::call_once::{shim:vtable#0}
[INFO] [stdout]   25:     0x5eaf859ab229 - <std[70759c8f55707aa4]::sys::thread::unix::Thread>::new::thread_start
[INFO] [stdout]   26:     0x7e6324272dfa - <unknown>
[INFO] [stdout]   27:     0x7e63243063d4 - clone
[INFO] [stdout]   28:                0x0 - <unknown>
[INFO] [stderr] error: test failed, to rerun pass `--lib`
[INFO] [stdout] 
[INFO] [stdout] 
[INFO] [stdout] failures:
[INFO] [stdout]     tests::test_group_search
[INFO] [stdout]     tests::test_uri_history
[INFO] [stdout] 
[INFO] [stdout] test result: FAILED. 0 passed; 2 failed; 0 ignored; 0 measured; 0 filtered out; finished in 0.01s
[INFO] [stdout] 
[INFO] running `Command { std: "docker" "inspect" "c8a476ed2fa26cdf364dae632d8446432f20450528a403b1deee4edf1357c556", kill_on_drop: false }`
[INFO] running `Command { std: "docker" "rm" "-f" "c8a476ed2fa26cdf364dae632d8446432f20450528a403b1deee4edf1357c556", kill_on_drop: false }`
[INFO] [stdout] c8a476ed2fa26cdf364dae632d8446432f20450528a403b1deee4edf1357c556
