[INFO] fetching crate pagers-core 0.2.2...
[INFO] testing pagers-core-0.2.2 against 1.100.0-beta.1+cargoflags=--release for beta-release-1.100-2
[INFO] extracting crate pagers-core 0.2.2 into /workspace/builds/worker-3-tc2/source
[INFO] started tweaking crates.io crate pagers-core 0.2.2
[INFO] finished tweaking crates.io crate pagers-core 0.2.2
[INFO] tweaked toml for crates.io crate pagers-core 0.2.2 written to /workspace/builds/worker-3-tc2/source/Cargo.toml
[INFO] validating manifest of crates.io crate pagers-core 0.2.2 on toolchain 1.100.0-beta.1
[INFO] running `Command { std: CARGO_HOME="/workspace/cargo-home" RUSTUP_HOME="/workspace/rustup-home" "/workspace/cargo-home/bin/cargo" "+1.100.0-beta.1" "metadata" "--manifest-path" "Cargo.toml" "--no-deps", kill_on_drop: false }`
[INFO] crate crates.io crate pagers-core 0.2.2 already has a lockfile, it will not be regenerated
[INFO] running `Command { std: CARGO_HOME="/workspace/cargo-home" RUSTUP_HOME="/workspace/rustup-home" "/workspace/cargo-home/bin/cargo" "+1.100.0-beta.1" "fetch" "--manifest-path" "Cargo.toml", kill_on_drop: false }`
[INFO] [stderr]     Blocking waiting for file lock on package cache
[INFO] [stderr]     Blocking waiting for file lock on package cache
[INFO] running `Command { std: "docker" "create" "-v" "/var/lib/crater-agent-workspace/builds/worker-3-tc2/source:/opt/rustwide/workdir:ro,Z" "-v" "/var/lib/crater-agent-workspace/builds/worker-3-tc2/target:/opt/rustwide/target:rw,Z" "-v" "/var/lib/crater-agent-workspace/cargo-home:/opt/rustwide/cargo-home:ro,Z" "-v" "/var/lib/crater-agent-workspace/rustup-home:/opt/rustwide/rustup-home:ro,Z" "-m" "1610612736" "--network" "none" "ghcr.io/rust-lang/crates-build-env/linux@sha256:77db811e55d90add9212f6832c23229e3de5f1c1f9905e8cb07319ea15df73ac" "sleep" "infinity", kill_on_drop: false }`
[INFO] [stdout] 2d724908e7e6dbaafea30ff2f386215613655c20f986ca123c1d0c69d2b7af42
[INFO] running `Command { std: "docker" "start" "2d724908e7e6dbaafea30ff2f386215613655c20f986ca123c1d0c69d2b7af42", kill_on_drop: false }`
[INFO] running `Command { std: "docker" "inspect" "2d724908e7e6dbaafea30ff2f386215613655c20f986ca123c1d0c69d2b7af42", kill_on_drop: false }`
[INFO] running `Command { std: "docker" "exec" "-e" "SOURCE_DIR=/opt/rustwide/workdir" "-e" "CARGO_HOME=/opt/rustwide/cargo-home" "-e" "RUSTUP_HOME=/opt/rustwide/rustup-home" "-e" "CARGO_TARGET_DIR=/opt/rustwide/target" "-w" "/opt/rustwide/workdir" "--user" "0:0" "2d724908e7e6dbaafea30ff2f386215613655c20f986ca123c1d0c69d2b7af42" "/opt/rustwide/cargo-home/bin/cargo" "+1.100.0-beta.1" "metadata" "--no-deps" "--format-version=1", kill_on_drop: false }`
[INFO] running `Command { std: "docker" "inspect" "2d724908e7e6dbaafea30ff2f386215613655c20f986ca123c1d0c69d2b7af42", kill_on_drop: false }`
[INFO] running `Command { std: "docker" "exec" "-e" "SOURCE_DIR=/opt/rustwide/workdir" "-e" "CARGO_HOME=/opt/rustwide/cargo-home" "-e" "RUSTUP_HOME=/opt/rustwide/rustup-home" "-e" "CARGO_TARGET_DIR=/opt/rustwide/target" "-e" "CARGO_INCREMENTAL=0" "-e" "RUST_BACKTRACE=full" "-e" "RUSTFLAGS=--cap-lints=warn" "-e" "RUSTDOCFLAGS=--cap-lints=warn" "-w" "/opt/rustwide/workdir" "--user" "0:0" "2d724908e7e6dbaafea30ff2f386215613655c20f986ca123c1d0c69d2b7af42" "/opt/rustwide/cargo-home/bin/cargo" "+1.100.0-beta.1" "build" "--frozen" "--message-format=json" "--release", kill_on_drop: false }`
[INFO] [stderr]    Compiling radium v0.7.0
[INFO] [stderr]    Compiling tap v1.0.1
[INFO] [stderr]    Compiling aho-corasick v1.1.5
[INFO] [stderr]    Compiling bstr v1.13.0
[INFO] [stderr]    Compiling nix v0.31.3
[INFO] [stderr]    Compiling fs-err v3.3.1
[INFO] [stderr]    Compiling crossbeam-epoch v0.9.20
[INFO] [stderr]    Compiling crossbeam-channel v0.5.16
[INFO] [stderr]    Compiling crossbeam-queue v0.3.13
[INFO] [stderr]    Compiling funty v2.0.0
[INFO] [stderr]    Compiling humantime v2.4.0
[INFO] [stderr]    Compiling memmap2 v0.9.11
[INFO] [stderr]    Compiling syn v2.0.119
[INFO] [stderr]    Compiling wyz v0.5.1
[INFO] [stderr]    Compiling crossbeam-deque v0.8.7
[INFO] [stderr]    Compiling bitvec v1.1.1
[INFO] [stderr]    Compiling crossbeam v0.8.4
[INFO] [stderr]    Compiling dua-core v2.41.1
[INFO] [stderr]    Compiling regex-automata v0.4.18
[INFO] [stderr]    Compiling tracing-attributes v0.1.31
[INFO] [stderr]    Compiling globset v0.4.20
[INFO] [stderr]    Compiling ignore v0.4.33
[INFO] [stderr]    Compiling tracing v0.1.44
[INFO] [stderr]    Compiling pagers-core v0.2.2 (/opt/rustwide/workdir)
[INFO] [stderr]     Finished `release` profile [optimized] target(s) in 11.83s
[INFO] running `Command { std: "docker" "inspect" "2d724908e7e6dbaafea30ff2f386215613655c20f986ca123c1d0c69d2b7af42", kill_on_drop: false }`
[INFO] running `Command { std: "docker" "exec" "-e" "SOURCE_DIR=/opt/rustwide/workdir" "-e" "CARGO_HOME=/opt/rustwide/cargo-home" "-e" "RUSTUP_HOME=/opt/rustwide/rustup-home" "-e" "CARGO_TARGET_DIR=/opt/rustwide/target" "-e" "CARGO_INCREMENTAL=0" "-e" "RUST_BACKTRACE=full" "-e" "RUSTFLAGS=--cap-lints=warn" "-e" "RUSTDOCFLAGS=--cap-lints=warn" "-w" "/opt/rustwide/workdir" "--user" "0:0" "2d724908e7e6dbaafea30ff2f386215613655c20f986ca123c1d0c69d2b7af42" "/opt/rustwide/cargo-home/bin/cargo" "+1.100.0-beta.1" "test" "--frozen" "--no-run" "--message-format=json" "--release", kill_on_drop: false }`
[INFO] [stderr]    Compiling syn v2.0.119
[INFO] [stderr]    Compiling serde_json v1.0.151
[INFO] [stderr]    Compiling nix v0.31.3
[INFO] [stderr]    Compiling getrandom v0.4.3
[INFO] [stderr]    Compiling page_size v0.6.0
[INFO] [stderr]    Compiling regex v1.13.1
[INFO] [stderr]    Compiling tempfile v3.27.0
[INFO] [stderr]    Compiling tinytemplate v1.2.1
[INFO] [stderr]    Compiling zerocopy-derive v0.8.56
[INFO] [stderr]    Compiling tracing-attributes v0.1.31
[INFO] [stderr]    Compiling tracing v0.1.44
[INFO] [stderr]    Compiling pagers-core v0.2.2 (/opt/rustwide/workdir)
[INFO] [stderr]    Compiling zerocopy v0.8.56
[INFO] [stderr]    Compiling half v2.7.1
[INFO] [stderr]    Compiling ciborium-ll v0.2.2
[INFO] [stderr]    Compiling ciborium v0.2.2
[INFO] [stderr]    Compiling criterion v0.8.2
[INFO] [stderr]     Finished `release` profile [optimized] target(s) in 17.33s
[INFO] running `Command { std: "docker" "inspect" "2d724908e7e6dbaafea30ff2f386215613655c20f986ca123c1d0c69d2b7af42", kill_on_drop: false }`
[INFO] running `Command { std: "docker" "exec" "-e" "SOURCE_DIR=/opt/rustwide/workdir" "-e" "CARGO_HOME=/opt/rustwide/cargo-home" "-e" "RUSTUP_HOME=/opt/rustwide/rustup-home" "-e" "CARGO_TARGET_DIR=/opt/rustwide/target" "-e" "CARGO_INCREMENTAL=0" "-e" "RUST_BACKTRACE=full" "-e" "RUSTFLAGS=--cap-lints=warn" "-e" "RUSTDOCFLAGS=--cap-lints=warn" "-w" "/opt/rustwide/workdir" "--user" "0:0" "2d724908e7e6dbaafea30ff2f386215613655c20f986ca123c1d0c69d2b7af42" "/opt/rustwide/cargo-home/bin/cargo" "+1.100.0-beta.1" "test" "--frozen" "--release", kill_on_drop: false }`
[INFO] [stderr]     Finished `release` profile [optimized] target(s) in 0.07s
[INFO] [stderr]      Running unittests src/lib.rs (/opt/rustwide/target/release/build/pagers-core/756133b4fd9dbdb7/out/pagers_core-756133b4fd9dbdb7)
[INFO] [stdout] 
[INFO] [stdout] running 78 tests
[INFO] [stdout] test cachestat::tests::test_supported_returns_bool ... ok
[INFO] [stdout] test cachestat::tests::linux::test_cached_pages_bad_fd ... ok
[INFO] [stdout] test error::tests::test_io_error_display_with_context ... ok
[INFO] [stdout] test error::tests::test_io_error_from_std ... ok
[INFO] [stdout] test crawl::tests::threads_parse_and_display ... ok
[INFO] [stdout] test crawl::tests::cancelled_collection_emits_no_paths ... ok
[INFO] [stdout] test error::tests::test_offset_beyond_file_display ... ok
[INFO] [stdout] test error::tests::test_syscall_error_from_errno ... ok
[INFO] [stdout] test mincore::tests::bitvec_impl::count_filled_after_touch ... ok
[INFO] [stdout] test mincore::tests::bitvec_impl::fill_sets_all ... ok
[INFO] [stdout] test mincore::tests::bitvec_impl::from_residency_bytes_across_word_boundary ... ok
[INFO] [stdout] test mincore::tests::bitvec_impl::from_residency_bytes_all_resident ... ok
[INFO] [stdout] test mincore::tests::bitvec_impl::from_residency_bytes_alternating ... ok
[INFO] [stdout] test mincore::tests::bitvec_impl::from_residency_bytes_matches_from_bools ... ok
[INFO] [stdout] test mincore::tests::bitvec_impl::from_residency_bytes_empty ... ok
[INFO] [stdout] test mincore::tests::bitvec_impl::from_residency_bytes_nonzero_values ... ok
[INFO] [stdout] test mincore::tests::bitvec_impl::from_bools_empty ... ok
[INFO] [stdout] test mincore::tests::bitvec_impl::from_residency_bytes_all_zero ... ok
[INFO] [stdout] test cachestat::tests::linux::test_cached_pages_on_temp_file ... FAILED
[INFO] [stdout] test mincore::tests::bitvec_impl::from_residency_bytes_single ... ok
[INFO] [stdout] test mincore::tests::bitvec_impl::after_touch_all_resident ... ok
[INFO] [stdout] test mincore::tests::vec_bool_impl::fill_sets_all ... ok
[INFO] [stdout] test mincore::tests::vec_bool_impl::from_residency_bytes_across_word_boundary ... ok
[INFO] [stdout] test mincore::tests::vec_bool_impl::from_residency_bytes_all_resident ... ok
[INFO] [stdout] test mincore::tests::bitvec_impl::page_count ... ok
[INFO] [stdout] test mincore::tests::vec_bool_impl::from_bools_empty ... ok
[INFO] [stdout] test mincore::tests::vec_bool_impl::count_filled_after_touch ... ok
[INFO] [stdout] test mincore::tests::vec_bool_impl::from_residency_bytes_empty ... ok
[INFO] [stdout] test mincore::tests::bitvec_impl::slice_range ... ok
[INFO] [stdout] test mincore::tests::vec_bool_impl::from_residency_bytes_matches_from_bools ... ok
[INFO] [stdout] test mincore::tests::vec_bool_impl::from_residency_bytes_all_zero ... ok
[INFO] [stdout] test mincore::tests::vec_bool_impl::from_residency_bytes_nonzero_values ... ok
[INFO] [stdout] test mincore::tests::vec_bool_impl::from_residency_bytes_single ... ok
[INFO] [stdout] test mincore::tests::vec_bool_impl::from_residency_bytes_alternating ... ok
[INFO] [stdout] test mincore::tests::vec_bool_impl::page_count ... ok
[INFO] [stdout] test mincore::tests::bitvec_impl::single_page ... ok
[INFO] [stdout] test ops::process::tests::bitvec_impl::nonexistent_returns_error ... ok
[INFO] [stdout] test mincore::tests::bitvec_impl::partial_page_rounds_up ... ok
[INFO] [stdout] test mincore::tests::vec_bool_impl::slice_range ... ok
[INFO] [stdout] test mincore::tests::vec_bool_impl::single_page ... ok
[INFO] [stdout] test ops::process::tests::advisory_effect_measures_the_after_state ... FAILED
[INFO] [stdout] test mode::tests::tui_reports_only_the_requested_range ... ok
[INFO] [stdout] test ops::process::tests::bitvec_impl::empty_file_returns_none ... ok
[INFO] [stdout] test ops::process::tests::bitvec_impl::file_info_pages ... ok
[INFO] [stdout] test ops::process::tests::bitvec_impl::query_full_reuses_before ... ok
[INFO] [stdout] test ops::process::tests::test_stats_default ... ok
[INFO] [stdout] test ops::process::tests::overflowing_range_is_rejected_without_panicking ... ok
[INFO] [stdout] test ops::process::tests::bitvec_impl::offset_beyond_file ... ok
[INFO] [stdout] test ops::process::tests::unaligned_range_is_rejected ... ok
[INFO] [stdout] test ops::process::tests::bitvec_impl::with_max_len ... ok
[INFO] [stdout] test ops::process::tests::bitvec_impl::counts_without_bitmap ... ok
[INFO] [stdout] test mincore::tests::vec_bool_impl::after_touch_all_resident ... ok
[INFO] [stdout] test ops::process::tests::vec_bool_impl::counts_without_bitmap ... ok
[INFO] [stdout] test ops::process::tests::bitvec_impl::touch_makes_resident ... ok
[INFO] [stdout] test ops::process::tests::bitvec_impl::full_residency ... ok
[INFO] [stdout] test ops::process::tests::bitvec_impl::evict_succeeds ... ok
[INFO] [stdout] test ops::process::tests::vec_bool_impl::nonexistent_returns_error ... ok
[INFO] [stdout] test ops::process::tests::vec_bool_impl::full_residency ... ok
[INFO] [stdout] test ops::process::tests::bitvec_impl::query_counts_pages ... ok
[INFO] [stdout] test ops::process::tests::vec_bool_impl::offset_beyond_file ... ok
[INFO] [stdout] test ops::process::tests::vec_bool_impl::query_counts_pages ... ok
[INFO] [stdout] test ops::process::tests::vec_bool_impl::file_info_pages ... ok
[INFO] [stdout] test ops::process::tests::vec_bool_impl::query_full_reuses_before ... ok
[INFO] [stdout] test mincore::tests::vec_bool_impl::partial_page_rounds_up ... ok
[INFO] [stdout] test ops::process::tests::vec_bool_impl::empty_file_returns_none ... ok
[INFO] [stdout] test ops::process::tests::vec_bool_impl::evict_succeeds ... ok
[INFO] [stdout] test ops::process::tests::zero_length_range_is_rejected ... ok
[INFO] [stdout] test ops::process::tests::vec_bool_impl::with_max_len ... ok
[INFO] [stdout] test output::tests::test_pretty_elapsed ... ok
[INFO] [stdout] test ops::process::tests::vec_bool_impl::touch_makes_resident ... ok
[INFO] [stdout] test ops::tests::residency_effect_derives_sign_and_delta ... ok
[INFO] [stdout] test ops::tests::file_context_from_prepared_file_preserves_mapping ... ok
[INFO] [stdout] test output::tests::test_pretty_size ... ok
[INFO] [stdout] test output::tests::test_summary_pct ... ok
[INFO] [stdout] test output::tests::test_summary_from_stats_zero ... ok
[INFO] [stdout] test ops::tests::touch_stops_when_cancelled_during_page_walk ... ok
[INFO] [stdout] test crawl::tests::file_operations_use_requested_parallelism ... ok
[INFO] [stdout] test crawl::tests::cancellation_drains_wide_traversal ... ok
[INFO] [stdout] 
[INFO] [stdout] failures:
[INFO] [stdout] 
[INFO] [stdout] ---- cachestat::tests::linux::test_cached_pages_on_temp_file stdout ----
[INFO] [stdout] 
[INFO] [stdout] thread 'cachestat::tests::linux::test_cached_pages_on_temp_file' (974) panicked at src/cachestat.rs:117:13:
[INFO] [stdout] expected 1-4 pages, got 0
[INFO] [stdout] stack backtrace:
[INFO] [stdout]    0:     0x5755f81c4d91 - <<std[617be2ca0a6fd877]::sys::backtrace::BacktraceLock>::print::DisplayBacktrace as core[a373ad73a504971]::fmt::Display>::fmt
[INFO] [stdout]    1:     0x5755f81db7aa - core[a373ad73a504971]::fmt::write
[INFO] [stdout]    2:     0x5755f81ca18c - <alloc[2e1b2a31b91974c5]::vec::Vec<u8> as core[a373ad73a504971]::io::write::Write>::write_fmt
[INFO] [stdout]    3:     0x5755f819eb96 - std[617be2ca0a6fd877]::panicking::default_hook::{closure#0}
[INFO] [stdout]    4:     0x5755f81bc399 - std[617be2ca0a6fd877]::panicking::default_hook
[INFO] [stdout]    5:     0x5755f81426f0 - test[aada8e7e76ba119b]::test_main_inner::{closure#0}
[INFO] [stdout]    6:     0x5755f81bc6c2 - std[617be2ca0a6fd877]::panicking::panic_with_hook
[INFO] [stdout]    7:     0x5755f819ec42 - std[617be2ca0a6fd877]::panicking::panic_handler::{closure#0}
[INFO] [stdout]    8:     0x5755f8197589 - std[617be2ca0a6fd877]::sys::backtrace::__rust_end_short_backtrace::<std[617be2ca0a6fd877]::panicking::panic_handler::{closure#0}, !>
[INFO] [stdout]    9:     0x5755f819f8cd - __rustc[ea4f61d10b84890b]::rust_begin_unwind
[INFO] [stdout]   10:     0x5755f81dbf8c - core[a373ad73a504971]::panicking::panic_fmt
[INFO] [stdout]   11:     0x5755f8037c1b - <pagers_core[631e56350a04698]::cachestat::tests::linux::test_cached_pages_on_temp_file::{closure#0} as core[a373ad73a504971]::ops::function::FnOnce<()>>::call_once
[INFO] [stdout]   12:     0x5755f8135b3b - test[aada8e7e76ba119b]::__rust_begin_short_backtrace::<core[a373ad73a504971]::result::Result<(), alloc[2e1b2a31b91974c5]::string::String>, fn() -> core[a373ad73a504971]::result::Result<(), alloc[2e1b2a31b91974c5]::string::String>>
[INFO] [stdout]   13:     0x5755f8142d15 - test[aada8e7e76ba119b]::run_test::{closure#0}
[INFO] [stdout]   14:     0x5755f813c604 - std[617be2ca0a6fd877]::sys::backtrace::__rust_begin_short_backtrace::<test[aada8e7e76ba119b]::run_test::{closure#1}, ()>
[INFO] [stdout]   15:     0x5755f8145da2 - <std[617be2ca0a6fd877]::thread::lifecycle::spawn_unchecked<test[aada8e7e76ba119b]::run_test::{closure#1}, ()>::{closure#1} as core[a373ad73a504971]::ops::function::FnOnce<()>>::call_once::{shim:vtable#0}
[INFO] [stdout]   16:     0x5755f81c45af - <std[617be2ca0a6fd877]::sys::thread::unix::Thread>::new::thread_start
[INFO] [stdout]   17:     0x71aed61addfa - <unknown>
[INFO] [stdout]   18:     0x71aed62413d4 - clone
[INFO] [stdout]   19:                0x0 - <unknown>
[INFO] [stdout] 
[INFO] [stdout] ---- ops::process::tests::advisory_effect_measures_the_after_state stdout ----
[INFO] [stdout] 
[INFO] [stdout] thread 'ops::process::tests::advisory_effect_measures_the_after_state' (1021) panicked at src/ops/process.rs:459:9:
[INFO] [stdout] assertion failed: result.pages_in_core_before > 0
[INFO] [stdout] stack backtrace:
[INFO] [stdout]    0:     0x5755f81c4d91 - <<std[617be2ca0a6fd877]::sys::backtrace::BacktraceLock>::print::DisplayBacktrace as core[a373ad73a504971]::fmt::Display>::fmt
[INFO] [stdout]    1:     0x5755f81db7aa - core[a373ad73a504971]::fmt::write
[INFO] [stdout]    2:     0x5755f81ca18c - <alloc[2e1b2a31b91974c5]::vec::Vec<u8> as core[a373ad73a504971]::io::write::Write>::write_fmt
[INFO] [stdout]    3:     0x5755f819eb96 - std[617be2ca0a6fd877]::panicking::default_hook::{closure#0}
[INFO] [stdout]    4:     0x5755f81bc399 - std[617be2ca0a6fd877]::panicking::default_hook
[INFO] [stdout]    5:     0x5755f81426f0 - test[aada8e7e76ba119b]::test_main_inner::{closure#0}
[INFO] [stdout]    6:     0x5755f81bc6c2 - std[617be2ca0a6fd877]::panicking::panic_with_hook
[INFO] [stdout]    7:     0x5755f819ec74 - std[617be2ca0a6fd877]::panicking::panic_handler::{closure#0}
[INFO] [stdout]    8:     0x5755f8197589 - std[617be2ca0a6fd877]::sys::backtrace::__rust_end_short_backtrace::<std[617be2ca0a6fd877]::panicking::panic_handler::{closure#0}, !>
[INFO] [stdout]    9:     0x5755f819f8cd - __rustc[ea4f61d10b84890b]::rust_begin_unwind
[INFO] [stdout]   10:     0x5755f81dbf8c - core[a373ad73a504971]::panicking::panic_fmt
[INFO] [stdout]   11:     0x5755f81dbf52 - core[a373ad73a504971]::panicking::panic
[INFO] [stdout]   12:     0x5755f8030065 - <pagers_core[631e56350a04698]::ops::process::tests::advisory_effect_measures_the_after_state::{closure#0} as core[a373ad73a504971]::ops::function::FnOnce<()>>::call_once
[INFO] [stdout]   13:     0x5755f8135b3b - test[aada8e7e76ba119b]::__rust_begin_short_backtrace::<core[a373ad73a504971]::result::Result<(), alloc[2e1b2a31b91974c5]::string::String>, fn() -> core[a373ad73a504971]::result::Result<(), alloc[2e1b2a31b91974c5]::string::String>>
[INFO] [stdout]   14:     0x5755f8142d15 - test[aada8e7e76ba119b]::run_test::{closure#0}
[INFO] [stdout]   15:     0x5755f813c604 - std[617be2ca0a6fd877]::sys::backtrace::__rust_begin_short_backtrace::<test[aada8e7e76ba119b]::run_test::{closure#1}, ()>
[INFO] [stdout]   16:     0x5755f8145da2 - <std[617be2ca0a6fd877]::thread::lifecycle::spawn_unchecked<test[aada8e7e76ba119b]::run_test::{closure#1}, ()>::{closure#1} as core[a373ad73a504971]::ops::function::FnOnce<()>>::call_once::{shim:vtable#0}
[INFO] [stdout]   17:     0x5755f81c45af - <std[617be2ca0a6fd877]::sys::thread::unix::Thread>::new::thread_start
[INFO] [stdout]   18:     0x71aed61addfa - <unknown>
[INFO] [stdout]   19:     0x71aed62413d4 - clone
[INFO] [stdout]   20:                0x0 - <unknown>
[INFO] [stdout] 
[INFO] [stdout] 
[INFO] [stdout] failures:
[INFO] [stdout]     cachestat::tests::linux::test_cached_pages_on_temp_file
[INFO] [stdout]     ops::process::tests::advisory_effect_measures_the_after_state
[INFO] [stdout] 
[INFO] [stdout] test result: FAILED. 76 passed; 2 failed; 0 ignored; 0 measured; 0 filtered out; finished in 0.89s
[INFO] [stdout] 
[INFO] [stderr] error: test failed, to rerun pass `--lib`
[INFO] running `Command { std: "docker" "inspect" "2d724908e7e6dbaafea30ff2f386215613655c20f986ca123c1d0c69d2b7af42", kill_on_drop: false }`
[INFO] running `Command { std: "docker" "rm" "-f" "2d724908e7e6dbaafea30ff2f386215613655c20f986ca123c1d0c69d2b7af42", kill_on_drop: false }`
[INFO] [stdout] 2d724908e7e6dbaafea30ff2f386215613655c20f986ca123c1d0c69d2b7af42
