[INFO] fetching crate pagerduty-client 0.1.0...
[INFO] testing pagerduty-client-0.1.0 against 1.99.0-beta.8+cargoflags=--release for beta-release-1.100-2
[INFO] extracting crate pagerduty-client 0.1.0 into /workspace/builds/worker-2-tc1/source
[INFO] started tweaking crates.io crate pagerduty-client 0.1.0
[INFO] finished tweaking crates.io crate pagerduty-client 0.1.0
[INFO] tweaked toml for crates.io crate pagerduty-client 0.1.0 written to /workspace/builds/worker-2-tc1/source/Cargo.toml
[INFO] validating manifest of crates.io crate pagerduty-client 0.1.0 on toolchain 1.99.0-beta.8
[INFO] running `Command { std: CARGO_HOME="/workspace/cargo-home" RUSTUP_HOME="/workspace/rustup-home" "/workspace/cargo-home/bin/cargo" "+1.99.0-beta.8" "metadata" "--manifest-path" "Cargo.toml" "--no-deps", kill_on_drop: false }`
[INFO] running `Command { std: CARGO_HOME="/workspace/cargo-home" RUSTUP_HOME="/workspace/rustup-home" "/workspace/cargo-home/bin/cargo" "+1.99.0-beta.8" "generate-lockfile" "--manifest-path" "Cargo.toml", kill_on_drop: false }`
[INFO] [stderr]     Updating crates.io index
[INFO] [stderr]      Locking 176 packages to highest compatible versions
[INFO] [stderr]       Adding http v0.2.12 (available: v1.5.0)
[INFO] [stderr]       Adding http-serde v1.1.3 (available: v2.1.1)
[INFO] [stderr]       Adding reqwest v0.12.28 (available: v0.13.5)
[INFO] [stderr]       Adding thiserror v1.0.69 (available: v2.0.21)
[INFO] running `Command { std: CARGO_HOME="/workspace/cargo-home" RUSTUP_HOME="/workspace/rustup-home" "/workspace/cargo-home/bin/cargo" "+1.99.0-beta.8" "fetch" "--manifest-path" "Cargo.toml", kill_on_drop: false }`
[INFO] [stderr]  Downloading crates ...
[INFO] [stderr]   Downloaded http-serde v1.1.3
[INFO] [stderr]   Downloaded dotenv v0.15.0
[INFO] running `Command { std: "docker" "create" "-v" "/var/lib/crater-agent-workspace/builds/worker-2-tc1/source:/opt/rustwide/workdir:ro,Z" "-v" "/var/lib/crater-agent-workspace/builds/worker-2-tc1/target:/opt/rustwide/target:rw,Z" "-v" "/var/lib/crater-agent-workspace/cargo-home:/opt/rustwide/cargo-home:ro,Z" "-v" "/var/lib/crater-agent-workspace/rustup-home:/opt/rustwide/rustup-home:ro,Z" "-m" "1610612736" "--network" "none" "ghcr.io/rust-lang/crates-build-env/linux@sha256:77db811e55d90add9212f6832c23229e3de5f1c1f9905e8cb07319ea15df73ac" "sleep" "infinity", kill_on_drop: false }`
[INFO] [stdout] c024dd9ec3f8ff2de428dbb950519e9d7f3f8b82a48f0c520dfbd9d8cb8c487d
[INFO] running `Command { std: "docker" "start" "c024dd9ec3f8ff2de428dbb950519e9d7f3f8b82a48f0c520dfbd9d8cb8c487d", kill_on_drop: false }`
[INFO] running `Command { std: "docker" "inspect" "c024dd9ec3f8ff2de428dbb950519e9d7f3f8b82a48f0c520dfbd9d8cb8c487d", kill_on_drop: false }`
[INFO] running `Command { std: "docker" "exec" "-e" "SOURCE_DIR=/opt/rustwide/workdir" "-e" "CARGO_HOME=/opt/rustwide/cargo-home" "-e" "RUSTUP_HOME=/opt/rustwide/rustup-home" "-e" "CARGO_TARGET_DIR=/opt/rustwide/target" "-w" "/opt/rustwide/workdir" "--user" "0:0" "c024dd9ec3f8ff2de428dbb950519e9d7f3f8b82a48f0c520dfbd9d8cb8c487d" "/opt/rustwide/cargo-home/bin/cargo" "+1.99.0-beta.8" "metadata" "--no-deps" "--format-version=1", kill_on_drop: false }`
[INFO] running `Command { std: "docker" "inspect" "c024dd9ec3f8ff2de428dbb950519e9d7f3f8b82a48f0c520dfbd9d8cb8c487d", kill_on_drop: false }`
[INFO] running `Command { std: "docker" "exec" "-e" "SOURCE_DIR=/opt/rustwide/workdir" "-e" "CARGO_HOME=/opt/rustwide/cargo-home" "-e" "RUSTUP_HOME=/opt/rustwide/rustup-home" "-e" "CARGO_TARGET_DIR=/opt/rustwide/target" "-e" "CARGO_INCREMENTAL=0" "-e" "RUST_BACKTRACE=full" "-e" "RUSTFLAGS=--cap-lints=warn" "-e" "RUSTDOCFLAGS=--cap-lints=warn" "-w" "/opt/rustwide/workdir" "--user" "0:0" "c024dd9ec3f8ff2de428dbb950519e9d7f3f8b82a48f0c520dfbd9d8cb8c487d" "/opt/rustwide/cargo-home/bin/cargo" "+1.99.0-beta.8" "build" "--frozen" "--message-format=json" "--release", kill_on_drop: false }`
[INFO] [stderr]    Compiling smallvec v1.16.3
[INFO] [stderr]    Compiling syn v3.0.9
[INFO] [stderr]    Compiling ring v0.17.14
[INFO] [stderr]    Compiling crc32fast v1.5.2
[INFO] [stderr]    Compiling rustls-pki-types v1.15.1
[INFO] [stderr]    Compiling getrandom v0.2.17
[INFO] [stderr]    Compiling miniz_oxide v0.9.1
[INFO] [stderr]    Compiling rustls v0.23.46
[INFO] [stderr]    Compiling tokio v1.53.3
[INFO] [stderr]    Compiling compression-core v0.4.34
[INFO] [stderr]    Compiling siphasher v1.0.4
[INFO] [stderr]    Compiling ipnet v2.12.2
[INFO] [stderr]    Compiling syn v2.0.119
[INFO] [stderr]    Compiling chrono-tz v0.10.4
[INFO] [stderr]    Compiling dotenv v0.15.0
[INFO] [stderr]    Compiling webpki-roots v1.0.9
[INFO] [stderr]    Compiling phf_shared v0.12.1
[INFO] [stderr]    Compiling phf v0.12.1
[INFO] [stderr]    Compiling flate2 v1.1.10
[INFO] [stderr]    Compiling compression-codecs v0.4.46
[INFO] [stderr]    Compiling thiserror-impl v1.0.69
[INFO] [stderr]    Compiling thiserror v1.0.69
[INFO] [stderr]    Compiling synstructure v0.14.0
[INFO] [stderr]    Compiling zerofrom-derive v0.1.8
[INFO] [stderr]    Compiling yoke-derive v0.8.4
[INFO] [stderr]    Compiling zerovec-derive v0.11.6
[INFO] [stderr]    Compiling displaydoc v0.2.7
[INFO] [stderr]    Compiling futures-macro v0.3.34
[INFO] [stderr]    Compiling serde_derive v1.0.229
[INFO] [stderr]    Compiling async-trait v0.1.92
[INFO] [stderr]    Compiling futures-util v0.3.34
[INFO] [stderr]    Compiling zerofrom v0.1.8
[INFO] [stderr]    Compiling yoke v0.8.3
[INFO] [stderr]    Compiling zerovec v0.11.8
[INFO] [stderr]    Compiling zerotrie v0.2.5
[INFO] [stderr]    Compiling hyper v1.12.0
[INFO] [stderr]    Compiling tokio-util v0.7.20
[INFO] [stderr]    Compiling async-compression v0.4.51
[INFO] [stderr]    Compiling tinystr v0.8.4
[INFO] [stderr]    Compiling potential_utf v0.1.6
[INFO] [stderr]    Compiling icu_collections v2.3.0
[INFO] [stderr]    Compiling icu_locale_core v2.3.0
[INFO] [stderr]    Compiling serde v1.0.229
[INFO] [stderr]    Compiling icu_provider v2.3.1
[INFO] [stderr]    Compiling icu_normalizer v2.3.0
[INFO] [stderr]    Compiling icu_properties v2.3.0
[INFO] [stderr]    Compiling chrono v0.4.45
[INFO] [stderr]    Compiling serde_urlencoded v0.7.1
[INFO] [stderr]    Compiling http-serde v1.1.3
[INFO] [stderr]    Compiling hyper-util v0.1.21
[INFO] [stderr]    Compiling tower v0.5.3
[INFO] [stderr]    Compiling futures-executor v0.3.34
[INFO] [stderr]    Compiling futures v0.3.34
[INFO] [stderr]    Compiling idna_adapter v1.2.2
[INFO] [stderr]    Compiling idna v1.1.0
[INFO] [stderr]    Compiling url v2.5.8
[INFO] [stderr]    Compiling tower-http v0.6.11
[INFO] [stderr]    Compiling rustls-webpki v0.103.15
[INFO] [stderr]    Compiling tokio-rustls v0.26.6
[INFO] [stderr]    Compiling hyper-rustls v0.27.10
[INFO] [stderr]    Compiling reqwest v0.12.28
[INFO] [stderr]    Compiling pagerduty-client v0.1.0 (/opt/rustwide/workdir)
[INFO] [stdout] warning: unexpected `cfg` condition value: `ecc608`
[INFO] [stdout]   --> src/lib.rs:16:7
[INFO] [stdout]    |
[INFO] [stdout] 16 | #[cfg(feature = "ecc608")]
[INFO] [stdout]    |       ^^^^^^^^^^^^^^^^^^
[INFO] [stdout]    |
[INFO] [stdout]    = note: expected values for `feature` are: `default` and `teams`
[INFO] [stdout]    = help: consider adding `ecc608` as a feature in `Cargo.toml`
[INFO] [stdout]    = note: see <https://doc.rust-lang.org/nightly/rustc/check-cfg/cargo-specifics.html> for more information about checking conditional configuration
[INFO] [stdout]    = note: `#[warn(unexpected_cfgs)]` on by default
[INFO] [stdout] 
[INFO] [stdout] 
[INFO] [stdout] warning: unexpected `cfg` condition value: `team`
[INFO] [stdout]  --> src/models/mod.rs:6:7
[INFO] [stdout]   |
[INFO] [stdout] 6 | #[cfg(feature = "team")]
[INFO] [stdout]   |       ^^^^^^^^^^------
[INFO] [stdout]   |                 |
[INFO] [stdout]   |                 help: there is a expected value with a similar name: `"teams"`
[INFO] [stdout]   |
[INFO] [stdout]   = note: expected values for `feature` are: `default` and `teams`
[INFO] [stdout]   = help: consider adding `team` as a feature in `Cargo.toml`
[INFO] [stdout]   = note: see <https://doc.rust-lang.org/nightly/rustc/check-cfg/cargo-specifics.html> for more information about checking conditional configuration
[INFO] [stdout] 
[INFO] [stdout] 
[INFO] [stdout] warning: unexpected `cfg` condition value: `team`
[INFO] [stdout]   --> src/models/mod.rs:16:7
[INFO] [stdout]    |
[INFO] [stdout] 16 | #[cfg(feature = "team")]
[INFO] [stdout]    |       ^^^^^^^^^^------
[INFO] [stdout]    |                 |
[INFO] [stdout]    |                 help: there is a expected value with a similar name: `"teams"`
[INFO] [stdout]    |
[INFO] [stdout]    = note: expected values for `feature` are: `default` and `teams`
[INFO] [stdout]    = help: consider adding `team` as a feature in `Cargo.toml`
[INFO] [stdout]    = note: see <https://doc.rust-lang.org/nightly/rustc/check-cfg/cargo-specifics.html> for more information about checking conditional configuration
[INFO] [stdout] 
[INFO] [stdout] 
[INFO] [stdout] warning: unexpected `cfg` condition value: `team`
[INFO] [stdout]  --> src/models/escalation_policy.rs:1:7
[INFO] [stdout]   |
[INFO] [stdout] 1 | #[cfg(feature = "team")]
[INFO] [stdout]   |       ^^^^^^^^^^------
[INFO] [stdout]   |                 |
[INFO] [stdout]   |                 help: there is a expected value with a similar name: `"teams"`
[INFO] [stdout]   |
[INFO] [stdout]   = note: expected values for `feature` are: `default` and `teams`
[INFO] [stdout]   = help: consider adding `team` as a feature in `Cargo.toml`
[INFO] [stdout]   = note: see <https://doc.rust-lang.org/nightly/rustc/check-cfg/cargo-specifics.html> for more information about checking conditional configuration
[INFO] [stdout] 
[INFO] [stdout] 
[INFO] [stdout] warning: unexpected `cfg` condition value: `team`
[INFO] [stdout]   --> src/models/escalation_policy.rs:20:11
[INFO] [stdout]    |
[INFO] [stdout] 20 |     #[cfg(feature = "team")]
[INFO] [stdout]    |           ^^^^^^^^^^------
[INFO] [stdout]    |                     |
[INFO] [stdout]    |                     help: there is a expected value with a similar name: `"teams"`
[INFO] [stdout]    |
[INFO] [stdout]    = note: expected values for `feature` are: `default` and `teams`
[INFO] [stdout]    = help: consider adding `team` as a feature in `Cargo.toml`
[INFO] [stdout]    = note: see <https://doc.rust-lang.org/nightly/rustc/check-cfg/cargo-specifics.html> for more information about checking conditional configuration
[INFO] [stdout] 
[INFO] [stdout] 
[INFO] [stderr]     Finished `release` profile [optimized] target(s) in 1m 15s
[INFO] running `Command { std: "docker" "inspect" "c024dd9ec3f8ff2de428dbb950519e9d7f3f8b82a48f0c520dfbd9d8cb8c487d", kill_on_drop: false }`
[INFO] running `Command { std: "docker" "exec" "-e" "SOURCE_DIR=/opt/rustwide/workdir" "-e" "CARGO_HOME=/opt/rustwide/cargo-home" "-e" "RUSTUP_HOME=/opt/rustwide/rustup-home" "-e" "CARGO_TARGET_DIR=/opt/rustwide/target" "-e" "CARGO_INCREMENTAL=0" "-e" "RUST_BACKTRACE=full" "-e" "RUSTFLAGS=--cap-lints=warn" "-e" "RUSTDOCFLAGS=--cap-lints=warn" "-w" "/opt/rustwide/workdir" "--user" "0:0" "c024dd9ec3f8ff2de428dbb950519e9d7f3f8b82a48f0c520dfbd9d8cb8c487d" "/opt/rustwide/cargo-home/bin/cargo" "+1.99.0-beta.8" "test" "--frozen" "--no-run" "--message-format=json" "--release", kill_on_drop: false }`
[INFO] [stderr]    Compiling tokio-macros v2.7.2
[INFO] [stderr]    Compiling parking_lot_core v0.9.12
[INFO] [stderr]    Compiling parking_lot v0.12.5
[INFO] [stderr]    Compiling tokio v1.53.3
[INFO] [stderr]    Compiling hyper v1.12.0
[INFO] [stderr]    Compiling tokio-util v0.7.20
[INFO] [stderr]    Compiling tokio-rustls v0.26.6
[INFO] [stderr]    Compiling async-compression v0.4.51
[INFO] [stderr]    Compiling tower v0.5.3
[INFO] [stderr]    Compiling tower-http v0.6.11
[INFO] [stderr]    Compiling hyper-util v0.1.21
[INFO] [stderr]    Compiling hyper-rustls v0.27.10
[INFO] [stderr]    Compiling reqwest v0.12.28
[INFO] [stderr]    Compiling pagerduty-client v0.1.0 (/opt/rustwide/workdir)
[INFO] [stdout] warning: unexpected `cfg` condition value: `ecc608`
[INFO] [stdout]   --> src/lib.rs:16:7
[INFO] [stdout]    |
[INFO] [stdout] 16 | #[cfg(feature = "ecc608")]
[INFO] [stdout]    |       ^^^^^^^^^^^^^^^^^^
[INFO] [stdout]    |
[INFO] [stdout]    = note: expected values for `feature` are: `default` and `teams`
[INFO] [stdout]    = help: consider adding `ecc608` as a feature in `Cargo.toml`
[INFO] [stdout]    = note: see <https://doc.rust-lang.org/nightly/rustc/check-cfg/cargo-specifics.html> for more information about checking conditional configuration
[INFO] [stdout]    = note: `#[warn(unexpected_cfgs)]` on by default
[INFO] [stdout] 
[INFO] [stdout] 
[INFO] [stdout] warning: unexpected `cfg` condition value: `team`
[INFO] [stdout]  --> src/models/mod.rs:6:7
[INFO] [stdout]   |
[INFO] [stdout] 6 | #[cfg(feature = "team")]
[INFO] [stdout]   |       ^^^^^^^^^^------
[INFO] [stdout]   |                 |
[INFO] [stdout]   |                 help: there is a expected value with a similar name: `"teams"`
[INFO] [stdout]   |
[INFO] [stdout]   = note: expected values for `feature` are: `default` and `teams`
[INFO] [stdout]   = help: consider adding `team` as a feature in `Cargo.toml`
[INFO] [stdout]   = note: see <https://doc.rust-lang.org/nightly/rustc/check-cfg/cargo-specifics.html> for more information about checking conditional configuration
[INFO] [stdout] 
[INFO] [stdout] 
[INFO] [stdout] warning: unexpected `cfg` condition value: `team`
[INFO] [stdout]   --> src/models/mod.rs:16:7
[INFO] [stdout]    |
[INFO] [stdout] 16 | #[cfg(feature = "team")]
[INFO] [stdout]    |       ^^^^^^^^^^------
[INFO] [stdout]    |                 |
[INFO] [stdout]    |                 help: there is a expected value with a similar name: `"teams"`
[INFO] [stdout]    |
[INFO] [stdout]    = note: expected values for `feature` are: `default` and `teams`
[INFO] [stdout]    = help: consider adding `team` as a feature in `Cargo.toml`
[INFO] [stdout]    = note: see <https://doc.rust-lang.org/nightly/rustc/check-cfg/cargo-specifics.html> for more information about checking conditional configuration
[INFO] [stdout] 
[INFO] [stdout] 
[INFO] [stdout] warning: unexpected `cfg` condition value: `team`
[INFO] [stdout]  --> src/models/escalation_policy.rs:1:7
[INFO] [stdout]   |
[INFO] [stdout] 1 | #[cfg(feature = "team")]
[INFO] [stdout]   |       ^^^^^^^^^^------
[INFO] [stdout]   |                 |
[INFO] [stdout]   |                 help: there is a expected value with a similar name: `"teams"`
[INFO] [stdout]   |
[INFO] [stdout]   = note: expected values for `feature` are: `default` and `teams`
[INFO] [stdout]   = help: consider adding `team` as a feature in `Cargo.toml`
[INFO] [stdout]   = note: see <https://doc.rust-lang.org/nightly/rustc/check-cfg/cargo-specifics.html> for more information about checking conditional configuration
[INFO] [stdout] 
[INFO] [stdout] 
[INFO] [stdout] warning: unexpected `cfg` condition value: `team`
[INFO] [stdout]   --> src/models/escalation_policy.rs:20:11
[INFO] [stdout]    |
[INFO] [stdout] 20 |     #[cfg(feature = "team")]
[INFO] [stdout]    |           ^^^^^^^^^^------
[INFO] [stdout]    |                     |
[INFO] [stdout]    |                     help: there is a expected value with a similar name: `"teams"`
[INFO] [stdout]    |
[INFO] [stdout]    = note: expected values for `feature` are: `default` and `teams`
[INFO] [stdout]    = help: consider adding `team` as a feature in `Cargo.toml`
[INFO] [stdout]    = note: see <https://doc.rust-lang.org/nightly/rustc/check-cfg/cargo-specifics.html> for more information about checking conditional configuration
[INFO] [stdout] 
[INFO] [stdout] 
[INFO] [stdout] warning: unexpected `cfg` condition value: `ecc608`
[INFO] [stdout]   --> src/lib.rs:16:7
[INFO] [stdout]    |
[INFO] [stdout] 16 | #[cfg(feature = "ecc608")]
[INFO] [stdout]    |       ^^^^^^^^^^^^^^^^^^
[INFO] [stdout]    |
[INFO] [stdout]    = note: expected values for `feature` are: `default` and `teams`
[INFO] [stdout]    = help: consider adding `ecc608` as a feature in `Cargo.toml`
[INFO] [stdout]    = note: see <https://doc.rust-lang.org/nightly/rustc/check-cfg/cargo-specifics.html> for more information about checking conditional configuration
[INFO] [stdout]    = note: `#[warn(unexpected_cfgs)]` on by default
[INFO] [stdout] 
[INFO] [stdout] 
[INFO] [stdout] warning: unexpected `cfg` condition value: `team`
[INFO] [stdout]  --> src/models/mod.rs:6:7
[INFO] [stdout]   |
[INFO] [stdout] 6 | #[cfg(feature = "team")]
[INFO] [stdout]   |       ^^^^^^^^^^------
[INFO] [stdout]   |                 |
[INFO] [stdout]   |                 help: there is a expected value with a similar name: `"teams"`
[INFO] [stdout]   |
[INFO] [stdout]   = note: expected values for `feature` are: `default` and `teams`
[INFO] [stdout]   = help: consider adding `team` as a feature in `Cargo.toml`
[INFO] [stdout]   = note: see <https://doc.rust-lang.org/nightly/rustc/check-cfg/cargo-specifics.html> for more information about checking conditional configuration
[INFO] [stdout] 
[INFO] [stdout] 
[INFO] [stdout] warning: unexpected `cfg` condition value: `team`
[INFO] [stdout]   --> src/models/mod.rs:16:7
[INFO] [stdout]    |
[INFO] [stdout] 16 | #[cfg(feature = "team")]
[INFO] [stdout]    |       ^^^^^^^^^^------
[INFO] [stdout]    |                 |
[INFO] [stdout]    |                 help: there is a expected value with a similar name: `"teams"`
[INFO] [stdout]    |
[INFO] [stdout]    = note: expected values for `feature` are: `default` and `teams`
[INFO] [stdout]    = help: consider adding `team` as a feature in `Cargo.toml`
[INFO] [stdout]    = note: see <https://doc.rust-lang.org/nightly/rustc/check-cfg/cargo-specifics.html> for more information about checking conditional configuration
[INFO] [stdout] 
[INFO] [stdout] 
[INFO] [stdout] warning: unexpected `cfg` condition value: `team`
[INFO] [stdout]  --> src/models/escalation_policy.rs:1:7
[INFO] [stdout]   |
[INFO] [stdout] 1 | #[cfg(feature = "team")]
[INFO] [stdout]   |       ^^^^^^^^^^------
[INFO] [stdout]   |                 |
[INFO] [stdout]   |                 help: there is a expected value with a similar name: `"teams"`
[INFO] [stdout]   |
[INFO] [stdout]   = note: expected values for `feature` are: `default` and `teams`
[INFO] [stdout]   = help: consider adding `team` as a feature in `Cargo.toml`
[INFO] [stdout]   = note: see <https://doc.rust-lang.org/nightly/rustc/check-cfg/cargo-specifics.html> for more information about checking conditional configuration
[INFO] [stdout] 
[INFO] [stdout] 
[INFO] [stdout] warning: unexpected `cfg` condition value: `team`
[INFO] [stdout]   --> src/models/escalation_policy.rs:20:11
[INFO] [stdout]    |
[INFO] [stdout] 20 |     #[cfg(feature = "team")]
[INFO] [stdout]    |           ^^^^^^^^^^------
[INFO] [stdout]    |                     |
[INFO] [stdout]    |                     help: there is a expected value with a similar name: `"teams"`
[INFO] [stdout]    |
[INFO] [stdout]    = note: expected values for `feature` are: `default` and `teams`
[INFO] [stdout]    = help: consider adding `team` as a feature in `Cargo.toml`
[INFO] [stdout]    = note: see <https://doc.rust-lang.org/nightly/rustc/check-cfg/cargo-specifics.html> for more information about checking conditional configuration
[INFO] [stdout] 
[INFO] [stdout] 
[INFO] [stderr]     Finished `release` profile [optimized] target(s) in 33.35s
[INFO] running `Command { std: "docker" "inspect" "c024dd9ec3f8ff2de428dbb950519e9d7f3f8b82a48f0c520dfbd9d8cb8c487d", kill_on_drop: false }`
[INFO] running `Command { std: "docker" "exec" "-e" "SOURCE_DIR=/opt/rustwide/workdir" "-e" "CARGO_HOME=/opt/rustwide/cargo-home" "-e" "RUSTUP_HOME=/opt/rustwide/rustup-home" "-e" "CARGO_TARGET_DIR=/opt/rustwide/target" "-e" "CARGO_INCREMENTAL=0" "-e" "RUST_BACKTRACE=full" "-e" "RUSTFLAGS=--cap-lints=warn" "-e" "RUSTDOCFLAGS=--cap-lints=warn" "-w" "/opt/rustwide/workdir" "--user" "0:0" "c024dd9ec3f8ff2de428dbb950519e9d7f3f8b82a48f0c520dfbd9d8cb8c487d" "/opt/rustwide/cargo-home/bin/cargo" "+1.99.0-beta.8" "test" "--frozen" "--release", kill_on_drop: false }`
[INFO] [stderr] warning: unexpected `cfg` condition value: `ecc608`
[INFO] [stderr]   --> src/lib.rs:16:7
[INFO] [stderr]    |
[INFO] [stderr] 16 | #[cfg(feature = "ecc608")]
[INFO] [stderr]    |       ^^^^^^^^^^^^^^^^^^
[INFO] [stderr]    |
[INFO] [stderr]    = note: expected values for `feature` are: `default` and `teams`
[INFO] [stderr]    = help: consider adding `ecc608` as a feature in `Cargo.toml`
[INFO] [stderr]    = note: see <https://doc.rust-lang.org/nightly/rustc/check-cfg/cargo-specifics.html> for more information about checking conditional configuration
[INFO] [stderr]    = note: `#[warn(unexpected_cfgs)]` on by default
[INFO] [stderr] 
[INFO] [stderr] warning: unexpected `cfg` condition value: `team`
[INFO] [stderr]  --> src/models/mod.rs:6:7
[INFO] [stderr]   |
[INFO] [stderr] 6 | #[cfg(feature = "team")]
[INFO] [stderr]   |       ^^^^^^^^^^------
[INFO] [stderr]   |                 |
[INFO] [stderr]   |                 help: there is a expected value with a similar name: `"teams"`
[INFO] [stderr]   |
[INFO] [stderr]   = note: expected values for `feature` are: `default` and `teams`
[INFO] [stderr]   = help: consider adding `team` as a feature in `Cargo.toml`
[INFO] [stderr]   = note: see <https://doc.rust-lang.org/nightly/rustc/check-cfg/cargo-specifics.html> for more information about checking conditional configuration
[INFO] [stderr] 
[INFO] [stderr] warning: unexpected `cfg` condition value: `team`
[INFO] [stderr]   --> src/models/mod.rs:16:7
[INFO] [stderr]    |
[INFO] [stderr] 16 | #[cfg(feature = "team")]
[INFO] [stderr]    |       ^^^^^^^^^^------
[INFO] [stderr]    |                 |
[INFO] [stderr]    |                 help: there is a expected value with a similar name: `"teams"`
[INFO] [stderr]    |
[INFO] [stderr]    = note: expected values for `feature` are: `default` and `teams`
[INFO] [stderr]    = help: consider adding `team` as a feature in `Cargo.toml`
[INFO] [stderr]    = note: see <https://doc.rust-lang.org/nightly/rustc/check-cfg/cargo-specifics.html> for more information about checking conditional configuration
[INFO] [stderr] 
[INFO] [stderr] warning: unexpected `cfg` condition value: `team`
[INFO] [stderr]  --> src/models/escalation_policy.rs:1:7
[INFO] [stderr]   |
[INFO] [stderr] 1 | #[cfg(feature = "team")]
[INFO] [stderr]   |       ^^^^^^^^^^------
[INFO] [stderr]   |                 |
[INFO] [stderr]   |                 help: there is a expected value with a similar name: `"teams"`
[INFO] [stderr]   |
[INFO] [stderr]   = note: expected values for `feature` are: `default` and `teams`
[INFO] [stderr]   = help: consider adding `team` as a feature in `Cargo.toml`
[INFO] [stderr]   = note: see <https://doc.rust-lang.org/nightly/rustc/check-cfg/cargo-specifics.html> for more information about checking conditional configuration
[INFO] [stderr] 
[INFO] [stderr] warning: unexpected `cfg` condition value: `team`
[INFO] [stderr]   --> src/models/escalation_policy.rs:20:11
[INFO] [stderr]    |
[INFO] [stderr] 20 |     #[cfg(feature = "team")]
[INFO] [stderr]    |           ^^^^^^^^^^------
[INFO] [stderr]    |                     |
[INFO] [stderr]    |                     help: there is a expected value with a similar name: `"teams"`
[INFO] [stderr]    |
[INFO] [stderr]    = note: expected values for `feature` are: `default` and `teams`
[INFO] [stderr]    = help: consider adding `team` as a feature in `Cargo.toml`
[INFO] [stderr]    = note: see <https://doc.rust-lang.org/nightly/rustc/check-cfg/cargo-specifics.html> for more information about checking conditional configuration
[INFO] [stderr] 
[INFO] [stderr] warning: `pagerduty-client` (lib) generated 5 warnings
[INFO] [stderr] warning: `pagerduty-client` (lib test) generated 5 warnings (5 duplicates)
[INFO] [stderr]     Finished `release` profile [optimized] target(s) in 0.20s
[INFO] [stderr]      Running unittests src/lib.rs (/opt/rustwide/target/release/deps/pagerduty_client-1b9d13d2c8ec413d)
[INFO] [stdout] 
[INFO] [stdout] running 9 tests
[INFO] [stdout] test users::test::get ... FAILED
[INFO] [stdout] test escalation_policies::test::all ... FAILED
[INFO] [stdout] test services::test::get ... FAILED
[INFO] [stdout] test users::test::all ... FAILED
[INFO] [stdout] test oncalls::test::all ... FAILED
[INFO] [stdout] test escalation_policies::test::get ... FAILED
[INFO] [stdout] test schedules::test::get ... FAILED
[INFO] [stdout] test schedules::test::all ... FAILED
[INFO] [stdout] test services::test::all ... FAILED
[INFO] [stdout] 
[INFO] [stdout] failures:
[INFO] [stdout] 
[INFO] [stdout] ---- users::test::get stdout ----
[INFO] [stdout] 
[INFO] [stdout] thread 'users::test::get' (1721) panicked at src/users.rs:46:51:
[INFO] [stdout] client: Custom("Missing env var: PAGERDUTY_TOKEN")
[INFO] [stdout] stack backtrace:
[INFO] [stdout]    0:     0x5f73631cacf1 - <<std[70759c8f55707aa4]::sys::backtrace::BacktraceLock>::print::DisplayBacktrace as core[df12db4294e9bfd3]::fmt::Display>::fmt
[INFO] [stdout]    1:     0x5f73631e0cca - core[df12db4294e9bfd3]::fmt::write
[INFO] [stdout]    2:     0x5f73631cf7fc - <alloc[2182bb758b4b3781]::vec::Vec<u8> as core[df12db4294e9bfd3]::io::write::Write>::write_fmt
[INFO] [stdout]    3:     0x5f73631a5c46 - std[70759c8f55707aa4]::panicking::default_hook::{closure#0}
[INFO] [stdout]    4:     0x5f73631c2b09 - std[70759c8f55707aa4]::panicking::default_hook
[INFO] [stdout]    5:     0x5f7362f63f20 - test[9d35eded1c95d3be]::test_main_inner::<test[9d35eded1c95d3be]::test_main_static::{closure#0}>::{closure#0}
[INFO] [stdout]    6:     0x5f73631c2e32 - std[70759c8f55707aa4]::panicking::panic_with_hook
[INFO] [stdout]    7:     0x5f73631a5cf2 - std[70759c8f55707aa4]::panicking::panic_handler::{closure#0}
[INFO] [stdout]    8:     0x5f736319e759 - std[70759c8f55707aa4]::sys::backtrace::__rust_end_short_backtrace::<std[70759c8f55707aa4]::panicking::panic_handler::{closure#0}, !>
[INFO] [stdout]    9:     0x5f73631a6b7d - __rustc[8fa7c3cbc660c2b3]::rust_begin_unwind
[INFO] [stdout]   10:     0x5f73631e142c - core[df12db4294e9bfd3]::panicking::panic_fmt
[INFO] [stdout]   11:     0x5f73631e1202 - core[df12db4294e9bfd3]::result::unwrap_failed
[INFO] [stdout]   12:     0x5f7362f4c75b - pagerduty_client[7f2b119d5b58f59c]::users::test::get::{closure#0}
[INFO] [stdout]   13:     0x5f7362f27143 - <tokio[1ba95fa653e78c6d]::runtime::scheduler::current_thread::Context>::enter::<core[df12db4294e9bfd3]::task::poll::Poll<()>, <tokio[1ba95fa653e78c6d]::runtime::scheduler::current_thread::CoreGuard>::block_on<core[df12db4294e9bfd3]::pin::Pin<&mut core[df12db4294e9bfd3]::pin::Pin<&mut dyn core[df12db4294e9bfd3]::future::future::Future<Output = ()>>>>::{closure#0}::{closure#0}>
[INFO] [stdout]   14:     0x5f7362f3c95c - <tokio[1ba95fa653e78c6d]::runtime::context::scoped::Scoped<tokio[1ba95fa653e78c6d]::runtime::scheduler::Context>>::set::<<tokio[1ba95fa653e78c6d]::runtime::scheduler::current_thread::CoreGuard>::enter<<tokio[1ba95fa653e78c6d]::runtime::scheduler::current_thread::CoreGuard>::block_on<core[df12db4294e9bfd3]::pin::Pin<&mut core[df12db4294e9bfd3]::pin::Pin<&mut dyn core[df12db4294e9bfd3]::future::future::Future<Output = ()>>>>::{closure#0}, core[df12db4294e9bfd3]::option::Option<()>>::{closure#0}, (alloc[2182bb758b4b3781]::boxed::Box<tokio[1ba95fa653e78c6d]::runtime::scheduler::current_thread::Core>, core[df12db4294e9bfd3]::option::Option<()>)>
[INFO] [stdout]   15:     0x5f7362f272e7 - <tokio[1ba95fa653e78c6d]::runtime::scheduler::current_thread::CoreGuard>::block_on::<core[df12db4294e9bfd3]::pin::Pin<&mut core[df12db4294e9bfd3]::pin::Pin<&mut dyn core[df12db4294e9bfd3]::future::future::Future<Output = ()>>>>
[INFO] [stdout]   16:     0x5f7362f3e81b - tokio[1ba95fa653e78c6d]::runtime::context::runtime::enter_runtime::<<tokio[1ba95fa653e78c6d]::runtime::scheduler::current_thread::CurrentThread>::block_on<core[df12db4294e9bfd3]::pin::Pin<&mut dyn core[df12db4294e9bfd3]::future::future::Future<Output = ()>>>::{closure#0}, ()>
[INFO] [stdout]   17:     0x5f7362f3c6eb - <tokio[1ba95fa653e78c6d]::runtime::runtime::Runtime>::block_on::<core[df12db4294e9bfd3]::pin::Pin<&mut dyn core[df12db4294e9bfd3]::future::future::Future<Output = ()>>>
[INFO] [stdout]   18:     0x5f7362f4d16b - pagerduty_client[7f2b119d5b58f59c]::users::test::get
[INFO] [stdout]   19:     0x5f7362f0ccd9 - <pagerduty_client[7f2b119d5b58f59c]::users::test::get::{closure#0} as core[df12db4294e9bfd3]::ops::function::FnOnce<()>>::call_once
[INFO] [stdout]   20:     0x5f7362f5720b - test[9d35eded1c95d3be]::__rust_begin_short_backtrace::<core[df12db4294e9bfd3]::result::Result<(), alloc[2182bb758b4b3781]::string::String>, fn() -> core[df12db4294e9bfd3]::result::Result<(), alloc[2182bb758b4b3781]::string::String>>
[INFO] [stdout]   21:     0x5f7362f64875 - test[9d35eded1c95d3be]::run_test::{closure#0}
[INFO] [stdout]   22:     0x5f7362f5e134 - std[70759c8f55707aa4]::sys::backtrace::__rust_begin_short_backtrace::<test[9d35eded1c95d3be]::run_test::{closure#1}, ()>
[INFO] [stdout]   23:     0x5f7362f679d2 - <std[70759c8f55707aa4]::thread::lifecycle::spawn_unchecked<test[9d35eded1c95d3be]::run_test::{closure#1}, ()>::{closure#1} as core[df12db4294e9bfd3]::ops::function::FnOnce<()>>::call_once::{shim:vtable#0}
[INFO] [stdout]   24:     0x5f73631ca219 - <std[70759c8f55707aa4]::sys::thread::unix::Thread>::new::thread_start
[INFO] [stdout]   25:     0x7020431d0dfa - <unknown>
[INFO] [stdout]   26:     0x7020432643d4 - clone
[INFO] [stdout]   27:                0x0 - <unknown>
[INFO] [stdout] 
[INFO] [stdout] ---- escalation_policies::test::all stdout ----
[INFO] [stdout] 
[INFO] [stdout] thread 'escalation_policies::test::all' (1713) panicked at src/escalation_policies.rs:53:51:
[INFO] [stdout] client: Custom("Missing env var: PAGERDUTY_TOKEN")
[INFO] [stdout] stack backtrace:
[INFO] [stdout]    0:     0x5f73631cacf1 - <<std[70759c8f55707aa4]::sys::backtrace::BacktraceLock>::print::DisplayBacktrace as core[df12db4294e9bfd3]::fmt::Display>::fmt
[INFO] [stdout]    1:     0x5f73631e0cca - core[df12db4294e9bfd3]::fmt::write
[INFO] [stdout]    2:     0x5f73631cf7fc - <alloc[2182bb758b4b3781]::vec::Vec<u8> as core[df12db4294e9bfd3]::io::write::Write>::write_fmt
[INFO] [stdout]    3:     0x5f73631a5c46 - std[70759c8f55707aa4]::panicking::default_hook::{closure#0}
[INFO] [stdout]    4:     0x5f73631c2b09 - std[70759c8f55707aa4]::panicking::default_hook
[INFO] [stdout]    5:     0x5f7362f63f20 - test[9d35eded1c95d3be]::test_main_inner::<test[9d35eded1c95d3be]::test_main_static::{closure#0}>::{closure#0}
[INFO] [stdout]    6:     0x5f73631c2e32 - std[70759c8f55707aa4]::panicking::panic_with_hook
[INFO] [stdout]    7:     0x5f73631a5cf2 - std[70759c8f55707aa4]::panicking::panic_handler::{closure#0}
[INFO] [stdout]    8:     0x5f736319e759 - std[70759c8f55707aa4]::sys::backtrace::__rust_end_short_backtrace::<std[70759c8f55707aa4]::panicking::panic_handler::{closure#0}, !>
[INFO] [stdout]    9:     0x5f73631a6b7d - __rustc[8fa7c3cbc660c2b3]::rust_begin_unwind
[INFO] [stdout]   10:     0x5f73631e142c - core[df12db4294e9bfd3]::panicking::panic_fmt
[INFO] [stdout]   11:     0x5f73631e1202 - core[df12db4294e9bfd3]::result::unwrap_failed
[INFO] [stdout]   12:     0x5f7362f40e42 - pagerduty_client[7f2b119d5b58f59c]::escalation_policies::test::all::{closure#0}
[INFO] [stdout]   13:     0x5f7362f27143 - <tokio[1ba95fa653e78c6d]::runtime::scheduler::current_thread::Context>::enter::<core[df12db4294e9bfd3]::task::poll::Poll<()>, <tokio[1ba95fa653e78c6d]::runtime::scheduler::current_thread::CoreGuard>::block_on<core[df12db4294e9bfd3]::pin::Pin<&mut core[df12db4294e9bfd3]::pin::Pin<&mut dyn core[df12db4294e9bfd3]::future::future::Future<Output = ()>>>>::{closure#0}::{closure#0}>
[INFO] [stdout]   14:     0x5f7362f3c95c - <tokio[1ba95fa653e78c6d]::runtime::context::scoped::Scoped<tokio[1ba95fa653e78c6d]::runtime::scheduler::Context>>::set::<<tokio[1ba95fa653e78c6d]::runtime::scheduler::current_thread::CoreGuard>::enter<<tokio[1ba95fa653e78c6d]::runtime::scheduler::current_thread::CoreGuard>::block_on<core[df12db4294e9bfd3]::pin::Pin<&mut core[df12db4294e9bfd3]::pin::Pin<&mut dyn core[df12db4294e9bfd3]::future::future::Future<Output = ()>>>>::{closure#0}, core[df12db4294e9bfd3]::option::Option<()>>::{closure#0}, (alloc[2182bb758b4b3781]::boxed::Box<tokio[1ba95fa653e78c6d]::runtime::scheduler::current_thread::Core>, core[df12db4294e9bfd3]::option::Option<()>)>
[INFO] [stdout]   15:     0x5f7362f272e7 - <tokio[1ba95fa653e78c6d]::runtime::scheduler::current_thread::CoreGuard>::block_on::<core[df12db4294e9bfd3]::pin::Pin<&mut core[df12db4294e9bfd3]::pin::Pin<&mut dyn core[df12db4294e9bfd3]::future::future::Future<Output = ()>>>>
[INFO] [stdout]   16:     0x5f7362f3e81b - tokio[1ba95fa653e78c6d]::runtime::context::runtime::enter_runtime::<<tokio[1ba95fa653e78c6d]::runtime::scheduler::current_thread::CurrentThread>::block_on<core[df12db4294e9bfd3]::pin::Pin<&mut dyn core[df12db4294e9bfd3]::future::future::Future<Output = ()>>>::{closure#0}, ()>
[INFO] [stdout]   17:     0x5f7362f3c6eb - <tokio[1ba95fa653e78c6d]::runtime::runtime::Runtime>::block_on::<core[df12db4294e9bfd3]::pin::Pin<&mut dyn core[df12db4294e9bfd3]::future::future::Future<Output = ()>>>
[INFO] [stdout]   18:     0x5f7362f41d1b - pagerduty_client[7f2b119d5b58f59c]::escalation_policies::test::all
[INFO] [stdout]   19:     0x5f7362f0cc79 - <pagerduty_client[7f2b119d5b58f59c]::escalation_policies::test::all::{closure#0} as core[df12db4294e9bfd3]::ops::function::FnOnce<()>>::call_once
[INFO] [stdout]   20:     0x5f7362f5720b - test[9d35eded1c95d3be]::__rust_begin_short_backtrace::<core[df12db4294e9bfd3]::result::Result<(), alloc[2182bb758b4b3781]::string::String>, fn() -> core[df12db4294e9bfd3]::result::Result<(), alloc[2182bb758b4b3781]::string::String>>
[INFO] [stdout]   21:     0x5f7362f64875 - test[9d35eded1c95d3be]::run_test::{closure#0}
[INFO] [stdout]   22:     0x5f7362f5e134 - std[70759c8f55707aa4]::sys::backtrace::__rust_begin_short_backtrace::<test[9d35eded1c95d3be]::run_test::{closure#1}, ()>
[INFO] [stdout]   23:     0x5f7362f679d2 - <std[70759c8f55707aa4]::thread::lifecycle::spawn_unchecked<test[9d35eded1c95d3be]::run_test::{closure#1}, ()>::{closure#1} as core[df12db4294e9bfd3]::ops::function::FnOnce<()>>::call_once::{shim:vtable#0}
[INFO] [stdout]   24:     0x5f73631ca219 - <std[70759c8f55707aa4]::sys::thread::unix::Thread>::new::thread_start
[INFO] [stdout]   25:     0x7020431d0dfa - <unknown>
[INFO] [stdout]   26:     0x7020432643d4 - clone
[INFO] [stdout]   27:                0x0 - <unknown>
[INFO] [stdout] 
[INFO] [stdout] ---- services::test::get stdout ----
[INFO] [stdout] 
[INFO] [stdout] thread 'services::test::get' (1719) panicked at src/services.rs:32:51:
[INFO] [stdout] client: Custom("Missing env var: PAGERDUTY_TOKEN")
[INFO] [stdout] stack backtrace:
[INFO] [stdout]    0:     0x5f73631cacf1 - <<std[70759c8f55707aa4]::sys::backtrace::BacktraceLock>::print::DisplayBacktrace as core[df12db4294e9bfd3]::fmt::Display>::fmt
[INFO] [stdout]    1:     0x5f73631e0cca - core[df12db4294e9bfd3]::fmt::write
[INFO] [stdout]    2:     0x5f73631cf7fc - <alloc[2182bb758b4b3781]::vec::Vec<u8> as core[df12db4294e9bfd3]::io::write::Write>::write_fmt
[INFO] [stdout]    3:     0x5f73631a5c46 - std[70759c8f55707aa4]::panicking::default_hook::{closure#0}
[INFO] [stdout]    4:     0x5f73631c2b09 - std[70759c8f55707aa4]::panicking::default_hook
[INFO] [stdout]    5:     0x5f7362f63f20 - test[9d35eded1c95d3be]::test_main_inner::<test[9d35eded1c95d3be]::test_main_static::{closure#0}>::{closure#0}
[INFO] [stdout]    6:     0x5f73631c2e32 - std[70759c8f55707aa4]::panicking::panic_with_hook
[INFO] [stdout]    7:     0x5f73631a5cf2 - std[70759c8f55707aa4]::panicking::panic_handler::{closure#0}
[INFO] [stdout]    8:     0x5f736319e759 - std[70759c8f55707aa4]::sys::backtrace::__rust_end_short_backtrace::<std[70759c8f55707aa4]::panicking::panic_handler::{closure#0}, !>
[INFO] [stdout]    9:     0x5f73631a6b7d - __rustc[8fa7c3cbc660c2b3]::rust_begin_unwind
[INFO] [stdout]   10:     0x5f73631e142c - core[df12db4294e9bfd3]::panicking::panic_fmt
[INFO] [stdout]   11:     0x5f73631e1202 - core[df12db4294e9bfd3]::result::unwrap_failed
[INFO] [stdout]   12:     0x5f7362f32721 - pagerduty_client[7f2b119d5b58f59c]::services::test::get::{closure#0}
[INFO] [stdout]   13:     0x5f7362f27143 - <tokio[1ba95fa653e78c6d]::runtime::scheduler::current_thread::Context>::enter::<core[df12db4294e9bfd3]::task::poll::Poll<()>, <tokio[1ba95fa653e78c6d]::runtime::scheduler::current_thread::CoreGuard>::block_on<core[df12db4294e9bfd3]::pin::Pin<&mut core[df12db4294e9bfd3]::pin::Pin<&mut dyn core[df12db4294e9bfd3]::future::future::Future<Output = ()>>>>::{closure#0}::{closure#0}>
[INFO] [stdout]   14:     0x5f7362f3c95c - <tokio[1ba95fa653e78c6d]::runtime::context::scoped::Scoped<tokio[1ba95fa653e78c6d]::runtime::scheduler::Context>>::set::<<tokio[1ba95fa653e78c6d]::runtime::scheduler::current_thread::CoreGuard>::enter<<tokio[1ba95fa653e78c6d]::runtime::scheduler::current_thread::CoreGuard>::block_on<core[df12db4294e9bfd3]::pin::Pin<&mut core[df12db4294e9bfd3]::pin::Pin<&mut dyn core[df12db4294e9bfd3]::future::future::Future<Output = ()>>>>::{closure#0}, core[df12db4294e9bfd3]::option::Option<()>>::{closure#0}, (alloc[2182bb758b4b3781]::boxed::Box<tokio[1ba95fa653e78c6d]::runtime::scheduler::current_thread::Core>, core[df12db4294e9bfd3]::option::Option<()>)>
[INFO] [stdout]   15:     0x5f7362f272e7 - <tokio[1ba95fa653e78c6d]::runtime::scheduler::current_thread::CoreGuard>::block_on::<core[df12db4294e9bfd3]::pin::Pin<&mut core[df12db4294e9bfd3]::pin::Pin<&mut dyn core[df12db4294e9bfd3]::future::future::Future<Output = ()>>>>
[INFO] [stdout]   16:     0x5f7362f3e81b - tokio[1ba95fa653e78c6d]::runtime::context::runtime::enter_runtime::<<tokio[1ba95fa653e78c6d]::runtime::scheduler::current_thread::CurrentThread>::block_on<core[df12db4294e9bfd3]::pin::Pin<&mut dyn core[df12db4294e9bfd3]::future::future::Future<Output = ()>>>::{closure#0}, ()>
[INFO] [stdout]   17:     0x5f7362f3c6eb - <tokio[1ba95fa653e78c6d]::runtime::runtime::Runtime>::block_on::<core[df12db4294e9bfd3]::pin::Pin<&mut dyn core[df12db4294e9bfd3]::future::future::Future<Output = ()>>>
[INFO] [stdout]   18:     0x5f7362f32e9b - pagerduty_client[7f2b119d5b58f59c]::services::test::get
[INFO] [stdout]   19:     0x5f7362f0cd39 - <pagerduty_client[7f2b119d5b58f59c]::services::test::get::{closure#0} as core[df12db4294e9bfd3]::ops::function::FnOnce<()>>::call_once
[INFO] [stdout]   20:     0x5f7362f5720b - test[9d35eded1c95d3be]::__rust_begin_short_backtrace::<core[df12db4294e9bfd3]::result::Result<(), alloc[2182bb758b4b3781]::string::String>, fn() -> core[df12db4294e9bfd3]::result::Result<(), alloc[2182bb758b4b3781]::string::String>>
[INFO] [stdout]   21:     0x5f7362f64875 - test[9d35eded1c95d3be]::run_test::{closure#0}
[INFO] [stdout]   22:     0x5f7362f5e134 - std[70759c8f55707aa4]::sys::backtrace::__rust_begin_short_backtrace::<test[9d35eded1c95d3be]::run_test::{closure#1}, ()>
[INFO] [stdout]   23:     0x5f7362f679d2 - <std[70759c8f55707aa4]::thread::lifecycle::spawn_unchecked<test[9d35eded1c95d3be]::run_test::{closure#1}, ()>::{closure#1} as core[df12db4294e9bfd3]::ops::function::FnOnce<()>>::call_once::{shim:vtable#0}
[INFO] [stdout]   24:     0x5f73631ca219 - <std[70759c8f55707aa4]::sys::thread::unix::Thread>::new::thread_start
[INFO] [stdout]   25:     0x7020431d0dfa - <unknown>
[INFO] [stdout]   26:     0x7020432643d4 - clone
[INFO] [stdout]   27:                0x0 - <unknown>
[INFO] [stdout] 
[INFO] [stdout] ---- users::test::all stdout ----
[INFO] [stdout] 
[INFO] [stdout] thread 'users::test::all' (1720) panicked at src/users.rs:35:51:
[INFO] [stdout] client: Custom("Missing env var: PAGERDUTY_TOKEN")
[INFO] [stdout] stack backtrace:
[INFO] [stdout]    0:     0x5f73631cacf1 - <<std[70759c8f55707aa4]::sys::backtrace::BacktraceLock>::print::DisplayBacktrace as core[df12db4294e9bfd3]::fmt::Display>::fmt
[INFO] [stdout]    1:     0x5f73631e0cca - core[df12db4294e9bfd3]::fmt::write
[INFO] [stdout]    2:     0x5f73631cf7fc - <alloc[2182bb758b4b3781]::vec::Vec<u8> as core[df12db4294e9bfd3]::io::write::Write>::write_fmt
[INFO] [stdout]    3:     0x5f73631a5c46 - std[70759c8f55707aa4]::panicking::default_hook::{closure#0}
[INFO] [stdout]    4:     0x5f73631c2b09 - std[70759c8f55707aa4]::panicking::default_hook
[INFO] [stdout]    5:     0x5f7362f63f20 - test[9d35eded1c95d3be]::test_main_inner::<test[9d35eded1c95d3be]::test_main_static::{closure#0}>::{closure#0}
[INFO] [stdout]    6:     0x5f73631c2e32 - std[70759c8f55707aa4]::panicking::panic_with_hook
[INFO] [stdout]    7:     0x5f73631a5cf2 - std[70759c8f55707aa4]::panicking::panic_handler::{closure#0}
[INFO] [stdout]    8:     0x5f736319e759 - std[70759c8f55707aa4]::sys::backtrace::__rust_end_short_backtrace::<std[70759c8f55707aa4]::panicking::panic_handler::{closure#0}, !>
[INFO] [stdout]    9:     0x5f73631a6b7d - __rustc[8fa7c3cbc660c2b3]::rust_begin_unwind
[INFO] [stdout]   10:     0x5f73631e142c - core[df12db4294e9bfd3]::panicking::panic_fmt
[INFO] [stdout]   11:     0x5f73631e1202 - core[df12db4294e9bfd3]::result::unwrap_failed
[INFO] [stdout]   12:     0x5f7362f4c2be - pagerduty_client[7f2b119d5b58f59c]::users::test::all::{closure#0}
[INFO] [stdout]   13:     0x5f7362f27143 - <tokio[1ba95fa653e78c6d]::runtime::scheduler::current_thread::Context>::enter::<core[df12db4294e9bfd3]::task::poll::Poll<()>, <tokio[1ba95fa653e78c6d]::runtime::scheduler::current_thread::CoreGuard>::block_on<core[df12db4294e9bfd3]::pin::Pin<&mut core[df12db4294e9bfd3]::pin::Pin<&mut dyn core[df12db4294e9bfd3]::future::future::Future<Output = ()>>>>::{closure#0}::{closure#0}>
[INFO] [stdout]   14:     0x5f7362f3c95c - <tokio[1ba95fa653e78c6d]::runtime::context::scoped::Scoped<tokio[1ba95fa653e78c6d]::runtime::scheduler::Context>>::set::<<tokio[1ba95fa653e78c6d]::runtime::scheduler::current_thread::CoreGuard>::enter<<tokio[1ba95fa653e78c6d]::runtime::scheduler::current_thread::CoreGuard>::block_on<core[df12db4294e9bfd3]::pin::Pin<&mut core[df12db4294e9bfd3]::pin::Pin<&mut dyn core[df12db4294e9bfd3]::future::future::Future<Output = ()>>>>::{closure#0}, core[df12db4294e9bfd3]::option::Option<()>>::{closure#0}, (alloc[2182bb758b4b3781]::boxed::Box<tokio[1ba95fa653e78c6d]::runtime::scheduler::current_thread::Core>, core[df12db4294e9bfd3]::option::Option<()>)>
[INFO] [stdout]   15:     0x5f7362f272e7 - <tokio[1ba95fa653e78c6d]::runtime::scheduler::current_thread::CoreGuard>::block_on::<core[df12db4294e9bfd3]::pin::Pin<&mut core[df12db4294e9bfd3]::pin::Pin<&mut dyn core[df12db4294e9bfd3]::future::future::Future<Output = ()>>>>
[INFO] [stdout]   16:     0x5f7362f3e81b - tokio[1ba95fa653e78c6d]::runtime::context::runtime::enter_runtime::<<tokio[1ba95fa653e78c6d]::runtime::scheduler::current_thread::CurrentThread>::block_on<core[df12db4294e9bfd3]::pin::Pin<&mut dyn core[df12db4294e9bfd3]::future::future::Future<Output = ()>>>::{closure#0}, ()>
[INFO] [stdout]   17:     0x5f7362f3c6eb - <tokio[1ba95fa653e78c6d]::runtime::runtime::Runtime>::block_on::<core[df12db4294e9bfd3]::pin::Pin<&mut dyn core[df12db4294e9bfd3]::future::future::Future<Output = ()>>>
[INFO] [stdout]   18:     0x5f7362f4d01b - pagerduty_client[7f2b119d5b58f59c]::users::test::all
[INFO] [stdout]   19:     0x5f7362f0ccb9 - <pagerduty_client[7f2b119d5b58f59c]::users::test::all::{closure#0} as core[df12db4294e9bfd3]::ops::function::FnOnce<()>>::call_once
[INFO] [stdout]   20:     0x5f7362f5720b - test[9d35eded1c95d3be]::__rust_begin_short_backtrace::<core[df12db4294e9bfd3]::result::Result<(), alloc[2182bb758b4b3781]::string::String>, fn() -> core[df12db4294e9bfd3]::result::Result<(), alloc[2182bb758b4b3781]::string::String>>
[INFO] [stdout]   21:     0x5f7362f64875 - test[9d35eded1c95d3be]::run_test::{closure#0}
[INFO] [stdout]   22:     0x5f7362f5e134 - std[70759c8f55707aa4]::sys::backtrace::__rust_begin_short_backtrace::<test[9d35eded1c95d3be]::run_test::{closure#1}, ()>
[INFO] [stdout]   23:     0x5f7362f679d2 - <std[70759c8f55707aa4]::thread::lifecycle::spawn_unchecked<test[9d35eded1c95d3be]::run_test::{closure#1}, ()>::{closure#1} as core[df12db4294e9bfd3]::ops::function::FnOnce<()>>::call_once::{shim:vtable#0}
[INFO] [stdout]   24:     0x5f73631ca219 - <std[70759c8f55707aa4]::sys::thread::unix::Thread>::new::thread_start
[INFO] [stdout]   25:     0x7020431d0dfa - <unknown>
[INFO] [stdout]   26:     0x7020432643d4 - clone
[INFO] [stdout]   27:                0x0 - <unknown>
[INFO] [stdout] 
[INFO] [stdout] ---- oncalls::test::all stdout ----
[INFO] [stdout] 
[INFO] [stdout] thread 'oncalls::test::all' (1715) panicked at src/oncalls.rs:25:51:
[INFO] [stdout] client: Custom("Missing env var: PAGERDUTY_TOKEN")
[INFO] [stdout] stack backtrace:
[INFO] [stdout]    0:     0x5f73631cacf1 - <<std[70759c8f55707aa4]::sys::backtrace::BacktraceLock>::print::DisplayBacktrace as core[df12db4294e9bfd3]::fmt::Display>::fmt
[INFO] [stdout]    1:     0x5f73631e0cca - core[df12db4294e9bfd3]::fmt::write
[INFO] [stdout]    2:     0x5f73631cf7fc - <alloc[2182bb758b4b3781]::vec::Vec<u8> as core[df12db4294e9bfd3]::io::write::Write>::write_fmt
[INFO] [stdout]    3:     0x5f73631a5c46 - std[70759c8f55707aa4]::panicking::default_hook::{closure#0}
[INFO] [stdout]    4:     0x5f73631c2b09 - std[70759c8f55707aa4]::panicking::default_hook
[INFO] [stdout]    5:     0x5f7362f63f20 - test[9d35eded1c95d3be]::test_main_inner::<test[9d35eded1c95d3be]::test_main_static::{closure#0}>::{closure#0}
[INFO] [stdout]    6:     0x5f73631c2e32 - std[70759c8f55707aa4]::panicking::panic_with_hook
[INFO] [stdout]    7:     0x5f73631a5cf2 - std[70759c8f55707aa4]::panicking::panic_handler::{closure#0}
[INFO] [stdout]    8:     0x5f736319e759 - std[70759c8f55707aa4]::sys::backtrace::__rust_end_short_backtrace::<std[70759c8f55707aa4]::panicking::panic_handler::{closure#0}, !>
[INFO] [stdout]    9:     0x5f73631a6b7d - __rustc[8fa7c3cbc660c2b3]::rust_begin_unwind
[INFO] [stdout]   10:     0x5f73631e142c - core[df12db4294e9bfd3]::panicking::panic_fmt
[INFO] [stdout]   11:     0x5f73631e1202 - core[df12db4294e9bfd3]::result::unwrap_failed
[INFO] [stdout]   12:     0x5f7362f4cb87 - pagerduty_client[7f2b119d5b58f59c]::oncalls::test::all::{closure#0}
[INFO] [stdout]   13:     0x5f7362f27143 - <tokio[1ba95fa653e78c6d]::runtime::scheduler::current_thread::Context>::enter::<core[df12db4294e9bfd3]::task::poll::Poll<()>, <tokio[1ba95fa653e78c6d]::runtime::scheduler::current_thread::CoreGuard>::block_on<core[df12db4294e9bfd3]::pin::Pin<&mut core[df12db4294e9bfd3]::pin::Pin<&mut dyn core[df12db4294e9bfd3]::future::future::Future<Output = ()>>>>::{closure#0}::{closure#0}>
[INFO] [stdout]   14:     0x5f7362f3c95c - <tokio[1ba95fa653e78c6d]::runtime::context::scoped::Scoped<tokio[1ba95fa653e78c6d]::runtime::scheduler::Context>>::set::<<tokio[1ba95fa653e78c6d]::runtime::scheduler::current_thread::CoreGuard>::enter<<tokio[1ba95fa653e78c6d]::runtime::scheduler::current_thread::CoreGuard>::block_on<core[df12db4294e9bfd3]::pin::Pin<&mut core[df12db4294e9bfd3]::pin::Pin<&mut dyn core[df12db4294e9bfd3]::future::future::Future<Output = ()>>>>::{closure#0}, core[df12db4294e9bfd3]::option::Option<()>>::{closure#0}, (alloc[2182bb758b4b3781]::boxed::Box<tokio[1ba95fa653e78c6d]::runtime::scheduler::current_thread::Core>, core[df12db4294e9bfd3]::option::Option<()>)>
[INFO] [stdout]   15:     0x5f7362f272e7 - <tokio[1ba95fa653e78c6d]::runtime::scheduler::current_thread::CoreGuard>::block_on::<core[df12db4294e9bfd3]::pin::Pin<&mut core[df12db4294e9bfd3]::pin::Pin<&mut dyn core[df12db4294e9bfd3]::future::future::Future<Output = ()>>>>
[INFO] [stdout]   16:     0x5f7362f3e81b - tokio[1ba95fa653e78c6d]::runtime::context::runtime::enter_runtime::<<tokio[1ba95fa653e78c6d]::runtime::scheduler::current_thread::CurrentThread>::block_on<core[df12db4294e9bfd3]::pin::Pin<&mut dyn core[df12db4294e9bfd3]::future::future::Future<Output = ()>>>::{closure#0}, ()>
[INFO] [stdout]   17:     0x5f7362f3c6eb - <tokio[1ba95fa653e78c6d]::runtime::runtime::Runtime>::block_on::<core[df12db4294e9bfd3]::pin::Pin<&mut dyn core[df12db4294e9bfd3]::future::future::Future<Output = ()>>>
[INFO] [stdout]   18:     0x5f7362f4d2bb - pagerduty_client[7f2b119d5b58f59c]::oncalls::test::all
[INFO] [stdout]   19:     0x5f7362f0ccf9 - <pagerduty_client[7f2b119d5b58f59c]::oncalls::test::all::{closure#0} as core[df12db4294e9bfd3]::ops::function::FnOnce<()>>::call_once
[INFO] [stdout]   20:     0x5f7362f5720b - test[9d35eded1c95d3be]::__rust_begin_short_backtrace::<core[df12db4294e9bfd3]::result::Result<(), alloc[2182bb758b4b3781]::string::String>, fn() -> core[df12db4294e9bfd3]::result::Result<(), alloc[2182bb758b4b3781]::string::String>>
[INFO] [stdout]   21:     0x5f7362f64875 - test[9d35eded1c95d3be]::run_test::{closure#0}
[INFO] [stdout]   22:     0x5f7362f5e134 - std[70759c8f55707aa4]::sys::backtrace::__rust_begin_short_backtrace::<test[9d35eded1c95d3be]::run_test::{closure#1}, ()>
[INFO] [stdout]   23:     0x5f7362f679d2 - <std[70759c8f55707aa4]::thread::lifecycle::spawn_unchecked<test[9d35eded1c95d3be]::run_test::{closure#1}, ()>::{closure#1} as core[df12db4294e9bfd3]::ops::function::FnOnce<()>>::call_once::{shim:vtable#0}
[INFO] [stdout]   24:     0x5f73631ca219 - <std[70759c8f55707aa4]::sys::thread::unix::Thread>::new::thread_start
[INFO] [stdout]   25:     0x7020431d0dfa - <unknown>
[INFO] [stdout]   26:     0x7020432643d4 - clone
[INFO] [stdout]   27:                0x0 - <unknown>
[INFO] [stdout] 
[INFO] [stdout] ---- escalation_policies::test::get stdout ----
[INFO] [stdout] 
[INFO] [stdout] thread 'escalation_policies::test::get' (1714) panicked at src/escalation_policies.rs:41:51:
[INFO] [stdout] client: Custom("Missing env var: PAGERDUTY_TOKEN")
[INFO] [stdout] stack backtrace:
[INFO] [stdout]    0:     0x5f73631cacf1 - <<std[70759c8f55707aa4]::sys::backtrace::BacktraceLock>::print::DisplayBacktrace as core[df12db4294e9bfd3]::fmt::Display>::fmt
[INFO] [stdout]    1:     0x5f73631e0cca - core[df12db4294e9bfd3]::fmt::write
[INFO] [stdout]    2:     0x5f73631cf7fc - <alloc[2182bb758b4b3781]::vec::Vec<u8> as core[df12db4294e9bfd3]::io::write::Write>::write_fmt
[INFO] [stdout]    3:     0x5f73631a5c46 - std[70759c8f55707aa4]::panicking::default_hook::{closure#0}
[INFO] [stdout]    4:     0x5f73631c2b09 - std[70759c8f55707aa4]::panicking::default_hook
[INFO] [stdout]    5:     0x5f7362f63f20 - test[9d35eded1c95d3be]::test_main_inner::<test[9d35eded1c95d3be]::test_main_static::{closure#0}>::{closure#0}
[INFO] [stdout]    6:     0x5f73631c2e32 - std[70759c8f55707aa4]::panicking::panic_with_hook
[INFO] [stdout]    7:     0x5f73631a5cf2 - std[70759c8f55707aa4]::panicking::panic_handler::{closure#0}
[INFO] [stdout]    8:     0x5f736319e759 - std[70759c8f55707aa4]::sys::backtrace::__rust_end_short_backtrace::<std[70759c8f55707aa4]::panicking::panic_handler::{closure#0}, !>
[INFO] [stdout]    9:     0x5f73631a6b7d - __rustc[8fa7c3cbc660c2b3]::rust_begin_unwind
[INFO] [stdout]   10:     0x5f73631e142c - core[df12db4294e9bfd3]::panicking::panic_fmt
[INFO] [stdout]   11:     0x5f73631e1202 - core[df12db4294e9bfd3]::result::unwrap_failed
[INFO] [stdout]   12:     0x5f7362f41301 - pagerduty_client[7f2b119d5b58f59c]::escalation_policies::test::get::{closure#0}
[INFO] [stdout]   13:     0x5f7362f27143 - <tokio[1ba95fa653e78c6d]::runtime::scheduler::current_thread::Context>::enter::<core[df12db4294e9bfd3]::task::poll::Poll<()>, <tokio[1ba95fa653e78c6d]::runtime::scheduler::current_thread::CoreGuard>::block_on<core[df12db4294e9bfd3]::pin::Pin<&mut core[df12db4294e9bfd3]::pin::Pin<&mut dyn core[df12db4294e9bfd3]::future::future::Future<Output = ()>>>>::{closure#0}::{closure#0}>
[INFO] [stdout]   14:     0x5f7362f3c95c - <tokio[1ba95fa653e78c6d]::runtime::context::scoped::Scoped<tokio[1ba95fa653e78c6d]::runtime::scheduler::Context>>::set::<<tokio[1ba95fa653e78c6d]::runtime::scheduler::current_thread::CoreGuard>::enter<<tokio[1ba95fa653e78c6d]::runtime::scheduler::current_thread::CoreGuard>::block_on<core[df12db4294e9bfd3]::pin::Pin<&mut core[df12db4294e9bfd3]::pin::Pin<&mut dyn core[df12db4294e9bfd3]::future::future::Future<Output = ()>>>>::{closure#0}, core[df12db4294e9bfd3]::option::Option<()>>::{closure#0}, (alloc[2182bb758b4b3781]::boxed::Box<tokio[1ba95fa653e78c6d]::runtime::scheduler::current_thread::Core>, core[df12db4294e9bfd3]::option::Option<()>)>
[INFO] [stdout]   15:     0x5f7362f272e7 - <tokio[1ba95fa653e78c6d]::runtime::scheduler::current_thread::CoreGuard>::block_on::<core[df12db4294e9bfd3]::pin::Pin<&mut core[df12db4294e9bfd3]::pin::Pin<&mut dyn core[df12db4294e9bfd3]::future::future::Future<Output = ()>>>>
[INFO] [stdout]   16:     0x5f7362f3e81b - tokio[1ba95fa653e78c6d]::runtime::context::runtime::enter_runtime::<<tokio[1ba95fa653e78c6d]::runtime::scheduler::current_thread::CurrentThread>::block_on<core[df12db4294e9bfd3]::pin::Pin<&mut dyn core[df12db4294e9bfd3]::future::future::Future<Output = ()>>>::{closure#0}, ()>
[INFO] [stdout]   17:     0x5f7362f3c6eb - <tokio[1ba95fa653e78c6d]::runtime::runtime::Runtime>::block_on::<core[df12db4294e9bfd3]::pin::Pin<&mut dyn core[df12db4294e9bfd3]::future::future::Future<Output = ()>>>
[INFO] [stdout]   18:     0x5f7362f41e6b - pagerduty_client[7f2b119d5b58f59c]::escalation_policies::test::get
[INFO] [stdout]   19:     0x5f7362f0cc99 - <pagerduty_client[7f2b119d5b58f59c]::escalation_policies::test::get::{closure#0} as core[df12db4294e9bfd3]::ops::function::FnOnce<()>>::call_once
[INFO] [stdout]   20:     0x5f7362f5720b - test[9d35eded1c95d3be]::__rust_begin_short_backtrace::<core[df12db4294e9bfd3]::result::Result<(), alloc[2182bb758b4b3781]::string::String>, fn() -> core[df12db4294e9bfd3]::result::Result<(), alloc[2182bb758b4b3781]::string::String>>
[INFO] [stdout]   21:     0x5f7362f64875 - test[9d35eded1c95d3be]::run_test::{closure#0}
[INFO] [stdout]   22:     0x5f7362f5e134 - std[70759c8f55707aa4]::sys::backtrace::__rust_begin_short_backtrace::<test[9d35eded1c95d3be]::run_test::{closure#1}, ()>
[INFO] [stdout]   23:     0x5f7362f679d2 - <std[70759c8f55707aa4]::thread::lifecycle::spawn_unchecked<test[9d35eded1c95d3be]::run_test::{closure#1}, ()>::{closure#1} as core[df12db4294e9bfd3]::ops::function::FnOnce<()>>::call_once::{shim:vtable#0}
[INFO] [stdout]   24:     0x5f73631ca219 - <std[70759c8f55707aa4]::sys::thread::unix::Thread>::new::thread_start
[INFO] [stdout]   25:     0x7020431d0dfa - <unknown>
[INFO] [stdout]   26:     0x7020432643d4 - clone
[INFO] [stdout]   27:                0x0 - <unknown>
[INFO] [stdout] 
[INFO] [stdout] ---- schedules::test::get stdout ----
[INFO] [stdout] 
[INFO] [stdout] thread 'schedules::test::get' (1717) panicked at src/schedules.rs:46:51:
[INFO] [stdout] client: Custom("Missing env var: PAGERDUTY_TOKEN")
[INFO] [stdout] stack backtrace:
[INFO] [stdout]    0:     0x5f73631cacf1 - <<std[70759c8f55707aa4]::sys::backtrace::BacktraceLock>::print::DisplayBacktrace as core[df12db4294e9bfd3]::fmt::Display>::fmt
[INFO] [stdout]    1:     0x5f73631e0cca - core[df12db4294e9bfd3]::fmt::write
[INFO] [stdout]    2:     0x5f73631cf7fc - <alloc[2182bb758b4b3781]::vec::Vec<u8> as core[df12db4294e9bfd3]::io::write::Write>::write_fmt
[INFO] [stdout]    3:     0x5f73631a5c46 - std[70759c8f55707aa4]::panicking::default_hook::{closure#0}
[INFO] [stdout]    4:     0x5f73631c2b09 - std[70759c8f55707aa4]::panicking::default_hook
[INFO] [stdout]    5:     0x5f7362f63f20 - test[9d35eded1c95d3be]::test_main_inner::<test[9d35eded1c95d3be]::test_main_static::{closure#0}>::{closure#0}
[INFO] [stdout]    6:     0x5f73631c2e32 - std[70759c8f55707aa4]::panicking::panic_with_hook
[INFO] [stdout]    7:     0x5f73631a5cf2 - std[70759c8f55707aa4]::panicking::panic_handler::{closure#0}
[INFO] [stdout]    8:     0x5f736319e759 - std[70759c8f55707aa4]::sys::backtrace::__rust_end_short_backtrace::<std[70759c8f55707aa4]::panicking::panic_handler::{closure#0}, !>
[INFO] [stdout]    9:     0x5f73631a6b7d - __rustc[8fa7c3cbc660c2b3]::rust_begin_unwind
[INFO] [stdout]   10:     0x5f73631e142c - core[df12db4294e9bfd3]::panicking::panic_fmt
[INFO] [stdout]   11:     0x5f73631e1202 - core[df12db4294e9bfd3]::result::unwrap_failed
[INFO] [stdout]   12:     0x5f7362f2a873 - pagerduty_client[7f2b119d5b58f59c]::schedules::test::get::{closure#0}
[INFO] [stdout]   13:     0x5f7362f27143 - <tokio[1ba95fa653e78c6d]::runtime::scheduler::current_thread::Context>::enter::<core[df12db4294e9bfd3]::task::poll::Poll<()>, <tokio[1ba95fa653e78c6d]::runtime::scheduler::current_thread::CoreGuard>::block_on<core[df12db4294e9bfd3]::pin::Pin<&mut core[df12db4294e9bfd3]::pin::Pin<&mut dyn core[df12db4294e9bfd3]::future::future::Future<Output = ()>>>>::{closure#0}::{closure#0}>
[INFO] [stdout]   14:     0x5f7362f3c95c - <tokio[1ba95fa653e78c6d]::runtime::context::scoped::Scoped<tokio[1ba95fa653e78c6d]::runtime::scheduler::Context>>::set::<<tokio[1ba95fa653e78c6d]::runtime::scheduler::current_thread::CoreGuard>::enter<<tokio[1ba95fa653e78c6d]::runtime::scheduler::current_thread::CoreGuard>::block_on<core[df12db4294e9bfd3]::pin::Pin<&mut core[df12db4294e9bfd3]::pin::Pin<&mut dyn core[df12db4294e9bfd3]::future::future::Future<Output = ()>>>>::{closure#0}, core[df12db4294e9bfd3]::option::Option<()>>::{closure#0}, (alloc[2182bb758b4b3781]::boxed::Box<tokio[1ba95fa653e78c6d]::runtime::scheduler::current_thread::Core>, core[df12db4294e9bfd3]::option::Option<()>)>
[INFO] [stdout]   15:     0x5f7362f272e7 - <tokio[1ba95fa653e78c6d]::runtime::scheduler::current_thread::CoreGuard>::block_on::<core[df12db4294e9bfd3]::pin::Pin<&mut core[df12db4294e9bfd3]::pin::Pin<&mut dyn core[df12db4294e9bfd3]::future::future::Future<Output = ()>>>>
[INFO] [stdout]   16:     0x5f7362f3e81b - tokio[1ba95fa653e78c6d]::runtime::context::runtime::enter_runtime::<<tokio[1ba95fa653e78c6d]::runtime::scheduler::current_thread::CurrentThread>::block_on<core[df12db4294e9bfd3]::pin::Pin<&mut dyn core[df12db4294e9bfd3]::future::future::Future<Output = ()>>>::{closure#0}, ()>
[INFO] [stdout]   17:     0x5f7362f3c6eb - <tokio[1ba95fa653e78c6d]::runtime::runtime::Runtime>::block_on::<core[df12db4294e9bfd3]::pin::Pin<&mut dyn core[df12db4294e9bfd3]::future::future::Future<Output = ()>>>
[INFO] [stdout]   18:     0x5f7362f2adbb - pagerduty_client[7f2b119d5b58f59c]::schedules::test::get
[INFO] [stdout]   19:     0x5f7362f0cd79 - <pagerduty_client[7f2b119d5b58f59c]::schedules::test::get::{closure#0} as core[df12db4294e9bfd3]::ops::function::FnOnce<()>>::call_once
[INFO] [stdout]   20:     0x5f7362f5720b - test[9d35eded1c95d3be]::__rust_begin_short_backtrace::<core[df12db4294e9bfd3]::result::Result<(), alloc[2182bb758b4b3781]::string::String>, fn() -> core[df12db4294e9bfd3]::result::Result<(), alloc[2182bb758b4b3781]::string::String>>
[INFO] [stdout]   21:     0x5f7362f64875 - test[9d35eded1c95d3be]::run_test::{closure#0}
[INFO] [stdout]   22:     0x5f7362f5e134 - std[70759c8f55707aa4]::sys::backtrace::__rust_begin_short_backtrace::<test[9d35eded1c95d3be]::run_test::{closure#1}, ()>
[INFO] [stdout]   23:     0x5f7362f679d2 - <std[70759c8f55707aa4]::thread::lifecycle::spawn_unchecked<test[9d35eded1c95d3be]::run_test::{closure#1}, ()>::{closure#1} as core[df12db4294e9bfd3]::ops::function::FnOnce<()>>::call_once::{shim:vtable#0}
[INFO] [stdout]   24:     0x5f73631ca219 - <std[70759c8f55707aa4]::sys::thread::unix::Thread>::new::thread_start
[INFO] [stdout]   25:     0x7020431d0dfa - <unknown>
[INFO] [stdout]   26:     0x7020432643d4 - clone
[INFO] [stdout]   27:                0x0 - <unknown>
[INFO] [stdout] 
[INFO] [stdout] ---- schedules::test::all stdout ----
[INFO] [stdout] 
[INFO] [stdout] thread 'schedules::test::all' (1716) panicked at src/schedules.rs:35:51:
[INFO] [stdout] client: Custom("Missing env var: PAGERDUTY_TOKEN")
[INFO] [stdout] stack backtrace:
[INFO] [stdout]    0:     0x5f73631cacf1 - <<std[70759c8f55707aa4]::sys::backtrace::BacktraceLock>::print::DisplayBacktrace as core[df12db4294e9bfd3]::fmt::Display>::fmt
[INFO] [stdout]    1:     0x5f73631e0cca - core[df12db4294e9bfd3]::fmt::write
[INFO] [stdout]    2:     0x5f73631cf7fc - <alloc[2182bb758b4b3781]::vec::Vec<u8> as core[df12db4294e9bfd3]::io::write::Write>::write_fmt
[INFO] [stdout]    3:     0x5f73631a5c46 - std[70759c8f55707aa4]::panicking::default_hook::{closure#0}
[INFO] [stdout]    4:     0x5f73631c2b09 - std[70759c8f55707aa4]::panicking::default_hook
[INFO] [stdout]    5:     0x5f7362f63f20 - test[9d35eded1c95d3be]::test_main_inner::<test[9d35eded1c95d3be]::test_main_static::{closure#0}>::{closure#0}
[INFO] [stdout]    6:     0x5f73631c2e32 - std[70759c8f55707aa4]::panicking::panic_with_hook
[INFO] [stdout]    7:     0x5f73631a5cf2 - std[70759c8f55707aa4]::panicking::panic_handler::{closure#0}
[INFO] [stdout]    8:     0x5f736319e759 - std[70759c8f55707aa4]::sys::backtrace::__rust_end_short_backtrace::<std[70759c8f55707aa4]::panicking::panic_handler::{closure#0}, !>
[INFO] [stdout]    9:     0x5f73631a6b7d - __rustc[8fa7c3cbc660c2b3]::rust_begin_unwind
[INFO] [stdout]   10:     0x5f73631e142c - core[df12db4294e9bfd3]::panicking::panic_fmt
[INFO] [stdout]   11:     0x5f73631e1202 - core[df12db4294e9bfd3]::result::unwrap_failed
[INFO] [stdout]   12:     0x5f7362f2a26f - pagerduty_client[7f2b119d5b58f59c]::schedules::test::all::{closure#0}
[INFO] [stdout]   13:     0x5f7362f27143 - <tokio[1ba95fa653e78c6d]::runtime::scheduler::current_thread::Context>::enter::<core[df12db4294e9bfd3]::task::poll::Poll<()>, <tokio[1ba95fa653e78c6d]::runtime::scheduler::current_thread::CoreGuard>::block_on<core[df12db4294e9bfd3]::pin::Pin<&mut core[df12db4294e9bfd3]::pin::Pin<&mut dyn core[df12db4294e9bfd3]::future::future::Future<Output = ()>>>>::{closure#0}::{closure#0}>
[INFO] [stdout]   14:     0x5f7362f3c95c - <tokio[1ba95fa653e78c6d]::runtime::context::scoped::Scoped<tokio[1ba95fa653e78c6d]::runtime::scheduler::Context>>::set::<<tokio[1ba95fa653e78c6d]::runtime::scheduler::current_thread::CoreGuard>::enter<<tokio[1ba95fa653e78c6d]::runtime::scheduler::current_thread::CoreGuard>::block_on<core[df12db4294e9bfd3]::pin::Pin<&mut core[df12db4294e9bfd3]::pin::Pin<&mut dyn core[df12db4294e9bfd3]::future::future::Future<Output = ()>>>>::{closure#0}, core[df12db4294e9bfd3]::option::Option<()>>::{closure#0}, (alloc[2182bb758b4b3781]::boxed::Box<tokio[1ba95fa653e78c6d]::runtime::scheduler::current_thread::Core>, core[df12db4294e9bfd3]::option::Option<()>)>
[INFO] [stdout]   15:     0x5f7362f272e7 - <tokio[1ba95fa653e78c6d]::runtime::scheduler::current_thread::CoreGuard>::block_on::<core[df12db4294e9bfd3]::pin::Pin<&mut core[df12db4294e9bfd3]::pin::Pin<&mut dyn core[df12db4294e9bfd3]::future::future::Future<Output = ()>>>>
[INFO] [stdout]   16:     0x5f7362f3e81b - tokio[1ba95fa653e78c6d]::runtime::context::runtime::enter_runtime::<<tokio[1ba95fa653e78c6d]::runtime::scheduler::current_thread::CurrentThread>::block_on<core[df12db4294e9bfd3]::pin::Pin<&mut dyn core[df12db4294e9bfd3]::future::future::Future<Output = ()>>>::{closure#0}, ()>
[INFO] [stdout]   17:     0x5f7362f3c6eb - <tokio[1ba95fa653e78c6d]::runtime::runtime::Runtime>::block_on::<core[df12db4294e9bfd3]::pin::Pin<&mut dyn core[df12db4294e9bfd3]::future::future::Future<Output = ()>>>
[INFO] [stdout]   18:     0x5f7362f2ac6b - pagerduty_client[7f2b119d5b58f59c]::schedules::test::all
[INFO] [stdout]   19:     0x5f7362f0cd59 - <pagerduty_client[7f2b119d5b58f59c]::schedules::test::all::{closure#0} as core[df12db4294e9bfd3]::ops::function::FnOnce<()>>::call_once
[INFO] [stdout]   20:     0x5f7362f5720b - test[9d35eded1c95d3be]::__rust_begin_short_backtrace::<core[df12db4294e9bfd3]::result::Result<(), alloc[2182bb758b4b3781]::string::String>, fn() -> core[df12db4294e9bfd3]::result::Result<(), alloc[2182bb758b4b3781]::string::String>>
[INFO] [stdout]   21:     0x5f7362f64875 - test[9d35eded1c95d3be]::run_test::{closure#0}
[INFO] [stdout]   22:     0x5f7362f5e134 - std[70759c8f55707aa4]::sys::backtrace::__rust_begin_short_backtrace::<test[9d35eded1c95d3be]::run_test::{closure#1}, ()>
[INFO] [stdout]   23:     0x5f7362f679d2 - <std[70759c8f55707aa4]::thread::lifecycle::spawn_unchecked<test[9d35eded1c95d3be]::run_test::{closure#1}, ()>::{closure#1} as core[df12db4294e9bfd3]::ops::function::FnOnce<()>>::call_once::{shim:vtable#0}
[INFO] [stdout]   24:     0x5f73631ca219 - <std[70759c8f55707aa4]::sys::thread::unix::Thread>::new::thread_start
[INFO] [stdout]   25:     0x7020431d0dfa - <unknown>
[INFO] [stdout]   26:     0x7020432643d4 - clone
[INFO] [stdout]   27:                0x0 - <unknown>
[INFO] [stdout] 
[INFO] [stdout] ---- services::test::all stdout ----
[INFO] [stdout] 
[INFO] [stdout] thread 'services::test::all' (1718) panicked at src/services.rs:41:51:
[INFO] [stdout] client: Custom("Missing env var: PAGERDUTY_TOKEN")
[INFO] [stdout] stack backtrace:
[INFO] [stdout]    0:     0x5f73631cacf1 - <<std[70759c8f55707aa4]::sys::backtrace::BacktraceLock>::print::DisplayBacktrace as core[df12db4294e9bfd3]::fmt::Display>::fmt
[INFO] [stdout]    1:     0x5f73631e0cca - core[df12db4294e9bfd3]::fmt::write
[INFO] [stdout]    2:     0x5f73631cf7fc - <alloc[2182bb758b4b3781]::vec::Vec<u8> as core[df12db4294e9bfd3]::io::write::Write>::write_fmt
[INFO] [stdout]    3:     0x5f73631a5c46 - std[70759c8f55707aa4]::panicking::default_hook::{closure#0}
[INFO] [stdout]    4:     0x5f73631c2b09 - std[70759c8f55707aa4]::panicking::default_hook
[INFO] [stdout]    5:     0x5f7362f63f20 - test[9d35eded1c95d3be]::test_main_inner::<test[9d35eded1c95d3be]::test_main_static::{closure#0}>::{closure#0}
[INFO] [stdout]    6:     0x5f73631c2e32 - std[70759c8f55707aa4]::panicking::panic_with_hook
[INFO] [stdout]    7:     0x5f73631a5cf2 - std[70759c8f55707aa4]::panicking::panic_handler::{closure#0}
[INFO] [stdout]    8:     0x5f736319e759 - std[70759c8f55707aa4]::sys::backtrace::__rust_end_short_backtrace::<std[70759c8f55707aa4]::panicking::panic_handler::{closure#0}, !>
[INFO] [stdout]    9:     0x5f73631a6b7d - __rustc[8fa7c3cbc660c2b3]::rust_begin_unwind
[INFO] [stdout]   10:     0x5f73631e142c - core[df12db4294e9bfd3]::panicking::panic_fmt
[INFO] [stdout]   11:     0x5f73631e1202 - core[df12db4294e9bfd3]::result::unwrap_failed
[INFO] [stdout]   12:     0x5f7362f3226e - pagerduty_client[7f2b119d5b58f59c]::services::test::all::{closure#0}
[INFO] [stdout]   13:     0x5f7362f27143 - <tokio[1ba95fa653e78c6d]::runtime::scheduler::current_thread::Context>::enter::<core[df12db4294e9bfd3]::task::poll::Poll<()>, <tokio[1ba95fa653e78c6d]::runtime::scheduler::current_thread::CoreGuard>::block_on<core[df12db4294e9bfd3]::pin::Pin<&mut core[df12db4294e9bfd3]::pin::Pin<&mut dyn core[df12db4294e9bfd3]::future::future::Future<Output = ()>>>>::{closure#0}::{closure#0}>
[INFO] [stdout]   14:     0x5f7362f3c95c - <tokio[1ba95fa653e78c6d]::runtime::context::scoped::Scoped<tokio[1ba95fa653e78c6d]::runtime::scheduler::Context>>::set::<<tokio[1ba95fa653e78c6d]::runtime::scheduler::current_thread::CoreGuard>::enter<<tokio[1ba95fa653e78c6d]::runtime::scheduler::current_thread::CoreGuard>::block_on<core[df12db4294e9bfd3]::pin::Pin<&mut core[df12db4294e9bfd3]::pin::Pin<&mut dyn core[df12db4294e9bfd3]::future::future::Future<Output = ()>>>>::{closure#0}, core[df12db4294e9bfd3]::option::Option<()>>::{closure#0}, (alloc[2182bb758b4b3781]::boxed::Box<tokio[1ba95fa653e78c6d]::runtime::scheduler::current_thread::Core>, core[df12db4294e9bfd3]::option::Option<()>)>
[INFO] [stdout]   15:     0x5f7362f272e7 - <tokio[1ba95fa653e78c6d]::runtime::scheduler::current_thread::CoreGuard>::block_on::<core[df12db4294e9bfd3]::pin::Pin<&mut core[df12db4294e9bfd3]::pin::Pin<&mut dyn core[df12db4294e9bfd3]::future::future::Future<Output = ()>>>>
[INFO] [stdout]   16:     0x5f7362f3e81b - tokio[1ba95fa653e78c6d]::runtime::context::runtime::enter_runtime::<<tokio[1ba95fa653e78c6d]::runtime::scheduler::current_thread::CurrentThread>::block_on<core[df12db4294e9bfd3]::pin::Pin<&mut dyn core[df12db4294e9bfd3]::future::future::Future<Output = ()>>>::{closure#0}, ()>
[INFO] [stdout]   17:     0x5f7362f3c6eb - <tokio[1ba95fa653e78c6d]::runtime::runtime::Runtime>::block_on::<core[df12db4294e9bfd3]::pin::Pin<&mut dyn core[df12db4294e9bfd3]::future::future::Future<Output = ()>>>
[INFO] [stdout]   18:     0x5f7362f32d4b - pagerduty_client[7f2b119d5b58f59c]::services::test::all
[INFO] [stdout]   19:     0x5f7362f0cd19 - <pagerduty_client[7f2b119d5b58f59c]::services::test::all::{closure#0} as core[df12db4294e9bfd3]::ops::function::FnOnce<()>>::call_once
[INFO] [stdout]   20:     0x5f7362f5720b - test[9d35eded1c95d3be]::__rust_begin_short_backtrace::<core[df12db4294e9bfd3]::result::Result<(), alloc[2182bb758b4b3781]::string::String>, fn() -> core[df12db4294e9bfd3]::result::Result<(), alloc[2182bb758b4b3781]::string::String>>
[INFO] [stdout]   21:     0x5f7362f64875 - test[9d35eded1c95d3be]::run_test::{closure#0}
[INFO] [stdout]   22:     0x5f7362f5e134 - std[70759c8f55707aa4]::sys::backtrace::__rust_begin_short_backtrace::<test[9d35eded1c95d3be]::run_test::{closure#1}, ()>
[INFO] [stdout]   23:     0x5f7362f679d2 - <std[70759c8f55707aa4]::thread::lifecycle::spawn_unchecked<test[9d35eded1c95d3be]::run_test::{closure#1}, ()>::{closure#1} as core[df12db4294e9bfd3]::ops::function::FnOnce<()>>::call_once::{shim:vtable#0}
[INFO] [stdout]   24:     0x5f73631ca219 - <std[70759c8f55707aa4]::sys::thread::unix::Thread>::new::thread_start
[INFO] [stdout]   25:     0x7020431d0dfa - <unknown>
[INFO] [stdout]   26:     0x7020432643d4 - clone
[INFO] [stdout]   27:                0x0 - <unknown>
[INFO] [stdout] 
[INFO] [stdout] 
[INFO] [stdout] failures:
[INFO] [stdout]     escalation_policies::test::all
[INFO] [stdout]     escalation_policies::test::get
[INFO] [stdout]     oncalls::test::all
[INFO] [stdout]     schedules::test::all
[INFO] [stdout]     schedules::test::get
[INFO] [stdout]     services::test::all
[INFO] [stdout]     services::test::get
[INFO] [stdout]     users::test::all
[INFO] [stdout]     users::test::get
[INFO] [stdout] 
[INFO] [stdout] test result: FAILED. 0 passed; 9 failed; 0 ignored; 0 measured; 0 filtered out; finished in 0.01s
[INFO] [stdout] 
[INFO] [stderr] error: test failed, to rerun pass `--lib`
[INFO] running `Command { std: "docker" "inspect" "c024dd9ec3f8ff2de428dbb950519e9d7f3f8b82a48f0c520dfbd9d8cb8c487d", kill_on_drop: false }`
[INFO] running `Command { std: "docker" "rm" "-f" "c024dd9ec3f8ff2de428dbb950519e9d7f3f8b82a48f0c520dfbd9d8cb8c487d", kill_on_drop: false }`
[INFO] [stdout] c024dd9ec3f8ff2de428dbb950519e9d7f3f8b82a48f0c520dfbd9d8cb8c487d
