[INFO] fetching crate pafi 0.1.1...
[INFO] testing pafi-0.1.1 against 1.100.0-beta.1+cargoflags=--release for beta-release-1.100-2
[INFO] extracting crate pafi 0.1.1 into /workspace/builds/worker-4-tc2/source
[INFO] started tweaking crates.io crate pafi 0.1.1
[INFO] finished tweaking crates.io crate pafi 0.1.1
[INFO] tweaked toml for crates.io crate pafi 0.1.1 written to /workspace/builds/worker-4-tc2/source/Cargo.toml
[INFO] validating manifest of crates.io crate pafi 0.1.1 on toolchain 1.100.0-beta.1
[INFO] running `Command { std: CARGO_HOME="/workspace/cargo-home" RUSTUP_HOME="/workspace/rustup-home" "/workspace/cargo-home/bin/cargo" "+1.100.0-beta.1" "metadata" "--manifest-path" "Cargo.toml" "--no-deps", kill_on_drop: false }`
[INFO] running `Command { std: CARGO_HOME="/workspace/cargo-home" RUSTUP_HOME="/workspace/rustup-home" "/workspace/cargo-home/bin/cargo" "+1.100.0-beta.1" "generate-lockfile" "--manifest-path" "Cargo.toml", kill_on_drop: false }`
[INFO] [stderr]     Updating crates.io index
[INFO] [stderr]      Locking 200 packages to highest compatible versions
[INFO] [stderr]       Adding clap v2.34.0 (available: v4.6.7)
[INFO] [stderr]       Adding reqwest v0.9.24 (available: v0.13.5)
[INFO] [stderr]       Adding url v1.7.2 (available: v2.5.8)
[INFO] [stderr]       Adding wasi v0.10.0+wasi-snapshot-preview1 (available: v0.10.2+wasi-snapshot-preview1)
[INFO] running `Command { std: CARGO_HOME="/workspace/cargo-home" RUSTUP_HOME="/workspace/rustup-home" "/workspace/cargo-home/bin/cargo" "+1.100.0-beta.1" "fetch" "--manifest-path" "Cargo.toml", kill_on_drop: false }`
[INFO] [stderr] warning: `package.homepage` is redundant with `package.repository`
[INFO] [stderr]   --> Cargo.toml:17:12
[INFO] [stderr]    |
[INFO] [stderr] 17 | homepage = "https://github.com/mehrati/pafi"
[INFO] [stderr]    |            ^^^^^^^^^^^^^^^^^^^^^^^^^^^^^^^^^
[INFO] [stderr] ...
[INFO] [stderr] 21 | repository = "https://github.com/mehrati/pafi"
[INFO] [stderr]    |              ---------------------------------
[INFO] [stderr]    |
[INFO] [stderr]    = note: `cargo::redundant_homepage` is set to `warn` by default
[INFO] [stderr] help: consider removing `package.homepage`
[INFO] [stderr] warning: `pafi` (manifest) generated 1 warning
[INFO] running `Command { std: "docker" "create" "-v" "/var/lib/crater-agent-workspace/builds/worker-4-tc2/source:/opt/rustwide/workdir:ro,Z" "-v" "/var/lib/crater-agent-workspace/builds/worker-4-tc2/target:/opt/rustwide/target:rw,Z" "-v" "/var/lib/crater-agent-workspace/cargo-home:/opt/rustwide/cargo-home:ro,Z" "-v" "/var/lib/crater-agent-workspace/rustup-home:/opt/rustwide/rustup-home:ro,Z" "-m" "1610612736" "--network" "none" "ghcr.io/rust-lang/crates-build-env/linux@sha256:77db811e55d90add9212f6832c23229e3de5f1c1f9905e8cb07319ea15df73ac" "sleep" "infinity", kill_on_drop: false }`
[INFO] [stdout] 291209cf80ac5535dc911132eb38c62541f25442e8bb32a0001f452474ca6b6c
[INFO] running `Command { std: "docker" "start" "291209cf80ac5535dc911132eb38c62541f25442e8bb32a0001f452474ca6b6c", kill_on_drop: false }`
[INFO] running `Command { std: "docker" "inspect" "291209cf80ac5535dc911132eb38c62541f25442e8bb32a0001f452474ca6b6c", kill_on_drop: false }`
[INFO] running `Command { std: "docker" "exec" "-e" "SOURCE_DIR=/opt/rustwide/workdir" "-e" "CARGO_HOME=/opt/rustwide/cargo-home" "-e" "RUSTUP_HOME=/opt/rustwide/rustup-home" "-e" "CARGO_TARGET_DIR=/opt/rustwide/target" "-w" "/opt/rustwide/workdir" "--user" "0:0" "291209cf80ac5535dc911132eb38c62541f25442e8bb32a0001f452474ca6b6c" "/opt/rustwide/cargo-home/bin/cargo" "+1.100.0-beta.1" "metadata" "--no-deps" "--format-version=1", kill_on_drop: false }`
[INFO] running `Command { std: "docker" "inspect" "291209cf80ac5535dc911132eb38c62541f25442e8bb32a0001f452474ca6b6c", kill_on_drop: false }`
[INFO] running `Command { std: "docker" "exec" "-e" "SOURCE_DIR=/opt/rustwide/workdir" "-e" "CARGO_HOME=/opt/rustwide/cargo-home" "-e" "RUSTUP_HOME=/opt/rustwide/rustup-home" "-e" "CARGO_TARGET_DIR=/opt/rustwide/target" "-e" "CARGO_INCREMENTAL=0" "-e" "RUST_BACKTRACE=full" "-e" "RUSTFLAGS=--cap-lints=warn" "-e" "RUSTDOCFLAGS=--cap-lints=warn" "-w" "/opt/rustwide/workdir" "--user" "0:0" "291209cf80ac5535dc911132eb38c62541f25442e8bb32a0001f452474ca6b6c" "/opt/rustwide/cargo-home/bin/cargo" "+1.100.0-beta.1" "build" "--frozen" "--message-format=json" "--release", kill_on_drop: false }`
[INFO] [stderr] warning: `package.homepage` is redundant with `package.repository`
[INFO] [stderr]   --> Cargo.toml:17:12
[INFO] [stderr]    |
[INFO] [stderr] 17 | homepage = "https://github.com/mehrati/pafi"
[INFO] [stderr]    |            ^^^^^^^^^^^^^^^^^^^^^^^^^^^^^^^^^
[INFO] [stderr] ...
[INFO] [stderr] 21 | repository = "https://github.com/mehrati/pafi"
[INFO] [stderr]    |              ---------------------------------
[INFO] [stderr]    |
[INFO] [stderr]    = note: `cargo::redundant_homepage` is set to `warn` by default
[INFO] [stderr] help: consider removing `package.homepage`
[INFO] [stderr] warning: `pafi` (manifest) generated 1 warning
[INFO] [stderr]    Compiling rand_core v0.3.2
[INFO] [stderr]    Compiling bytes v0.4.12
[INFO] [stderr]    Compiling itoa v0.4.8
[INFO] [stderr]    Compiling indexmap v1.9.3
[INFO] [stderr]    Compiling syn v2.0.119
[INFO] [stderr]    Compiling time v0.1.45
[INFO] [stderr]    Compiling yoke v0.8.3
[INFO] [stderr]    Compiling hyper v0.12.36
[INFO] [stderr]    Compiling unicase v2.10.0
[INFO] [stderr]    Compiling crc32fast v1.5.2
[INFO] [stderr]    Compiling serde v1.0.229
[INFO] [stderr]    Compiling want v0.2.0
[INFO] [stderr]    Compiling rand_chacha v0.1.1
[INFO] [stderr]    Compiling rand_isaac v0.1.1
[INFO] [stderr]    Compiling rand_xorshift v0.1.1
[INFO] [stderr]    Compiling rand_hc v0.1.0
[INFO] [stderr]    Compiling futures-cpupool v0.1.8
[INFO] [stderr]    Compiling idna v0.2.3
[INFO] [stderr]    Compiling rustix v1.1.5
[INFO] [stderr]    Compiling miniz_oxide v0.9.1
[INFO] [stderr]    Compiling mime_guess v2.0.5
[INFO] [stderr]    Compiling zerovec v0.11.8
[INFO] [stderr]    Compiling zerotrie v0.2.5
[INFO] [stderr]    Compiling rand v0.6.5
[INFO] [stderr]    Compiling tokio-io v0.1.13
[INFO] [stderr]    Compiling http v0.1.21
[INFO] [stderr]    Compiling string v0.2.1
[INFO] [stderr]    Compiling tokio-buf v0.1.1
[INFO] [stderr]    Compiling cookie v0.12.0
[INFO] [stderr]    Compiling serde_json v1.0.154
[INFO] [stderr]    Compiling try_from v0.3.2
[INFO] [stderr]    Compiling dtoa v0.4.8
[INFO] [stderr]    Compiling tokio-reactor v0.1.12
[INFO] [stderr]    Compiling serde_urlencoded v0.5.5
[INFO] [stderr]    Compiling flate2 v1.1.10
[INFO] [stderr]    Compiling getrandom v0.4.3
[INFO] [stderr]    Compiling atty v0.2.14
[INFO] [stderr]    Compiling tinystr v0.8.4
[INFO] [stderr]    Compiling potential_utf v0.1.6
[INFO] [stderr]    Compiling tokio-tcp v0.1.4
[INFO] [stderr]    Compiling icu_locale_core v2.3.0
[INFO] [stderr]    Compiling icu_collections v2.3.0
[INFO] [stderr]    Compiling base64 v0.10.1
[INFO] [stderr]    Compiling tokio v0.1.22
[INFO] [stderr]    Compiling uuid v0.7.4
[INFO] [stderr]    Compiling once_cell v1.21.4
[INFO] [stderr]    Compiling strsim v0.8.0
[INFO] [stderr]    Compiling vec_map v0.8.2
[INFO] [stderr]    Compiling ansi_term v0.12.1
[INFO] [stderr]    Compiling clap v2.34.0
[INFO] [stderr]    Compiling http-body v0.1.0
[INFO] [stderr]    Compiling h2 v0.1.26
[INFO] [stderr]    Compiling icu_provider v2.3.1
[INFO] [stderr]    Compiling tempfile v3.27.0
[INFO] [stderr]    Compiling icu_properties v2.3.0
[INFO] [stderr]    Compiling icu_normalizer v2.3.0
[INFO] [stderr]    Compiling openssl-macros v0.1.1
[INFO] [stderr]    Compiling openssl v0.10.81
[INFO] [stderr]    Compiling idna_adapter v1.2.2
[INFO] [stderr]    Compiling idna v1.1.0
[INFO] [stderr]    Compiling url v2.5.8
[INFO] [stderr]    Compiling publicsuffix v1.5.6
[INFO] [stderr]    Compiling cookie_store v0.7.0
[INFO] [stderr]    Compiling native-tls v0.2.18
[INFO] [stderr]    Compiling hyper-tls v0.3.2
[INFO] [stderr]    Compiling reqwest v0.9.24
[INFO] [stderr]    Compiling pafi v0.1.1 (/opt/rustwide/workdir)
[INFO] [stderr] warning: unused dependency `tempfile`
[INFO] [stderr]  --> Cargo.toml:7:15
[INFO] [stderr]   |
[INFO] [stderr] 7 | [dependencies.tempfile]
[INFO] [stderr]   |               ^^^^^^^^^
[INFO] [stderr]   |
[INFO] [stderr]   = note: `cargo::unused_dependencies` is set to `warn` by default
[INFO] [stderr] help: consider removing the dependency on `tempfile`
[INFO] [stderr] warning: `pafi` (manifest) generated 1 warning
[INFO] [stderr]     Finished `release` profile [optimized] target(s) in 38.90s
[INFO] running `Command { std: "docker" "inspect" "291209cf80ac5535dc911132eb38c62541f25442e8bb32a0001f452474ca6b6c", kill_on_drop: false }`
[INFO] running `Command { std: "docker" "exec" "-e" "SOURCE_DIR=/opt/rustwide/workdir" "-e" "CARGO_HOME=/opt/rustwide/cargo-home" "-e" "RUSTUP_HOME=/opt/rustwide/rustup-home" "-e" "CARGO_TARGET_DIR=/opt/rustwide/target" "-e" "CARGO_INCREMENTAL=0" "-e" "RUST_BACKTRACE=full" "-e" "RUSTFLAGS=--cap-lints=warn" "-e" "RUSTDOCFLAGS=--cap-lints=warn" "-w" "/opt/rustwide/workdir" "--user" "0:0" "291209cf80ac5535dc911132eb38c62541f25442e8bb32a0001f452474ca6b6c" "/opt/rustwide/cargo-home/bin/cargo" "+1.100.0-beta.1" "test" "--frozen" "--no-run" "--message-format=json" "--release", kill_on_drop: false }`
[INFO] [stderr] warning: `package.homepage` is redundant with `package.repository`
[INFO] [stderr]   --> Cargo.toml:17:12
[INFO] [stderr]    |
[INFO] [stderr] 17 | homepage = "https://github.com/mehrati/pafi"
[INFO] [stderr]    |            ^^^^^^^^^^^^^^^^^^^^^^^^^^^^^^^^^
[INFO] [stderr] ...
[INFO] [stderr] 21 | repository = "https://github.com/mehrati/pafi"
[INFO] [stderr]    |              ---------------------------------
[INFO] [stderr]    |
[INFO] [stderr]    = note: `cargo::redundant_homepage` is set to `warn` by default
[INFO] [stderr] help: consider removing `package.homepage`
[INFO] [stderr] warning: `pafi` (manifest) generated 1 warning
[INFO] [stderr]    Compiling pafi v0.1.1 (/opt/rustwide/workdir)
[INFO] [stderr]     Finished `release` profile [optimized] target(s) in 1.19s
[INFO] running `Command { std: "docker" "inspect" "291209cf80ac5535dc911132eb38c62541f25442e8bb32a0001f452474ca6b6c", kill_on_drop: false }`
[INFO] running `Command { std: "docker" "exec" "-e" "SOURCE_DIR=/opt/rustwide/workdir" "-e" "CARGO_HOME=/opt/rustwide/cargo-home" "-e" "RUSTUP_HOME=/opt/rustwide/rustup-home" "-e" "CARGO_TARGET_DIR=/opt/rustwide/target" "-e" "CARGO_INCREMENTAL=0" "-e" "RUST_BACKTRACE=full" "-e" "RUSTFLAGS=--cap-lints=warn" "-e" "RUSTDOCFLAGS=--cap-lints=warn" "-w" "/opt/rustwide/workdir" "--user" "0:0" "291209cf80ac5535dc911132eb38c62541f25442e8bb32a0001f452474ca6b6c" "/opt/rustwide/cargo-home/bin/cargo" "+1.100.0-beta.1" "test" "--frozen" "--release", kill_on_drop: false }`
[INFO] [stderr] warning: `package.homepage` is redundant with `package.repository`
[INFO] [stderr]   --> Cargo.toml:17:12
[INFO] [stderr]    |
[INFO] [stderr] 17 | homepage = "https://github.com/mehrati/pafi"
[INFO] [stderr]    |            ^^^^^^^^^^^^^^^^^^^^^^^^^^^^^^^^^
[INFO] [stderr] ...
[INFO] [stderr] 21 | repository = "https://github.com/mehrati/pafi"
[INFO] [stderr]    |              ---------------------------------
[INFO] [stderr]    |
[INFO] [stderr]    = note: `cargo::redundant_homepage` is set to `warn` by default
[INFO] [stderr] help: consider removing `package.homepage`
[INFO] [stderr] warning: `pafi` (manifest) generated 1 warning
[INFO] [stderr]     Finished `release` profile [optimized] target(s) in 0.19s
[INFO] [stderr]      Running unittests src/main.rs (/opt/rustwide/target/release/build/pafi/dee5df056e25f71f/out/pafi-dee5df056e25f71f)
[INFO] [stdout] 
[INFO] [stdout] running 7 tests
[INFO] [stdout] test test::is_url_test ... ok
[INFO] [stdout] test test::write_read_file_test ... ok
[INFO] [stdout] test test::is_valid_file_test ... ok
[INFO] [stdout] test test::is_valid_dir_test ... ok
[INFO] [stdout] test test::path_url_test ... ok
[INFO] [stdout] test test::del_file_test ... FAILED
[INFO] [stdout] test test::post_get_file_test ... FAILED
[INFO] [stdout] 
[INFO] [stdout] failures:
[INFO] [stdout] 
[INFO] [stdout] ---- test::del_file_test stdout ----
[INFO] [stdout] 
[INFO] [stdout] thread 'test::del_file_test' (1249) panicked at src/main.rs:164:10:
[INFO] [stdout] can't post file: Error(Hyper(Error(Connect, Custom { kind: Uncategorized, error: "failed to lookup address information: Temporary failure in name resolution" })), "https://paste.rs/")
[INFO] [stdout] stack backtrace:
[INFO] [stdout]    0:     0x632d8d401e61 - <<std[617be2ca0a6fd877]::sys::backtrace::BacktraceLock>::print::DisplayBacktrace as core[a373ad73a504971]::fmt::Display>::fmt
[INFO] [stdout]    1:     0x632d8d418d0a - core[a373ad73a504971]::fmt::write
[INFO] [stdout]    2:     0x632d8d40683c - <alloc[2e1b2a31b91974c5]::vec::Vec<u8> as core[a373ad73a504971]::io::write::Write>::write_fmt
[INFO] [stdout]    3:     0x632d8d3dbfd6 - std[617be2ca0a6fd877]::panicking::default_hook::{closure#0}
[INFO] [stdout]    4:     0x632d8d3f9529 - std[617be2ca0a6fd877]::panicking::default_hook
[INFO] [stdout]    5:     0x632d8d25f320 - test[aada8e7e76ba119b]::test_main_inner::{closure#0}
[INFO] [stdout]    6:     0x632d8d3f9852 - std[617be2ca0a6fd877]::panicking::panic_with_hook
[INFO] [stdout]    7:     0x632d8d3dc082 - std[617be2ca0a6fd877]::panicking::panic_handler::{closure#0}
[INFO] [stdout]    8:     0x632d8d3d4b99 - std[617be2ca0a6fd877]::sys::backtrace::__rust_end_short_backtrace::<std[617be2ca0a6fd877]::panicking::panic_handler::{closure#0}, !>
[INFO] [stdout]    9:     0x632d8d3dce7d - __rustc[ea4f61d10b84890b]::rust_begin_unwind
[INFO] [stdout]   10:     0x632d8d41946c - core[a373ad73a504971]::panicking::panic_fmt
[INFO] [stdout]   11:     0x632d8d419242 - core[a373ad73a504971]::result::unwrap_failed
[INFO] [stdout]   12:     0x632d8d251944 - pafi[260034b18b89bef0]::post_file
[INFO] [stdout]   13:     0x632d8d24f633 - <pafi[260034b18b89bef0]::test::del_file_test::{closure#0} as core[a373ad73a504971]::ops::function::FnOnce<()>>::call_once
[INFO] [stdout]   14:     0x632d8d25276b - test[aada8e7e76ba119b]::__rust_begin_short_backtrace::<core[a373ad73a504971]::result::Result<(), alloc[2e1b2a31b91974c5]::string::String>, fn() -> core[a373ad73a504971]::result::Result<(), alloc[2e1b2a31b91974c5]::string::String>>
[INFO] [stdout]   15:     0x632d8d25f945 - test[aada8e7e76ba119b]::run_test::{closure#0}
[INFO] [stdout]   16:     0x632d8d259234 - std[617be2ca0a6fd877]::sys::backtrace::__rust_begin_short_backtrace::<test[aada8e7e76ba119b]::run_test::{closure#1}, ()>
[INFO] [stdout]   17:     0x632d8d2629d2 - <std[617be2ca0a6fd877]::thread::lifecycle::spawn_unchecked<test[aada8e7e76ba119b]::run_test::{closure#1}, ()>::{closure#1} as core[a373ad73a504971]::ops::function::FnOnce<()>>::call_once::{shim:vtable#0}
[INFO] [stdout]   18:     0x632d8d40130f - <std[617be2ca0a6fd877]::sys::thread::unix::Thread>::new::thread_start
[INFO] [stdout]   19:     0x72db08d2bdfa - <unknown>
[INFO] [stdout]   20:     0x72db08dbf3d4 - clone
[INFO] [stdout]   21:                0x0 - <unknown>
[INFO] [stdout] 
[INFO] [stdout] ---- test::post_get_file_test stdout ----
[INFO] [stdout] 
[INFO] [stdout] thread 'test::post_get_file_test' (1255) panicked at src/main.rs:164:10:
[INFO] [stdout] can't post file: Error(Hyper(Error(Connect, Custom { kind: Uncategorized, error: "failed to lookup address information: Temporary failure in name resolution" })), "https://paste.rs/")
[INFO] [stdout] stack backtrace:
[INFO] [stdout]    0:     0x632d8d401e61 - <<std[617be2ca0a6fd877]::sys::backtrace::BacktraceLock>::print::DisplayBacktrace as core[a373ad73a504971]::fmt::Display>::fmt
[INFO] [stdout]    1:     0x632d8d418d0a - core[a373ad73a504971]::fmt::write
[INFO] [stdout]    2:     0x632d8d40683c - <alloc[2e1b2a31b91974c5]::vec::Vec<u8> as core[a373ad73a504971]::io::write::Write>::write_fmt
[INFO] [stdout]    3:     0x632d8d3dbfd6 - std[617be2ca0a6fd877]::panicking::default_hook::{closure#0}
[INFO] [stdout]    4:     0x632d8d3f9529 - std[617be2ca0a6fd877]::panicking::default_hook
[INFO] [stdout]    5:     0x632d8d25f320 - test[aada8e7e76ba119b]::test_main_inner::{closure#0}
[INFO] [stdout]    6:     0x632d8d3f9852 - std[617be2ca0a6fd877]::panicking::panic_with_hook
[INFO] [stdout]    7:     0x632d8d3dc082 - std[617be2ca0a6fd877]::panicking::panic_handler::{closure#0}
[INFO] [stdout]    8:     0x632d8d3d4b99 - std[617be2ca0a6fd877]::sys::backtrace::__rust_end_short_backtrace::<std[617be2ca0a6fd877]::panicking::panic_handler::{closure#0}, !>
[INFO] [stdout]    9:     0x632d8d3dce7d - __rustc[ea4f61d10b84890b]::rust_begin_unwind
[INFO] [stdout]   10:     0x632d8d41946c - core[a373ad73a504971]::panicking::panic_fmt
[INFO] [stdout]   11:     0x632d8d419242 - core[a373ad73a504971]::result::unwrap_failed
[INFO] [stdout]   12:     0x632d8d251944 - pafi[260034b18b89bef0]::post_file
[INFO] [stdout]   13:     0x632d8d24fac2 - <pafi[260034b18b89bef0]::test::post_get_file_test::{closure#0} as core[a373ad73a504971]::ops::function::FnOnce<()>>::call_once
[INFO] [stdout]   14:     0x632d8d25276b - test[aada8e7e76ba119b]::__rust_begin_short_backtrace::<core[a373ad73a504971]::result::Result<(), alloc[2e1b2a31b91974c5]::string::String>, fn() -> core[a373ad73a504971]::result::Result<(), alloc[2e1b2a31b91974c5]::string::String>>
[INFO] [stdout]   15:     0x632d8d25f945 - test[aada8e7e76ba119b]::run_test::{closure#0}
[INFO] [stdout]   16:     0x632d8d259234 - std[617be2ca0a6fd877]::sys::backtrace::__rust_begin_short_backtrace::<test[aada8e7e76ba119b]::run_test::{closure#1}, ()>
[INFO] [stdout]   17:     0x632d8d2629d2 - <std[617be2ca0a6fd877]::thread::lifecycle::spawn_unchecked<test[aada8e7e76ba119b]::run_test::{closure#1}, ()>::{closure#1} as core[a373ad73a504971]::ops::function::FnOnce<()>>::call_once::{shim:vtable#0}
[INFO] [stdout]   18:     0x632d8d40130f - <std[617be2ca0a6fd877]::sys::thread::unix::Thread>::new::thread_start
[INFO] [stdout]   19:     0x72db08d2bdfa - <unknown>
[INFO] [stdout]   20:     0x72db08dbf3d4 - clone
[INFO] [stdout]   21:                0x0 - <unknown>
[INFO] [stdout] 
[INFO] [stdout] 
[INFO] [stdout] failures:
[INFO] [stdout]     test::del_file_test
[INFO] [stdout]     test::post_get_file_test
[INFO] [stdout] 
[INFO] [stdout] test result: FAILED. 5 passed; 2 failed; 0 ignored; 0 measured; 0 filtered out; finished in 0.10s
[INFO] [stdout] 
[INFO] [stderr] error: test failed, to rerun pass `--bin pafi`
[INFO] running `Command { std: "docker" "inspect" "291209cf80ac5535dc911132eb38c62541f25442e8bb32a0001f452474ca6b6c", kill_on_drop: false }`
[INFO] running `Command { std: "docker" "rm" "-f" "291209cf80ac5535dc911132eb38c62541f25442e8bb32a0001f452474ca6b6c", kill_on_drop: false }`
[INFO] [stdout] 291209cf80ac5535dc911132eb38c62541f25442e8bb32a0001f452474ca6b6c
