[INFO] fetching crate oxys 0.1.0...
[INFO] testing oxys-0.1.0 against 1.100.0-beta.1+cargoflags=--release for beta-release-1.100-2
[INFO] extracting crate oxys 0.1.0 into /workspace/builds/worker-5-tc2/source
[INFO] started tweaking crates.io crate oxys 0.1.0
[INFO] removed 0 missing tests
[INFO] finished tweaking crates.io crate oxys 0.1.0
[INFO] tweaked toml for crates.io crate oxys 0.1.0 written to /workspace/builds/worker-5-tc2/source/Cargo.toml
[INFO] validating manifest of crates.io crate oxys 0.1.0 on toolchain 1.100.0-beta.1
[INFO] running `Command { std: CARGO_HOME="/workspace/cargo-home" RUSTUP_HOME="/workspace/rustup-home" "/workspace/cargo-home/bin/cargo" "+1.100.0-beta.1" "metadata" "--manifest-path" "Cargo.toml" "--no-deps", kill_on_drop: false }`
[INFO] crate crates.io crate oxys 0.1.0 already has a lockfile, it will not be regenerated
[INFO] running `Command { std: CARGO_HOME="/workspace/cargo-home" RUSTUP_HOME="/workspace/rustup-home" "/workspace/cargo-home/bin/cargo" "+1.100.0-beta.1" "fetch" "--manifest-path" "Cargo.toml", kill_on_drop: false }`
[INFO] running `Command { std: "docker" "create" "-v" "/var/lib/crater-agent-workspace/builds/worker-5-tc2/source:/opt/rustwide/workdir:ro,Z" "-v" "/var/lib/crater-agent-workspace/builds/worker-5-tc2/target:/opt/rustwide/target:rw,Z" "-v" "/var/lib/crater-agent-workspace/cargo-home:/opt/rustwide/cargo-home:ro,Z" "-v" "/var/lib/crater-agent-workspace/rustup-home:/opt/rustwide/rustup-home:ro,Z" "-m" "1610612736" "--network" "none" "ghcr.io/rust-lang/crates-build-env/linux@sha256:77db811e55d90add9212f6832c23229e3de5f1c1f9905e8cb07319ea15df73ac" "sleep" "infinity", kill_on_drop: false }`
[INFO] [stdout] 9d3e044792616efbf2ba9caf9acfeea8643858047c56dc986cb068857be9403a
[INFO] running `Command { std: "docker" "start" "9d3e044792616efbf2ba9caf9acfeea8643858047c56dc986cb068857be9403a", kill_on_drop: false }`
[INFO] running `Command { std: "docker" "inspect" "9d3e044792616efbf2ba9caf9acfeea8643858047c56dc986cb068857be9403a", kill_on_drop: false }`
[INFO] running `Command { std: "docker" "exec" "-e" "SOURCE_DIR=/opt/rustwide/workdir" "-e" "CARGO_HOME=/opt/rustwide/cargo-home" "-e" "RUSTUP_HOME=/opt/rustwide/rustup-home" "-e" "CARGO_TARGET_DIR=/opt/rustwide/target" "-w" "/opt/rustwide/workdir" "--user" "0:0" "9d3e044792616efbf2ba9caf9acfeea8643858047c56dc986cb068857be9403a" "/opt/rustwide/cargo-home/bin/cargo" "+1.100.0-beta.1" "metadata" "--no-deps" "--format-version=1", kill_on_drop: false }`
[INFO] running `Command { std: "docker" "inspect" "9d3e044792616efbf2ba9caf9acfeea8643858047c56dc986cb068857be9403a", kill_on_drop: false }`
[INFO] running `Command { std: "docker" "exec" "-e" "SOURCE_DIR=/opt/rustwide/workdir" "-e" "CARGO_HOME=/opt/rustwide/cargo-home" "-e" "RUSTUP_HOME=/opt/rustwide/rustup-home" "-e" "CARGO_TARGET_DIR=/opt/rustwide/target" "-e" "CARGO_INCREMENTAL=0" "-e" "RUST_BACKTRACE=full" "-e" "RUSTFLAGS=--cap-lints=warn" "-e" "RUSTDOCFLAGS=--cap-lints=warn" "-w" "/opt/rustwide/workdir" "--user" "0:0" "9d3e044792616efbf2ba9caf9acfeea8643858047c56dc986cb068857be9403a" "/opt/rustwide/cargo-home/bin/cargo" "+1.100.0-beta.1" "build" "--frozen" "--message-format=json" "--release", kill_on_drop: false }`
[INFO] [stderr]    Compiling syn v2.0.118
[INFO] [stderr]    Compiling winnow v1.0.3
[INFO] [stderr]    Compiling serde_spanned v1.1.1
[INFO] [stderr]    Compiling toml_datetime v1.1.1+spec-1.1.0
[INFO] [stderr]    Compiling toml_writer v1.1.1+spec-1.1.0
[INFO] [stderr]    Compiling colored v3.1.1
[INFO] [stderr]    Compiling serde_json v1.0.150
[INFO] [stderr]    Compiling toml_parser v1.1.2+spec-1.1.0
[INFO] [stderr]    Compiling toml v1.1.2+spec-1.1.0
[INFO] [stderr]    Compiling serde_derive v1.0.228
[INFO] [stderr]    Compiling thiserror-impl v2.0.18
[INFO] [stderr]    Compiling clap_derive v4.6.1
[INFO] [stderr]    Compiling thiserror v2.0.18
[INFO] [stderr]    Compiling clap v4.6.1
[INFO] [stderr]    Compiling serde v1.0.228
[INFO] [stderr]    Compiling chrono v0.4.45
[INFO] [stderr]    Compiling oxys v0.1.0 (/opt/rustwide/workdir)
[INFO] [stderr]     Finished `release` profile [optimized] target(s) in 42.97s
[INFO] running `Command { std: "docker" "inspect" "9d3e044792616efbf2ba9caf9acfeea8643858047c56dc986cb068857be9403a", kill_on_drop: false }`
[INFO] running `Command { std: "docker" "exec" "-e" "SOURCE_DIR=/opt/rustwide/workdir" "-e" "CARGO_HOME=/opt/rustwide/cargo-home" "-e" "RUSTUP_HOME=/opt/rustwide/rustup-home" "-e" "CARGO_TARGET_DIR=/opt/rustwide/target" "-e" "CARGO_INCREMENTAL=0" "-e" "RUST_BACKTRACE=full" "-e" "RUSTFLAGS=--cap-lints=warn" "-e" "RUSTDOCFLAGS=--cap-lints=warn" "-w" "/opt/rustwide/workdir" "--user" "0:0" "9d3e044792616efbf2ba9caf9acfeea8643858047c56dc986cb068857be9403a" "/opt/rustwide/cargo-home/bin/cargo" "+1.100.0-beta.1" "test" "--frozen" "--no-run" "--message-format=json" "--release", kill_on_drop: false }`
[INFO] [stderr]    Compiling getrandom v0.4.3
[INFO] [stderr]    Compiling tempfile v3.27.0
[INFO] [stderr]    Compiling oxys v0.1.0 (/opt/rustwide/workdir)
[INFO] [stderr]     Finished `release` profile [optimized] target(s) in 30.36s
[INFO] running `Command { std: "docker" "inspect" "9d3e044792616efbf2ba9caf9acfeea8643858047c56dc986cb068857be9403a", kill_on_drop: false }`
[INFO] running `Command { std: "docker" "exec" "-e" "SOURCE_DIR=/opt/rustwide/workdir" "-e" "CARGO_HOME=/opt/rustwide/cargo-home" "-e" "RUSTUP_HOME=/opt/rustwide/rustup-home" "-e" "CARGO_TARGET_DIR=/opt/rustwide/target" "-e" "CARGO_INCREMENTAL=0" "-e" "RUST_BACKTRACE=full" "-e" "RUSTFLAGS=--cap-lints=warn" "-e" "RUSTDOCFLAGS=--cap-lints=warn" "-w" "/opt/rustwide/workdir" "--user" "0:0" "9d3e044792616efbf2ba9caf9acfeea8643858047c56dc986cb068857be9403a" "/opt/rustwide/cargo-home/bin/cargo" "+1.100.0-beta.1" "test" "--frozen" "--release", kill_on_drop: false }`
[INFO] [stderr]     Finished `release` profile [optimized] target(s) in 0.10s
[INFO] [stderr]      Running unittests src/lib.rs (/opt/rustwide/target/release/build/oxys/81a9c3766c595939/out/oxys-81a9c3766c595939)
[INFO] [stdout] 
[INFO] [stdout] running 120 tests
[INFO] [stdout] test detect::tests::classifies_single_vendor_gpu ... ok
[INFO] [stdout] test detect::tests::default_swap_returns_zram ... ok
[INFO] [stdout] test detect::tests::detect_cpu_count_returns_positive_value ... ok
[INFO] [stdout] test detect::tests::detect_ram_returns_positive_value ... ok
[INFO] [stdout] test detect::tests::parse_cpu_present_counts_non_contiguous_ranges ... ok
[INFO] [stdout] test detect::tests::parse_vendor_id_maps_supported_vendors ... ok
[INFO] [stdout] test detect::tests::parse_cpu_present_rejects_invalid_ranges ... ok
[INFO] [stdout] test detect::tests::parse_drm_driver_reads_driver_from_uevent ... ok
[INFO] [stdout] test detect::tests::vendor_matches_detects_case_insensitive_substrings ... ok
[INFO] [stdout] test detect::tests::whole_disk_detection_handles_nvme_names ... ok
[INFO] [stdout] test detect::tests::classifies_amd_nvidia_hybrid_with_amd_igpu ... ok
[INFO] [stdout] test detect::tests::whole_disk_detection_rejects_emmc_special_areas_and_partitions ... ok
[INFO] [stdout] test detect::tests::vendor_matches_rejects_other_vendors ... ok
[INFO] [stdout] test disk::tests::mounted_device_check_only_matches_numeric_partition_suffixes ... ok
[INFO] [stdout] test disk::tests::ext4_default_plan_is_whole_disk_single_root ... ok
[INFO] [stdout] test detect::tests::classifies_intel_nvidia_hybrid_as_prime_offload ... ok
[INFO] [stdout] test disk::tests::plan_disk_refuses_encryption_until_luks_is_wired ... ok
[INFO] [stdout] test install::tests::grub_bootloader_replaces_systemd_boot_steps ... ok
[INFO] [stdout] test disk::tests::zfs_plan_uses_boot_pool_root_pool_and_nested_datasets ... ok
[INFO] [stdout] test install::tests::graphical_config_autologins_first_user_and_clears_installer_autostart ... ok
[INFO] [stdout] test install::tests::explicit_systemd_manifest_adds_service_activation_step ... ok
[INFO] [stdout] test install::tests::grub_is_the_default_bootloader ... ok
[INFO] [stdout] test install::tests::graphical_config_without_users_falls_back_to_text_login ... ok
[INFO] [stdout] test install::tests::manifest_packages_are_emerged_after_bind_mounts_before_initramfs ... ok
[INFO] [stdout] test install::tests::openrc_service_activation_manages_runlevel_symlinks ... ok
[INFO] [stdout] test install::tests::non_graphical_config_uses_plain_text_login ... ok
[INFO] [stdout] test install::tests::openrc_manifest_adds_symlink_service_activation ... ok
[INFO] [stdout] test install::tests::system_install_plan_uses_custom_efi_mount ... ok
[INFO] [stdout] test install::tests::unresolved_prompt_username_is_rejected_before_planning ... ok
[INFO] [stdout] test install::tests::users_add_a_setup_step_that_never_renders_secrets ... ok
[INFO] [stdout] test install::tests::package_emerge_step_is_omitted_without_manifest_packages ... ok
[INFO] [stdout] test install::tests::users_are_omitted_when_none_configured ... ok
[INFO] [stdout] test install::tests::zfs_openrc_services_are_implicit_boot_runlevel_links ... ok
[INFO] [stdout] test manifest::tests::disk_default_uses_ext4_whole_disk ... ok
[INFO] [stdout] test install::tests::zfs_system_install_plan_generates_initramfs_step ... ok
[INFO] [stdout] test manifest::tests::baseline_marches_map_to_gentoo_binhost_urls ... ok
[INFO] [stdout] test manifest::tests::compiler_default_binhost_follows_default_march ... ok
[INFO] [stdout] test manifest::tests::converts_system_manifest_to_internal_manifest ... ok
[INFO] [stdout] test manifest::tests::disk_encryption_deserializes_password_mode ... ok
[INFO] [stdout] test manifest::tests::gpu_deserializes_hybrid_gpu_table ... ok
[INFO] [stdout] test manifest::tests::literal_username_round_trips_through_toml ... ok
[INFO] [stdout] test manifest::tests::package_builder_populates_expected_fields ... ok
[INFO] [stdout] test manifest::tests::password_warnings_flag_plaintext_only ... ok
[INFO] [stdout] test manifest::tests::prompt_password_serialises_without_a_secret ... ok
[INFO] [stdout] test manifest::tests::prompt_username_round_trips_through_toml ... ok
[INFO] [stdout] test manifest::tests::prompt_usernames_lists_only_prompt_names ... ok
[INFO] [stdout] test manifest::tests::efi_partition_default_uses_512mb ... ok
[INFO] [stdout] test manifest::tests::shell_paths_are_absolute ... ok
[INFO] [stdout] test manifest::tests::user_builder_populates_expected_fields ... ok
[INFO] [stdout] test manifest::tests::prompt_users_lists_only_prompt_passwords ... ok
[INFO] [stdout] test manifest::tests::gpu_deserializes_legacy_single_vendor_string ... ok
[INFO] [stdout] test manifest::tests::gpu_serializes_hybrid_as_table ... ok
[INFO] [stdout] test manifest::tests::native_march_has_no_binhost_url ... ok
[INFO] [stdout] test manifest::tests::gpu_serializes_single_vendor_as_string ... ok
[INFO] [stdout] test runtime::tests::does_not_configure_prime_for_non_nvidia_hybrid ... ok
[INFO] [stdout] test runtime::tests::writes_prime_files_for_amd_nvidia_hybrid ... ok
[INFO] [stdout] test summary::tests::bin_atom_is_binary_by_convention ... ok
[INFO] [stdout] test summary::tests::plain_package_defaults_to_source_without_prefer_binary ... ok
[INFO] [stdout] test summary::tests::from_source_overrides_prefer_binary ... ok
[INFO] [stdout] test summary::tests::explicit_binary_flag_wins_without_global_default ... ok
[INFO] [stdout] test tests::ext4_manifest_omits_zfs_and_subvolumes ... ok
[INFO] [stdout] test summary::tests::summarize_groups_and_sorts ... ok
[INFO] [stdout] test runtime::tests::removes_prime_files_when_gpu_is_not_nvidia_hybrid ... ok
[INFO] [stdout] test tests::generated_manifest_rejects_manual_edits ... ok
[INFO] [stdout] test tests::services_macro_builds_services_struct ... ok
[INFO] [stdout] test tests::generated_manifest_round_trips_through_checksum_verification ... ok
[INFO] [stdout] test use_resolver::cache::tests::returns_cache_hit_without_reading_source ... ok
[INFO] [stdout] test tests::manifest_writer_inlines_disk_subvolumes ... ok
[INFO] [stdout] test use_resolver::cache::tests::sync_is_noop_for_missing_directory ... ok
[INFO] [stdout] test use_resolver::cache::tests::populates_cache_on_miss ... ok
[INFO] [stdout] test use_resolver::cache::tests::sync_invalidates_cached_metadata_files ... ok
[INFO] [stdout] test use_resolver::emerge::tests::parses_build_start_line ... ok
[INFO] [stdout] test use_resolver::emerge::tests::falls_back_to_progress_for_unrecognized_lines ... ok
[INFO] [stdout] test use_resolver::emerge::tests::parses_error_lines_and_tracks_failed_package ... ok
[INFO] [stdout] test use_resolver::emerge::tests::parses_fetch_complete_after_fetch_start ... ok
[INFO] [stdout] test use_resolver::emerge::tests::parses_build_complete_line ... ok
[INFO] [stdout] test use_resolver::emerge::tests::parses_fetch_events_using_current_package ... ok
[INFO] [stdout] test use_resolver::emerge::tests::parses_prefixed_error_line ... ok
[INFO] [stdout] test use_resolver::cache::tests::refreshes_stale_cache ... ok
[INFO] [stdout] test use_resolver::emerge::tests::treats_plain_failed_text_as_progress ... ok
[INFO] [stdout] test use_resolver::generate::tests::auto_gpu_make_conf_omits_video_cards ... ok
[INFO] [stdout] test use_resolver::generate::tests::balanced_pgo_enables_firefox ... ok
[INFO] [stdout] test use_resolver::generate::tests::balanced_pgo_skips_waybar ... ok
[INFO] [stdout] test use_resolver::generate::tests::configured_binhost_is_emitted_in_make_conf ... ok
[INFO] [stdout] test use_resolver::generate::tests::empty_outputs_still_include_required_header ... ok
[INFO] [stdout] test use_resolver::generate::tests::creates_target_directory_and_overwrites_files ... ok
[INFO] [stdout] test use_resolver::generate::tests::fast_pgo_strategy_disables_all_packages ... ok
[INFO] [stdout] test use_resolver::generate::tests::gpu_to_video_cards_maps_amd ... ok
[INFO] [stdout] test use_resolver::generate::tests::generated_make_conf_contains_core_fields ... ok
[INFO] [stdout] test use_resolver::generate::tests::gpu_to_video_cards_omits_auto ... ok
[INFO] [stdout] test use_resolver::generate::tests::gpu_to_video_cards_maps_nvidia ... ok
[INFO] [stdout] test use_resolver::generate::tests::march_overrides_any_march_in_base_flags ... ok
[INFO] [stdout] test use_resolver::generate::tests::no_binhost_configured_omits_portage_binhost ... ok
[INFO] [stdout] test use_resolver::generate::tests::performance_pgo_strategy_enables_all_packages ... ok
[INFO] [stdout] test use_resolver::generate::tests::fast_make_conf_does_not_enable_global_pgo ... ok
[INFO] [stdout] test use_resolver::generate::tests::generated_make_conf_header_contains_checksum_line ... ok
[INFO] [stdout] test use_resolver::generate::tests::march_is_appended_to_c_and_cxx_flags ... ok
[INFO] [stdout] test use_resolver::parse::tests::parses_at_most_one_required_use ... ok
[INFO] [stdout] test use_resolver::parse::tests::parses_exactly_one_required_use ... ok
[INFO] [stdout] test use_resolver::parse::tests::parses_any_of_required_use ... ok
[INFO] [stdout] test use_resolver::parse::tests::parses_negated_flag_required_use ... ok
[INFO] [stdout] test use_resolver::parse::tests::parses_nested_required_use ... ok
[INFO] [stdout] test use_resolver::generate::tests::writes_exact_portage_config_files ... ok
[INFO] [stdout] test use_resolver::parse::tests::parses_simple_flag_required_use ... ok
[INFO] [stdout] test use_resolver::parse::tests::rejects_invalid_required_use ... ok
[INFO] [stdout] test use_resolver::path::tests::extracts_package_and_version_from_md5_cache_path ... ok
[INFO] [stdout] test use_resolver::path::tests::rejects_path_without_filename ... ok
[INFO] [stdout] test use_resolver::path::tests::supports_package_names_with_hyphens ... ok
[INFO] [stdout] test use_resolver::update::tests::blocker_rows_fail_closed ... ok
[INFO] [stdout] test use_resolver::update::tests::malformed_pretend_output_fails_closed ... ok
[INFO] [stdout] test use_resolver::update::tests::nothing_to_merge_returns_empty_plan ... ok
[INFO] [stdout] test use_resolver::update::tests::parses_columns_pretend_rows ... ok
[INFO] [stdout] test use_resolver::update::tests::update_manifest_overlays_pretend_versions_and_install_source ... ok
[INFO] [stdout] test use_resolver::update::tests::parses_non_columns_pretend_rows ... ok
[INFO] [stdout] test use_resolver::generate::tests::plan_writer_emits_directory_backed_package_use_files ... ok
[INFO] [stdout] test use_resolver::update::tests::uninstall_rows_remove_packages_from_preflight_manifest ... ok
[INFO] [stdout] test use_resolver::update::tests::world_update_plan_warns_for_packages_outside_manifest ... ok
[INFO] [stdout] test use_resolver::parse::tests::parses_conditional_required_use ... ok
[INFO] [stdout] test compile::tests::valid_config_compiles_to_a_loadable_manifest ... FAILED
[INFO] [stdout] test compile::tests::broken_config_returns_error_with_output ... ok
[INFO] [stderr] error: test failed, to rerun pass `--lib`
[INFO] [stdout] 
[INFO] [stdout] failures:
[INFO] [stdout] 
[INFO] [stdout] ---- compile::tests::valid_config_compiles_to_a_loadable_manifest stdout ----
[INFO] [stdout] 
[INFO] [stdout] thread 'compile::tests::valid_config_compiles_to_a_loadable_manifest' (685) panicked at src/compile.rs:257:10:
[INFO] [stdout] valid config should compile: CompileError { stage: CargoBuild, message: "cargo run failed", output: "error: failed to get `chrono` as a dependency of package `oxys v0.1.0 (/opt/rustwide/workdir)`\n    ... which satisfies path dependency `oxys` of package `oxys-config-scaffold v0.0.0 (/tmp/.tmpFqF3z1)`\n\nCaused by:\n  failed to load source for dependency `chrono`\n\nCaused by:\n  unable to update registry `crates-io`\n\nCaused by:\n  download of config.json failed\n\nCaused by:\n  [6] Could not resolve hostname (Could not resolve host: index.crates.io)\n" }
[INFO] [stdout] stack backtrace:
[INFO] [stdout]    0:     0x5bda89b5a261 - <<std[617be2ca0a6fd877]::sys::backtrace::BacktraceLock>::print::DisplayBacktrace as core[a373ad73a504971]::fmt::Display>::fmt
[INFO] [stdout]    1:     0x5bda89b70eca - core[a373ad73a504971]::fmt::write
[INFO] [stdout]    2:     0x5bda89b5e9ac - <alloc[2e1b2a31b91974c5]::vec::Vec<u8> as core[a373ad73a504971]::io::write::Write>::write_fmt
[INFO] [stdout]    3:     0x5bda89b32aa6 - std[617be2ca0a6fd877]::panicking::default_hook::{closure#0}
[INFO] [stdout]    4:     0x5bda89b50599 - std[617be2ca0a6fd877]::panicking::default_hook
[INFO] [stdout]    5:     0x5bda89ae1840 - test[aada8e7e76ba119b]::test_main_inner::{closure#0}
[INFO] [stdout]    6:     0x5bda89b50752 - std[617be2ca0a6fd877]::panicking::panic_with_hook
[INFO] [stdout]    7:     0x5bda89b32b52 - std[617be2ca0a6fd877]::panicking::panic_handler::{closure#0}
[INFO] [stdout]    8:     0x5bda89b2b459 - std[617be2ca0a6fd877]::sys::backtrace::__rust_end_short_backtrace::<std[617be2ca0a6fd877]::panicking::panic_handler::{closure#0}, !>
[INFO] [stdout]    9:     0x5bda89b339fd - __rustc[ea4f61d10b84890b]::rust_begin_unwind
[INFO] [stdout]   10:     0x5bda89b7163c - core[a373ad73a504971]::panicking::panic_fmt
[INFO] [stdout]   11:     0x5bda89b71412 - core[a373ad73a504971]::result::unwrap_failed
[INFO] [stdout]   12:     0x5bda89a3b77d - <oxys[e3e807b2fd2dca22]::compile::tests::valid_config_compiles_to_a_loadable_manifest::{closure#0} as core[a373ad73a504971]::ops::function::FnOnce<()>>::call_once
[INFO] [stdout]   13:     0x5bda89ad4c8b - test[aada8e7e76ba119b]::__rust_begin_short_backtrace::<core[a373ad73a504971]::result::Result<(), alloc[2e1b2a31b91974c5]::string::String>, fn() -> core[a373ad73a504971]::result::Result<(), alloc[2e1b2a31b91974c5]::string::String>>
[INFO] [stdout]   14:     0x5bda89ae1e65 - test[aada8e7e76ba119b]::run_test::{closure#0}
[INFO] [stdout]   15:     0x5bda89adb754 - std[617be2ca0a6fd877]::sys::backtrace::__rust_begin_short_backtrace::<test[aada8e7e76ba119b]::run_test::{closure#1}, ()>
[INFO] [stdout]   16:     0x5bda89ae4ef2 - <std[617be2ca0a6fd877]::thread::lifecycle::spawn_unchecked<test[aada8e7e76ba119b]::run_test::{closure#1}, ()>::{closure#1} as core[a373ad73a504971]::ops::function::FnOnce<()>>::call_once::{shim:vtable#0}
[INFO] [stdout]   17:     0x5bda89b594bf - <std[617be2ca0a6fd877]::sys::thread::unix::Thread>::new::thread_start
[INFO] [stdout]   18:     0x7a4a1b6e2dfa - <unknown>
[INFO] [stdout]   19:     0x7a4a1b7763d4 - clone
[INFO] [stdout]   20:                0x0 - <unknown>
[INFO] [stdout] 
[INFO] [stdout] 
[INFO] [stdout] failures:
[INFO] [stdout]     compile::tests::valid_config_compiles_to_a_loadable_manifest
[INFO] [stdout] 
[INFO] [stdout] test result: FAILED. 119 passed; 1 failed; 0 ignored; 0 measured; 0 filtered out; finished in 22.59s
[INFO] [stdout] 
[INFO] running `Command { std: "docker" "inspect" "9d3e044792616efbf2ba9caf9acfeea8643858047c56dc986cb068857be9403a", kill_on_drop: false }`
[INFO] running `Command { std: "docker" "rm" "-f" "9d3e044792616efbf2ba9caf9acfeea8643858047c56dc986cb068857be9403a", kill_on_drop: false }`
[INFO] [stdout] 9d3e044792616efbf2ba9caf9acfeea8643858047c56dc986cb068857be9403a
