[INFO] fetching crate oxur-repl 0.2.0...
[INFO] testing oxur-repl-0.2.0 against 1.99.0-beta.8+cargoflags=--release for beta-release-1.100-2
[INFO] extracting crate oxur-repl 0.2.0 into /workspace/builds/worker-6-tc1/source
[INFO] started tweaking crates.io crate oxur-repl 0.2.0
[INFO] removed 0 missing tests
[INFO] finished tweaking crates.io crate oxur-repl 0.2.0
[INFO] tweaked toml for crates.io crate oxur-repl 0.2.0 written to /workspace/builds/worker-6-tc1/source/Cargo.toml
[INFO] validating manifest of crates.io crate oxur-repl 0.2.0 on toolchain 1.99.0-beta.8
[INFO] running `Command { std: CARGO_HOME="/workspace/cargo-home" RUSTUP_HOME="/workspace/rustup-home" "/workspace/cargo-home/bin/cargo" "+1.99.0-beta.8" "metadata" "--manifest-path" "Cargo.toml" "--no-deps", kill_on_drop: false }`
[INFO] crate crates.io crate oxur-repl 0.2.0 already has a lockfile, it will not be regenerated
[INFO] running `Command { std: CARGO_HOME="/workspace/cargo-home" RUSTUP_HOME="/workspace/rustup-home" "/workspace/cargo-home/bin/cargo" "+1.99.0-beta.8" "fetch" "--manifest-path" "Cargo.toml", kill_on_drop: false }`
[INFO] [stderr]     Updating crates.io index
[INFO] [stderr]  Downloading crates ...
[INFO] [stderr]   Downloaded oxur-lang v0.2.0
[INFO] [stderr]   Downloaded metrics-process v2.4.2
[INFO] [stderr]   Downloaded oxur-testing v0.2.0
[INFO] [stderr]   Downloaded oxur-smap v0.2.0
[INFO] [stderr]   Downloaded oxur-comp v0.2.0
[INFO] [stderr]   Downloaded rlimit v0.10.2
[INFO] [stderr]   Downloaded ariadne v0.4.1
[INFO] running `Command { std: "docker" "create" "-v" "/var/lib/crater-agent-workspace/builds/worker-6-tc1/source:/opt/rustwide/workdir:ro,Z" "-v" "/var/lib/crater-agent-workspace/builds/worker-6-tc1/target:/opt/rustwide/target:rw,Z" "-v" "/var/lib/crater-agent-workspace/cargo-home:/opt/rustwide/cargo-home:ro,Z" "-v" "/var/lib/crater-agent-workspace/rustup-home:/opt/rustwide/rustup-home:ro,Z" "-m" "1610612736" "--network" "none" "ghcr.io/rust-lang/crates-build-env/linux@sha256:77db811e55d90add9212f6832c23229e3de5f1c1f9905e8cb07319ea15df73ac" "sleep" "infinity", kill_on_drop: false }`
[INFO] [stdout] 93c61f036159eef1ce64949598001a4067d01df9c16dc36b9a4c066e0a5c3934
[INFO] running `Command { std: "docker" "start" "93c61f036159eef1ce64949598001a4067d01df9c16dc36b9a4c066e0a5c3934", kill_on_drop: false }`
[INFO] running `Command { std: "docker" "inspect" "93c61f036159eef1ce64949598001a4067d01df9c16dc36b9a4c066e0a5c3934", kill_on_drop: false }`
[INFO] running `Command { std: "docker" "exec" "-e" "SOURCE_DIR=/opt/rustwide/workdir" "-e" "CARGO_HOME=/opt/rustwide/cargo-home" "-e" "RUSTUP_HOME=/opt/rustwide/rustup-home" "-e" "CARGO_TARGET_DIR=/opt/rustwide/target" "-w" "/opt/rustwide/workdir" "--user" "0:0" "93c61f036159eef1ce64949598001a4067d01df9c16dc36b9a4c066e0a5c3934" "/opt/rustwide/cargo-home/bin/cargo" "+1.99.0-beta.8" "metadata" "--no-deps" "--format-version=1", kill_on_drop: false }`
[INFO] running `Command { std: "docker" "inspect" "93c61f036159eef1ce64949598001a4067d01df9c16dc36b9a4c066e0a5c3934", kill_on_drop: false }`
[INFO] running `Command { std: "docker" "exec" "-e" "SOURCE_DIR=/opt/rustwide/workdir" "-e" "CARGO_HOME=/opt/rustwide/cargo-home" "-e" "RUSTUP_HOME=/opt/rustwide/rustup-home" "-e" "CARGO_TARGET_DIR=/opt/rustwide/target" "-e" "CARGO_INCREMENTAL=0" "-e" "RUST_BACKTRACE=full" "-e" "RUSTFLAGS=--cap-lints=warn" "-e" "RUSTDOCFLAGS=--cap-lints=warn" "-w" "/opt/rustwide/workdir" "--user" "0:0" "93c61f036159eef1ce64949598001a4067d01df9c16dc36b9a4c066e0a5c3934" "/opt/rustwide/cargo-home/bin/cargo" "+1.99.0-beta.8" "build" "--frozen" "--message-format=json" "--release", kill_on_drop: false }`
[INFO] [stderr]    Compiling proc-macro2 v1.0.103
[INFO] [stderr]    Compiling unicode-ident v1.0.22
[INFO] [stderr]    Compiling quote v1.0.42
[INFO] [stderr]    Compiling rustix v1.1.3
[INFO] [stderr]    Compiling syn v2.0.111
[INFO] [stderr]    Compiling generic-array v0.14.7
[INFO] [stderr]    Compiling thiserror v2.0.17
[INFO] [stderr]    Compiling heapless v0.7.17
[INFO] [stderr]    Compiling serde_json v1.0.147
[INFO] [stderr]    Compiling linux-raw-sys v0.11.0
[INFO] [stderr]    Compiling clap_lex v0.7.6
[INFO] [stderr]    Compiling either v1.15.0
[INFO] [stderr]    Compiling procfs v0.18.0
[INFO] [stderr]    Compiling prettyplease v0.2.37
[INFO] [stderr]    Compiling procfs-core v0.18.0
[INFO] [stderr]    Compiling spin v0.9.8
[INFO] [stderr]    Compiling ahash v0.8.12
[INFO] [stderr]    Compiling aho-corasick v1.1.4
[INFO] [stderr]    Compiling zmij v0.1.9
[INFO] [stderr]    Compiling oxur-smap v0.2.0
[INFO] [stderr]    Compiling dirs-sys v0.4.1
[INFO] [stderr]    Compiling rustix v0.38.44
[INFO] [stderr]    Compiling metrics v0.24.3
[INFO] [stderr]    Compiling clap_builder v4.5.53
[INFO] [stderr]    Compiling rayon v1.11.0
[INFO] [stderr]    Compiling mio v1.1.1
[INFO] [stderr]    Compiling socket2 v0.6.1
[INFO] [stderr]    Compiling bytes v1.11.0
[INFO] [stderr]    Compiling ariadne v0.4.1
[INFO] [stderr]    Compiling block-buffer v0.10.4
[INFO] [stderr]    Compiling crypto-common v0.1.7
[INFO] [stderr]    Compiling digest v0.10.7
[INFO] [stderr]    Compiling dirs v5.0.1
[INFO] [stderr]    Compiling fs2 v0.4.3
[INFO] [stderr]    Compiling sha2 v0.10.9
[INFO] [stderr]    Compiling regex-automata v0.4.13
[INFO] [stderr]    Compiling which v6.0.3
[INFO] [stderr]    Compiling sysinfo v0.30.13
[INFO] [stderr]    Compiling serde_derive v1.0.228
[INFO] [stderr]    Compiling thiserror-impl v1.0.69
[INFO] [stderr]    Compiling thiserror-impl v2.0.17
[INFO] [stderr]    Compiling clap_derive v4.5.49
[INFO] [stderr]    Compiling tokio-macros v2.6.0
[INFO] [stderr]    Compiling async-trait v0.1.89
[INFO] [stderr]    Compiling regex v1.12.2
[INFO] [stderr]    Compiling tokio v1.48.0
[INFO] [stderr]    Compiling thiserror v1.0.69
[INFO] [stderr]    Compiling cobs v0.3.0
[INFO] [stderr]    Compiling metrics-process v2.4.2
[INFO] [stderr]    Compiling clap v4.5.53
[INFO] [stderr]    Compiling serde v1.0.228
[INFO] [stderr]    Compiling oxur-lang v0.2.0
[INFO] [stderr]    Compiling oxur-comp v0.2.0
[INFO] [stderr]    Compiling postcard v1.1.3
[INFO] [stderr]    Compiling oxur-repl v0.2.0 (/opt/rustwide/workdir)
[INFO] [stderr]     Finished `release` profile [optimized] target(s) in 1m 31s
[INFO] running `Command { std: "docker" "inspect" "93c61f036159eef1ce64949598001a4067d01df9c16dc36b9a4c066e0a5c3934", kill_on_drop: false }`
[INFO] running `Command { std: "docker" "exec" "-e" "SOURCE_DIR=/opt/rustwide/workdir" "-e" "CARGO_HOME=/opt/rustwide/cargo-home" "-e" "RUSTUP_HOME=/opt/rustwide/rustup-home" "-e" "CARGO_TARGET_DIR=/opt/rustwide/target" "-e" "CARGO_INCREMENTAL=0" "-e" "RUST_BACKTRACE=full" "-e" "RUSTFLAGS=--cap-lints=warn" "-e" "RUSTDOCFLAGS=--cap-lints=warn" "-w" "/opt/rustwide/workdir" "--user" "0:0" "93c61f036159eef1ce64949598001a4067d01df9c16dc36b9a4c066e0a5c3934" "/opt/rustwide/cargo-home/bin/cargo" "+1.99.0-beta.8" "test" "--frozen" "--no-run" "--message-format=json" "--release", kill_on_drop: false }`
[INFO] [stderr]    Compiling zerocopy v0.8.31
[INFO] [stderr]    Compiling either v1.15.0
[INFO] [stderr]    Compiling serde_json v1.0.147
[INFO] [stderr]    Compiling zerocopy-derive v0.8.31
[INFO] [stderr]    Compiling autocfg v1.0.1
[INFO] [stderr]    Compiling futures-util v0.3.31
[INFO] [stderr]    Compiling regex-automata v0.4.13
[INFO] [stderr]    Compiling parking_lot_core v0.9.12
[INFO] [stderr]    Compiling serial_test_derive v3.2.0
[INFO] [stderr]    Compiling is-terminal v0.4.17
[INFO] [stderr]    Compiling tempfile v3.24.0
[INFO] [stderr]    Compiling num-traits v0.2.19
[INFO] [stderr]    Compiling rayon v1.11.0
[INFO] [stderr]    Compiling parking_lot v0.12.5
[INFO] [stderr]    Compiling which v6.0.3
[INFO] [stderr]    Compiling itertools v0.10.5
[INFO] [stderr]    Compiling criterion-plot v0.5.0
[INFO] [stderr]    Compiling oxur-comp v0.2.0
[INFO] [stderr]    Compiling tinytemplate v1.2.1
[INFO] [stderr]    Compiling plotters v0.3.7
[INFO] [stderr]    Compiling ahash v0.8.12
[INFO] [stderr]    Compiling half v2.7.1
[INFO] [stderr]    Compiling metrics v0.24.3
[INFO] [stderr]    Compiling ciborium-ll v0.2.2
[INFO] [stderr]    Compiling ciborium v0.2.2
[INFO] [stderr]    Compiling metrics-process v2.4.2
[INFO] [stderr]    Compiling regex v1.12.2
[INFO] [stderr]    Compiling futures-executor v0.3.31
[INFO] [stderr]    Compiling futures v0.3.31
[INFO] [stderr]    Compiling serial_test v3.2.0
[INFO] [stderr]    Compiling oxur-testing v0.2.0
[INFO] [stderr]    Compiling sysinfo v0.30.13
[INFO] [stderr]    Compiling criterion v0.5.1
[INFO] [stderr]    Compiling oxur-repl v0.2.0 (/opt/rustwide/workdir)
[INFO] [stderr]     Finished `release` profile [optimized] target(s) in 1m 17s
[INFO] running `Command { std: "docker" "inspect" "93c61f036159eef1ce64949598001a4067d01df9c16dc36b9a4c066e0a5c3934", kill_on_drop: false }`
[INFO] running `Command { std: "docker" "exec" "-e" "SOURCE_DIR=/opt/rustwide/workdir" "-e" "CARGO_HOME=/opt/rustwide/cargo-home" "-e" "RUSTUP_HOME=/opt/rustwide/rustup-home" "-e" "CARGO_TARGET_DIR=/opt/rustwide/target" "-e" "CARGO_INCREMENTAL=0" "-e" "RUST_BACKTRACE=full" "-e" "RUSTFLAGS=--cap-lints=warn" "-e" "RUSTDOCFLAGS=--cap-lints=warn" "-w" "/opt/rustwide/workdir" "--user" "0:0" "93c61f036159eef1ce64949598001a4067d01df9c16dc36b9a4c066e0a5c3934" "/opt/rustwide/cargo-home/bin/cargo" "+1.99.0-beta.8" "test" "--frozen" "--release", kill_on_drop: false }`
[INFO] [stderr]     Finished `release` profile [optimized] target(s) in 0.18s
[INFO] [stderr]      Running unittests src/lib.rs (/opt/rustwide/target/release/deps/oxur_repl-87f7d7db4d265be8)
[INFO] [stdout] 
[INFO] [stdout] running 396 tests
[INFO] [stdout] test cache::artifact::tests::test_cache_creation ... ok
[INFO] [stdout] test client::tests::test_run_returns_error ... ok
[INFO] [stdout] test cache::artifact::tests::test_generate_key_different_dependencies ... ok
[INFO] [stdout] test cache::artifact::tests::test_generate_key_deterministic ... ok
[INFO] [stdout] test cache::artifact::tests::test_cache_stats ... ok
[INFO] [stdout] test compiler::cached::tests::test_compiler_creation ... ok
[INFO] [stdout] test cache::artifact::tests::test_cache_clear ... ok
[INFO] [stdout] test compiler::error_translator::tests::test_calculate_byte_offset_unicode ... ok
[INFO] [stdout] test compiler::error_translator::tests::test_calculate_byte_offset ... ok
[INFO] [stdout] test compiler::error_translator::tests::test_display_with_ariadne_multiline ... ok
[INFO] [stdout] test client::tests::test_new_client ... ok
[INFO] [stdout] test cache::artifact::tests::test_get_nonexistent ... ok
[INFO] [stdout] test cache::artifact::tests::test_insert_and_get ... ok
[INFO] [stdout] test cache::artifact::tests::test_cache_persistence ... ok
[INFO] [stdout] test compiler::error_translator::tests::test_display_with_ariadne_warning ... ok
[INFO] [stdout] test compiler::error_translator::tests::test_display_with_ariadne ... ok
[INFO] [stdout] test compiler::error_translator::tests::test_error_translation_missing_node_id ... ok
[INFO] [stdout] test compiler::error_translator::tests::test_error_translator_creation ... ok
[INFO] [stdout] test compiler::error_translator::tests::test_extract_node_id_multiple_comments ... ok
[INFO] [stdout] test compiler::error_translator::tests::test_parse_empty_input ... ok
[INFO] [stdout] test compiler::error_translator::tests::test_extract_node_id_invalid_number ... ok
[INFO] [stdout] test compiler::error_translator::tests::test_parse_simple_error ... ok
[INFO] [stdout] test compiler::error_translator::tests::test_extract_node_id_with_whitespace ... ok
[INFO] [stdout] test compiler::error_translator::tests::test_extract_node_id_from_line ... ok
[INFO] [stdout] test compiler::error_translator::tests::test_phase_4_end_to_end_error_translation ... ok
[INFO] [stdout] test compiler::error_translator::tests::test_multiple_errors_with_different_nodes ... ok
[INFO] [stdout] test compiler::error_translator::tests::test_extract_node_id_no_comment ... ok
[INFO] [stdout] test eval::context::tests::test_clone_to_preserves_mode ... ok
[INFO] [stdout] test eval::context::tests::test_eval_result_clone ... ok
[INFO] [stdout] test eval::context::tests::test_eval_result_debug ... ok
[INFO] [stdout] test eval::context::tests::test_eval_result_equality ... ok
[INFO] [stdout] test eval::context::tests::test_calculator_mode ... ok
[INFO] [stdout] test eval::context::tests::test_clone_to ... ok
[INFO] [stdout] test eval::context::tests::test_eval_result_struct ... ok
[INFO] [stdout] test eval::context::tests::test_eval_tier1_calculator ... ok
[INFO] [stdout] test eval::context::tests::test_execution_tier_as_label ... ok
[INFO] [stdout] test eval::context::tests::test_all_error_variants_include_source_pos ... ok
[INFO] [stdout] test eval::context::tests::test_eval_error_debug ... ok
[INFO] [stdout] test eval::context::tests::test_eval_error_includes_source_pos ... ok
[INFO] [stdout] test eval::context::tests::test_execution_tier_clone ... ok
[INFO] [stdout] test eval::context::tests::test_execution_tier_display_name ... ok
[INFO] [stdout] test eval::context::tests::test_hash_code_consistency ... ok
[INFO] [stdout] test eval::context::tests::test_infer_types_from_code ... ok
[INFO] [stdout] test eval::context::tests::test_infer_types_empty_code ... ok
[INFO] [stdout] test eval::context::tests::test_new_context_sexpr_mode ... ok
[INFO] [stdout] test eval::context::tests::test_mode_specific_calculators ... ok
[INFO] [stdout] test eval::context::tests::test_execution_tier_debug ... ok
[INFO] [stdout] test eval::context::tests::test_new_context ... ok
[INFO] [stdout] test eval::context::tests::test_infer_types_no_variables ... ok
[INFO] [stdout] test eval::context::tests::test_session_dir_stats_not_initialized ... ok
[INFO] [stdout] test eval::context::tests::test_source_pos_creation ... ok
[INFO] [stdout] test eval::context::tests::test_source_pos_display ... ok
[INFO] [stdout] test compiler::error_translator::tests::test_format_diagnostic ... ok
[INFO] [stdout] test eval::context::tests::test_artifact_cache_stats_not_initialized ... ok
[INFO] [stdout] test eval::context::tests::test_type_inference_get_all_variables ... ok
[INFO] [stdout] test eval::context::tests::test_source_pos_equality ... ok
[INFO] [stdout] test eval::context::tests::test_type_inference_clear ... ok
[INFO] [stdout] test eval::context::tests::test_stats_collector_accessor ... ok
[INFO] [stdout] test eval::context::tests::test_subprocess_stats_not_initialized ... ok
[INFO] [stdout] test eval::context::tests::test_type_inference_register_and_get ... ok
[INFO] [stdout] test eval::context::tests::test_usage_metrics_accessor ... ok
[INFO] [stdout] test eval::lisp_mode::tests::test_apply_operator_addition ... ok
[INFO] [stdout] test eval::lisp_mode::tests::test_apply_operator_division ... ok
[INFO] [stdout] test eval::lisp_mode::tests::test_apply_operator_multiplication ... ok
[INFO] [stdout] test eval::lisp_mode::tests::test_apply_operator_subtraction ... ok
[INFO] [stdout] test eval::lisp_mode::tests::test_calculator_multiple_args ... ok
[INFO] [stdout] test eval::lisp_mode::tests::test_calculator_invalid_operator ... ok
[INFO] [stdout] test eval::lisp_mode::tests::test_calculator_division_by_zero ... ok
[INFO] [stdout] test eval::lisp_mode::tests::test_apply_operator_unknown ... ok
[INFO] [stdout] test eval::lisp_mode::tests::test_calculator_empty_list ... ok
[INFO] [stdout] test eval::lisp_mode::tests::test_calculator_simple_division ... ok
[INFO] [stdout] test eval::lisp_mode::tests::test_calculator_nested_expressions ... ok
[INFO] [stdout] test eval::lisp_mode::tests::test_calculator_simple_addition ... ok
[INFO] [stdout] test eval::lisp_mode::tests::test_complex_expression_with_variables ... ok
[INFO] [stdout] test eval::lisp_mode::tests::test_calculator_variables_not_supported ... ok
[INFO] [stdout] test eval::lisp_mode::tests::test_def_empty_type_name ... ok
[INFO] [stdout] test eval::lisp_mode::tests::test_def_empty_variable_name ... ok
[INFO] [stdout] test eval::lisp_mode::tests::test_calculator_simple_multiplication ... ok
[INFO] [stdout] test eval::lisp_mode::tests::test_calculator_simple_subtraction ... ok
[INFO] [stdout] test eval::lisp_mode::tests::test_calculator_unary_minus ... ok
[INFO] [stdout] test eval::lisp_mode::tests::test_def_invalid_type ... ok
[INFO] [stdout] test eval::lisp_mode::tests::test_def_no_colon_in_identifier ... ok
[INFO] [stdout] test eval::lisp_mode::tests::test_def_missing_type_annotation ... ok
[INFO] [stdout] test eval::lisp_mode::tests::test_def_simple_literal ... ok
[INFO] [stdout] test eval::lisp_mode::tests::test_def_invalid_type_f64 ... ok
[INFO] [stdout] test eval::lisp_mode::tests::test_def_using_existing_variable ... ok
[INFO] [stdout] test eval::lisp_mode::tests::test_def_with_i64 ... ok
[INFO] [stdout] test eval::lisp_mode::tests::test_def_with_expression ... ok
[INFO] [stdout] test eval::lisp_mode::tests::test_def_wrong_number_of_args_too_few ... ok
[INFO] [stdout] test eval::lisp_mode::tests::test_def_wrong_number_of_args_too_many ... ok
[INFO] [stdout] test eval::lisp_mode::tests::test_parse_deffn_expands_to_define_func ... ok
[INFO] [stdout] test eval::lisp_mode::tests::test_parse_deffn_with_params ... ok
[INFO] [stdout] test eval::lisp_mode::tests::test_multiple_variables ... ok
[INFO] [stdout] test eval::lisp_mode::tests::test_def_with_negative_value ... ok
[INFO] [stdout] test eval::lisp_mode::tests::test_def_with_nested_expression ... ok
[INFO] [stdout] test eval::lisp_mode::tests::test_parse_list ... ok
[INFO] [stdout] test eval::lisp_mode::tests::test_parse_simple_number ... ok
[INFO] [stdout] test eval::lisp_mode::tests::test_parse_simple_symbol ... ok
[INFO] [stdout] test eval::lisp_mode::tests::test_parse_string ... ok
[INFO] [stdout] test eval::lisp_mode::tests::test_parse_simple_expression ... ok
[INFO] [stdout] test eval::lisp_mode::tests::test_parse_nested_list ... ok
[INFO] [stdout] test eval::lisp_mode::tests::test_tokenize_mismatched_parens ... ok
[INFO] [stdout] test eval::lisp_mode::tests::test_tokenize_nested ... ok
[INFO] [stdout] test eval::lisp_mode::tests::test_tokenize_simple ... ok
[INFO] [stdout] test eval::lisp_mode::tests::test_typed_value_clone ... ok
[INFO] [stdout] test eval::lisp_mode::tests::test_typed_value_creation ... ok
[INFO] [stdout] test eval::lisp_mode::tests::test_typed_value_equality ... ok
[INFO] [stdout] test eval::lisp_mode::tests::test_undefined_variable_lookup ... ok
[INFO] [stdout] test eval::lisp_mode::tests::test_use_variable_in_expression ... ok
[INFO] [stdout] test eval::lisp_mode::tests::test_variable_lookup_after_def ... ok
[INFO] [stdout] test eval::lisp_mode::tests::test_parse_simple_list ... ok
[INFO] [stdout] test eval::lisp_mode::tests::test_parse_symbol ... ok
[INFO] [stdout] test eval::lisp_mode::tests::test_undefined_variable_in_expression ... ok
[INFO] [stdout] test eval::lisp_mode::tests::test_variable_shadowing ... ok
[INFO] [stdout] test eval::output_capture::tests::test_capture_both ... ok
[INFO] [stdout] test eval::output_capture::tests::test_capture_stderr ... ok
[INFO] [stdout] test cache::artifact::tests::test_generate_key_different_sources ... ok
[INFO] [stdout] test eval::output_capture::tests::test_capture_stdout ... ok
[INFO] [stdout] test eval::output_capture::tests::test_clear ... ok
[INFO] [stdout] test eval::output_capture::tests::test_simulate_execution_eprintln ... ok
[INFO] [stdout] test eval::output_capture::tests::test_simulate_execution_no_output ... ok
[INFO] [stdout] test eval::output_capture::tests::test_simulate_execution_println ... ok
[INFO] [stdout] test eval::output_capture::tests::test_captured_output_new ... ok
[INFO] [stdout] test eval::output_capture::tests::test_with_capture ... ok
[INFO] [stdout] test eval::output_capture::tests::test_with_capture_clears_previous ... ok
[INFO] [stdout] test eval::output_capture::tests::test_output_capturer_new ... ok
[INFO] [stdout] test eval::output_capture::tests::test_simulate_execution_both ... ok
[INFO] [stdout] test eval::sexpr_mode::tests::test_calculator_mode ... ok
[INFO] [stdout] test eval::output_capture::tests::test_captured_output_options ... ok
[INFO] [stdout] test eval::output_capture::tests::test_captured_output_is_empty ... ok
[INFO] [stdout] test eval::sexpr_mode::tests::test_eval_addition ... ok
[INFO] [stdout] test eval::sexpr_mode::tests::test_eval_division ... ok
[INFO] [stdout] test eval::sexpr_mode::tests::test_clear_symbols ... ok
[INFO] [stdout] test eval::sexpr_mode::tests::test_eval_nested ... ok
[INFO] [stdout] test eval::sexpr_mode::tests::test_eval_division_by_zero ... ok
[INFO] [stdout] test eval::sexpr_mode::tests::test_eval_multiplication ... ok
[INFO] [stdout] test eval::sexpr_mode::tests::test_eval_number ... ok
[INFO] [stdout] test eval::sexpr_mode::tests::test_eval_string ... ok
[INFO] [stdout] test eval::sexpr_mode::tests::test_eval_subtraction ... ok
[INFO] [stdout] test eval::output_capture::tests::test_thread_safety ... ok
[INFO] [stdout] test eval::sexpr_mode::tests::test_node_construction ... ok
[INFO] [stdout] test eval::sexpr_mode::tests::test_parse_empty_list ... ok
[INFO] [stdout] test eval::sexpr_mode::tests::test_parse_number ... ok
[INFO] [stdout] test eval::sexpr_mode::tests::test_parse_simple_list ... ok
[INFO] [stdout] test eval::sexpr_mode::tests::test_expr_to_core_number ... ok
[INFO] [stdout] test eval::sexpr_mode::tests::test_parse_keyword ... ok
[INFO] [stdout] test eval::sexpr_mode::tests::test_expr_to_core_list ... ok
[INFO] [stdout] test eval::sexpr_mode::tests::test_parse_string ... ok
[INFO] [stdout] test eval::sexpr_mode::tests::test_parse_symbol ... ok
[INFO] [stdout] test eval::sexpr_mode::tests::test_tokenize_nested ... ok
[INFO] [stdout] test eval::sexpr_mode::tests::test_undefined_symbol ... ok
[INFO] [stdout] test eval::sexpr_mode::tests::test_tokenize_with_strings ... ok
[INFO] [stdout] test eval::sexpr_mode::tests::test_value_to_string_list ... ok
[INFO] [stdout] test eval::sexpr_mode::tests::test_value_to_string_number ... ok
[INFO] [stdout] test eval::context::tests::test_cache_operations ... ok
[INFO] [stdout] test eval::context::tests::test_eval_caching ... ok
[INFO] [stdout] test executor::subprocess::tests::test_executor_loaded_count ... ok
[INFO] [stdout] test executor::subprocess::tests::test_executor_is_loaded ... ok
[INFO] [stdout] test executor::subprocess::tests::test_executor_restart ... ok
[INFO] [stdout] test executor::subprocess::tests::test_executor_creation ... ok
[INFO] [stdout] test executor::subprocess::tests::test_executor_execute_unloaded ... ok
[INFO] [stdout] test eval::context::tests::test_tier3_lisp_mode ... ok
[INFO] [stdout] test executor::subprocess::tests::test_executor_uptime ... ok
[INFO] [stdout] test eval::context::tests::test_eval_tier3_jit_compilation ... ok
[INFO] [stdout] test eval::context::tests::test_tier_fallback ... ok
[INFO] [stdout] test eval::context::tests::test_tier3_sexpr_mode ... ok
[INFO] [stdout] test executor::subprocess::tests::test_executor_restart_user_requested ... ok
[INFO] [stdout] test metrics::client::tests::test_latency_tracking ... ok
[INFO] [stdout] test metrics::client::tests::test_client_metrics_creation ... ok
[INFO] [stdout] test executor::subprocess::tests::test_executor_shutdown ... ok
[INFO] [stdout] test metrics::client::tests::test_response_tracking ... ok
[INFO] [stdout] test metrics::client::tests::test_max_samples_limit ... ok
[INFO] [stdout] test metrics::client::tests::test_percentiles ... ok
[INFO] [stdout] test metrics::client::tests::test_request_tracking ... ok
[INFO] [stdout] test metrics::eval::tests::test_empty_percentiles ... ok
[INFO] [stdout] test metrics::eval::tests::test_cache_hit_rate ... ok
[INFO] [stdout] test metrics::eval::tests::test_eval_metrics_creation ... ok
[INFO] [stdout] test metrics::eval::tests::test_execution_tier_display_names ... ok
[INFO] [stdout] test metrics::eval::tests::test_execution_tier_labels ... ok
[INFO] [stdout] test metrics::eval::tests::test_percentile_calculation ... ok
[INFO] [stdout] test metrics::eval::tests::test_percentile_function ... ok
[INFO] [stdout] test metrics::eval::tests::test_percentile_single_value ... ok
[INFO] [stdout] test metrics::eval::tests::test_record_tier1 ... ok
[INFO] [stdout] test metrics::eval::tests::test_sample_limit ... ok
[INFO] [stdout] test metrics::server::tests::test_connection_tracking ... ok
[INFO] [stdout] test eval::stats::tests::test_get_resource_stats ... ok
[INFO] [stdout] test metrics::server::tests::test_request_response_tracking ... ok
[INFO] [stdout] test metrics::server::tests::test_session_tracking ... ok
[INFO] [stdout] test metrics::server::tests::test_snapshot ... ok
[INFO] [stdout] test metrics::subprocess::tests::test_restart_reason_display ... ok
[INFO] [stdout] test metrics::server::tests::test_server_metrics_creation ... ok
[INFO] [stdout] test metrics::subprocess::tests::test_subprocess_metrics_creation ... ok
[INFO] [stdout] test metrics::subprocess::tests::test_restart_reason_is_clean ... ok
[INFO] [stdout] test metrics::subprocess::tests::test_restart_reason_is_signal ... ok
[INFO] [stdout] test metrics::subprocess::tests::test_restart_reason_labels ... ok
[INFO] [stdout] test metrics::usage::tests::test_command_history ... ok
[INFO] [stdout] test metrics::usage::tests::test_eval_percentage ... ok
[INFO] [stdout] test metrics::usage::tests::test_record_commands ... ok
[INFO] [stdout] test metadata::tests::test_cargo_version_detection ... ok
[INFO] [stdout] test metrics::subprocess::tests::test_subprocess_metrics_lifecycle ... ok
[INFO] [stdout] test metrics::usage::tests::test_snapshot ... ok
[INFO] [stdout] test metrics::usage::tests::test_usage_metrics_creation ... ok
[INFO] [stdout] test protocol::codec::tests::test_unexpected_eof ... ok
[INFO] [stdout] test protocol::codec::tests::test_write_read_request ... ok
[INFO] [stdout] test protocol::codec::tests::test_encode_decode_response ... ok
[INFO] [stdout] test protocol::messages::tests::test_all_error_kinds_serialization ... ok
[INFO] [stdout] test protocol::codec::tests::test_encode_decode_request ... ok
[INFO] [stdout] test protocol::messages::tests::test_error_info_display ... ok
[INFO] [stdout] test protocol::codec::tests::test_framing_format ... ok
[INFO] [stdout] test protocol::messages::tests::test_error_info_with_location ... ok
[INFO] [stdout] test protocol::messages::tests::test_error_kind_display ... ok
[INFO] [stdout] test protocol::codec::tests::test_write_read_response ... ok
[INFO] [stdout] test protocol::messages::tests::test_error_kinds_display ... ok
[INFO] [stdout] test protocol::messages::tests::test_all_operations_roundtrip ... ok
[INFO] [stdout] test metrics::client::tests::test_snapshot_with_no_data ... ok
[INFO] [stdout] test protocol::messages::tests::test_message_id_display ... ok
[INFO] [stdout] test protocol::messages::tests::test_message_id_increment ... ok
[INFO] [stdout] test protocol::messages::tests::test_message_id_new ... ok
[INFO] [stdout] test protocol::messages::tests::test_operation_result_sessions ... ok
[INFO] [stdout] test protocol::messages::tests::test_request_roundtrip ... ok
[INFO] [stdout] test protocol::messages::tests::test_repl_modes_display ... ok
[INFO] [stdout] test protocol::messages::tests::test_response_error_roundtrip ... ok
[INFO] [stdout] test protocol::messages::tests::test_response_success_roundtrip ... ok
[INFO] [stdout] test protocol::messages::tests::test_session_id_display ... ok
[INFO] [stdout] test protocol::messages::tests::test_session_id_into_inner ... ok
[INFO] [stdout] test protocol::messages::tests::test_message_id_next ... ok
[INFO] [stdout] test protocol::messages::tests::test_repl_mode_display ... ok
[INFO] [stdout] test protocol::messages::tests::test_session_id_new ... ok
[INFO] [stdout] test protocol::messages::tests::test_session_info_serialization ... ok
[INFO] [stdout] test server::handler::tests::test_eval_with_output_capture ... ok
[INFO] [stdout] test server::handler::tests::test_handle_clone_nonexistent_session ... ok
[INFO] [stdout] test protocol::messages::tests::test_source_location_display ... ok
[INFO] [stdout] test server::handler::tests::test_handle_clone_session ... ok
[INFO] [stdout] test server::handler::tests::test_handle_close_nonexistent_session ... ok
[INFO] [stdout] test server::handler::tests::test_handle_clone_to_existing_session ... ok
[INFO] [stdout] test server::handler::tests::test_handle_create_duplicate_session ... ok
[INFO] [stdout] test server::handler::tests::test_handle_create_session ... ok
[INFO] [stdout] test server::handler::tests::test_handle_eval_nonexistent_session ... ok
[INFO] [stdout] test server::handler::tests::test_handle_list_sessions ... ok
[INFO] [stdout] test server::handler::tests::test_unimplemented_operation ... ok
[INFO] [stdout] test protocol::messages::tests::test_source_location_format ... ok
[INFO] [stdout] test server::handler::tests::test_handle_close_session ... ok
[INFO] [stdout] test server::handler::tests::test_handle_eval ... ok
[INFO] [stdout] test server::handler::tests::test_multiple_operations_same_session ... ok
[INFO] [stdout] test eval::sexpr_mode::tests::test_define_and_lookup ... ok
[INFO] [stdout] test eval::sexpr_mode::tests::test_define_with_expression ... ok
[INFO] [stdout] test metadata::tests::test_rust_version_detection ... ok
[INFO] [stdout] test metadata::tests::test_capture_metadata ... ok
[INFO] [stdout] test metadata::tests::test_uptime_increases ... ok
[INFO] [stdout] test server::repl_server::tests::test_concurrent_connections ... ok
[INFO] [stdout] test server::repl_server::tests::test_connection_error_handling ... ok
[INFO] [stdout] test compiler::cached::tests::test_compile_invalid_source ... ok
[INFO] [stdout] test protocol::codec::tests::test_message_too_large ... ok
[INFO] [stdout] test server::repl_server::tests::test_handle_connection_get_server_stats ... ok
[INFO] [stdout] test server::repl_server::tests::test_handle_connection_error_response_with_metrics ... ok
[INFO] [stdout] test server::repl_server::tests::test_full_server_start_and_shutdown ... ok
[INFO] [stdout] test server::repl_server::tests::test_handle_connection_get_system_info ... ok
[INFO] [stdout] test metadata::tests::test_metadata_serialization ... ok
[INFO] [stdout] test server::repl_server::tests::test_server_creation ... ok
[INFO] [stdout] test compiler::cached::tests::test_compile_with_caching ... ok
[INFO] [stdout] test server::repl_server::tests::test_server_builder_chain ... ok
[INFO] [stdout] test server::repl_server::tests::test_server_default_shutdown_timeout ... ok
[INFO] [stdout] test server::repl_server::tests::test_shutdown_handle_clone ... ok
[INFO] [stdout] test server::repl_server::tests::test_shutdown_handle_functionality ... ok
[INFO] [stdout] test compiler::cached::tests::test_compile_simple_library ... ok
[INFO] [stdout] test server::repl_server::tests::test_with_metrics ... ok
[INFO] [stdout] test server::repl_server::tests::test_handle_connection_clear_output ... ok
[INFO] [stdout] test server::repl_server::tests::test_handle_connection_ls_sessions ... ok
[INFO] [stdout] test server::session::tests::test_clone_nonexistent_session ... ok
[INFO] [stdout] test server::repl_server::tests::test_with_shutdown_timeout ... ok
[INFO] [stdout] test server::session::tests::test_close_nonexistent_session ... ok
[INFO] [stdout] test server::session::tests::test_close_session ... ok
[INFO] [stdout] test server::session::tests::test_clone_session ... ok
[INFO] [stdout] test server::session::tests::test_close_all ... ok
[INFO] [stdout] test server::session::tests::test_create_duplicate_session ... ok
[INFO] [stdout] test server::session::tests::test_clone_to_existing_session ... ok
[INFO] [stdout] test server::session::tests::test_create_session ... ok
[INFO] [stdout] test server::session::tests::test_eval_count_tracking ... ok
[INFO] [stdout] test server::session::tests::test_eval ... ok
[INFO] [stdout] test server::session::tests::test_get_info ... ok
[INFO] [stdout] test server::session::tests::test_count ... ok
[INFO] [stdout] test server::session::tests::test_get_info_nonexistent ... ok
[INFO] [stdout] test server::session::tests::test_eval_not_found ... ok
[INFO] [stdout] test server::session::tests::test_list_empty ... ok
[INFO] [stdout] test server::session::tests::test_list_sessions ... ok
[INFO] [stdout] test server::session::tests::test_thread_safety ... ok
[INFO] [stdout] test server::repl_server::tests::test_handle_connection_describe ... ok
[INFO] [stdout] test server::repl_server::tests::test_handle_connection_get_session_stats ... ok
[INFO] [stdout] test server::repl_server::tests::test_handle_connection_clone_session ... ok
[INFO] [stdout] test session::dir::tests::test_session_dir_tmpfs_on_linux ... ok
[INFO] [stdout] test server::repl_server::tests::test_handle_connection_get_subprocess_stats ... ok
[INFO] [stdout] test subprocess::variable_store::tests::test_global_store ... ok
[INFO] [stdout] test subprocess::variable_store::tests::test_global_store_multiple_accesses ... ok
[INFO] [stdout] test subprocess::variable_store::tests::test_variable_store_basic ... ok
[INFO] [stdout] test subprocess::variable_store::tests::test_variable_store_clear ... ok
[INFO] [stdout] test subprocess::variable_store::tests::test_variable_store_complex_types ... ok
[INFO] [stdout] test subprocess::variable_store::tests::test_variable_store_contains ... ok
[INFO] [stdout] test subprocess::variable_store::tests::test_variable_store_get_mut ... ok
[INFO] [stdout] test subprocess::variable_store::tests::test_variable_store_len ... ok
[INFO] [stdout] test subprocess::variable_store::tests::test_variable_store_multiple_types ... ok
[INFO] [stdout] test subprocess::variable_store::tests::test_variable_store_names ... ok
[INFO] [stdout] test subprocess::variable_store::tests::test_variable_store_overwrite ... ok
[INFO] [stdout] test subprocess::variable_store::tests::test_variable_store_overwrite_different_type ... ok
[INFO] [stdout] test subprocess::variable_store::tests::test_variable_store_remove ... ok
[INFO] [stdout] test subprocess::variable_store::tests::test_variable_store_type_mismatch ... ok
[INFO] [stdout] test transport::inprocess::tests::test_bidirectional_communication ... ok
[INFO] [stdout] test transport::inprocess::tests::test_channel_creation ... ok
[INFO] [stdout] test transport::inprocess::tests::test_client_cannot_send_response ... ok
[INFO] [stdout] test transport::inprocess::tests::test_close ... ok
[INFO] [stdout] test transport::inprocess::tests::test_concurrent_usage ... ok
[INFO] [stdout] test transport::inprocess::tests::test_connection_closed_on_drop ... ok
[INFO] [stdout] test transport::inprocess::tests::test_multiple_requests ... ok
[INFO] [stdout] test transport::inprocess::tests::test_send_request_recv_request ... ok
[INFO] [stdout] test transport::inprocess::tests::test_send_response_recv_response ... ok
[INFO] [stdout] test transport::inprocess::tests::test_server_cannot_send_request ... ok
[INFO] [stdout] test transport::inprocess::tests::test_split_client ... ok
[INFO] [stdout] test transport::inprocess::tests::test_split_server ... ok
[INFO] [stdout] test transport::tcp::tests::test_tcp_bidirectional ... ok
[INFO] [stdout] test transport::tcp::tests::test_tcp_close ... ok
[INFO] [stdout] test transport::tcp::tests::test_tcp_connect_accept ... ok
[INFO] [stdout] test transport::tcp::tests::test_tcp_connection_failed ... ok
[INFO] [stdout] test transport::tcp::tests::test_tcp_send_recv_request ... ok
[INFO] [stdout] test server::repl_server::tests::test_handle_connection_history ... ok
[INFO] [stdout] test transport::tcp::tests::test_tcp_send_recv_response ... ok
[INFO] [stdout] test transport::traits::tests::test_connection_closed ... ok
[INFO] [stdout] test transport::tcp::tests::test_tcp_split_transport ... ok
[INFO] [stdout] test transport::traits::tests::test_send_recv_request ... ok
[INFO] [stdout] test transport::traits::tests::test_send_recv_response ... ok
[INFO] [stdout] test type_inference::tests::test_all_variables ... ok
[INFO] [stdout] test type_inference::tests::test_clear ... ok
[INFO] [stdout] test type_inference::tests::test_default ... ok
[INFO] [stdout] test type_inference::tests::test_get_nonexistent_variable ... ok
[INFO] [stdout] test type_inference::tests::test_has_variable ... ok
[INFO] [stdout] test type_inference::tests::test_infer_from_code_constants ... ok
[INFO] [stdout] test type_inference::tests::test_infer_from_code_explicit_types ... ok
[INFO] [stdout] test type_inference::tests::test_infer_from_code_inferred_literal ... ok
[INFO] [stdout] test type_inference::tests::test_infer_from_code_invalid_syntax ... ok
[INFO] [stdout] test type_inference::tests::test_infer_from_code_method_calls ... ok
[INFO] [stdout] test type_inference::tests::test_infer_from_code_mutable ... ok
[INFO] [stdout] test type_inference::tests::test_infer_from_code_nested_blocks ... ok
[INFO] [stdout] test server::repl_server::tests::test_handle_connection_load_file ... ok
[INFO] [stdout] test type_inference::tests::test_infer_from_code_typed_suffix ... ok
[INFO] [stdout] test type_inference::tests::test_infer_from_code_wrapped_statements ... ok
[INFO] [stdout] test type_inference::tests::test_inference_creation ... ok
[INFO] [stdout] test type_inference::tests::test_inference_with_debug ... ok
[INFO] [stdout] test type_inference::tests::test_overwrite_variable_type ... ok
[INFO] [stdout] test type_inference::tests::test_register_and_get_variable ... ok
[INFO] [stdout] test server::repl_server::tests::test_handle_connection_interrupt ... ok
[INFO] [stdout] test type_inference::tests::test_register_multiple_variables ... ok
[INFO] [stdout] test type_inference::tests::test_remove_variable ... ok
[INFO] [stdout] test type_inference::tests::test_type_info_creation ... ok
[INFO] [stdout] test type_inference::tests::test_type_info_with_location ... ok
[INFO] [stdout] test type_inference::tests::test_type_info_with_mutable ... ok
[INFO] [stdout] test wrapper::tests::test_complex_type_handling ... ok
[INFO] [stdout] test wrapper::tests::test_default ... ok
[INFO] [stdout] test wrapper::tests::test_end_to_end_variable_flow ... ok
[INFO] [stdout] test wrapper::tests::test_extract_variables ... ok
[INFO] [stdout] test wrapper::tests::test_extract_variables_type_inference ... ok
[INFO] [stdout] test wrapper::tests::test_generated_code_parses_as_valid_rust ... ok
[INFO] [stdout] test wrapper::tests::test_extract_variables_shadowing ... ok
[INFO] [stdout] test wrapper::tests::test_insert_source_map_comments_preserves_semantics ... ok
[INFO] [stdout] test wrapper::tests::test_is_valid_identifier ... ok
[INFO] [stdout] test wrapper::tests::test_parse_user_code_as_expression ... ok
[INFO] [stdout] test wrapper::tests::test_parse_user_code_as_file ... ok
[INFO] [stdout] test wrapper::tests::test_parse_user_code_as_statements ... ok
[INFO] [stdout] test wrapper::tests::test_wrap_expression ... ok
[INFO] [stdout] test wrapper::tests::test_wrap_function_definition_as_expression ... ok
[INFO] [stdout] test wrapper::tests::test_wrap_invalid_cache_key ... ok
[INFO] [stdout] test server::repl_server::tests::test_server_with_metrics_full_lifecycle ... ok
[INFO] [stdout] test wrapper::tests::test_source_map_comments_format ... ok
[INFO] [stdout] test wrapper::tests::test_wrap_invalid_syntax ... ok
[INFO] [stdout] test server::repl_server::tests::test_server_start_and_connect ... ok
[INFO] [stdout] test wrapper::tests::test_round_trip_wrap_and_parse ... ok
[INFO] [stdout] test wrapper::tests::test_wrap_with_debug ... ok
[INFO] [stdout] test wrapper::tests::test_wrap_valid_cache_keys ... ok
[INFO] [stdout] test wrapper::tests::test_wrap_multiple_statements ... ok
[INFO] [stdout] test wrapper::tests::test_wrap_simple_code ... ok
[INFO] [stdout] test wrapper::tests::test_wrap_with_store_multiple_vars ... ok
[INFO] [stdout] test wrapper::tests::test_wrap_with_store_and_source_map ... ok
[INFO] [stdout] test wrapper::tests::test_wrap_multiline_code ... ok
[INFO] [stdout] test wrapper::tests::test_wrapper_with_debug ... ok
[INFO] [stdout] test wrapper::tests::test_wrap_with_store_without_source_map ... ok
[INFO] [stdout] test wrapper::tests::test_wrap_with_store_no_existing_vars ... ok
[INFO] [stdout] test wrapper::tests::test_wrap_with_store_simple ... ok
[INFO] [stdout] test wrapper::tests::test_wrapper_creation ... ok
[INFO] [stdout] test session::dir::tests::test_session_dir_auto_cleanup_on_drop ... ok
[INFO] [stdout] test transport::traits::tests::test_message_too_large ... ok
[INFO] [stdout] test compiler::cached::tests::test_different_opt_levels ... ok
[INFO] [stdout] test server::repl_server::tests::test_handle_connection_with_metrics ... ok
[INFO] [stdout] test server::repl_server::tests::test_multiple_requests_same_connection ... ok
[INFO] [stdout] test session::dir::tests::test_session_dir_creation ... ok
[INFO] [stdout] test session::dir::tests::test_session_dir_list_files ... ok
[INFO] [stdout] test session::dir::tests::test_session_dir_respects_env_var ... ok
[INFO] [stdout] test session::dir::tests::test_session_dir_write_source ... ok
[INFO] [stdout] test session::dir::tests::test_session_dir_cleanup ... ok
[INFO] [stdout] test session::dir::tests::test_session_dir_create_subdir ... ok
[INFO] [stdout] 
[INFO] [stdout] test result: ok. 396 passed; 0 failed; 0 ignored; 0 measured; 0 filtered out; finished in 1.26s
[INFO] [stdout] 
[INFO] [stderr]      Running unittests src/bin/subprocess.rs (/opt/rustwide/target/release/deps/oxur_repl_subprocess-2bd7227a0bf72952)
[INFO] [stderr]      Running tests/compilation_integration.rs (/opt/rustwide/target/release/deps/compilation_integration-7c39c78c5ff03c57)
[INFO] [stdout] 
[INFO] [stdout] running 0 tests
[INFO] [stdout] 
[INFO] [stdout] test result: ok. 0 passed; 0 failed; 0 ignored; 0 measured; 0 filtered out; finished in 0.00s
[INFO] [stdout] 
[INFO] [stdout] 
[INFO] [stdout] running 14 tests
[INFO] [stdout] test test_compilation_caching ... FAILED
[INFO] [stdout] test test_session_isolation ... FAILED
[INFO] [stdout] test test_cache_persistence ... FAILED
[INFO] [stdout] test test_empty_parse_handling ... FAILED
[INFO] [stdout] test test_calculator_bypass ... FAILED
[INFO] [stdout] test test_different_modes ... FAILED
[INFO] [stdout] test test_clone_to_with_pipeline ... FAILED
[INFO] [stdout] test test_basic_compilation ... FAILED
[INFO] [stdout] test test_optimization_levels ... FAILED
[INFO] [stdout] test test_multiple_compilations ... FAILED
[INFO] [stdout] test test_wrapper_identifier_generation ... FAILED
[INFO] [stdout] test test_hash_stability ... FAILED
[INFO] [stdout] test test_concurrent_evaluations ... FAILED
[INFO] [stdout] test test_fallback_without_pipeline ... ok
[INFO] [stdout] 
[INFO] [stdout] failures:
[INFO] [stdout] 
[INFO] [stdout] ---- test_compilation_caching stdout ----
[INFO] [stdout] 
[INFO] [stdout] thread 'test_compilation_caching' (3035) panicked at tests/compilation_integration.rs:35:10:
[INFO] [stdout] Failed to create context with compilation: CompilationError { msg: "Failed to create subprocess executor: Failed to spawn subprocess: No such file or directory (os error 2)", pos: SourcePos { file: "<repl>", line: 1, column: 1, length: 1 } }
[INFO] [stdout] stack backtrace:
[INFO] [stdout]    0:     0x571f99f4d1a1 - <<std[70759c8f55707aa4]::sys::backtrace::BacktraceLock>::print::DisplayBacktrace as core[df12db4294e9bfd3]::fmt::Display>::fmt
[INFO] [stdout]    1:     0x571f99f6311a - core[df12db4294e9bfd3]::fmt::write
[INFO] [stdout]    2:     0x571f99f51aac - <alloc[2182bb758b4b3781]::vec::Vec<u8> as core[df12db4294e9bfd3]::io::write::Write>::write_fmt
[INFO] [stdout]    3:     0x571f99f26596 - std[70759c8f55707aa4]::panicking::default_hook::{closure#0}
[INFO] [stdout]    4:     0x571f99f43bf9 - std[70759c8f55707aa4]::panicking::default_hook
[INFO] [stdout]    5:     0x571f99c49dd0 - test[9d35eded1c95d3be]::test_main_inner::<test[9d35eded1c95d3be]::test_main_static::{closure#0}>::{closure#0}
[INFO] [stdout]    6:     0x571f99f43f22 - std[70759c8f55707aa4]::panicking::panic_with_hook
[INFO] [stdout]    7:     0x571f99f26642 - std[70759c8f55707aa4]::panicking::panic_handler::{closure#0}
[INFO] [stdout]    8:     0x571f99f1f0b9 - std[70759c8f55707aa4]::sys::backtrace::__rust_end_short_backtrace::<std[70759c8f55707aa4]::panicking::panic_handler::{closure#0}, !>
[INFO] [stdout]    9:     0x571f99f2732d - __rustc[8fa7c3cbc660c2b3]::rust_begin_unwind
[INFO] [stdout]   10:     0x571f99f638fc - core[df12db4294e9bfd3]::panicking::panic_fmt
[INFO] [stdout]   11:     0x571f99f636d2 - core[df12db4294e9bfd3]::result::unwrap_failed
[INFO] [stdout]   12:     0x571f99c04457 - compilation_integration[bbf857c82e078cc5]::test_compilation_caching::{closure#0}
[INFO] [stdout]   13:     0x571f99c39b53 - <tokio[7fe2382d4ff20d2e]::runtime::scheduler::current_thread::Context>::enter::<core[df12db4294e9bfd3]::task::poll::Poll<()>, <tokio[7fe2382d4ff20d2e]::runtime::scheduler::current_thread::CoreGuard>::block_on<core[df12db4294e9bfd3]::pin::Pin<&mut core[df12db4294e9bfd3]::pin::Pin<&mut dyn core[df12db4294e9bfd3]::future::future::Future<Output = ()>>>>::{closure#0}::{closure#0}>
[INFO] [stdout]   14:     0x571f99c0cc19 - <std[70759c8f55707aa4]::thread::local::LocalKey<tokio[7fe2382d4ff20d2e]::runtime::context::Context>>::with::<tokio[7fe2382d4ff20d2e]::runtime::context::set_scheduler<(alloc[2182bb758b4b3781]::boxed::Box<tokio[7fe2382d4ff20d2e]::runtime::scheduler::current_thread::Core>, core[df12db4294e9bfd3]::option::Option<()>), <tokio[7fe2382d4ff20d2e]::runtime::scheduler::current_thread::CoreGuard>::enter<<tokio[7fe2382d4ff20d2e]::runtime::scheduler::current_thread::CoreGuard>::block_on<core[df12db4294e9bfd3]::pin::Pin<&mut core[df12db4294e9bfd3]::pin::Pin<&mut dyn core[df12db4294e9bfd3]::future::future::Future<Output = ()>>>>::{closure#0}, core[df12db4294e9bfd3]::option::Option<()>>::{closure#0}>::{closure#0}, (alloc[2182bb758b4b3781]::boxed::Box<tokio[7fe2382d4ff20d2e]::runtime::scheduler::current_thread::Core>, core[df12db4294e9bfd3]::option::Option<()>)>
[INFO] [stdout]   15:     0x571f99c39e75 - <tokio[7fe2382d4ff20d2e]::runtime::scheduler::current_thread::CoreGuard>::block_on::<core[df12db4294e9bfd3]::pin::Pin<&mut core[df12db4294e9bfd3]::pin::Pin<&mut dyn core[df12db4294e9bfd3]::future::future::Future<Output = ()>>>>
[INFO] [stdout]   16:     0x571f99c3c9e8 - tokio[7fe2382d4ff20d2e]::runtime::context::runtime::enter_runtime::<<tokio[7fe2382d4ff20d2e]::runtime::scheduler::current_thread::CurrentThread>::block_on<core[df12db4294e9bfd3]::pin::Pin<&mut dyn core[df12db4294e9bfd3]::future::future::Future<Output = ()>>>::{closure#0}, ()>
[INFO] [stdout]   17:     0x571f99c3c19b - <tokio[7fe2382d4ff20d2e]::runtime::runtime::Runtime>::block_on::<core[df12db4294e9bfd3]::pin::Pin<&mut dyn core[df12db4294e9bfd3]::future::future::Future<Output = ()>>>
[INFO] [stdout]   18:     0x571f99c0b07b - <compilation_integration[bbf857c82e078cc5]::test_compilation_caching::{closure#0} as core[df12db4294e9bfd3]::ops::function::FnOnce<()>>::call_once
[INFO] [stdout]   19:     0x571f99c3d0bb - test[9d35eded1c95d3be]::__rust_begin_short_backtrace::<core[df12db4294e9bfd3]::result::Result<(), alloc[2182bb758b4b3781]::string::String>, fn() -> core[df12db4294e9bfd3]::result::Result<(), alloc[2182bb758b4b3781]::string::String>>
[INFO] [stdout]   20:     0x571f99c4a725 - test[9d35eded1c95d3be]::run_test::{closure#0}
[INFO] [stdout]   21:     0x571f99c43fe4 - std[70759c8f55707aa4]::sys::backtrace::__rust_begin_short_backtrace::<test[9d35eded1c95d3be]::run_test::{closure#1}, ()>
[INFO] [stdout]   22:     0x571f99c4d882 - <std[70759c8f55707aa4]::thread::lifecycle::spawn_unchecked<test[9d35eded1c95d3be]::run_test::{closure#1}, ()>::{closure#1} as core[df12db4294e9bfd3]::ops::function::FnOnce<()>>::call_once::{shim:vtable#0}
[INFO] [stdout]   23:     0x571f99f4c449 - <std[70759c8f55707aa4]::sys::thread::unix::Thread>::new::thread_start
[INFO] [stdout]   24:     0x7ad3a5deddfa - <unknown>
[INFO] [stdout]   25:     0x7ad3a5e813d4 - clone
[INFO] [stdout]   26:                0x0 - <unknown>
[INFO] [stdout] 
[INFO] [stdout] ---- test_session_isolation stdout ----
[INFO] [stdout] 
[INFO] [stdout] thread 'test_session_isolation' (3043) panicked at tests/compilation_integration.rs:100:10:
[INFO] [stdout] Failed to create context1: CompilationError { msg: "Failed to create subprocess executor: Failed to spawn subprocess: No such file or directory (os error 2)", pos: SourcePos { file: "<repl>", line: 1, column: 1, length: 1 } }
[INFO] [stdout] stack backtrace:
[INFO] [stdout]    0:     0x571f99f4d1a1 - <<std[70759c8f55707aa4]::sys::backtrace::BacktraceLock>::print::DisplayBacktrace as core[df12db4294e9bfd3]::fmt::Display>::fmt
[INFO] [stdout]    1:     0x571f99f6311a - core[df12db4294e9bfd3]::fmt::write
[INFO] [stdout]    2:     0x571f99f51aac - <alloc[2182bb758b4b3781]::vec::Vec<u8> as core[df12db4294e9bfd3]::io::write::Write>::write_fmt
[INFO] [stdout]    3:     0x571f99f26596 - std[70759c8f55707aa4]::panicking::default_hook::{closure#0}
[INFO] [stdout]    4:     0x571f99f43bf9 - std[70759c8f55707aa4]::panicking::default_hook
[INFO] [stdout]    5:     0x571f99c49dd0 - test[9d35eded1c95d3be]::test_main_inner::<test[9d35eded1c95d3be]::test_main_static::{closure#0}>::{closure#0}
[INFO] [stdout]    6:     0x571f99f43f22 - std[70759c8f55707aa4]::panicking::panic_with_hook
[INFO] [stdout]    7:     0x571f99f26642 - std[70759c8f55707aa4]::panicking::panic_handler::{closure#0}
[INFO] [stdout]    8:     0x571f99f1f0b9 - std[70759c8f55707aa4]::sys::backtrace::__rust_end_short_backtrace::<std[70759c8f55707aa4]::panicking::panic_handler::{closure#0}, !>
[INFO] [stdout]    9:     0x571f99f2732d - __rustc[8fa7c3cbc660c2b3]::rust_begin_unwind
[INFO] [stdout]   10:     0x571f99f638fc - core[df12db4294e9bfd3]::panicking::panic_fmt
[INFO] [stdout]   11:     0x571f99f636d2 - core[df12db4294e9bfd3]::result::unwrap_failed
[INFO] [stdout]   12:     0x571f99c03b89 - compilation_integration[bbf857c82e078cc5]::test_session_isolation::{closure#0}
[INFO] [stdout]   13:     0x571f99c39b53 - <tokio[7fe2382d4ff20d2e]::runtime::scheduler::current_thread::Context>::enter::<core[df12db4294e9bfd3]::task::poll::Poll<()>, <tokio[7fe2382d4ff20d2e]::runtime::scheduler::current_thread::CoreGuard>::block_on<core[df12db4294e9bfd3]::pin::Pin<&mut core[df12db4294e9bfd3]::pin::Pin<&mut dyn core[df12db4294e9bfd3]::future::future::Future<Output = ()>>>>::{closure#0}::{closure#0}>
[INFO] [stdout]   14:     0x571f99c0cc19 - <std[70759c8f55707aa4]::thread::local::LocalKey<tokio[7fe2382d4ff20d2e]::runtime::context::Context>>::with::<tokio[7fe2382d4ff20d2e]::runtime::context::set_scheduler<(alloc[2182bb758b4b3781]::boxed::Box<tokio[7fe2382d4ff20d2e]::runtime::scheduler::current_thread::Core>, core[df12db4294e9bfd3]::option::Option<()>), <tokio[7fe2382d4ff20d2e]::runtime::scheduler::current_thread::CoreGuard>::enter<<tokio[7fe2382d4ff20d2e]::runtime::scheduler::current_thread::CoreGuard>::block_on<core[df12db4294e9bfd3]::pin::Pin<&mut core[df12db4294e9bfd3]::pin::Pin<&mut dyn core[df12db4294e9bfd3]::future::future::Future<Output = ()>>>>::{closure#0}, core[df12db4294e9bfd3]::option::Option<()>>::{closure#0}>::{closure#0}, (alloc[2182bb758b4b3781]::boxed::Box<tokio[7fe2382d4ff20d2e]::runtime::scheduler::current_thread::Core>, core[df12db4294e9bfd3]::option::Option<()>)>
[INFO] [stdout]   15:     0x571f99c39e75 - <tokio[7fe2382d4ff20d2e]::runtime::scheduler::current_thread::CoreGuard>::block_on::<core[df12db4294e9bfd3]::pin::Pin<&mut core[df12db4294e9bfd3]::pin::Pin<&mut dyn core[df12db4294e9bfd3]::future::future::Future<Output = ()>>>>
[INFO] [stdout]   16:     0x571f99c3c9e8 - tokio[7fe2382d4ff20d2e]::runtime::context::runtime::enter_runtime::<<tokio[7fe2382d4ff20d2e]::runtime::scheduler::current_thread::CurrentThread>::block_on<core[df12db4294e9bfd3]::pin::Pin<&mut dyn core[df12db4294e9bfd3]::future::future::Future<Output = ()>>>::{closure#0}, ()>
[INFO] [stdout]   17:     0x571f99c3c19b - <tokio[7fe2382d4ff20d2e]::runtime::runtime::Runtime>::block_on::<core[df12db4294e9bfd3]::pin::Pin<&mut dyn core[df12db4294e9bfd3]::future::future::Future<Output = ()>>>
[INFO] [stdout]   18:     0x571f99c0af3b - <compilation_integration[bbf857c82e078cc5]::test_session_isolation::{closure#0} as core[df12db4294e9bfd3]::ops::function::FnOnce<()>>::call_once
[INFO] [stdout]   19:     0x571f99c3d0bb - test[9d35eded1c95d3be]::__rust_begin_short_backtrace::<core[df12db4294e9bfd3]::result::Result<(), alloc[2182bb758b4b3781]::string::String>, fn() -> core[df12db4294e9bfd3]::result::Result<(), alloc[2182bb758b4b3781]::string::String>>
[INFO] [stdout]   20:     0x571f99c4a725 - test[9d35eded1c95d3be]::run_test::{closure#0}
[INFO] [stdout]   21:     0x571f99c43fe4 - std[70759c8f55707aa4]::sys::backtrace::__rust_begin_short_backtrace::<test[9d35eded1c95d3be]::run_test::{closure#1}, ()>
[INFO] [stdout]   22:     0x571f99c4d882 - <std[70759c8f55707aa4]::thread::lifecycle::spawn_unchecked<test[9d35eded1c95d3be]::run_test::{closure#1}, ()>::{closure#1} as core[df12db4294e9bfd3]::ops::function::FnOnce<()>>::call_once::{shim:vtable#0}
[INFO] [stdout]   23:     0x571f99f4c449 - <std[70759c8f55707aa4]::sys::thread::unix::Thread>::new::thread_start
[INFO] [stdout]   24:     0x7ad3a5deddfa - <unknown>
[INFO] [stdout]   25:     0x7ad3a5e813d4 - clone
[INFO] [stdout]   26:                0x0 - <unknown>
[INFO] [stdout] 
[INFO] [stdout] ---- test_cache_persistence stdout ----
[INFO] [stdout] 
[INFO] [stdout] thread 'test_cache_persistence' (3032) panicked at tests/compilation_integration.rs:176:10:
[INFO] [stdout] Failed to create context: CompilationError { msg: "Failed to create subprocess executor: Failed to spawn subprocess: No such file or directory (os error 2)", pos: SourcePos { file: "<repl>", line: 1, column: 1, length: 1 } }
[INFO] [stdout] stack backtrace:
[INFO] [stdout]    0:     0x571f99f4d1a1 - <<std[70759c8f55707aa4]::sys::backtrace::BacktraceLock>::print::DisplayBacktrace as core[df12db4294e9bfd3]::fmt::Display>::fmt
[INFO] [stdout]    1:     0x571f99f6311a - core[df12db4294e9bfd3]::fmt::write
[INFO] [stdout]    2:     0x571f99f51aac - <alloc[2182bb758b4b3781]::vec::Vec<u8> as core[df12db4294e9bfd3]::io::write::Write>::write_fmt
[INFO] [stdout]    3:     0x571f99f26596 - std[70759c8f55707aa4]::panicking::default_hook::{closure#0}
[INFO] [stdout]    4:     0x571f99f43bf9 - std[70759c8f55707aa4]::panicking::default_hook
[INFO] [stdout]    5:     0x571f99c49dd0 - test[9d35eded1c95d3be]::test_main_inner::<test[9d35eded1c95d3be]::test_main_static::{closure#0}>::{closure#0}
[INFO] [stdout]    6:     0x571f99f43f22 - std[70759c8f55707aa4]::panicking::panic_with_hook
[INFO] [stdout]    7:     0x571f99f26642 - std[70759c8f55707aa4]::panicking::panic_handler::{closure#0}
[INFO] [stdout]    8:     0x571f99f1f0b9 - std[70759c8f55707aa4]::sys::backtrace::__rust_end_short_backtrace::<std[70759c8f55707aa4]::panicking::panic_handler::{closure#0}, !>
[INFO] [stdout]    9:     0x571f99f2732d - __rustc[8fa7c3cbc660c2b3]::rust_begin_unwind
[INFO] [stdout]   10:     0x571f99f638fc - core[df12db4294e9bfd3]::panicking::panic_fmt
[INFO] [stdout]   11:     0x571f99f636d2 - core[df12db4294e9bfd3]::result::unwrap_failed
[INFO] [stdout]   12:     0x571f99c02dac - compilation_integration[bbf857c82e078cc5]::test_cache_persistence::{closure#0}
[INFO] [stdout]   13:     0x571f99c39b53 - <tokio[7fe2382d4ff20d2e]::runtime::scheduler::current_thread::Context>::enter::<core[df12db4294e9bfd3]::task::poll::Poll<()>, <tokio[7fe2382d4ff20d2e]::runtime::scheduler::current_thread::CoreGuard>::block_on<core[df12db4294e9bfd3]::pin::Pin<&mut core[df12db4294e9bfd3]::pin::Pin<&mut dyn core[df12db4294e9bfd3]::future::future::Future<Output = ()>>>>::{closure#0}::{closure#0}>
[INFO] [stdout]   14:     0x571f99c0cc19 - <std[70759c8f55707aa4]::thread::local::LocalKey<tokio[7fe2382d4ff20d2e]::runtime::context::Context>>::with::<tokio[7fe2382d4ff20d2e]::runtime::context::set_scheduler<(alloc[2182bb758b4b3781]::boxed::Box<tokio[7fe2382d4ff20d2e]::runtime::scheduler::current_thread::Core>, core[df12db4294e9bfd3]::option::Option<()>), <tokio[7fe2382d4ff20d2e]::runtime::scheduler::current_thread::CoreGuard>::enter<<tokio[7fe2382d4ff20d2e]::runtime::scheduler::current_thread::CoreGuard>::block_on<core[df12db4294e9bfd3]::pin::Pin<&mut core[df12db4294e9bfd3]::pin::Pin<&mut dyn core[df12db4294e9bfd3]::future::future::Future<Output = ()>>>>::{closure#0}, core[df12db4294e9bfd3]::option::Option<()>>::{closure#0}>::{closure#0}, (alloc[2182bb758b4b3781]::boxed::Box<tokio[7fe2382d4ff20d2e]::runtime::scheduler::current_thread::Core>, core[df12db4294e9bfd3]::option::Option<()>)>
[INFO] [stdout]   15:     0x571f99c39e75 - <tokio[7fe2382d4ff20d2e]::runtime::scheduler::current_thread::CoreGuard>::block_on::<core[df12db4294e9bfd3]::pin::Pin<&mut core[df12db4294e9bfd3]::pin::Pin<&mut dyn core[df12db4294e9bfd3]::future::future::Future<Output = ()>>>>
[INFO] [stdout]   16:     0x571f99c3c9e8 - tokio[7fe2382d4ff20d2e]::runtime::context::runtime::enter_runtime::<<tokio[7fe2382d4ff20d2e]::runtime::scheduler::current_thread::CurrentThread>::block_on<core[df12db4294e9bfd3]::pin::Pin<&mut dyn core[df12db4294e9bfd3]::future::future::Future<Output = ()>>>::{closure#0}, ()>
[INFO] [stdout]   17:     0x571f99c3c19b - <tokio[7fe2382d4ff20d2e]::runtime::runtime::Runtime>::block_on::<core[df12db4294e9bfd3]::pin::Pin<&mut dyn core[df12db4294e9bfd3]::future::future::Future<Output = ()>>>
[INFO] [stdout]   18:     0x571f99c0ac1b - <compilation_integration[bbf857c82e078cc5]::test_cache_persistence::{closure#0} as core[df12db4294e9bfd3]::ops::function::FnOnce<()>>::call_once
[INFO] [stdout]   19:     0x571f99c3d0bb - test[9d35eded1c95d3be]::__rust_begin_short_backtrace::<core[df12db4294e9bfd3]::result::Result<(), alloc[2182bb758b4b3781]::string::String>, fn() -> core[df12db4294e9bfd3]::result::Result<(), alloc[2182bb758b4b3781]::string::String>>
[INFO] [stdout]   20:     0x571f99c4a725 - test[9d35eded1c95d3be]::run_test::{closure#0}
[INFO] [stdout]   21:     0x571f99c43fe4 - std[70759c8f55707aa4]::sys::backtrace::__rust_begin_short_backtrace::<test[9d35eded1c95d3be]::run_test::{closure#1}, ()>
[INFO] [stdout]   22:     0x571f99c4d882 - <std[70759c8f55707aa4]::thread::lifecycle::spawn_unchecked<test[9d35eded1c95d3be]::run_test::{closure#1}, ()>::{closure#1} as core[df12db4294e9bfd3]::ops::function::FnOnce<()>>::call_once::{shim:vtable#0}
[INFO] [stdout]   23:     0x571f99f4c449 - <std[70759c8f55707aa4]::sys::thread::unix::Thread>::new::thread_start
[INFO] [stdout]   24:     0x7ad3a5deddfa - <unknown>
[INFO] [stdout]   25:     0x7ad3a5e813d4 - clone
[INFO] [stdout]   26:                0x0 - <unknown>
[INFO] [stdout] 
[INFO] [stdout] ---- test_empty_parse_handling stdout ----
[INFO] [stdout] 
[INFO] [stdout] thread 'test_empty_parse_handling' (3038) panicked at tests/compilation_integration.rs:216:10:
[INFO] [stdout] Failed to create context: CompilationError { msg: "Failed to create subprocess executor: Failed to spawn subprocess: No such file or directory (os error 2)", pos: SourcePos { file: "<repl>", line: 1, column: 1, length: 1 } }
[INFO] [stdout] stack backtrace:
[INFO] [stdout]    0:     0x571f99f4d1a1 - <<std[70759c8f55707aa4]::sys::backtrace::BacktraceLock>::print::DisplayBacktrace as core[df12db4294e9bfd3]::fmt::Display>::fmt
[INFO] [stdout]    1:     0x571f99f6311a - core[df12db4294e9bfd3]::fmt::write
[INFO] [stdout]    2:     0x571f99f51aac - <alloc[2182bb758b4b3781]::vec::Vec<u8> as core[df12db4294e9bfd3]::io::write::Write>::write_fmt
[INFO] [stdout]    3:     0x571f99f26596 - std[70759c8f55707aa4]::panicking::default_hook::{closure#0}
[INFO] [stdout]    4:     0x571f99f43bf9 - std[70759c8f55707aa4]::panicking::default_hook
[INFO] [stdout]    5:     0x571f99c49dd0 - test[9d35eded1c95d3be]::test_main_inner::<test[9d35eded1c95d3be]::test_main_static::{closure#0}>::{closure#0}
[INFO] [stdout]    6:     0x571f99f43f22 - std[70759c8f55707aa4]::panicking::panic_with_hook
[INFO] [stdout]    7:     0x571f99f26642 - std[70759c8f55707aa4]::panicking::panic_handler::{closure#0}
[INFO] [stdout]    8:     0x571f99f1f0b9 - std[70759c8f55707aa4]::sys::backtrace::__rust_end_short_backtrace::<std[70759c8f55707aa4]::panicking::panic_handler::{closure#0}, !>
[INFO] [stdout]    9:     0x571f99f2732d - __rustc[8fa7c3cbc660c2b3]::rust_begin_unwind
[INFO] [stdout]   10:     0x571f99f638fc - core[df12db4294e9bfd3]::panicking::panic_fmt
[INFO] [stdout]   11:     0x571f99f636d2 - core[df12db4294e9bfd3]::result::unwrap_failed
[INFO] [stdout]   12:     0x571f99c04f24 - compilation_integration[bbf857c82e078cc5]::test_empty_parse_handling::{closure#0}
[INFO] [stdout]   13:     0x571f99c39b53 - <tokio[7fe2382d4ff20d2e]::runtime::scheduler::current_thread::Context>::enter::<core[df12db4294e9bfd3]::task::poll::Poll<()>, <tokio[7fe2382d4ff20d2e]::runtime::scheduler::current_thread::CoreGuard>::block_on<core[df12db4294e9bfd3]::pin::Pin<&mut core[df12db4294e9bfd3]::pin::Pin<&mut dyn core[df12db4294e9bfd3]::future::future::Future<Output = ()>>>>::{closure#0}::{closure#0}>
[INFO] [stdout]   14:     0x571f99c0cc19 - <std[70759c8f55707aa4]::thread::local::LocalKey<tokio[7fe2382d4ff20d2e]::runtime::context::Context>>::with::<tokio[7fe2382d4ff20d2e]::runtime::context::set_scheduler<(alloc[2182bb758b4b3781]::boxed::Box<tokio[7fe2382d4ff20d2e]::runtime::scheduler::current_thread::Core>, core[df12db4294e9bfd3]::option::Option<()>), <tokio[7fe2382d4ff20d2e]::runtime::scheduler::current_thread::CoreGuard>::enter<<tokio[7fe2382d4ff20d2e]::runtime::scheduler::current_thread::CoreGuard>::block_on<core[df12db4294e9bfd3]::pin::Pin<&mut core[df12db4294e9bfd3]::pin::Pin<&mut dyn core[df12db4294e9bfd3]::future::future::Future<Output = ()>>>>::{closure#0}, core[df12db4294e9bfd3]::option::Option<()>>::{closure#0}>::{closure#0}, (alloc[2182bb758b4b3781]::boxed::Box<tokio[7fe2382d4ff20d2e]::runtime::scheduler::current_thread::Core>, core[df12db4294e9bfd3]::option::Option<()>)>
[INFO] [stdout]   15:     0x571f99c39e75 - <tokio[7fe2382d4ff20d2e]::runtime::scheduler::current_thread::CoreGuard>::block_on::<core[df12db4294e9bfd3]::pin::Pin<&mut core[df12db4294e9bfd3]::pin::Pin<&mut dyn core[df12db4294e9bfd3]::future::future::Future<Output = ()>>>>
[INFO] [stdout]   16:     0x571f99c3c9e8 - tokio[7fe2382d4ff20d2e]::runtime::context::runtime::enter_runtime::<<tokio[7fe2382d4ff20d2e]::runtime::scheduler::current_thread::CurrentThread>::block_on<core[df12db4294e9bfd3]::pin::Pin<&mut dyn core[df12db4294e9bfd3]::future::future::Future<Output = ()>>>::{closure#0}, ()>
[INFO] [stdout]   17:     0x571f99c3c19b - <tokio[7fe2382d4ff20d2e]::runtime::runtime::Runtime>::block_on::<core[df12db4294e9bfd3]::pin::Pin<&mut dyn core[df12db4294e9bfd3]::future::future::Future<Output = ()>>>
[INFO] [stdout]   18:     0x571f99c0b2ff - <compilation_integration[bbf857c82e078cc5]::test_empty_parse_handling::{closure#0} as core[df12db4294e9bfd3]::ops::function::FnOnce<()>>::call_once
[INFO] [stdout]   19:     0x571f99c3d0bb - test[9d35eded1c95d3be]::__rust_begin_short_backtrace::<core[df12db4294e9bfd3]::result::Result<(), alloc[2182bb758b4b3781]::string::String>, fn() -> core[df12db4294e9bfd3]::result::Result<(), alloc[2182bb758b4b3781]::string::String>>
[INFO] [stdout]   20:     0x571f99c4a725 - test[9d35eded1c95d3be]::run_test::{closure#0}
[INFO] [stdout]   21:     0x571f99c43fe4 - std[70759c8f55707aa4]::sys::backtrace::__rust_begin_short_backtrace::<test[9d35eded1c95d3be]::run_test::{closure#1}, ()>
[INFO] [stdout]   22:     0x571f99c4d882 - <std[70759c8f55707aa4]::thread::lifecycle::spawn_unchecked<test[9d35eded1c95d3be]::run_test::{closure#1}, ()>::{closure#1} as core[df12db4294e9bfd3]::ops::function::FnOnce<()>>::call_once::{shim:vtable#0}
[INFO] [stdout]   23:     0x571f99f4c449 - <std[70759c8f55707aa4]::sys::thread::unix::Thread>::new::thread_start
[INFO] [stdout]   24:     0x7ad3a5deddfa - <unknown>
[INFO] [stdout]   25:     0x7ad3a5e813d4 - clone
[INFO] [stdout]   26:                0x0 - <unknown>
[INFO] [stdout] 
[INFO] [stdout] ---- test_calculator_bypass stdout ----
[INFO] [stdout] 
[INFO] [stdout] thread 'test_calculator_bypass' (3033) panicked at tests/compilation_integration.rs:55:10:
[INFO] [stdout] Failed to create context with compilation: CompilationError { msg: "Failed to create subprocess executor: Failed to spawn subprocess: No such file or directory (os error 2)", pos: SourcePos { file: "<repl>", line: 1, column: 1, length: 1 } }
[INFO] [stdout] stack backtrace:
[INFO] [stdout]    0:     0x571f99f4d1a1 - <<std[70759c8f55707aa4]::sys::backtrace::BacktraceLock>::print::DisplayBacktrace as core[df12db4294e9bfd3]::fmt::Display>::fmt
[INFO] [stdout]    1:     0x571f99f6311a - core[df12db4294e9bfd3]::fmt::write
[INFO] [stdout]    2:     0x571f99f51aac - <alloc[2182bb758b4b3781]::vec::Vec<u8> as core[df12db4294e9bfd3]::io::write::Write>::write_fmt
[INFO] [stdout]    3:     0x571f99f26596 - std[70759c8f55707aa4]::panicking::default_hook::{closure#0}
[INFO] [stdout]    4:     0x571f99f43bf9 - std[70759c8f55707aa4]::panicking::default_hook
[INFO] [stdout]    5:     0x571f99c49dd0 - test[9d35eded1c95d3be]::test_main_inner::<test[9d35eded1c95d3be]::test_main_static::{closure#0}>::{closure#0}
[INFO] [stdout]    6:     0x571f99f43f22 - std[70759c8f55707aa4]::panicking::panic_with_hook
[INFO] [stdout]    7:     0x571f99f26642 - std[70759c8f55707aa4]::panicking::panic_handler::{closure#0}
[INFO] [stdout]    8:     0x571f99f1f0b9 - std[70759c8f55707aa4]::sys::backtrace::__rust_end_short_backtrace::<std[70759c8f55707aa4]::panicking::panic_handler::{closure#0}, !>
[INFO] [stdout]    9:     0x571f99f2732d - __rustc[8fa7c3cbc660c2b3]::rust_begin_unwind
[INFO] [stdout]   10:     0x571f99f638fc - core[df12db4294e9bfd3]::panicking::panic_fmt
[INFO] [stdout]   11:     0x571f99f636d2 - core[df12db4294e9bfd3]::result::unwrap_failed
[INFO] [stdout]   12:     0x571f99c032e4 - compilation_integration[bbf857c82e078cc5]::test_calculator_bypass::{closure#0}
[INFO] [stdout]   13:     0x571f99c39b53 - <tokio[7fe2382d4ff20d2e]::runtime::scheduler::current_thread::Context>::enter::<core[df12db4294e9bfd3]::task::poll::Poll<()>, <tokio[7fe2382d4ff20d2e]::runtime::scheduler::current_thread::CoreGuard>::block_on<core[df12db4294e9bfd3]::pin::Pin<&mut core[df12db4294e9bfd3]::pin::Pin<&mut dyn core[df12db4294e9bfd3]::future::future::Future<Output = ()>>>>::{closure#0}::{closure#0}>
[INFO] [stdout]   14:     0x571f99c0cc19 - <std[70759c8f55707aa4]::thread::local::LocalKey<tokio[7fe2382d4ff20d2e]::runtime::context::Context>>::with::<tokio[7fe2382d4ff20d2e]::runtime::context::set_scheduler<(alloc[2182bb758b4b3781]::boxed::Box<tokio[7fe2382d4ff20d2e]::runtime::scheduler::current_thread::Core>, core[df12db4294e9bfd3]::option::Option<()>), <tokio[7fe2382d4ff20d2e]::runtime::scheduler::current_thread::CoreGuard>::enter<<tokio[7fe2382d4ff20d2e]::runtime::scheduler::current_thread::CoreGuard>::block_on<core[df12db4294e9bfd3]::pin::Pin<&mut core[df12db4294e9bfd3]::pin::Pin<&mut dyn core[df12db4294e9bfd3]::future::future::Future<Output = ()>>>>::{closure#0}, core[df12db4294e9bfd3]::option::Option<()>>::{closure#0}>::{closure#0}, (alloc[2182bb758b4b3781]::boxed::Box<tokio[7fe2382d4ff20d2e]::runtime::scheduler::current_thread::Core>, core[df12db4294e9bfd3]::option::Option<()>)>
[INFO] [stdout]   15:     0x571f99c39e75 - <tokio[7fe2382d4ff20d2e]::runtime::scheduler::current_thread::CoreGuard>::block_on::<core[df12db4294e9bfd3]::pin::Pin<&mut core[df12db4294e9bfd3]::pin::Pin<&mut dyn core[df12db4294e9bfd3]::future::future::Future<Output = ()>>>>
[INFO] [stdout]   16:     0x571f99c3c9e8 - tokio[7fe2382d4ff20d2e]::runtime::context::runtime::enter_runtime::<<tokio[7fe2382d4ff20d2e]::runtime::scheduler::current_thread::CurrentThread>::block_on<core[df12db4294e9bfd3]::pin::Pin<&mut dyn core[df12db4294e9bfd3]::future::future::Future<Output = ()>>>::{closure#0}, ()>
[INFO] [stdout]   17:     0x571f99c3c19b - <tokio[7fe2382d4ff20d2e]::runtime::runtime::Runtime>::block_on::<core[df12db4294e9bfd3]::pin::Pin<&mut dyn core[df12db4294e9bfd3]::future::future::Future<Output = ()>>>
[INFO] [stdout]   18:     0x571f99c0ad5f - <compilation_integration[bbf857c82e078cc5]::test_calculator_bypass::{closure#0} as core[df12db4294e9bfd3]::ops::function::FnOnce<()>>::call_once
[INFO] [stdout]   19:     0x571f99c3d0bb - test[9d35eded1c95d3be]::__rust_begin_short_backtrace::<core[df12db4294e9bfd3]::result::Result<(), alloc[2182bb758b4b3781]::string::String>, fn() -> core[df12db4294e9bfd3]::result::Result<(), alloc[2182bb758b4b3781]::string::String>>
[INFO] [stdout]   20:     0x571f99c4a725 - test[9d35eded1c95d3be]::run_test::{closure#0}
[INFO] [stdout]   21:     0x571f99c43fe4 - std[70759c8f55707aa4]::sys::backtrace::__rust_begin_short_backtrace::<test[9d35eded1c95d3be]::run_test::{closure#1}, ()>
[INFO] [stdout]   22:     0x571f99c4d882 - <std[70759c8f55707aa4]::thread::lifecycle::spawn_unchecked<test[9d35eded1c95d3be]::run_test::{closure#1}, ()>::{closure#1} as core[df12db4294e9bfd3]::ops::function::FnOnce<()>>::call_once::{shim:vtable#0}
[INFO] [stdout]   23:     0x571f99f4c449 - <std[70759c8f55707aa4]::sys::thread::unix::Thread>::new::thread_start
[INFO] [stdout]   24:     0x7ad3a5deddfa - <unknown>
[INFO] [stdout]   25:     0x7ad3a5e813d4 - clone
[INFO] [stdout]   26:                0x0 - <unknown>
[INFO] [stdout] 
[INFO] [stdout] ---- test_different_modes stdout ----
[INFO] [stdout] 
[INFO] [stdout] thread 'test_different_modes' (3037) panicked at tests/compilation_integration.rs:155:10:
[INFO] [stdout] Failed to create Lisp context: CompilationError { msg: "Failed to create subprocess executor: Failed to spawn subprocess: No such file or directory (os error 2)", pos: SourcePos { file: "<repl>", line: 1, column: 1, length: 1 } }
[INFO] [stdout] stack backtrace:
[INFO] [stdout]    0:     0x571f99f4d1a1 - <<std[70759c8f55707aa4]::sys::backtrace::BacktraceLock>::print::DisplayBacktrace as core[df12db4294e9bfd3]::fmt::Display>::fmt
[INFO] [stdout]    1:     0x571f99f6311a - core[df12db4294e9bfd3]::fmt::write
[INFO] [stdout]    2:     0x571f99f51aac - <alloc[2182bb758b4b3781]::vec::Vec<u8> as core[df12db4294e9bfd3]::io::write::Write>::write_fmt
[INFO] [stdout]    3:     0x571f99f26596 - std[70759c8f55707aa4]::panicking::default_hook::{closure#0}
[INFO] [stdout]    4:     0x571f99f43bf9 - std[70759c8f55707aa4]::panicking::default_hook
[INFO] [stdout]    5:     0x571f99c49dd0 - test[9d35eded1c95d3be]::test_main_inner::<test[9d35eded1c95d3be]::test_main_static::{closure#0}>::{closure#0}
[INFO] [stdout]    6:     0x571f99f43f22 - std[70759c8f55707aa4]::panicking::panic_with_hook
[INFO] [stdout]    7:     0x571f99f26642 - std[70759c8f55707aa4]::panicking::panic_handler::{closure#0}
[INFO] [stdout]    8:     0x571f99f1f0b9 - std[70759c8f55707aa4]::sys::backtrace::__rust_end_short_backtrace::<std[70759c8f55707aa4]::panicking::panic_handler::{closure#0}, !>
[INFO] [stdout]    9:     0x571f99f2732d - __rustc[8fa7c3cbc660c2b3]::rust_begin_unwind
[INFO] [stdout]   10:     0x571f99f638fc - core[df12db4294e9bfd3]::panicking::panic_fmt
[INFO] [stdout]   11:     0x571f99f636d2 - core[df12db4294e9bfd3]::result::unwrap_failed
[INFO] [stdout]   12:     0x571f99c02131 - compilation_integration[bbf857c82e078cc5]::test_different_modes::{closure#0}
[INFO] [stdout]   13:     0x571f99c39b53 - <tokio[7fe2382d4ff20d2e]::runtime::scheduler::current_thread::Context>::enter::<core[df12db4294e9bfd3]::task::poll::Poll<()>, <tokio[7fe2382d4ff20d2e]::runtime::scheduler::current_thread::CoreGuard>::block_on<core[df12db4294e9bfd3]::pin::Pin<&mut core[df12db4294e9bfd3]::pin::Pin<&mut dyn core[df12db4294e9bfd3]::future::future::Future<Output = ()>>>>::{closure#0}::{closure#0}>
[INFO] [stdout]   14:     0x571f99c0cc19 - <std[70759c8f55707aa4]::thread::local::LocalKey<tokio[7fe2382d4ff20d2e]::runtime::context::Context>>::with::<tokio[7fe2382d4ff20d2e]::runtime::context::set_scheduler<(alloc[2182bb758b4b3781]::boxed::Box<tokio[7fe2382d4ff20d2e]::runtime::scheduler::current_thread::Core>, core[df12db4294e9bfd3]::option::Option<()>), <tokio[7fe2382d4ff20d2e]::runtime::scheduler::current_thread::CoreGuard>::enter<<tokio[7fe2382d4ff20d2e]::runtime::scheduler::current_thread::CoreGuard>::block_on<core[df12db4294e9bfd3]::pin::Pin<&mut core[df12db4294e9bfd3]::pin::Pin<&mut dyn core[df12db4294e9bfd3]::future::future::Future<Output = ()>>>>::{closure#0}, core[df12db4294e9bfd3]::option::Option<()>>::{closure#0}>::{closure#0}, (alloc[2182bb758b4b3781]::boxed::Box<tokio[7fe2382d4ff20d2e]::runtime::scheduler::current_thread::Core>, core[df12db4294e9bfd3]::option::Option<()>)>
[INFO] [stdout]   15:     0x571f99c39e75 - <tokio[7fe2382d4ff20d2e]::runtime::scheduler::current_thread::CoreGuard>::block_on::<core[df12db4294e9bfd3]::pin::Pin<&mut core[df12db4294e9bfd3]::pin::Pin<&mut dyn core[df12db4294e9bfd3]::future::future::Future<Output = ()>>>>
[INFO] [stdout]   16:     0x571f99c3c9e8 - tokio[7fe2382d4ff20d2e]::runtime::context::runtime::enter_runtime::<<tokio[7fe2382d4ff20d2e]::runtime::scheduler::current_thread::CurrentThread>::block_on<core[df12db4294e9bfd3]::pin::Pin<&mut dyn core[df12db4294e9bfd3]::future::future::Future<Output = ()>>>::{closure#0}, ()>
[INFO] [stdout]   17:     0x571f99c3c19b - <tokio[7fe2382d4ff20d2e]::runtime::runtime::Runtime>::block_on::<core[df12db4294e9bfd3]::pin::Pin<&mut dyn core[df12db4294e9bfd3]::future::future::Future<Output = ()>>>
[INFO] [stdout]   18:     0x571f99c0a8fb - <compilation_integration[bbf857c82e078cc5]::test_different_modes::{closure#0} as core[df12db4294e9bfd3]::ops::function::FnOnce<()>>::call_once
[INFO] [stdout]   19:     0x571f99c3d0bb - test[9d35eded1c95d3be]::__rust_begin_short_backtrace::<core[df12db4294e9bfd3]::result::Result<(), alloc[2182bb758b4b3781]::string::String>, fn() -> core[df12db4294e9bfd3]::result::Result<(), alloc[2182bb758b4b3781]::string::String>>
[INFO] [stdout]   20:     0x571f99c4a725 - test[9d35eded1c95d3be]::run_test::{closure#0}
[INFO] [stdout]   21:     0x571f99c43fe4 - std[70759c8f55707aa4]::sys::backtrace::__rust_begin_short_backtrace::<test[9d35eded1c95d3be]::run_test::{closure#1}, ()>
[INFO] [stdout]   22:     0x571f99c4d882 - <std[70759c8f55707aa4]::thread::lifecycle::spawn_unchecked<test[9d35eded1c95d3be]::run_test::{closure#1}, ()>::{closure#1} as core[df12db4294e9bfd3]::ops::function::FnOnce<()>>::call_once::{shim:vtable#0}
[INFO] [stdout]   23:     0x571f99f4c449 - <std[70759c8f55707aa4]::sys::thread::unix::Thread>::new::thread_start
[INFO] [stdout]   24:     0x7ad3a5deddfa - <unknown>
[INFO] [stdout]   25:     0x7ad3a5e813d4 - clone
[INFO] [stdout]   26:                0x0 - <unknown>
[INFO] [stdout] 
[INFO] [stdout] ---- test_clone_to_with_pipeline stdout ----
[INFO] [stdout] 
[INFO] [stdout] thread 'test_clone_to_with_pipeline' (3034) panicked at tests/compilation_integration.rs:196:10:
[INFO] [stdout] Failed to create source context: CompilationError { msg: "Failed to create subprocess executor: Failed to spawn subprocess: No such file or directory (os error 2)", pos: SourcePos { file: "<repl>", line: 1, column: 1, length: 1 } }
[INFO] [stdout] stack backtrace:
[INFO] [stdout]    0:     0x571f99f4d1a1 - <<std[70759c8f55707aa4]::sys::backtrace::BacktraceLock>::print::DisplayBacktrace as core[df12db4294e9bfd3]::fmt::Display>::fmt
[INFO] [stdout]    1:     0x571f99f6311a - core[df12db4294e9bfd3]::fmt::write
[INFO] [stdout]    2:     0x571f99f51aac - <alloc[2182bb758b4b3781]::vec::Vec<u8> as core[df12db4294e9bfd3]::io::write::Write>::write_fmt
[INFO] [stdout]    3:     0x571f99f26596 - std[70759c8f55707aa4]::panicking::default_hook::{closure#0}
[INFO] [stdout]    4:     0x571f99f43bf9 - std[70759c8f55707aa4]::panicking::default_hook
[INFO] [stdout]    5:     0x571f99c49dd0 - test[9d35eded1c95d3be]::test_main_inner::<test[9d35eded1c95d3be]::test_main_static::{closure#0}>::{closure#0}
[INFO] [stdout]    6:     0x571f99f43f22 - std[70759c8f55707aa4]::panicking::panic_with_hook
[INFO] [stdout]    7:     0x571f99f26642 - std[70759c8f55707aa4]::panicking::panic_handler::{closure#0}
[INFO] [stdout]    8:     0x571f99f1f0b9 - std[70759c8f55707aa4]::sys::backtrace::__rust_end_short_backtrace::<std[70759c8f55707aa4]::panicking::panic_handler::{closure#0}, !>
[INFO] [stdout]    9:     0x571f99f2732d - __rustc[8fa7c3cbc660c2b3]::rust_begin_unwind
[INFO] [stdout]   10:     0x571f99f638fc - core[df12db4294e9bfd3]::panicking::panic_fmt
[INFO] [stdout]   11:     0x571f99f636d2 - core[df12db4294e9bfd3]::result::unwrap_failed
[INFO] [stdout]   12:     0x571f99c05d00 - compilation_integration[bbf857c82e078cc5]::test_clone_to_with_pipeline::{closure#0}
[INFO] [stdout]   13:     0x571f99c39b53 - <tokio[7fe2382d4ff20d2e]::runtime::scheduler::current_thread::Context>::enter::<core[df12db4294e9bfd3]::task::poll::Poll<()>, <tokio[7fe2382d4ff20d2e]::runtime::scheduler::current_thread::CoreGuard>::block_on<core[df12db4294e9bfd3]::pin::Pin<&mut core[df12db4294e9bfd3]::pin::Pin<&mut dyn core[df12db4294e9bfd3]::future::future::Future<Output = ()>>>>::{closure#0}::{closure#0}>
[INFO] [stdout]   14:     0x571f99c0cc19 - <std[70759c8f55707aa4]::thread::local::LocalKey<tokio[7fe2382d4ff20d2e]::runtime::context::Context>>::with::<tokio[7fe2382d4ff20d2e]::runtime::context::set_scheduler<(alloc[2182bb758b4b3781]::boxed::Box<tokio[7fe2382d4ff20d2e]::runtime::scheduler::current_thread::Core>, core[df12db4294e9bfd3]::option::Option<()>), <tokio[7fe2382d4ff20d2e]::runtime::scheduler::current_thread::CoreGuard>::enter<<tokio[7fe2382d4ff20d2e]::runtime::scheduler::current_thread::CoreGuard>::block_on<core[df12db4294e9bfd3]::pin::Pin<&mut core[df12db4294e9bfd3]::pin::Pin<&mut dyn core[df12db4294e9bfd3]::future::future::Future<Output = ()>>>>::{closure#0}, core[df12db4294e9bfd3]::option::Option<()>>::{closure#0}>::{closure#0}, (alloc[2182bb758b4b3781]::boxed::Box<tokio[7fe2382d4ff20d2e]::runtime::scheduler::current_thread::Core>, core[df12db4294e9bfd3]::option::Option<()>)>
[INFO] [stdout]   15:     0x571f99c39e75 - <tokio[7fe2382d4ff20d2e]::runtime::scheduler::current_thread::CoreGuard>::block_on::<core[df12db4294e9bfd3]::pin::Pin<&mut core[df12db4294e9bfd3]::pin::Pin<&mut dyn core[df12db4294e9bfd3]::future::future::Future<Output = ()>>>>
[INFO] [stdout]   16:     0x571f99c3c9e8 - tokio[7fe2382d4ff20d2e]::runtime::context::runtime::enter_runtime::<<tokio[7fe2382d4ff20d2e]::runtime::scheduler::current_thread::CurrentThread>::block_on<core[df12db4294e9bfd3]::pin::Pin<&mut dyn core[df12db4294e9bfd3]::future::future::Future<Output = ()>>>::{closure#0}, ()>
[INFO] [stdout]   17:     0x571f99c3c19b - <tokio[7fe2382d4ff20d2e]::runtime::runtime::Runtime>::block_on::<core[df12db4294e9bfd3]::pin::Pin<&mut dyn core[df12db4294e9bfd3]::future::future::Future<Output = ()>>>
[INFO] [stdout]   18:     0x571f99c0b61b - <compilation_integration[bbf857c82e078cc5]::test_clone_to_with_pipeline::{closure#0} as core[df12db4294e9bfd3]::ops::function::FnOnce<()>>::call_once
[INFO] [stdout]   19:     0x571f99c3d0bb - test[9d35eded1c95d3be]::__rust_begin_short_backtrace::<core[df12db4294e9bfd3]::result::Result<(), alloc[2182bb758b4b3781]::string::String>, fn() -> core[df12db4294e9bfd3]::result::Result<(), alloc[2182bb758b4b3781]::string::String>>
[INFO] [stdout]   20:     0x571f99c4a725 - test[9d35eded1c95d3be]::run_test::{closure#0}
[INFO] [stdout]   21:     0x571f99c43fe4 - std[70759c8f55707aa4]::sys::backtrace::__rust_begin_short_backtrace::<test[9d35eded1c95d3be]::run_test::{closure#1}, ()>
[INFO] [stdout]   22:     0x571f99c4d882 - <std[70759c8f55707aa4]::thread::lifecycle::spawn_unchecked<test[9d35eded1c95d3be]::run_test::{closure#1}, ()>::{closure#1} as core[df12db4294e9bfd3]::ops::function::FnOnce<()>>::call_once::{shim:vtable#0}
[INFO] [stdout]   23:     0x571f99f4c449 - <std[70759c8f55707aa4]::sys::thread::unix::Thread>::new::thread_start
[INFO] [stdout]   24:     0x7ad3a5deddfa - <unknown>
[INFO] [stdout]   25:     0x7ad3a5e813d4 - clone
[INFO] [stdout]   26:                0x0 - <unknown>
[INFO] [stdout] 
[INFO] [stdout] ---- test_basic_compilation stdout ----
[INFO] [stdout] 
[INFO] [stdout] thread 'test_basic_compilation' (3031) panicked at tests/compilation_integration.rs:20:10:
[INFO] [stdout] Failed to create context with compilation: CompilationError { msg: "Failed to create subprocess executor: Failed to spawn subprocess: No such file or directory (os error 2)", pos: SourcePos { file: "<repl>", line: 1, column: 1, length: 1 } }
[INFO] [stdout] stack backtrace:
[INFO] [stdout]    0:     0x571f99f4d1a1 - <<std[70759c8f55707aa4]::sys::backtrace::BacktraceLock>::print::DisplayBacktrace as core[df12db4294e9bfd3]::fmt::Display>::fmt
[INFO] [stdout]    1:     0x571f99f6311a - core[df12db4294e9bfd3]::fmt::write
[INFO] [stdout]    2:     0x571f99f51aac - <alloc[2182bb758b4b3781]::vec::Vec<u8> as core[df12db4294e9bfd3]::io::write::Write>::write_fmt
[INFO] [stdout]    3:     0x571f99f26596 - std[70759c8f55707aa4]::panicking::default_hook::{closure#0}
[INFO] [stdout]    4:     0x571f99f43bf9 - std[70759c8f55707aa4]::panicking::default_hook
[INFO] [stdout]    5:     0x571f99c49dd0 - test[9d35eded1c95d3be]::test_main_inner::<test[9d35eded1c95d3be]::test_main_static::{closure#0}>::{closure#0}
[INFO] [stdout]    6:     0x571f99f43f22 - std[70759c8f55707aa4]::panicking::panic_with_hook
[INFO] [stdout]    7:     0x571f99f26642 - std[70759c8f55707aa4]::panicking::panic_handler::{closure#0}
[INFO] [stdout]    8:     0x571f99f1f0b9 - std[70759c8f55707aa4]::sys::backtrace::__rust_end_short_backtrace::<std[70759c8f55707aa4]::panicking::panic_handler::{closure#0}, !>
[INFO] [stdout]    9:     0x571f99f2732d - __rustc[8fa7c3cbc660c2b3]::rust_begin_unwind
[INFO] [stdout]   10:     0x571f99f638fc - core[df12db4294e9bfd3]::panicking::panic_fmt
[INFO] [stdout]   11:     0x571f99f636d2 - core[df12db4294e9bfd3]::result::unwrap_failed
[INFO] [stdout]   12:     0x571f99c0275a - compilation_integration[bbf857c82e078cc5]::test_basic_compilation::{closure#0}
[INFO] [stdout]   13:     0x571f99c39b53 - <tokio[7fe2382d4ff20d2e]::runtime::scheduler::current_thread::Context>::enter::<core[df12db4294e9bfd3]::task::poll::Poll<()>, <tokio[7fe2382d4ff20d2e]::runtime::scheduler::current_thread::CoreGuard>::block_on<core[df12db4294e9bfd3]::pin::Pin<&mut core[df12db4294e9bfd3]::pin::Pin<&mut dyn core[df12db4294e9bfd3]::future::future::Future<Output = ()>>>>::{closure#0}::{closure#0}>
[INFO] [stdout]   14:     0x571f99c0cc19 - <std[70759c8f55707aa4]::thread::local::LocalKey<tokio[7fe2382d4ff20d2e]::runtime::context::Context>>::with::<tokio[7fe2382d4ff20d2e]::runtime::context::set_scheduler<(alloc[2182bb758b4b3781]::boxed::Box<tokio[7fe2382d4ff20d2e]::runtime::scheduler::current_thread::Core>, core[df12db4294e9bfd3]::option::Option<()>), <tokio[7fe2382d4ff20d2e]::runtime::scheduler::current_thread::CoreGuard>::enter<<tokio[7fe2382d4ff20d2e]::runtime::scheduler::current_thread::CoreGuard>::block_on<core[df12db4294e9bfd3]::pin::Pin<&mut core[df12db4294e9bfd3]::pin::Pin<&mut dyn core[df12db4294e9bfd3]::future::future::Future<Output = ()>>>>::{closure#0}, core[df12db4294e9bfd3]::option::Option<()>>::{closure#0}>::{closure#0}, (alloc[2182bb758b4b3781]::boxed::Box<tokio[7fe2382d4ff20d2e]::runtime::scheduler::current_thread::Core>, core[df12db4294e9bfd3]::option::Option<()>)>
[INFO] [stdout]   15:     0x571f99c39e75 - <tokio[7fe2382d4ff20d2e]::runtime::scheduler::current_thread::CoreGuard>::block_on::<core[df12db4294e9bfd3]::pin::Pin<&mut core[df12db4294e9bfd3]::pin::Pin<&mut dyn core[df12db4294e9bfd3]::future::future::Future<Output = ()>>>>
[INFO] [stdout]   16:     0x571f99c3c9e8 - tokio[7fe2382d4ff20d2e]::runtime::context::runtime::enter_runtime::<<tokio[7fe2382d4ff20d2e]::runtime::scheduler::current_thread::CurrentThread>::block_on<core[df12db4294e9bfd3]::pin::Pin<&mut dyn core[df12db4294e9bfd3]::future::future::Future<Output = ()>>>::{closure#0}, ()>
[INFO] [stdout]   17:     0x571f99c3c19b - <tokio[7fe2382d4ff20d2e]::runtime::runtime::Runtime>::block_on::<core[df12db4294e9bfd3]::pin::Pin<&mut dyn core[df12db4294e9bfd3]::future::future::Future<Output = ()>>>
[INFO] [stdout]   18:     0x571f99c0aa3f - <compilation_integration[bbf857c82e078cc5]::test_basic_compilation::{closure#0} as core[df12db4294e9bfd3]::ops::function::FnOnce<()>>::call_once
[INFO] [stdout]   19:     0x571f99c3d0bb - test[9d35eded1c95d3be]::__rust_begin_short_backtrace::<core[df12db4294e9bfd3]::result::Result<(), alloc[2182bb758b4b3781]::string::String>, fn() -> core[df12db4294e9bfd3]::result::Result<(), alloc[2182bb758b4b3781]::string::String>>
[INFO] [stdout]   20:     0x571f99c4a725 - test[9d35eded1c95d3be]::run_test::{closure#0}
[INFO] [stdout]   21:     0x571f99c43fe4 - std[70759c8f55707aa4]::sys::backtrace::__rust_begin_short_backtrace::<test[9d35eded1c95d3be]::run_test::{closure#1}, ()>
[INFO] [stdout]   22:     0x571f99c4d882 - <std[70759c8f55707aa4]::thread::lifecycle::spawn_unchecked<test[9d35eded1c95d3be]::run_test::{closure#1}, ()>::{closure#1} as core[df12db4294e9bfd3]::ops::function::FnOnce<()>>::call_once::{shim:vtable#0}
[INFO] [stdout]   23:     0x571f99f4c449 - <std[70759c8f55707aa4]::sys::thread::unix::Thread>::new::thread_start
[INFO] [stdout]   24:     0x7ad3a5deddfa - <unknown>
[INFO] [stdout]   25:     0x7ad3a5e813d4 - clone
[INFO] [stdout]   26:                0x0 - <unknown>
[INFO] [stdout] 
[INFO] [stdout] ---- test_optimization_levels stdout ----
[INFO] [stdout] 
[INFO] [stdout] thread 'test_optimization_levels' (3042) panicked at tests/compilation_integration.rs:71:10:
[INFO] [stdout] Failed to create context with compilation: CompilationError { msg: "Failed to create subprocess executor: Failed to spawn subprocess: No such file or directory (os error 2)", pos: SourcePos { file: "<repl>", line: 1, column: 1, length: 1 } }
[INFO] [stdout] stack backtrace:
[INFO] [stdout]    0:     0x571f99f4d1a1 - <<std[70759c8f55707aa4]::sys::backtrace::BacktraceLock>::print::DisplayBacktrace as core[df12db4294e9bfd3]::fmt::Display>::fmt
[INFO] [stdout]    1:     0x571f99f6311a - core[df12db4294e9bfd3]::fmt::write
[INFO] [stdout]    2:     0x571f99f51aac - <alloc[2182bb758b4b3781]::vec::Vec<u8> as core[df12db4294e9bfd3]::io::write::Write>::write_fmt
[INFO] [stdout]    3:     0x571f99f26596 - std[70759c8f55707aa4]::panicking::default_hook::{closure#0}
[INFO] [stdout]    4:     0x571f99f43bf9 - std[70759c8f55707aa4]::panicking::default_hook
[INFO] [stdout]    5:     0x571f99c49dd0 - test[9d35eded1c95d3be]::test_main_inner::<test[9d35eded1c95d3be]::test_main_static::{closure#0}>::{closure#0}
[INFO] [stdout]    6:     0x571f99f43f22 - std[70759c8f55707aa4]::panicking::panic_with_hook
[INFO] [stdout]    7:     0x571f99f26642 - std[70759c8f55707aa4]::panicking::panic_handler::{closure#0}
[INFO] [stdout]    8:     0x571f99f1f0b9 - std[70759c8f55707aa4]::sys::backtrace::__rust_end_short_backtrace::<std[70759c8f55707aa4]::panicking::panic_handler::{closure#0}, !>
[INFO] [stdout]    9:     0x571f99f2732d - __rustc[8fa7c3cbc660c2b3]::rust_begin_unwind
[INFO] [stdout]   10:     0x571f99f638fc - core[df12db4294e9bfd3]::panicking::panic_fmt
[INFO] [stdout]   11:     0x571f99f636d2 - core[df12db4294e9bfd3]::result::unwrap_failed
[INFO] [stdout]   12:     0x571f99c04a80 - compilation_integration[bbf857c82e078cc5]::test_optimization_levels::{closure#0}
[INFO] [stdout]   13:     0x571f99c39b53 - <tokio[7fe2382d4ff20d2e]::runtime::scheduler::current_thread::Context>::enter::<core[df12db4294e9bfd3]::task::poll::Poll<()>, <tokio[7fe2382d4ff20d2e]::runtime::scheduler::current_thread::CoreGuard>::block_on<core[df12db4294e9bfd3]::pin::Pin<&mut core[df12db4294e9bfd3]::pin::Pin<&mut dyn core[df12db4294e9bfd3]::future::future::Future<Output = ()>>>>::{closure#0}::{closure#0}>
[INFO] [stdout]   14:     0x571f99c0cc19 - <std[70759c8f55707aa4]::thread::local::LocalKey<tokio[7fe2382d4ff20d2e]::runtime::context::Context>>::with::<tokio[7fe2382d4ff20d2e]::runtime::context::set_scheduler<(alloc[2182bb758b4b3781]::boxed::Box<tokio[7fe2382d4ff20d2e]::runtime::scheduler::current_thread::Core>, core[df12db4294e9bfd3]::option::Option<()>), <tokio[7fe2382d4ff20d2e]::runtime::scheduler::current_thread::CoreGuard>::enter<<tokio[7fe2382d4ff20d2e]::runtime::scheduler::current_thread::CoreGuard>::block_on<core[df12db4294e9bfd3]::pin::Pin<&mut core[df12db4294e9bfd3]::pin::Pin<&mut dyn core[df12db4294e9bfd3]::future::future::Future<Output = ()>>>>::{closure#0}, core[df12db4294e9bfd3]::option::Option<()>>::{closure#0}>::{closure#0}, (alloc[2182bb758b4b3781]::boxed::Box<tokio[7fe2382d4ff20d2e]::runtime::scheduler::current_thread::Core>, core[df12db4294e9bfd3]::option::Option<()>)>
[INFO] [stdout]   15:     0x571f99c39e75 - <tokio[7fe2382d4ff20d2e]::runtime::scheduler::current_thread::CoreGuard>::block_on::<core[df12db4294e9bfd3]::pin::Pin<&mut core[df12db4294e9bfd3]::pin::Pin<&mut dyn core[df12db4294e9bfd3]::future::future::Future<Output = ()>>>>
[INFO] [stdout]   16:     0x571f99c3c9e8 - tokio[7fe2382d4ff20d2e]::runtime::context::runtime::enter_runtime::<<tokio[7fe2382d4ff20d2e]::runtime::scheduler::current_thread::CurrentThread>::block_on<core[df12db4294e9bfd3]::pin::Pin<&mut dyn core[df12db4294e9bfd3]::future::future::Future<Output = ()>>>::{closure#0}, ()>
[INFO] [stdout]   17:     0x571f99c3c19b - <tokio[7fe2382d4ff20d2e]::runtime::runtime::Runtime>::block_on::<core[df12db4294e9bfd3]::pin::Pin<&mut dyn core[df12db4294e9bfd3]::future::future::Future<Output = ()>>>
[INFO] [stdout]   18:     0x571f99c0b1bb - <compilation_integration[bbf857c82e078cc5]::test_optimization_levels::{closure#0} as core[df12db4294e9bfd3]::ops::function::FnOnce<()>>::call_once
[INFO] [stdout]   19:     0x571f99c3d0bb - test[9d35eded1c95d3be]::__rust_begin_short_backtrace::<core[df12db4294e9bfd3]::result::Result<(), alloc[2182bb758b4b3781]::string::String>, fn() -> core[df12db4294e9bfd3]::result::Result<(), alloc[2182bb758b4b3781]::string::String>>
[INFO] [stdout]   20:     0x571f99c4a725 - test[9d35eded1c95d3be]::run_test::{closure#0}
[INFO] [stdout]   21:     0x571f99c43fe4 - std[70759c8f55707aa4]::sys::backtrace::__rust_begin_short_backtrace::<test[9d35eded1c95d3be]::run_test::{closure#1}, ()>
[INFO] [stdout]   22:     0x571f99c4d882 - <std[70759c8f55707aa4]::thread::lifecycle::spawn_unchecked<test[9d35eded1c95d3be]::run_test::{closure#1}, ()>::{closure#1} as core[df12db4294e9bfd3]::ops::function::FnOnce<()>>::call_once::{shim:vtable#0}
[INFO] [stdout]   23:     0x571f99f4c449 - <std[70759c8f55707aa4]::sys::thread::unix::Thread>::new::thread_start
[INFO] [stdout]   24:     0x7ad3a5deddfa - <unknown>
[INFO] [stdout]   25:     0x7ad3a5e813d4 - clone
[INFO] [stdout]   26:                0x0 - <unknown>
[INFO] [stdout] 
[INFO] [stdout] ---- test_multiple_compilations stdout ----
[INFO] [stdout] 
[INFO] [stdout] thread 'test_multiple_compilations' (3041) panicked at tests/compilation_integration.rs:83:10:
[INFO] [stdout] Failed to create context with compilation: CompilationError { msg: "Failed to create subprocess executor: Failed to spawn subprocess: No such file or directory (os error 2)", pos: SourcePos { file: "<repl>", line: 1, column: 1, length: 1 } }
[INFO] [stdout] stack backtrace:
[INFO] [stdout]    0:     0x571f99f4d1a1 - <<std[70759c8f55707aa4]::sys::backtrace::BacktraceLock>::print::DisplayBacktrace as core[df12db4294e9bfd3]::fmt::Display>::fmt
[INFO] [stdout]    1:     0x571f99f6311a - core[df12db4294e9bfd3]::fmt::write
[INFO] [stdout]    2:     0x571f99f51aac - <alloc[2182bb758b4b3781]::vec::Vec<u8> as core[df12db4294e9bfd3]::io::write::Write>::write_fmt
[INFO] [stdout]    3:     0x571f99f26596 - std[70759c8f55707aa4]::panicking::default_hook::{closure#0}
[INFO] [stdout]    4:     0x571f99f43bf9 - std[70759c8f55707aa4]::panicking::default_hook
[INFO] [stdout]    5:     0x571f99c49dd0 - test[9d35eded1c95d3be]::test_main_inner::<test[9d35eded1c95d3be]::test_main_static::{closure#0}>::{closure#0}
[INFO] [stdout]    6:     0x571f99f43f22 - std[70759c8f55707aa4]::panicking::panic_with_hook
[INFO] [stdout]    7:     0x571f99f26642 - std[70759c8f55707aa4]::panicking::panic_handler::{closure#0}
[INFO] [stdout]    8:     0x571f99f1f0b9 - std[70759c8f55707aa4]::sys::backtrace::__rust_end_short_backtrace::<std[70759c8f55707aa4]::panicking::panic_handler::{closure#0}, !>
[INFO] [stdout]    9:     0x571f99f2732d - __rustc[8fa7c3cbc660c2b3]::rust_begin_unwind
[INFO] [stdout]   10:     0x571f99f638fc - core[df12db4294e9bfd3]::panicking::panic_fmt
[INFO] [stdout]   11:     0x571f99f636d2 - core[df12db4294e9bfd3]::result::unwrap_failed
[INFO] [stdout]   12:     0x571f99c05349 - compilation_integration[bbf857c82e078cc5]::test_multiple_compilations::{closure#0}
[INFO] [stdout]   13:     0x571f99c39b53 - <tokio[7fe2382d4ff20d2e]::runtime::scheduler::current_thread::Context>::enter::<core[df12db4294e9bfd3]::task::poll::Poll<()>, <tokio[7fe2382d4ff20d2e]::runtime::scheduler::current_thread::CoreGuard>::block_on<core[df12db4294e9bfd3]::pin::Pin<&mut core[df12db4294e9bfd3]::pin::Pin<&mut dyn core[df12db4294e9bfd3]::future::future::Future<Output = ()>>>>::{closure#0}::{closure#0}>
[INFO] [stdout]   14:     0x571f99c0cc19 - <std[70759c8f55707aa4]::thread::local::LocalKey<tokio[7fe2382d4ff20d2e]::runtime::context::Context>>::with::<tokio[7fe2382d4ff20d2e]::runtime::context::set_scheduler<(alloc[2182bb758b4b3781]::boxed::Box<tokio[7fe2382d4ff20d2e]::runtime::scheduler::current_thread::Core>, core[df12db4294e9bfd3]::option::Option<()>), <tokio[7fe2382d4ff20d2e]::runtime::scheduler::current_thread::CoreGuard>::enter<<tokio[7fe2382d4ff20d2e]::runtime::scheduler::current_thread::CoreGuard>::block_on<core[df12db4294e9bfd3]::pin::Pin<&mut core[df12db4294e9bfd3]::pin::Pin<&mut dyn core[df12db4294e9bfd3]::future::future::Future<Output = ()>>>>::{closure#0}, core[df12db4294e9bfd3]::option::Option<()>>::{closure#0}>::{closure#0}, (alloc[2182bb758b4b3781]::boxed::Box<tokio[7fe2382d4ff20d2e]::runtime::scheduler::current_thread::Core>, core[df12db4294e9bfd3]::option::Option<()>)>
[INFO] [stdout]   15:     0x571f99c39e75 - <tokio[7fe2382d4ff20d2e]::runtime::scheduler::current_thread::CoreGuard>::block_on::<core[df12db4294e9bfd3]::pin::Pin<&mut core[df12db4294e9bfd3]::pin::Pin<&mut dyn core[df12db4294e9bfd3]::future::future::Future<Output = ()>>>>
[INFO] [stdout]   16:     0x571f99c3c9e8 - tokio[7fe2382d4ff20d2e]::runtime::context::runtime::enter_runtime::<<tokio[7fe2382d4ff20d2e]::runtime::scheduler::current_thread::CurrentThread>::block_on<core[df12db4294e9bfd3]::pin::Pin<&mut dyn core[df12db4294e9bfd3]::future::future::Future<Output = ()>>>::{closure#0}, ()>
[INFO] [stdout]   17:     0x571f99c3c19b - <tokio[7fe2382d4ff20d2e]::runtime::runtime::Runtime>::block_on::<core[df12db4294e9bfd3]::pin::Pin<&mut dyn core[df12db4294e9bfd3]::future::future::Future<Output = ()>>>
[INFO] [stdout]   18:     0x571f99c0b4db - <compilation_integration[bbf857c82e078cc5]::test_multiple_compilations::{closure#0} as core[df12db4294e9bfd3]::ops::function::FnOnce<()>>::call_once
[INFO] [stdout]   19:     0x571f99c3d0bb - test[9d35eded1c95d3be]::__rust_begin_short_backtrace::<core[df12db4294e9bfd3]::result::Result<(), alloc[2182bb758b4b3781]::string::String>, fn() -> core[df12db4294e9bfd3]::result::Result<(), alloc[2182bb758b4b3781]::string::String>>
[INFO] [stdout]   20:     0x571f99c4a725 - test[9d35eded1c95d3be]::run_test::{closure#0}
[INFO] [stdout]   21:     0x571f99c43fe4 - std[70759c8f55707aa4]::sys::backtrace::__rust_begin_short_backtrace::<test[9d35eded1c95d3be]::run_test::{closure#1}, ()>
[INFO] [stdout]   22:     0x571f99c4d882 - <std[70759c8f55707aa4]::thread::lifecycle::spawn_unchecked<test[9d35eded1c95d3be]::run_test::{closure#1}, ()>::{closure#1} as core[df12db4294e9bfd3]::ops::function::FnOnce<()>>::call_once::{shim:vtable#0}
[INFO] [stdout]   23:     0x571f99f4c449 - <std[70759c8f55707aa4]::sys::thread::unix::Thread>::new::thread_start
[INFO] [stdout]   24:     0x7ad3a5deddfa - <unknown>
[INFO] [stdout]   25:     0x7ad3a5e813d4 - clone
[INFO] [stdout]   26:                0x0 - <unknown>
[INFO] [stdout] 
[INFO] [stdout] ---- test_wrapper_identifier_generation stdout ----
[INFO] [stdout] 
[INFO] [stdout] thread 'test_wrapper_identifier_generation' (3044) panicked at tests/compilation_integration.rs:127:10:
[INFO] [stdout] Failed to create context: CompilationError { msg: "Failed to create subprocess executor: Failed to spawn subprocess: No such file or directory (os error 2)", pos: SourcePos { file: "<repl>", line: 1, column: 1, length: 1 } }
[INFO] [stdout] stack backtrace:
[INFO] [stdout]    0:     0x571f99f4d1a1 - <<std[70759c8f55707aa4]::sys::backtrace::BacktraceLock>::print::DisplayBacktrace as core[df12db4294e9bfd3]::fmt::Display>::fmt
[INFO] [stdout]    1:     0x571f99f6311a - core[df12db4294e9bfd3]::fmt::write
[INFO] [stderr] error: test failed, to rerun pass `--test compilation_integration`
[INFO] [stdout]    2:     0x571f99f51aac - <alloc[2182bb758b4b3781]::vec::Vec<u8> as core[df12db4294e9bfd3]::io::write::Write>::write_fmt
[INFO] [stdout]    3:     0x571f99f26596 - std[70759c8f55707aa4]::panicking::default_hook::{closure#0}
[INFO] [stdout]    4:     0x571f99f43bf9 - std[70759c8f55707aa4]::panicking::default_hook
[INFO] [stdout]    5:     0x571f99c49dd0 - test[9d35eded1c95d3be]::test_main_inner::<test[9d35eded1c95d3be]::test_main_static::{closure#0}>::{closure#0}
[INFO] [stdout]    6:     0x571f99f43f22 - std[70759c8f55707aa4]::panicking::panic_with_hook
[INFO] [stdout]    7:     0x571f99f26642 - std[70759c8f55707aa4]::panicking::panic_handler::{closure#0}
[INFO] [stdout]    8:     0x571f99f1f0b9 - std[70759c8f55707aa4]::sys::backtrace::__rust_end_short_backtrace::<std[70759c8f55707aa4]::panicking::panic_handler::{closure#0}, !>
[INFO] [stdout]    9:     0x571f99f2732d - __rustc[8fa7c3cbc660c2b3]::rust_begin_unwind
[INFO] [stdout]   10:     0x571f99f638fc - core[df12db4294e9bfd3]::panicking::panic_fmt
[INFO] [stdout]   11:     0x571f99f636d2 - core[df12db4294e9bfd3]::result::unwrap_failed
[INFO] [stdout]   12:     0x571f99c06c77 - compilation_integration[bbf857c82e078cc5]::test_wrapper_identifier_generation::{closure#0}
[INFO] [stdout]   13:     0x571f99c39b53 - <tokio[7fe2382d4ff20d2e]::runtime::scheduler::current_thread::Context>::enter::<core[df12db4294e9bfd3]::task::poll::Poll<()>, <tokio[7fe2382d4ff20d2e]::runtime::scheduler::current_thread::CoreGuard>::block_on<core[df12db4294e9bfd3]::pin::Pin<&mut core[df12db4294e9bfd3]::pin::Pin<&mut dyn core[df12db4294e9bfd3]::future::future::Future<Output = ()>>>>::{closure#0}::{closure#0}>
[INFO] [stdout]   14:     0x571f99c0cc19 - <std[70759c8f55707aa4]::thread::local::LocalKey<tokio[7fe2382d4ff20d2e]::runtime::context::Context>>::with::<tokio[7fe2382d4ff20d2e]::runtime::context::set_scheduler<(alloc[2182bb758b4b3781]::boxed::Box<tokio[7fe2382d4ff20d2e]::runtime::scheduler::current_thread::Core>, core[df12db4294e9bfd3]::option::Option<()>), <tokio[7fe2382d4ff20d2e]::runtime::scheduler::current_thread::CoreGuard>::enter<<tokio[7fe2382d4ff20d2e]::runtime::scheduler::current_thread::CoreGuard>::block_on<core[df12db4294e9bfd3]::pin::Pin<&mut core[df12db4294e9bfd3]::pin::Pin<&mut dyn core[df12db4294e9bfd3]::future::future::Future<Output = ()>>>>::{closure#0}, core[df12db4294e9bfd3]::option::Option<()>>::{closure#0}>::{closure#0}, (alloc[2182bb758b4b3781]::boxed::Box<tokio[7fe2382d4ff20d2e]::runtime::scheduler::current_thread::Core>, core[df12db4294e9bfd3]::option::Option<()>)>
[INFO] [stdout]   15:     0x571f99c39e75 - <tokio[7fe2382d4ff20d2e]::runtime::scheduler::current_thread::CoreGuard>::block_on::<core[df12db4294e9bfd3]::pin::Pin<&mut core[df12db4294e9bfd3]::pin::Pin<&mut dyn core[df12db4294e9bfd3]::future::future::Future<Output = ()>>>>
[INFO] [stdout]   16:     0x571f99c3c9e8 - tokio[7fe2382d4ff20d2e]::runtime::context::runtime::enter_runtime::<<tokio[7fe2382d4ff20d2e]::runtime::scheduler::current_thread::CurrentThread>::block_on<core[df12db4294e9bfd3]::pin::Pin<&mut dyn core[df12db4294e9bfd3]::future::future::Future<Output = ()>>>::{closure#0}, ()>
[INFO] [stdout]   17:     0x571f99c3c19b - <tokio[7fe2382d4ff20d2e]::runtime::runtime::Runtime>::block_on::<core[df12db4294e9bfd3]::pin::Pin<&mut dyn core[df12db4294e9bfd3]::future::future::Future<Output = ()>>>
[INFO] [stdout]   18:     0x571f99c0ba7b - <compilation_integration[bbf857c82e078cc5]::test_wrapper_identifier_generation::{closure#0} as core[df12db4294e9bfd3]::ops::function::FnOnce<()>>::call_once
[INFO] [stdout]   19:     0x571f99c3d0bb - test[9d35eded1c95d3be]::__rust_begin_short_backtrace::<core[df12db4294e9bfd3]::result::Result<(), alloc[2182bb758b4b3781]::string::String>, fn() -> core[df12db4294e9bfd3]::result::Result<(), alloc[2182bb758b4b3781]::string::String>>
[INFO] [stdout]   20:     0x571f99c4a725 - test[9d35eded1c95d3be]::run_test::{closure#0}
[INFO] [stdout]   21:     0x571f99c43fe4 - std[70759c8f55707aa4]::sys::backtrace::__rust_begin_short_backtrace::<test[9d35eded1c95d3be]::run_test::{closure#1}, ()>
[INFO] [stdout]   22:     0x571f99c4d882 - <std[70759c8f55707aa4]::thread::lifecycle::spawn_unchecked<test[9d35eded1c95d3be]::run_test::{closure#1}, ()>::{closure#1} as core[df12db4294e9bfd3]::ops::function::FnOnce<()>>::call_once::{shim:vtable#0}
[INFO] [stdout]   23:     0x571f99f4c449 - <std[70759c8f55707aa4]::sys::thread::unix::Thread>::new::thread_start
[INFO] [stdout]   24:     0x7ad3a5deddfa - <unknown>
[INFO] [stdout]   25:     0x7ad3a5e813d4 - clone
[INFO] [stdout]   26:                0x0 - <unknown>
[INFO] [stdout] 
[INFO] [stdout] ---- test_hash_stability stdout ----
[INFO] [stdout] 
[INFO] [stdout] thread 'test_hash_stability' (3040) panicked at tests/compilation_integration.rs:251:10:
[INFO] [stdout] Failed to create context: CompilationError { msg: "Failed to create subprocess executor: Failed to spawn subprocess: No such file or directory (os error 2)", pos: SourcePos { file: "<repl>", line: 1, column: 1, length: 1 } }
[INFO] [stdout] stack backtrace:
[INFO] [stdout]    0:     0x571f99f4d1a1 - <<std[70759c8f55707aa4]::sys::backtrace::BacktraceLock>::print::DisplayBacktrace as core[df12db4294e9bfd3]::fmt::Display>::fmt
[INFO] [stdout]    1:     0x571f99f6311a - core[df12db4294e9bfd3]::fmt::write
[INFO] [stdout]    2:     0x571f99f51aac - <alloc[2182bb758b4b3781]::vec::Vec<u8> as core[df12db4294e9bfd3]::io::write::Write>::write_fmt
[INFO] [stdout]    3:     0x571f99f26596 - std[70759c8f55707aa4]::panicking::default_hook::{closure#0}
[INFO] [stdout]    4:     0x571f99f43bf9 - std[70759c8f55707aa4]::panicking::default_hook
[INFO] [stdout]    5:     0x571f99c49dd0 - test[9d35eded1c95d3be]::test_main_inner::<test[9d35eded1c95d3be]::test_main_static::{closure#0}>::{closure#0}
[INFO] [stdout]    6:     0x571f99f43f22 - std[70759c8f55707aa4]::panicking::panic_with_hook
[INFO] [stdout]    7:     0x571f99f26642 - std[70759c8f55707aa4]::panicking::panic_handler::{closure#0}
[INFO] [stdout]    8:     0x571f99f1f0b9 - std[70759c8f55707aa4]::sys::backtrace::__rust_end_short_backtrace::<std[70759c8f55707aa4]::panicking::panic_handler::{closure#0}, !>
[INFO] [stdout]    9:     0x571f99f2732d - __rustc[8fa7c3cbc660c2b3]::rust_begin_unwind
[INFO] [stdout]   10:     0x571f99f638fc - core[df12db4294e9bfd3]::panicking::panic_fmt
[INFO] [stdout]   11:     0x571f99f636d2 - core[df12db4294e9bfd3]::result::unwrap_failed
[INFO] [stdout]   12:     0x571f99c018d4 - compilation_integration[bbf857c82e078cc5]::test_hash_stability::{closure#0}
[INFO] [stdout]   13:     0x571f99c39b53 - <tokio[7fe2382d4ff20d2e]::runtime::scheduler::current_thread::Context>::enter::<core[df12db4294e9bfd3]::task::poll::Poll<()>, <tokio[7fe2382d4ff20d2e]::runtime::scheduler::current_thread::CoreGuard>::block_on<core[df12db4294e9bfd3]::pin::Pin<&mut core[df12db4294e9bfd3]::pin::Pin<&mut dyn core[df12db4294e9bfd3]::future::future::Future<Output = ()>>>>::{closure#0}::{closure#0}>
[INFO] [stdout]   14:     0x571f99c0cc19 - <std[70759c8f55707aa4]::thread::local::LocalKey<tokio[7fe2382d4ff20d2e]::runtime::context::Context>>::with::<tokio[7fe2382d4ff20d2e]::runtime::context::set_scheduler<(alloc[2182bb758b4b3781]::boxed::Box<tokio[7fe2382d4ff20d2e]::runtime::scheduler::current_thread::Core>, core[df12db4294e9bfd3]::option::Option<()>), <tokio[7fe2382d4ff20d2e]::runtime::scheduler::current_thread::CoreGuard>::enter<<tokio[7fe2382d4ff20d2e]::runtime::scheduler::current_thread::CoreGuard>::block_on<core[df12db4294e9bfd3]::pin::Pin<&mut core[df12db4294e9bfd3]::pin::Pin<&mut dyn core[df12db4294e9bfd3]::future::future::Future<Output = ()>>>>::{closure#0}, core[df12db4294e9bfd3]::option::Option<()>>::{closure#0}>::{closure#0}, (alloc[2182bb758b4b3781]::boxed::Box<tokio[7fe2382d4ff20d2e]::runtime::scheduler::current_thread::Core>, core[df12db4294e9bfd3]::option::Option<()>)>
[INFO] [stdout]   15:     0x571f99c39e75 - <tokio[7fe2382d4ff20d2e]::runtime::scheduler::current_thread::CoreGuard>::block_on::<core[df12db4294e9bfd3]::pin::Pin<&mut core[df12db4294e9bfd3]::pin::Pin<&mut dyn core[df12db4294e9bfd3]::future::future::Future<Output = ()>>>>
[INFO] [stdout]   16:     0x571f99c3c9e8 - tokio[7fe2382d4ff20d2e]::runtime::context::runtime::enter_runtime::<<tokio[7fe2382d4ff20d2e]::runtime::scheduler::current_thread::CurrentThread>::block_on<core[df12db4294e9bfd3]::pin::Pin<&mut dyn core[df12db4294e9bfd3]::future::future::Future<Output = ()>>>::{closure#0}, ()>
[INFO] [stdout]   17:     0x571f99c3c19b - <tokio[7fe2382d4ff20d2e]::runtime::runtime::Runtime>::block_on::<core[df12db4294e9bfd3]::pin::Pin<&mut dyn core[df12db4294e9bfd3]::future::future::Future<Output = ()>>>
[INFO] [stdout]   18:     0x571f99c0a7bb - <compilation_integration[bbf857c82e078cc5]::test_hash_stability::{closure#0} as core[df12db4294e9bfd3]::ops::function::FnOnce<()>>::call_once
[INFO] [stdout]   19:     0x571f99c3d0bb - test[9d35eded1c95d3be]::__rust_begin_short_backtrace::<core[df12db4294e9bfd3]::result::Result<(), alloc[2182bb758b4b3781]::string::String>, fn() -> core[df12db4294e9bfd3]::result::Result<(), alloc[2182bb758b4b3781]::string::String>>
[INFO] [stdout]   20:     0x571f99c4a725 - test[9d35eded1c95d3be]::run_test::{closure#0}
[INFO] [stdout]   21:     0x571f99c43fe4 - std[70759c8f55707aa4]::sys::backtrace::__rust_begin_short_backtrace::<test[9d35eded1c95d3be]::run_test::{closure#1}, ()>
[INFO] [stdout]   22:     0x571f99c4d882 - <std[70759c8f55707aa4]::thread::lifecycle::spawn_unchecked<test[9d35eded1c95d3be]::run_test::{closure#1}, ()>::{closure#1} as core[df12db4294e9bfd3]::ops::function::FnOnce<()>>::call_once::{shim:vtable#0}
[INFO] [stdout]   23:     0x571f99f4c449 - <std[70759c8f55707aa4]::sys::thread::unix::Thread>::new::thread_start
[INFO] [stdout]   24:     0x7ad3a5deddfa - <unknown>
[INFO] [stdout]   25:     0x7ad3a5e813d4 - clone
[INFO] [stdout]   26:                0x0 - <unknown>
[INFO] [stdout] 
[INFO] [stdout] ---- test_concurrent_evaluations stdout ----
[INFO] [stdout] 
[INFO] [stdout] thread 'test_concurrent_evaluations' (3036) panicked at tests/compilation_integration.rs:233:10:
[INFO] [stdout] Failed to create context: CompilationError { msg: "Failed to create subprocess executor: Failed to spawn subprocess: No such file or directory (os error 2)", pos: SourcePos { file: "<repl>", line: 1, column: 1, length: 1 } }
[INFO] [stdout] stack backtrace:
[INFO] [stdout]    0:     0x571f99f4d1a1 - <<std[70759c8f55707aa4]::sys::backtrace::BacktraceLock>::print::DisplayBacktrace as core[df12db4294e9bfd3]::fmt::Display>::fmt
[INFO] [stdout]    1:     0x571f99f6311a - core[df12db4294e9bfd3]::fmt::write
[INFO] [stdout]    2:     0x571f99f51aac - <alloc[2182bb758b4b3781]::vec::Vec<u8> as core[df12db4294e9bfd3]::io::write::Write>::write_fmt
[INFO] [stdout]    3:     0x571f99f26596 - std[70759c8f55707aa4]::panicking::default_hook::{closure#0}
[INFO] [stdout]    4:     0x571f99f43bf9 - std[70759c8f55707aa4]::panicking::default_hook
[INFO] [stdout]    5:     0x571f99c49dd0 - test[9d35eded1c95d3be]::test_main_inner::<test[9d35eded1c95d3be]::test_main_static::{closure#0}>::{closure#0}
[INFO] [stdout]    6:     0x571f99f43f22 - std[70759c8f55707aa4]::panicking::panic_with_hook
[INFO] [stdout]    7:     0x571f99f26642 - std[70759c8f55707aa4]::panicking::panic_handler::{closure#0}
[INFO] [stdout]    8:     0x571f99f1f0b9 - std[70759c8f55707aa4]::sys::backtrace::__rust_end_short_backtrace::<std[70759c8f55707aa4]::panicking::panic_handler::{closure#0}, !>
[INFO] [stdout]    9:     0x571f99f2732d - __rustc[8fa7c3cbc660c2b3]::rust_begin_unwind
[INFO] [stdout]   10:     0x571f99f638fc - core[df12db4294e9bfd3]::panicking::panic_fmt
[INFO] [stdout]   11:     0x571f99f636d2 - core[df12db4294e9bfd3]::result::unwrap_failed
[INFO] [stdout]   12:     0x571f99c060f5 - compilation_integration[bbf857c82e078cc5]::test_concurrent_evaluations::{closure#0}
[INFO] [stdout]   13:     0x571f99c39b53 - <tokio[7fe2382d4ff20d2e]::runtime::scheduler::current_thread::Context>::enter::<core[df12db4294e9bfd3]::task::poll::Poll<()>, <tokio[7fe2382d4ff20d2e]::runtime::scheduler::current_thread::CoreGuard>::block_on<core[df12db4294e9bfd3]::pin::Pin<&mut core[df12db4294e9bfd3]::pin::Pin<&mut dyn core[df12db4294e9bfd3]::future::future::Future<Output = ()>>>>::{closure#0}::{closure#0}>
[INFO] [stdout]   14:     0x571f99c0cc19 - <std[70759c8f55707aa4]::thread::local::LocalKey<tokio[7fe2382d4ff20d2e]::runtime::context::Context>>::with::<tokio[7fe2382d4ff20d2e]::runtime::context::set_scheduler<(alloc[2182bb758b4b3781]::boxed::Box<tokio[7fe2382d4ff20d2e]::runtime::scheduler::current_thread::Core>, core[df12db4294e9bfd3]::option::Option<()>), <tokio[7fe2382d4ff20d2e]::runtime::scheduler::current_thread::CoreGuard>::enter<<tokio[7fe2382d4ff20d2e]::runtime::scheduler::current_thread::CoreGuard>::block_on<core[df12db4294e9bfd3]::pin::Pin<&mut core[df12db4294e9bfd3]::pin::Pin<&mut dyn core[df12db4294e9bfd3]::future::future::Future<Output = ()>>>>::{closure#0}, core[df12db4294e9bfd3]::option::Option<()>>::{closure#0}>::{closure#0}, (alloc[2182bb758b4b3781]::boxed::Box<tokio[7fe2382d4ff20d2e]::runtime::scheduler::current_thread::Core>, core[df12db4294e9bfd3]::option::Option<()>)>
[INFO] [stdout]   15:     0x571f99c39e75 - <tokio[7fe2382d4ff20d2e]::runtime::scheduler::current_thread::CoreGuard>::block_on::<core[df12db4294e9bfd3]::pin::Pin<&mut core[df12db4294e9bfd3]::pin::Pin<&mut dyn core[df12db4294e9bfd3]::future::future::Future<Output = ()>>>>
[INFO] [stdout]   16:     0x571f99c3c9e8 - tokio[7fe2382d4ff20d2e]::runtime::context::runtime::enter_runtime::<<tokio[7fe2382d4ff20d2e]::runtime::scheduler::current_thread::CurrentThread>::block_on<core[df12db4294e9bfd3]::pin::Pin<&mut dyn core[df12db4294e9bfd3]::future::future::Future<Output = ()>>>::{closure#0}, ()>
[INFO] [stdout]   17:     0x571f99c3c19b - <tokio[7fe2382d4ff20d2e]::runtime::runtime::Runtime>::block_on::<core[df12db4294e9bfd3]::pin::Pin<&mut dyn core[df12db4294e9bfd3]::future::future::Future<Output = ()>>>
[INFO] [stdout]   18:     0x571f99c0b75b - <compilation_integration[bbf857c82e078cc5]::test_concurrent_evaluations::{closure#0} as core[df12db4294e9bfd3]::ops::function::FnOnce<()>>::call_once
[INFO] [stdout]   19:     0x571f99c3d0bb - test[9d35eded1c95d3be]::__rust_begin_short_backtrace::<core[df12db4294e9bfd3]::result::Result<(), alloc[2182bb758b4b3781]::string::String>, fn() -> core[df12db4294e9bfd3]::result::Result<(), alloc[2182bb758b4b3781]::string::String>>
[INFO] [stdout]   20:     0x571f99c4a725 - test[9d35eded1c95d3be]::run_test::{closure#0}
[INFO] [stdout]   21:     0x571f99c43fe4 - std[70759c8f55707aa4]::sys::backtrace::__rust_begin_short_backtrace::<test[9d35eded1c95d3be]::run_test::{closure#1}, ()>
[INFO] [stdout]   22:     0x571f99c4d882 - <std[70759c8f55707aa4]::thread::lifecycle::spawn_unchecked<test[9d35eded1c95d3be]::run_test::{closure#1}, ()>::{closure#1} as core[df12db4294e9bfd3]::ops::function::FnOnce<()>>::call_once::{shim:vtable#0}
[INFO] [stdout]   23:     0x571f99f4c449 - <std[70759c8f55707aa4]::sys::thread::unix::Thread>::new::thread_start
[INFO] [stdout]   24:     0x7ad3a5deddfa - <unknown>
[INFO] [stdout]   25:     0x7ad3a5e813d4 - clone
[INFO] [stdout]   26:                0x0 - <unknown>
[INFO] [stdout] 
[INFO] [stdout] 
[INFO] [stdout] failures:
[INFO] [stdout]     test_basic_compilation
[INFO] [stdout]     test_cache_persistence
[INFO] [stdout]     test_calculator_bypass
[INFO] [stdout]     test_clone_to_with_pipeline
[INFO] [stdout]     test_compilation_caching
[INFO] [stdout]     test_concurrent_evaluations
[INFO] [stdout]     test_different_modes
[INFO] [stdout]     test_empty_parse_handling
[INFO] [stdout]     test_hash_stability
[INFO] [stdout]     test_multiple_compilations
[INFO] [stdout]     test_optimization_levels
[INFO] [stdout]     test_session_isolation
[INFO] [stdout]     test_wrapper_identifier_generation
[INFO] [stdout] 
[INFO] [stdout] test result: FAILED. 1 passed; 13 failed; 0 ignored; 0 measured; 0 filtered out; finished in 0.05s
[INFO] [stdout] 
[INFO] running `Command { std: "docker" "inspect" "93c61f036159eef1ce64949598001a4067d01df9c16dc36b9a4c066e0a5c3934", kill_on_drop: false }`
[INFO] running `Command { std: "docker" "rm" "-f" "93c61f036159eef1ce64949598001a4067d01df9c16dc36b9a4c066e0a5c3934", kill_on_drop: false }`
[INFO] [stdout] 93c61f036159eef1ce64949598001a4067d01df9c16dc36b9a4c066e0a5c3934
