[INFO] fetching crate oxlsx 0.2.0...
[INFO] testing oxlsx-0.2.0 against 1.100.0-beta.1+cargoflags=--release for beta-release-1.100-2
[INFO] extracting crate oxlsx 0.2.0 into /workspace/builds/worker-1-tc2/source
[INFO] started tweaking crates.io crate oxlsx 0.2.0
[INFO] removed 0 missing tests
[INFO] finished tweaking crates.io crate oxlsx 0.2.0
[INFO] tweaked toml for crates.io crate oxlsx 0.2.0 written to /workspace/builds/worker-1-tc2/source/Cargo.toml
[INFO] validating manifest of crates.io crate oxlsx 0.2.0 on toolchain 1.100.0-beta.1
[INFO] running `Command { std: CARGO_HOME="/workspace/cargo-home" RUSTUP_HOME="/workspace/rustup-home" "/workspace/cargo-home/bin/cargo" "+1.100.0-beta.1" "metadata" "--manifest-path" "Cargo.toml" "--no-deps", kill_on_drop: false }`
[INFO] crate crates.io crate oxlsx 0.2.0 already has a lockfile, it will not be regenerated
[INFO] running `Command { std: CARGO_HOME="/workspace/cargo-home" RUSTUP_HOME="/workspace/rustup-home" "/workspace/cargo-home/bin/cargo" "+1.100.0-beta.1" "fetch" "--manifest-path" "Cargo.toml", kill_on_drop: false }`
[INFO] running `Command { std: "docker" "create" "-v" "/var/lib/crater-agent-workspace/builds/worker-1-tc2/source:/opt/rustwide/workdir:ro,Z" "-v" "/var/lib/crater-agent-workspace/builds/worker-1-tc2/target:/opt/rustwide/target:rw,Z" "-v" "/var/lib/crater-agent-workspace/cargo-home:/opt/rustwide/cargo-home:ro,Z" "-v" "/var/lib/crater-agent-workspace/rustup-home:/opt/rustwide/rustup-home:ro,Z" "-m" "1610612736" "--network" "none" "ghcr.io/rust-lang/crates-build-env/linux@sha256:77db811e55d90add9212f6832c23229e3de5f1c1f9905e8cb07319ea15df73ac" "sleep" "infinity", kill_on_drop: false }`
[INFO] [stdout] deca62c04a062949175a09aea6210531e8527671667376e1b11953a85b5ca720
[INFO] running `Command { std: "docker" "start" "deca62c04a062949175a09aea6210531e8527671667376e1b11953a85b5ca720", kill_on_drop: false }`
[INFO] running `Command { std: "docker" "inspect" "deca62c04a062949175a09aea6210531e8527671667376e1b11953a85b5ca720", kill_on_drop: false }`
[INFO] running `Command { std: "docker" "exec" "-e" "SOURCE_DIR=/opt/rustwide/workdir" "-e" "CARGO_HOME=/opt/rustwide/cargo-home" "-e" "RUSTUP_HOME=/opt/rustwide/rustup-home" "-e" "CARGO_TARGET_DIR=/opt/rustwide/target" "-w" "/opt/rustwide/workdir" "--user" "0:0" "deca62c04a062949175a09aea6210531e8527671667376e1b11953a85b5ca720" "/opt/rustwide/cargo-home/bin/cargo" "+1.100.0-beta.1" "metadata" "--no-deps" "--format-version=1", kill_on_drop: false }`
[INFO] running `Command { std: "docker" "inspect" "deca62c04a062949175a09aea6210531e8527671667376e1b11953a85b5ca720", kill_on_drop: false }`
[INFO] running `Command { std: "docker" "exec" "-e" "SOURCE_DIR=/opt/rustwide/workdir" "-e" "CARGO_HOME=/opt/rustwide/cargo-home" "-e" "RUSTUP_HOME=/opt/rustwide/rustup-home" "-e" "CARGO_TARGET_DIR=/opt/rustwide/target" "-e" "CARGO_INCREMENTAL=0" "-e" "RUST_BACKTRACE=full" "-e" "RUSTFLAGS=--cap-lints=warn" "-e" "RUSTDOCFLAGS=--cap-lints=warn" "-w" "/opt/rustwide/workdir" "--user" "0:0" "deca62c04a062949175a09aea6210531e8527671667376e1b11953a85b5ca720" "/opt/rustwide/cargo-home/bin/cargo" "+1.100.0-beta.1" "build" "--frozen" "--message-format=json" "--release", kill_on_drop: false }`
[INFO] [stderr]    Compiling libc v0.2.186
[INFO] [stderr]    Compiling simd-adler32 v0.3.9
[INFO] [stderr]    Compiling getrandom v0.4.2
[INFO] [stderr]    Compiling num-traits v0.2.19
[INFO] [stderr]    Compiling syn v2.0.117
[INFO] [stderr]    Compiling bitflags v2.11.1
[INFO] [stderr]    Compiling memchr v2.8.0
[INFO] [stderr]    Compiling zip v2.4.2
[INFO] [stderr]    Compiling bumpalo v3.20.2
[INFO] [stderr]    Compiling fastrand v2.4.1
[INFO] [stderr]    Compiling miniz_oxide v0.8.9
[INFO] [stderr]    Compiling zopfli v0.8.3
[INFO] [stderr]    Compiling rustix v1.1.4
[INFO] [stderr]    Compiling flate2 v1.1.9
[INFO] [stderr]    Compiling chrono v0.4.44
[INFO] [stderr]    Compiling quick-xml v0.36.2
[INFO] [stderr]    Compiling thiserror-impl v2.0.18
[INFO] [stderr]    Compiling displaydoc v0.2.5
[INFO] [stderr]    Compiling thiserror-impl v1.0.69
[INFO] [stderr]    Compiling tempfile v3.27.0
[INFO] [stderr]    Compiling thiserror v2.0.18
[INFO] [stderr]    Compiling thiserror v1.0.69
[INFO] [stderr]    Compiling oxlsx v0.2.0 (/opt/rustwide/workdir)
[INFO] [stderr]     Finished `release` profile [optimized] target(s) in 40.33s
[INFO] running `Command { std: "docker" "inspect" "deca62c04a062949175a09aea6210531e8527671667376e1b11953a85b5ca720", kill_on_drop: false }`
[INFO] running `Command { std: "docker" "exec" "-e" "SOURCE_DIR=/opt/rustwide/workdir" "-e" "CARGO_HOME=/opt/rustwide/cargo-home" "-e" "RUSTUP_HOME=/opt/rustwide/rustup-home" "-e" "CARGO_TARGET_DIR=/opt/rustwide/target" "-e" "CARGO_INCREMENTAL=0" "-e" "RUST_BACKTRACE=full" "-e" "RUSTFLAGS=--cap-lints=warn" "-e" "RUSTDOCFLAGS=--cap-lints=warn" "-w" "/opt/rustwide/workdir" "--user" "0:0" "deca62c04a062949175a09aea6210531e8527671667376e1b11953a85b5ca720" "/opt/rustwide/cargo-home/bin/cargo" "+1.100.0-beta.1" "test" "--frozen" "--no-run" "--message-format=json" "--release", kill_on_drop: false }`
[INFO] [stderr]    Compiling zerocopy v0.8.48
[INFO] [stderr]    Compiling zerocopy-derive v0.8.48
[INFO] [stderr]    Compiling thiserror-impl v2.0.18
[INFO] [stderr]    Compiling serde v1.0.228
[INFO] [stderr]    Compiling getrandom v0.4.2
[INFO] [stderr]    Compiling thiserror-impl v1.0.69
[INFO] [stderr]    Compiling displaydoc v0.2.5
[INFO] [stderr]    Compiling regex-syntax v0.8.10
[INFO] [stderr]    Compiling tempfile v3.27.0
[INFO] [stderr]    Compiling clap_builder v4.6.0
[INFO] [stderr]    Compiling serde_json v1.0.149
[INFO] [stderr]    Compiling itertools v0.10.5
[INFO] [stderr]    Compiling chrono v0.4.44
[INFO] [stderr]    Compiling thiserror v1.0.69
[INFO] [stderr]    Compiling rayon v1.12.0
[INFO] [stderr]    Compiling thiserror v2.0.18
[INFO] [stderr]    Compiling zip v2.4.2
[INFO] [stderr]    Compiling regex-automata v0.4.14
[INFO] [stderr]    Compiling clap v4.6.1
[INFO] [stderr]    Compiling criterion-plot v0.5.0
[INFO] [stderr]    Compiling tinytemplate v1.2.1
[INFO] [stderr]    Compiling plotters v0.3.7
[INFO] [stderr]    Compiling is-terminal v0.4.17
[INFO] [stderr]    Compiling oxlsx v0.2.0 (/opt/rustwide/workdir)
[INFO] [stderr]    Compiling regex v1.12.3
[INFO] [stderr]    Compiling half v2.7.1
[INFO] [stderr]    Compiling ciborium-ll v0.2.2
[INFO] [stderr]    Compiling ciborium v0.2.2
[INFO] [stderr]    Compiling criterion v0.5.1
[INFO] [stderr]     Finished `release` profile [optimized] target(s) in 2m 12s
[INFO] running `Command { std: "docker" "inspect" "deca62c04a062949175a09aea6210531e8527671667376e1b11953a85b5ca720", kill_on_drop: false }`
[INFO] running `Command { std: "docker" "exec" "-e" "SOURCE_DIR=/opt/rustwide/workdir" "-e" "CARGO_HOME=/opt/rustwide/cargo-home" "-e" "RUSTUP_HOME=/opt/rustwide/rustup-home" "-e" "CARGO_TARGET_DIR=/opt/rustwide/target" "-e" "CARGO_INCREMENTAL=0" "-e" "RUST_BACKTRACE=full" "-e" "RUSTFLAGS=--cap-lints=warn" "-e" "RUSTDOCFLAGS=--cap-lints=warn" "-w" "/opt/rustwide/workdir" "--user" "0:0" "deca62c04a062949175a09aea6210531e8527671667376e1b11953a85b5ca720" "/opt/rustwide/cargo-home/bin/cargo" "+1.100.0-beta.1" "test" "--frozen" "--release", kill_on_drop: false }`
[INFO] [stderr]     Finished `release` profile [optimized] target(s) in 0.18s
[INFO] [stderr]      Running unittests src/lib.rs (/opt/rustwide/target/release/build/oxlsx/9c3dc71fd8dfbedd/out/oxlsx-9c3dc71fd8dfbedd)
[INFO] [stdout] 
[INFO] [stdout] running 162 tests
[INFO] [stdout] test comments::tests::parse_comments_xml_reads_plain_text_and_author ... ok
[INFO] [stdout] test coords::tests::column_index_from_letters_is_inverse_and_strict ... ok
[INFO] [stdout] test coords::tests::bands_intersect_detects_inclusive_overlap ... ok
[INFO] [stdout] test coords::tests::column_letter_from_index_is_one_based_openpyxl_parity ... ok
[INFO] [stdout] test coords::tests::coords_round_trip_a1_conversions ... ok
[INFO] [stdout] test coords::tests::make_absolute_range_detects_row_col_and_area ... ok
[INFO] [stdout] test coords::tests::make_cell_absolute_prefixes_letters_and_digits ... ok
[INFO] [stdout] test defined_names::collection_tests::remove_returns_entry_and_drops_it ... ok
[INFO] [stdout] test defined_names::compose_tests::compose_print_area_qualifies_with_sheet ... ok
[INFO] [stdout] test coords::tests::parse_a1_and_range_are_column_first ... ok
[INFO] [stdout] test defined_names::collection_tests::add_duplicate_name_replaces_value ... ok
[INFO] [stdout] test defined_names::collection_tests::add_then_get_returns_value ... ok
[INFO] [stdout] test defined_names::collection_tests::remove_missing_name_returns_none ... ok
[INFO] [stdout] test defined_names::tests::parse_print_titles_splits_rows_and_cols ... ok
[INFO] [stdout] test defined_names::tests::parse_workbook_defined_names_splits_attr_global_and_sheet_local ... ok
[INFO] [stdout] test defined_names::tests::split_top_level_csv_ignores_comma_inside_sheet_name ... ok
[INFO] [stdout] test error::tests::maps_from_io_error ... ok
[INFO] [stdout] test error::tests::renders_missing_part_message ... ok
[INFO] [stdout] test error::tests::renders_table_intersection_message ... ok
[INFO] [stdout] test error::tests::renders_unsupported_translate_message ... ok
[INFO] [stdout] test hyperlink::tests::new_external_sets_target_and_leaves_optional_fields_empty ... ok
[INFO] [stdout] test defined_names::collection_tests::add_rejects_reserved_xlnm_names ... ok
[INFO] [stdout] test hyperlink::tests::preserves_optional_fields_when_set ... ok
[INFO] [stdout] test defined_names::tests::parse_workbook_defined_names_extracts_reserved_and_extras ... ok
[INFO] [stdout] test reader::tests::append_adds_row_at_bottom ... ok
[INFO] [stdout] test defined_names::compose_tests::compose_print_titles_qualifies_with_sheet ... ok
[INFO] [stdout] test reader::tests::bulk_op_intersecting_table_returns_err ... ok
[INFO] [stdout] test defined_names::tests::parse_print_titles_accepts_bare_ranges ... ok
[INFO] [stdout] test reader::tests::bulk_ops_amount_zero_is_noop ... ok
[INFO] [stdout] test reader::tests::bulk_ops_reject_idx_zero ... ok
[INFO] [stdout] test reader::tests::cell_column_returns_26_for_z1 ... ok
[INFO] [stdout] test reader::tests::cell_decoder_decodes_shared_string_cells ... ok
[INFO] [stdout] test defined_names::tests::parse_workbook_defined_names_keeps_out_of_range_sheet_local_raw ... ok
[INFO] [stdout] test reader::tests::cell_row_returns_correct_row_for_b3 ... ok
[INFO] [stdout] test reader::tests::cell_row_returns_row_from_a1_reference ... ok
[INFO] [stdout] test reader::tests::delete_cols_shifts_cells_left ... ok
[INFO] [stdout] test reader::tests::delete_rows_does_not_translate_formulas ... ok
[INFO] [stdout] test reader::tests::delete_rows_rejects_huge_amount ... ok
[INFO] [stdout] test reader::tests::delete_rows_shifts_cells_up ... ok
[INFO] [stdout] test reader::tests::cell_column_returns_column_from_a1_reference ... ok
[INFO] [stdout] test reader::tests::delete_rows_shifts_merged_cells_and_dimensions ... ok
[INFO] [stdout] test reader::tests::cell_text_returns_only_string_values ... ok
[INFO] [stdout] test reader::tests::cell_value_accessor_returns_parsed_value ... ok
[INFO] [stdout] test reader::tests::dirty_tracking_getters_do_not_mark_dirty ... ok
[INFO] [stdout] test reader::tests::excel_serial_to_date_maps_known_serials ... ok
[INFO] [stdout] test reader::tests::insert_cols_rejects_out_of_grid ... ok
[INFO] [stdout] test reader::tests::insert_cols_shifts_cells_right ... ok
[INFO] [stdout] test reader::tests::insert_rows_rejects_out_of_grid ... ok
[INFO] [stdout] test reader::tests::insert_rows_shifts_cells_down ... ok
[INFO] [stdout] test reader::tests::move_range_rejects_out_of_grid_upper ... ok
[INFO] [stdout] test reader::tests::move_range_relocates_block ... ok
[INFO] [stdout] test reader::tests::move_range_huge_range_is_sparse_no_oom ... ok
[INFO] [stdout] test reader::tests::move_range_intersecting_table_returns_err ... ok
[INFO] [stdout] test reader::tests::move_range_out_of_bounds_returns_err ... ok
[INFO] [stdout] test reader::tests::move_range_rejects_extreme_offset ... ok
[INFO] [stdout] test reader::tests::parse_sheet_converts_numeric_date_by_style ... ok
[INFO] [stdout] test reader::tests::parses_inline_string_and_boolean_cells ... ok
[INFO] [stdout] test reader::tests::parses_sheet_cells_style_ids_and_values ... ok
[INFO] [stdout] test reader::tests::style_accessors_use_stylesheet_via_style_id ... ok
[INFO] [stdout] test reader::tests::move_range_clears_dest_when_source_empty ... ok
[INFO] [stdout] test reader::tests::move_range_translate_true_is_unsupported ... ok
[INFO] [stdout] test reader::tests::table_capture_stores_raw_bytes ... ok
[INFO] [stdout] test reader::tests::value_from_impls_convert_supported_types ... ok
[INFO] [stdout] test reader::tests::workbook_active_mut_returns_some_for_default_workbook ... ok
[INFO] [stdout] test reader::tests::workbook_new_creates_default_sheet ... ok
[INFO] [stdout] test reader::tests::workbook_new_leaves_source_path_empty ... ok
[INFO] [stdout] test reader::tests::value_supports_string_and_bool_variants ... ok
[INFO] [stdout] test reader::tests::workbook_open_missing_file_returns_io_error ... ok
[INFO] [stdout] test reader::tests::workbook_create_sheet_appends_new_sheet ... ok
[INFO] [stdout] test reader::tests::workbook_open_invalid_zip_returns_invalid_format ... ok
[INFO] [stdout] test reader::tests::worksheet_iter_cols_rectangular ... ok
[INFO] [stdout] test reader::tests::worksheet_iter_rows_rectangular ... ok
[INFO] [stdout] test reader::tests::worksheet_set_cell_fill_stores_write_fill ... ok
[INFO] [stdout] test reader::tests::worksheet_set_cell_font_stores_write_font_and_creates_missing_cell ... ok
[INFO] [stdout] test reader::tests::worksheet_set_cell_sets_string_number_and_bool_values ... ok
[INFO] [stdout] test reader::tests::worksheet_title_and_workbook_multi_sheet_accessors ... ok
[INFO] [stdout] test reader::tests::worksheet_values_property_returns_values_only ... ok
[INFO] [stdout] test readonly::tests::readonly_empty_cell_expansion ... ok
[INFO] [stdout] test reader::tests::workbook_open_tracks_source_path ... ok
[INFO] [stdout] test reader::tests::workbook_open_loads_sheet_refs_from_workbook_metadata ... ok
[INFO] [stdout] test readonly::tests::readonly_stub_types_compile_and_instantiate ... ok
[INFO] [stdout] test shared_strings::tests::concatenates_rich_text_runs ... ok
[INFO] [stdout] test shared_strings::tests::get_returns_none_for_out_of_bounds_index ... ok
[INFO] [stdout] test readonly::tests::readonly_fallback_to_data_range_when_dimension_absent ... ok
[INFO] [stdout] test shared_strings::tests::get_returns_some_for_existing_index ... ok
[INFO] [stdout] test shared_strings::tests::malformed_xml_returns_xml_error ... ok
[INFO] [stdout] test reader::tests::worksheet_bounds_scan_from_cells ... ok
[INFO] [stdout] test readonly::tests::row_iter_is_lazy_not_materialized ... ok
[INFO] [stdout] test shared_strings::tests::parses_plain_string_item ... ok
[INFO] [stdout] test sheet_rels::tests::parse_sheet_rels_reads_relationship_entries ... ok
[INFO] [stdout] test sheet_rels::tests::resolve_sheet_target_normalizes_relative_paths ... ok
[INFO] [stdout] test coords::tests::make_absolute_line_range_prefixes_endpoints ... ok
[INFO] [stdout] test sheet_rels::tests::relation_targets_for_type_returns_all_matches_in_order ... ok
[INFO] [stdout] test reader::tests::parse_sheet_keeps_non_date_numbers_unchanged ... ok
[INFO] [stdout] test shared_strings::tests::parses_empty_sst ... ok
[INFO] [stdout] test sheet_rels::tests::parse_sheet_rels_reads_target_mode_when_present ... ok
[INFO] [stdout] test sheet_rels::tests::relation_target_for_id_resolves_hyperlink_url ... ok
[INFO] [stdout] test sheet_rels::tests::upsert_comment_rels_from_scratch_yields_distinct_ids ... ok
[INFO] [stdout] test sheet_rels::tests::upsert_comment_rels_preserves_unrelated_entries ... ok
[INFO] [stdout] test sheet_rels::tests::upsert_hyperlink_rels_allocates_ids_after_comments_and_tables ... ok
[INFO] [stdout] test sheet_rels::tests::upsert_hyperlink_rels_drops_stale_hyperlink_rels ... ok
[INFO] [stdout] test sheet_rels::tests::upsert_table_rels_preserves_unrelated_rels_and_avoids_id_collision ... ok
[INFO] [stdout] test sheet_rels::tests::upsert_comment_rels_preserves_existing_vml_id ... ok
[INFO] [stdout] test styles::tests::color_theme_tint_is_optional ... ok
[INFO] [stdout] test reader::tests::workbook_save_writes_xlsx_file ... ok
[INFO] [stdout] test styles::tests::classifies_builtin_time_and_duration_formats ... ok
[INFO] [stdout] test styles::tests::color_theme_carries_tint ... ok
[INFO] [stdout] test styles::tests::dxf_find_or_push_dedups ... ok
[INFO] [stdout] test styles::tests::fill_start_color_none_when_fg_none ... ok
[INFO] [stdout] test sheet_rels::tests::upsert_comment_rels_preserves_existing_comment_id ... ok
[INFO] [stdout] test sheet_rels::tests::upsert_hyperlink_rels_from_scratch_allocates_first_id_as_external ... ok
[INFO] [stdout] test styles::tests::fill_start_color_returns_fg_color ... ok
[INFO] [stdout] test styles::tests::font_strike_default_is_false ... ok
[INFO] [stdout] test styles::tests::font_strike_parsed_from_xml ... ok
[INFO] [stdout] test styles::tests::parse_color_theme_with_tint ... ok
[INFO] [stdout] test styles::tests::parse_color_theme_without_tint ... ok
[INFO] [stdout] test styles::tests::resolves_num_fmt_id_and_date_formats ... ok
[INFO] [stdout] test styles::tests::fill_end_color_none_when_bg_none ... ok
[INFO] [stdout] test styles::tests::stylesheet_parses_dxfs ... ok
[INFO] [stdout] test sheet_rels::tests::write_sheet_rels_omits_target_mode_when_none_emits_when_some ... ok
[INFO] [stdout] test styles::tests::parses_styles_collections_and_attributes ... ok
[INFO] [stdout] test sheet_rels::tests::write_sheet_rels_serializes_relationships_xml ... ok
[INFO] [stdout] test styles::tests::fill_end_color_returns_bg_color ... ok
[INFO] [stdout] test table::tests::derive_columns_from_header_uses_cells_with_empty_fallback ... ok
[INFO] [stdout] test table::tests::parse_table_xml_handles_missing_style_and_defaults ... ok
[INFO] [stdout] test table::tests::parse_table_xml_reads_core_attributes_and_columns ... ok
[INFO] [stdout] test table::tests::parse_table_xml_reads_style_info_with_bool_flags ... ok
[INFO] [stdout] test table::tests::serialize_table_xml_emits_core_shape_without_style ... ok
[INFO] [stdout] test table::tests::serialize_table_xml_emits_only_true_style_flags ... ok
[INFO] [stdout] test temporal::tests::format_classification_uses_first_section_only ... ok
[INFO] [stdout] test temporal::tests::format_section_parser_honors_spacing_and_fill_escapes ... ok
[INFO] [stdout] test temporal::tests::rejects_chrono_leap_seconds_and_invalid_time_serial_components ... ok
[INFO] [stdout] test temporal::tests::rejects_lossy_large_duration_and_post_rounding_datetime_overflow ... ok
[INFO] [stdout] test workbook_rels::tests::normalize_target_prepends_xl_for_relative_paths ... ok
[INFO] [stdout] test temporal::tests::datetime_serials_cross_the_excel_1900_leap_day_boundary ... ok
[INFO] [stdout] test workbook_rels::tests::normalize_target_strips_leading_slash_for_absolute_paths ... ok
[INFO] [stdout] test temporal::tests::format_classification_ignores_colors_conditions_and_quoted_literals ... ok
[INFO] [stdout] test workbook_rels::tests::parse_sheet_refs_resolves_order_names_paths_and_active_tab ... ok
[INFO] [stdout] test writer::tests::assign_table_ids_avoids_verbatim_collision ... ok
[INFO] [stdout] test writer::tests::collect_styles_defaults_without_styled_cells ... ok
[INFO] [stdout] test writer::tests::native_writer_relative_save_commits_and_stays_saved ... FAILED
[INFO] [stdout] test writer::tests::native_writer_renames_pristine_default_and_reuses_named_sheets ... ok
[INFO] [stdout] test writer::tests::cell_sort_key_orders_column_and_row_coordinates ... ok
[INFO] [stdout] test writer::tests::collect_styles_adds_custom_fill_after_defaults ... ok
[INFO] [stdout] test writer::tests::collect_styles_dedupes_repeated_font_styles ... ok
[INFO] [stdout] test writer::tests::native_writer_saved_destination_has_stable_absolute_identity ... FAILED
[INFO] [stdout] test writer::tests::maximum_custom_num_fmt_id_returns_error ... ok
[INFO] [stdout] test writer::tests::native_writer_sheet_error_poisons_later_save ... ok
[INFO] [stdout] test writer::tests::write_color_theme_tint_round_trips ... ok
[INFO] [stdout] test styles::tests::resolves_fonts_and_fills_by_style_id ... ok
[INFO] [stdout] test writer::tests::native_writer_panic_poisons_later_save ... ok
[INFO] [stdout] test writer::tests::save_rejects_symlink_destination_without_replacing_it ... ok
[INFO] [stdout] test writer::tests::write_color_theme_no_tint_round_trips ... ok
[INFO] [stdout] test writer::tests::rename_failure_cleans_sibling_temp_file ... ok
[INFO] [stdout] test writer::tests::native_writer_poisoning_prevents_save_and_saved_state_is_idempotent ... ok
[INFO] [stdout] test writer::tests::post_commit_directory_sync_failure_does_not_poison_saved_state ... ok
[INFO] [stdout] test writer::tests::write_xlsx_accepts_missing_source_path ... ok
[INFO] [stdout] test writer::tests::write_xlsx_sorts_cells_and_skips_empty_values ... ok
[INFO] [stdout] test writer::tests::write_xlsx_writes_required_ooxml_parts_and_escapes_shared_strings ... ok
[INFO] [stdout] test writer::tests::write_xlsx_preserves_original_content_types_and_root_rels_when_source_present ... ok
[INFO] [stdout] test writer::tests::write_xlsx_preserves_source_styles_and_appends_new_xf ... ok
[INFO] [stderr] error: test failed, to rerun pass `--lib`
[INFO] [stdout] test writer::tests::write_xlsx_copies_unknown_entries_from_source_archive ... ok
[INFO] [stdout] 
[INFO] [stdout] failures:
[INFO] [stdout] 
[INFO] [stdout] ---- writer::tests::native_writer_relative_save_commits_and_stays_saved stdout ----
[INFO] [stdout] 
[INFO] [stdout] thread 'writer::tests::native_writer_relative_save_commits_and_stays_saved' (1462) panicked at src/writer.rs:2409:27:
[INFO] [stdout] called `Result::unwrap()` on an `Err` value: Io(Custom { kind: ReadOnlyFilesystem, error: PathError { path: "/opt/rustwide/workdir/./.tmpoZ7Kwh", err: Os { code: 30, kind: ReadOnlyFilesystem, message: "Read-only file system" } } })
[INFO] [stdout] stack backtrace:
[INFO] [stdout]    0:     0x5ce9118faf71 - <<std[617be2ca0a6fd877]::sys::backtrace::BacktraceLock>::print::DisplayBacktrace as core[a373ad73a504971]::fmt::Display>::fmt
[INFO] [stdout]    1:     0x5ce91191165a - core[a373ad73a504971]::fmt::write
[INFO] [stdout]    2:     0x5ce9118ff56c - <alloc[2e1b2a31b91974c5]::vec::Vec<u8> as core[a373ad73a504971]::io::write::Write>::write_fmt
[INFO] [stdout]    3:     0x5ce9118d4fe6 - std[617be2ca0a6fd877]::panicking::default_hook::{closure#0}
[INFO] [stdout]    4:     0x5ce9118f22b9 - std[617be2ca0a6fd877]::panicking::default_hook
[INFO] [stdout]    5:     0x5ce911862ec0 - test[aada8e7e76ba119b]::test_main_inner::{closure#0}
[INFO] [stdout]    6:     0x5ce9118f2472 - std[617be2ca0a6fd877]::panicking::panic_with_hook
[INFO] [stdout]    7:     0x5ce9118d5092 - std[617be2ca0a6fd877]::panicking::panic_handler::{closure#0}
[INFO] [stdout]    8:     0x5ce9118cd989 - std[617be2ca0a6fd877]::sys::backtrace::__rust_end_short_backtrace::<std[617be2ca0a6fd877]::panicking::panic_handler::{closure#0}, !>
[INFO] [stdout]    9:     0x5ce9118d5e7d - __rustc[ea4f61d10b84890b]::rust_begin_unwind
[INFO] [stdout]   10:     0x5ce911911d8c - core[a373ad73a504971]::panicking::panic_fmt
[INFO] [stdout]   11:     0x5ce911911b62 - core[a373ad73a504971]::result::unwrap_failed
[INFO] [stdout]   12:     0x5ce9118519da - <oxlsx[22b98019be0923]::writer::tests::native_writer_relative_save_commits_and_stays_saved::{closure#0} as core[a373ad73a504971]::ops::function::FnOnce<()>>::call_once
[INFO] [stdout]   13:     0x5ce91185630b - test[aada8e7e76ba119b]::__rust_begin_short_backtrace::<core[a373ad73a504971]::result::Result<(), alloc[2e1b2a31b91974c5]::string::String>, fn() -> core[a373ad73a504971]::result::Result<(), alloc[2e1b2a31b91974c5]::string::String>>
[INFO] [stdout]   14:     0x5ce9118634e5 - test[aada8e7e76ba119b]::run_test::{closure#0}
[INFO] [stdout]   15:     0x5ce91185cdd4 - std[617be2ca0a6fd877]::sys::backtrace::__rust_begin_short_backtrace::<test[aada8e7e76ba119b]::run_test::{closure#1}, ()>
[INFO] [stdout]   16:     0x5ce911866572 - <std[617be2ca0a6fd877]::thread::lifecycle::spawn_unchecked<test[aada8e7e76ba119b]::run_test::{closure#1}, ()>::{closure#1} as core[a373ad73a504971]::ops::function::FnOnce<()>>::call_once::{shim:vtable#0}
[INFO] [stdout]   17:     0x5ce9118fa2df - <std[617be2ca0a6fd877]::sys::thread::unix::Thread>::new::thread_start
[INFO] [stdout]   18:     0x7adb1d6f3dfa - <unknown>
[INFO] [stdout]   19:     0x7adb1d7873d4 - clone
[INFO] [stdout]   20:                0x0 - <unknown>
[INFO] [stdout] 
[INFO] [stdout] ---- writer::tests::native_writer_saved_destination_has_stable_absolute_identity stdout ----
[INFO] [stdout] 
[INFO] [stdout] thread 'writer::tests::native_writer_saved_destination_has_stable_absolute_identity' (1464) panicked at src/writer.rs:2329:31:
[INFO] [stdout] called `Result::unwrap()` on an `Err` value: Io(Custom { kind: ReadOnlyFilesystem, error: PathError { path: "/opt/rustwide/workdir/./.tmpX9J3Ez", err: Os { code: 30, kind: ReadOnlyFilesystem, message: "Read-only file system" } } })
[INFO] [stdout] stack backtrace:
[INFO] [stdout]    0:     0x5ce9118faf71 - <<std[617be2ca0a6fd877]::sys::backtrace::BacktraceLock>::print::DisplayBacktrace as core[a373ad73a504971]::fmt::Display>::fmt
[INFO] [stdout]    1:     0x5ce91191165a - core[a373ad73a504971]::fmt::write
[INFO] [stdout]    2:     0x5ce9118ff56c - <alloc[2e1b2a31b91974c5]::vec::Vec<u8> as core[a373ad73a504971]::io::write::Write>::write_fmt
[INFO] [stdout]    3:     0x5ce9118d4fe6 - std[617be2ca0a6fd877]::panicking::default_hook::{closure#0}
[INFO] [stdout]    4:     0x5ce9118f22b9 - std[617be2ca0a6fd877]::panicking::default_hook
[INFO] [stdout]    5:     0x5ce911862ec0 - test[aada8e7e76ba119b]::test_main_inner::{closure#0}
[INFO] [stdout]    6:     0x5ce9118f2472 - std[617be2ca0a6fd877]::panicking::panic_with_hook
[INFO] [stdout]    7:     0x5ce9118d5092 - std[617be2ca0a6fd877]::panicking::panic_handler::{closure#0}
[INFO] [stdout]    8:     0x5ce9118cd989 - std[617be2ca0a6fd877]::sys::backtrace::__rust_end_short_backtrace::<std[617be2ca0a6fd877]::panicking::panic_handler::{closure#0}, !>
[INFO] [stdout]    9:     0x5ce9118d5e7d - __rustc[ea4f61d10b84890b]::rust_begin_unwind
[INFO] [stdout]   10:     0x5ce911911d8c - core[a373ad73a504971]::panicking::panic_fmt
[INFO] [stdout]   11:     0x5ce911911b62 - core[a373ad73a504971]::result::unwrap_failed
[INFO] [stdout]   12:     0x5ce9118535ac - <oxlsx[22b98019be0923]::writer::tests::native_writer_saved_destination_has_stable_absolute_identity::{closure#0} as core[a373ad73a504971]::ops::function::FnOnce<()>>::call_once
[INFO] [stdout]   13:     0x5ce91185630b - test[aada8e7e76ba119b]::__rust_begin_short_backtrace::<core[a373ad73a504971]::result::Result<(), alloc[2e1b2a31b91974c5]::string::String>, fn() -> core[a373ad73a504971]::result::Result<(), alloc[2e1b2a31b91974c5]::string::String>>
[INFO] [stdout]   14:     0x5ce9118634e5 - test[aada8e7e76ba119b]::run_test::{closure#0}
[INFO] [stdout]   15:     0x5ce91185cdd4 - std[617be2ca0a6fd877]::sys::backtrace::__rust_begin_short_backtrace::<test[aada8e7e76ba119b]::run_test::{closure#1}, ()>
[INFO] [stdout]   16:     0x5ce911866572 - <std[617be2ca0a6fd877]::thread::lifecycle::spawn_unchecked<test[aada8e7e76ba119b]::run_test::{closure#1}, ()>::{closure#1} as core[a373ad73a504971]::ops::function::FnOnce<()>>::call_once::{shim:vtable#0}
[INFO] [stdout]   17:     0x5ce9118fa2df - <std[617be2ca0a6fd877]::sys::thread::unix::Thread>::new::thread_start
[INFO] [stdout]   18:     0x7adb1d6f3dfa - <unknown>
[INFO] [stdout]   19:     0x7adb1d7873d4 - clone
[INFO] [stdout]   20:                0x0 - <unknown>
[INFO] [stdout] 
[INFO] [stdout] 
[INFO] [stdout] failures:
[INFO] [stdout]     writer::tests::native_writer_relative_save_commits_and_stays_saved
[INFO] [stdout]     writer::tests::native_writer_saved_destination_has_stable_absolute_identity
[INFO] [stdout] 
[INFO] [stdout] test result: FAILED. 160 passed; 2 failed; 0 ignored; 0 measured; 0 filtered out; finished in 0.12s
[INFO] [stdout] 
[INFO] running `Command { std: "docker" "inspect" "deca62c04a062949175a09aea6210531e8527671667376e1b11953a85b5ca720", kill_on_drop: false }`
[INFO] running `Command { std: "docker" "rm" "-f" "deca62c04a062949175a09aea6210531e8527671667376e1b11953a85b5ca720", kill_on_drop: false }`
[INFO] [stdout] deca62c04a062949175a09aea6210531e8527671667376e1b11953a85b5ca720
