[INFO] fetching crate oxipatch 0.1.0...
[INFO] testing oxipatch-0.1.0 against 1.100.0-beta.1+cargoflags=--release for beta-release-1.100-2
[INFO] extracting crate oxipatch 0.1.0 into /workspace/builds/worker-7-tc2/source
[INFO] started tweaking crates.io crate oxipatch 0.1.0
[INFO] removed 0 missing tests
[INFO] finished tweaking crates.io crate oxipatch 0.1.0
[INFO] tweaked toml for crates.io crate oxipatch 0.1.0 written to /workspace/builds/worker-7-tc2/source/Cargo.toml
[INFO] validating manifest of crates.io crate oxipatch 0.1.0 on toolchain 1.100.0-beta.1
[INFO] running `Command { std: CARGO_HOME="/workspace/cargo-home" RUSTUP_HOME="/workspace/rustup-home" "/workspace/cargo-home/bin/cargo" "+1.100.0-beta.1" "metadata" "--manifest-path" "Cargo.toml" "--no-deps", kill_on_drop: false }`
[INFO] crate crates.io crate oxipatch 0.1.0 already has a lockfile, it will not be regenerated
[INFO] running `Command { std: CARGO_HOME="/workspace/cargo-home" RUSTUP_HOME="/workspace/rustup-home" "/workspace/cargo-home/bin/cargo" "+1.100.0-beta.1" "fetch" "--manifest-path" "Cargo.toml", kill_on_drop: false }`
[INFO] running `Command { std: "docker" "create" "-v" "/var/lib/crater-agent-workspace/builds/worker-7-tc2/source:/opt/rustwide/workdir:ro,Z" "-v" "/var/lib/crater-agent-workspace/builds/worker-7-tc2/target:/opt/rustwide/target:rw,Z" "-v" "/var/lib/crater-agent-workspace/cargo-home:/opt/rustwide/cargo-home:ro,Z" "-v" "/var/lib/crater-agent-workspace/rustup-home:/opt/rustwide/rustup-home:ro,Z" "-m" "1610612736" "--network" "none" "ghcr.io/rust-lang/crates-build-env/linux@sha256:77db811e55d90add9212f6832c23229e3de5f1c1f9905e8cb07319ea15df73ac" "sleep" "infinity", kill_on_drop: false }`
[INFO] [stdout] a428396c5df0b77fc8d954d123a5547d591ca585cfaa27f2f664891536e48338
[INFO] running `Command { std: "docker" "start" "a428396c5df0b77fc8d954d123a5547d591ca585cfaa27f2f664891536e48338", kill_on_drop: false }`
[INFO] running `Command { std: "docker" "inspect" "a428396c5df0b77fc8d954d123a5547d591ca585cfaa27f2f664891536e48338", kill_on_drop: false }`
[INFO] running `Command { std: "docker" "exec" "-e" "SOURCE_DIR=/opt/rustwide/workdir" "-e" "CARGO_HOME=/opt/rustwide/cargo-home" "-e" "RUSTUP_HOME=/opt/rustwide/rustup-home" "-e" "CARGO_TARGET_DIR=/opt/rustwide/target" "-w" "/opt/rustwide/workdir" "--user" "0:0" "a428396c5df0b77fc8d954d123a5547d591ca585cfaa27f2f664891536e48338" "/opt/rustwide/cargo-home/bin/cargo" "+1.100.0-beta.1" "metadata" "--no-deps" "--format-version=1", kill_on_drop: false }`
[INFO] running `Command { std: "docker" "inspect" "a428396c5df0b77fc8d954d123a5547d591ca585cfaa27f2f664891536e48338", kill_on_drop: false }`
[INFO] running `Command { std: "docker" "exec" "-e" "SOURCE_DIR=/opt/rustwide/workdir" "-e" "CARGO_HOME=/opt/rustwide/cargo-home" "-e" "RUSTUP_HOME=/opt/rustwide/rustup-home" "-e" "CARGO_TARGET_DIR=/opt/rustwide/target" "-e" "CARGO_INCREMENTAL=0" "-e" "RUST_BACKTRACE=full" "-e" "RUSTFLAGS=--cap-lints=warn" "-e" "RUSTDOCFLAGS=--cap-lints=warn" "-w" "/opt/rustwide/workdir" "--user" "0:0" "a428396c5df0b77fc8d954d123a5547d591ca585cfaa27f2f664891536e48338" "/opt/rustwide/cargo-home/bin/cargo" "+1.100.0-beta.1" "build" "--frozen" "--message-format=json" "--release", kill_on_drop: false }`
[INFO] [stderr]    Compiling proc-macro2 v1.0.107
[INFO] [stderr]    Compiling unicode-ident v1.0.24
[INFO] [stderr]    Compiling quote v1.0.47
[INFO] [stderr]    Compiling utf8parse v0.2.2
[INFO] [stderr]    Compiling anstyle v1.0.14
[INFO] [stderr]    Compiling serde_core v1.0.229
[INFO] [stderr]    Compiling anstyle-query v1.1.5
[INFO] [stderr]    Compiling colorchoice v1.0.5
[INFO] [stderr]    Compiling is_terminal_polyfill v1.70.2
[INFO] [stderr]    Compiling clap_lex v1.1.0
[INFO] [stderr]    Compiling strsim v0.11.1
[INFO] [stderr]    Compiling zmij v1.0.23
[INFO] [stderr]    Compiling heck v0.5.0
[INFO] [stderr]    Compiling serde v1.0.229
[INFO] [stderr]    Compiling thiserror v1.0.69
[INFO] [stderr]    Compiling serde_json v1.0.151
[INFO] [stderr]    Compiling itoa v1.0.18
[INFO] [stderr]    Compiling memchr v2.8.3
[INFO] [stderr]    Compiling anstyle-parse v1.0.0
[INFO] [stderr]    Compiling anstream v1.0.0
[INFO] [stderr]    Compiling clap_builder v4.6.2
[INFO] [stderr]    Compiling syn v3.0.3
[INFO] [stderr]    Compiling syn v2.0.119
[INFO] [stderr]    Compiling thiserror-impl v1.0.69
[INFO] [stderr]    Compiling clap_derive v4.6.4
[INFO] [stderr]    Compiling serde_derive v1.0.229
[INFO] [stderr]    Compiling clap v4.6.4
[INFO] [stderr]    Compiling clap_complete v4.6.8
[INFO] [stderr]    Compiling oxipatch v0.1.0 (/opt/rustwide/workdir)
[INFO] [stderr]     Finished `release` profile [optimized] target(s) in 33.66s
[INFO] running `Command { std: "docker" "inspect" "a428396c5df0b77fc8d954d123a5547d591ca585cfaa27f2f664891536e48338", kill_on_drop: false }`
[INFO] running `Command { std: "docker" "exec" "-e" "SOURCE_DIR=/opt/rustwide/workdir" "-e" "CARGO_HOME=/opt/rustwide/cargo-home" "-e" "RUSTUP_HOME=/opt/rustwide/rustup-home" "-e" "CARGO_TARGET_DIR=/opt/rustwide/target" "-e" "CARGO_INCREMENTAL=0" "-e" "RUST_BACKTRACE=full" "-e" "RUSTFLAGS=--cap-lints=warn" "-e" "RUSTDOCFLAGS=--cap-lints=warn" "-w" "/opt/rustwide/workdir" "--user" "0:0" "a428396c5df0b77fc8d954d123a5547d591ca585cfaa27f2f664891536e48338" "/opt/rustwide/cargo-home/bin/cargo" "+1.100.0-beta.1" "test" "--frozen" "--no-run" "--message-format=json" "--release", kill_on_drop: false }`
[INFO] [stderr]    Compiling libc v0.2.189
[INFO] [stderr]    Compiling cfg-if v1.0.4
[INFO] [stderr]    Compiling getrandom v0.3.4
[INFO] [stderr]    Compiling getrandom v0.4.3
[INFO] [stderr]    Compiling rustix v1.1.4
[INFO] [stderr]    Compiling zerocopy v0.8.55
[INFO] [stderr]    Compiling linux-raw-sys v0.12.1
[INFO] [stderr]    Compiling bitflags v2.13.1
[INFO] [stderr]    Compiling autocfg v1.5.1
[INFO] [stderr]    Compiling fastrand v2.5.0
[INFO] [stderr]    Compiling once_cell v1.21.4
[INFO] [stderr]    Compiling quick-error v1.2.3
[INFO] [stderr]    Compiling bit-vec v0.8.0
[INFO] [stderr]    Compiling fnv v1.0.7
[INFO] [stderr]    Compiling unarray v0.1.4
[INFO] [stderr]    Compiling regex-syntax v0.8.11
[INFO] [stderr]    Compiling bit-set v0.8.0
[INFO] [stderr]    Compiling num-traits v0.2.19
[INFO] [stderr]    Compiling wait-timeout v0.2.1
[INFO] [stderr]    Compiling rand_core v0.9.5
[INFO] [stderr]    Compiling rand v0.9.5
[INFO] [stderr]    Compiling rand_xorshift v0.4.0
[INFO] [stderr]    Compiling tempfile v3.27.0
[INFO] [stderr]    Compiling rusty-fork v0.3.1
[INFO] [stderr]    Compiling ppv-lite86 v0.2.21
[INFO] [stderr]    Compiling rand_chacha v0.9.0
[INFO] [stderr]    Compiling proptest v1.11.0
[INFO] [stderr]    Compiling oxipatch v0.1.0 (/opt/rustwide/workdir)
[INFO] [stderr]     Finished `release` profile [optimized] target(s) in 1m 13s
[INFO] running `Command { std: "docker" "inspect" "a428396c5df0b77fc8d954d123a5547d591ca585cfaa27f2f664891536e48338", kill_on_drop: false }`
[INFO] running `Command { std: "docker" "exec" "-e" "SOURCE_DIR=/opt/rustwide/workdir" "-e" "CARGO_HOME=/opt/rustwide/cargo-home" "-e" "RUSTUP_HOME=/opt/rustwide/rustup-home" "-e" "CARGO_TARGET_DIR=/opt/rustwide/target" "-e" "CARGO_INCREMENTAL=0" "-e" "RUST_BACKTRACE=full" "-e" "RUSTFLAGS=--cap-lints=warn" "-e" "RUSTDOCFLAGS=--cap-lints=warn" "-w" "/opt/rustwide/workdir" "--user" "0:0" "a428396c5df0b77fc8d954d123a5547d591ca585cfaa27f2f664891536e48338" "/opt/rustwide/cargo-home/bin/cargo" "+1.100.0-beta.1" "test" "--frozen" "--release", kill_on_drop: false }`
[INFO] [stderr]     Finished `release` profile [optimized] target(s) in 0.13s
[INFO] [stderr]      Running unittests src/lib.rs (/opt/rustwide/target/release/build/oxipatch/c5ddb4b4719e0da8/out/oxipatch-c5ddb4b4719e0da8)
[INFO] [stdout] 
[INFO] [stdout] running 38 tests
[INFO] [stdout] test elf::hash::tests::sysv_hash_matches_reference_value ... ok
[INFO] [stdout] test elf::strtab::tests::get_str_reads_nul_terminated ... ok
[INFO] [stdout] test elf::strtab::tests::get_str_rejects_unterminated ... ok
[INFO] [stdout] test elf::symtab::tests::sym_round_trip_32_be ... ok
[INFO] [stdout] test elf::symtab::tests::sym_round_trip_64_le ... ok
[INFO] [stdout] test elf::strtab::tests::builder_intern_dedups ... ok
[INFO] [stdout] test elf::hash::tests::gnu_hash_matches_reference_values ... ok
[INFO] [stdout] test elf::hash::tests::bloom_filter_never_produces_a_false_negative ... ok
[INFO] [stdout] test elf::strtab::tests::builder_push_and_find ... ok
[INFO] [stdout] test ops::needed::tests::remove_needed_drops_entry ... FAILED
[INFO] [stdout] test ops::debugtag::tests::add_debug_tag_is_idempotent ... FAILED
[INFO] [stdout] test ops::rpath::tests::add_rpath_appends ... FAILED
[INFO] [stdout] test ops::interpreter::tests::setting_the_same_interpreter_is_a_true_no_op ... FAILED
[INFO] [stdout] test ops::osabi::tests::set_and_read_back_os_abi ... FAILED
[INFO] [stdout] test ops::interpreter::tests::set_interpreter_longer_grows_file ... FAILED
[INFO] [stdout] test ops::rpath::tests::remove_rpath_clears_it ... FAILED
[INFO] [stdout] test ops::rpath::tests::setting_the_same_rpath_is_a_true_no_op ... FAILED
[INFO] [stdout] test ops::rpath::tests::shrink_rpath_drops_dirs_that_resolve_nothing ... FAILED
[INFO] [stdout] test ops::rpath::tests::growing_dynstr_zeroes_its_abandoned_old_slot ... FAILED
[INFO] [stdout] test ops::needed::tests::replace_needed_renames_entry ... FAILED
[INFO] [stdout] test ops::needed::tests::add_needed_appears_and_dedups ... FAILED
[INFO] [stdout] test ops::interpreter::tests::get_interpreter_from_system_binary ... FAILED
[INFO] [stdout] test batch::tests::patch_many_reports_one_result_per_path_and_keeps_going_after_a_failure ... ok
[INFO] [stdout] test ops::rpath::tests::set_long_rpath_grows_file ... FAILED
[INFO] [stdout] test ops::needed::tests::no_default_lib_sets_flag ... FAILED
[INFO] [stdout] test ops::execstack::tests::toggle_existing_gnu_stack ... FAILED
[INFO] [stdout] test ops::rpath::tests::shrink_rpath_keeps_non_absolute_entries_unconditionally ... FAILED
[INFO] [stdout] test ops::rpath::tests::shrink_rpath_respects_allowed_prefixes ... FAILED
[INFO] [stdout] test ops::interpreter::tests::set_interpreter_shorter_fits_in_place ... FAILED
[INFO] [stdout] test ops::rpath::tests::set_and_read_back_short_rpath ... FAILED
[INFO] [stdout] test ops::soname::tests::set_and_read_back_soname ... FAILED
[INFO] [stdout] test ops::rpath::tests::force_rpath_writes_dt_rpath_not_runpath ... FAILED
[INFO] [stdout] test ops::soname::tests::set_long_soname_grows_file ... FAILED
[INFO] [stdout] test ops::symbols::tests::clear_symbol_versions_sets_global_index ... FAILED
[INFO] [stdout] test ops::symbols::tests::rename_preserves_symbol_count_and_all_final_names ... FAILED
[INFO] [stdout] test ops::symbols::tests::rename_unmatched_map_is_a_true_no_op ... FAILED
[INFO] [stdout] test elf::file::tests::commit_catches_corruption_instead_of_returning_it ... FAILED
[INFO] [stdout] test ops::execstack::tests::add_missing_gnu_stack ... FAILED
[INFO] [stderr] error: test failed, to rerun pass `--lib`
[INFO] [stdout] 
[INFO] [stdout] failures:
[INFO] [stdout] 
[INFO] [stdout] ---- ops::needed::tests::remove_needed_drops_entry stdout ----
[INFO] [stdout] 
[INFO] [stdout] thread 'ops::needed::tests::remove_needed_drops_entry' (1298) panicked at src/ops/needed.rs:155:55:
[INFO] [stdout] called `Result::unwrap()` on an `Err` value: Os { code: 2, kind: NotFound, message: "No such file or directory" }
[INFO] [stdout] stack backtrace:
[INFO] [stdout]    0:     0x602ed843fe85 - <<std[617be2ca0a6fd877]::sys::backtrace::BacktraceLock>::print::DisplayBacktrace as core[a373ad73a504971]::fmt::Display>::fmt
[INFO] [stdout]    1:     0x602ed8427b1a - core[a373ad73a504971]::fmt::write
[INFO] [stdout]    2:     0x602ed843f51b - <alloc[2e1b2a31b91974c5]::vec::Vec<u8> as core[a373ad73a504971]::io::write::Write>::write_fmt
[INFO] [stdout]    3:     0x602ed843efff - std[617be2ca0a6fd877]::panicking::default_hook::{closure#0}
[INFO] [stdout]    4:     0x602ed843ec2a - std[617be2ca0a6fd877]::panicking::default_hook
[INFO] [stdout]    5:     0x602ed843e765 - std[617be2ca0a6fd877]::panicking::panic_with_hook
[INFO] [stdout]    6:     0x602ed84655a1 - std[617be2ca0a6fd877]::panicking::panic_handler::{closure#0}
[INFO] [stdout]    7:     0x602ed8465559 - std[617be2ca0a6fd877]::sys::backtrace::__rust_end_short_backtrace::<std[617be2ca0a6fd877]::panicking::panic_handler::{closure#0}, !>
[INFO] [stdout]    8:     0x602ed8465a5c - __rustc[ea4f61d10b84890b]::rust_begin_unwind
[INFO] [stdout]    9:     0x602ed84279ab - core[a373ad73a504971]::panicking::panic_fmt
[INFO] [stdout]   10:     0x602ed842ad01 - core[a373ad73a504971]::result::unwrap_failed
[INFO] [stdout]   11:     0x602ed841d990 - <oxipatch[4888797e7a0746cd]::ops::needed::tests::remove_needed_drops_entry::{closure#0} as core[a373ad73a504971]::ops::function::FnOnce<()>>::call_once
[INFO] [stdout]   12:     0x602ed847fcbb - test[aada8e7e76ba119b]::__rust_begin_short_backtrace::<core[a373ad73a504971]::result::Result<(), alloc[2e1b2a31b91974c5]::string::String>, fn() -> core[a373ad73a504971]::result::Result<(), alloc[2e1b2a31b91974c5]::string::String>>
[INFO] [stdout]   13:     0x602ed847b0ff - test[aada8e7e76ba119b]::run_test::{closure#0}
[INFO] [stdout]   14:     0x602ed847ab7c - std[617be2ca0a6fd877]::sys::backtrace::__rust_begin_short_backtrace::<test[aada8e7e76ba119b]::run_test::{closure#1}, ()>
[INFO] [stdout]   15:     0x602ed849b10c - <std[617be2ca0a6fd877]::thread::lifecycle::spawn_unchecked<test[aada8e7e76ba119b]::run_test::{closure#1}, ()>::{closure#1} as core[a373ad73a504971]::ops::function::FnOnce<()>>::call_once::{shim:vtable#0}
[INFO] [stdout]   16:     0x602ed84672d4 - <std[617be2ca0a6fd877]::sys::thread::unix::Thread>::new::thread_start
[INFO] [stdout]   17:     0x70b62b41fdfa - <unknown>
[INFO] [stdout]   18:     0x70b62b4b33d4 - clone
[INFO] [stdout]   19:                0x0 - <unknown>
[INFO] [stdout] 
[INFO] [stdout] ---- ops::debugtag::tests::add_debug_tag_is_idempotent stdout ----
[INFO] [stdout] 
[INFO] [stdout] thread 'ops::debugtag::tests::add_debug_tag_is_idempotent' (1289) panicked at src/ops/debugtag.rs:46:55:
[INFO] [stdout] called `Result::unwrap()` on an `Err` value: Os { code: 2, kind: NotFound, message: "No such file or directory" }
[INFO] [stdout] stack backtrace:
[INFO] [stdout]    0:     0x602ed843fe85 - <<std[617be2ca0a6fd877]::sys::backtrace::BacktraceLock>::print::DisplayBacktrace as core[a373ad73a504971]::fmt::Display>::fmt
[INFO] [stdout]    1:     0x602ed8427b1a - core[a373ad73a504971]::fmt::write
[INFO] [stdout]    2:     0x602ed843f51b - <alloc[2e1b2a31b91974c5]::vec::Vec<u8> as core[a373ad73a504971]::io::write::Write>::write_fmt
[INFO] [stdout]    3:     0x602ed843efff - std[617be2ca0a6fd877]::panicking::default_hook::{closure#0}
[INFO] [stdout]    4:     0x602ed843ec2a - std[617be2ca0a6fd877]::panicking::default_hook
[INFO] [stdout]    5:     0x602ed843e765 - std[617be2ca0a6fd877]::panicking::panic_with_hook
[INFO] [stdout]    6:     0x602ed84655a1 - std[617be2ca0a6fd877]::panicking::panic_handler::{closure#0}
[INFO] [stdout]    7:     0x602ed8465559 - std[617be2ca0a6fd877]::sys::backtrace::__rust_end_short_backtrace::<std[617be2ca0a6fd877]::panicking::panic_handler::{closure#0}, !>
[INFO] [stdout]    8:     0x602ed8465a5c - __rustc[ea4f61d10b84890b]::rust_begin_unwind
[INFO] [stdout]    9:     0x602ed84279ab - core[a373ad73a504971]::panicking::panic_fmt
[INFO] [stdout]   10:     0x602ed842ad01 - core[a373ad73a504971]::result::unwrap_failed
[INFO] [stdout]   11:     0x602ed8423c2f - <oxipatch[4888797e7a0746cd]::ops::debugtag::tests::add_debug_tag_is_idempotent::{closure#0} as core[a373ad73a504971]::ops::function::FnOnce<()>>::call_once
[INFO] [stdout]   12:     0x602ed847fcbb - test[aada8e7e76ba119b]::__rust_begin_short_backtrace::<core[a373ad73a504971]::result::Result<(), alloc[2e1b2a31b91974c5]::string::String>, fn() -> core[a373ad73a504971]::result::Result<(), alloc[2e1b2a31b91974c5]::string::String>>
[INFO] [stdout]   13:     0x602ed847b0ff - test[aada8e7e76ba119b]::run_test::{closure#0}
[INFO] [stdout]   14:     0x602ed847ab7c - std[617be2ca0a6fd877]::sys::backtrace::__rust_begin_short_backtrace::<test[aada8e7e76ba119b]::run_test::{closure#1}, ()>
[INFO] [stdout]   15:     0x602ed849b10c - <std[617be2ca0a6fd877]::thread::lifecycle::spawn_unchecked<test[aada8e7e76ba119b]::run_test::{closure#1}, ()>::{closure#1} as core[a373ad73a504971]::ops::function::FnOnce<()>>::call_once::{shim:vtable#0}
[INFO] [stdout]   16:     0x602ed84672d4 - <std[617be2ca0a6fd877]::sys::thread::unix::Thread>::new::thread_start
[INFO] [stdout]   17:     0x70b62b41fdfa - <unknown>
[INFO] [stdout]   18:     0x70b62b4b33d4 - clone
[INFO] [stdout]   19:                0x0 - <unknown>
[INFO] [stdout] 
[INFO] [stdout] ---- ops::rpath::tests::add_rpath_appends stdout ----
[INFO] [stdout] 
[INFO] [stdout] thread 'ops::rpath::tests::add_rpath_appends' (1301) panicked at src/ops/rpath.rs:280:55:
[INFO] [stdout] called `Result::unwrap()` on an `Err` value: Os { code: 2, kind: NotFound, message: "No such file or directory" }
[INFO] [stdout] stack backtrace:
[INFO] [stdout]    0:     0x602ed843fe85 - <<std[617be2ca0a6fd877]::sys::backtrace::BacktraceLock>::print::DisplayBacktrace as core[a373ad73a504971]::fmt::Display>::fmt
[INFO] [stdout]    1:     0x602ed8427b1a - core[a373ad73a504971]::fmt::write
[INFO] [stdout]    2:     0x602ed843f51b - <alloc[2e1b2a31b91974c5]::vec::Vec<u8> as core[a373ad73a504971]::io::write::Write>::write_fmt
[INFO] [stdout]    3:     0x602ed843efff - std[617be2ca0a6fd877]::panicking::default_hook::{closure#0}
[INFO] [stdout]    4:     0x602ed843ec2a - std[617be2ca0a6fd877]::panicking::default_hook
[INFO] [stdout]    5:     0x602ed843e765 - std[617be2ca0a6fd877]::panicking::panic_with_hook
[INFO] [stdout]    6:     0x602ed84655a1 - std[617be2ca0a6fd877]::panicking::panic_handler::{closure#0}
[INFO] [stdout]    7:     0x602ed8465559 - std[617be2ca0a6fd877]::sys::backtrace::__rust_end_short_backtrace::<std[617be2ca0a6fd877]::panicking::panic_handler::{closure#0}, !>
[INFO] [stdout]    8:     0x602ed8465a5c - __rustc[ea4f61d10b84890b]::rust_begin_unwind
[INFO] [stdout]    9:     0x602ed84279ab - core[a373ad73a504971]::panicking::panic_fmt
[INFO] [stdout]   10:     0x602ed842ad01 - core[a373ad73a504971]::result::unwrap_failed
[INFO] [stdout]   11:     0x602ed8419487 - <oxipatch[4888797e7a0746cd]::ops::rpath::tests::add_rpath_appends::{closure#0} as core[a373ad73a504971]::ops::function::FnOnce<()>>::call_once
[INFO] [stdout]   12:     0x602ed847fcbb - test[aada8e7e76ba119b]::__rust_begin_short_backtrace::<core[a373ad73a504971]::result::Result<(), alloc[2e1b2a31b91974c5]::string::String>, fn() -> core[a373ad73a504971]::result::Result<(), alloc[2e1b2a31b91974c5]::string::String>>
[INFO] [stdout]   13:     0x602ed847b0ff - test[aada8e7e76ba119b]::run_test::{closure#0}
[INFO] [stdout]   14:     0x602ed847ab7c - std[617be2ca0a6fd877]::sys::backtrace::__rust_begin_short_backtrace::<test[aada8e7e76ba119b]::run_test::{closure#1}, ()>
[INFO] [stdout]   15:     0x602ed849b10c - <std[617be2ca0a6fd877]::thread::lifecycle::spawn_unchecked<test[aada8e7e76ba119b]::run_test::{closure#1}, ()>::{closure#1} as core[a373ad73a504971]::ops::function::FnOnce<()>>::call_once::{shim:vtable#0}
[INFO] [stdout]   16:     0x602ed84672d4 - <std[617be2ca0a6fd877]::sys::thread::unix::Thread>::new::thread_start
[INFO] [stdout]   17:     0x70b62b41fdfa - <unknown>
[INFO] [stdout]   18:     0x70b62b4b33d4 - clone
[INFO] [stdout]   19:                0x0 - <unknown>
[INFO] [stdout] 
[INFO] [stdout] ---- ops::interpreter::tests::setting_the_same_interpreter_is_a_true_no_op stdout ----
[INFO] [stdout] 
[INFO] [stdout] thread 'ops::interpreter::tests::setting_the_same_interpreter_is_a_true_no_op' (1295) panicked at src/ops/interpreter.rs:75:55:
[INFO] [stdout] called `Result::unwrap()` on an `Err` value: Os { code: 2, kind: NotFound, message: "No such file or directory" }
[INFO] [stdout] stack backtrace:
[INFO] [stdout]    0:     0x602ed843fe85 - <<std[617be2ca0a6fd877]::sys::backtrace::BacktraceLock>::print::DisplayBacktrace as core[a373ad73a504971]::fmt::Display>::fmt
[INFO] [stdout]    1:     0x602ed8427b1a - core[a373ad73a504971]::fmt::write
[INFO] [stdout]    2:     0x602ed843f51b - <alloc[2e1b2a31b91974c5]::vec::Vec<u8> as core[a373ad73a504971]::io::write::Write>::write_fmt
[INFO] [stdout]    3:     0x602ed843efff - std[617be2ca0a6fd877]::panicking::default_hook::{closure#0}
[INFO] [stdout]    4:     0x602ed843ec2a - std[617be2ca0a6fd877]::panicking::default_hook
[INFO] [stdout]    5:     0x602ed843e765 - std[617be2ca0a6fd877]::panicking::panic_with_hook
[INFO] [stdout]    6:     0x602ed84655a1 - std[617be2ca0a6fd877]::panicking::panic_handler::{closure#0}
[INFO] [stdout]    7:     0x602ed8465559 - std[617be2ca0a6fd877]::sys::backtrace::__rust_end_short_backtrace::<std[617be2ca0a6fd877]::panicking::panic_handler::{closure#0}, !>
[INFO] [stdout]    8:     0x602ed8465a5c - __rustc[ea4f61d10b84890b]::rust_begin_unwind
[INFO] [stdout]    9:     0x602ed84279ab - core[a373ad73a504971]::panicking::panic_fmt
[INFO] [stdout]   10:     0x602ed842ad01 - core[a373ad73a504971]::result::unwrap_failed
[INFO] [stdout]   11:     0x602ed8418ceb - <oxipatch[4888797e7a0746cd]::ops::interpreter::tests::setting_the_same_interpreter_is_a_true_no_op::{closure#0} as core[a373ad73a504971]::ops::function::FnOnce<()>>::call_once
[INFO] [stdout]   12:     0x602ed847fcbb - test[aada8e7e76ba119b]::__rust_begin_short_backtrace::<core[a373ad73a504971]::result::Result<(), alloc[2e1b2a31b91974c5]::string::String>, fn() -> core[a373ad73a504971]::result::Result<(), alloc[2e1b2a31b91974c5]::string::String>>
[INFO] [stdout]   13:     0x602ed847b0ff - test[aada8e7e76ba119b]::run_test::{closure#0}
[INFO] [stdout]   14:     0x602ed847ab7c - std[617be2ca0a6fd877]::sys::backtrace::__rust_begin_short_backtrace::<test[aada8e7e76ba119b]::run_test::{closure#1}, ()>
[INFO] [stdout]   15:     0x602ed849b10c - <std[617be2ca0a6fd877]::thread::lifecycle::spawn_unchecked<test[aada8e7e76ba119b]::run_test::{closure#1}, ()>::{closure#1} as core[a373ad73a504971]::ops::function::FnOnce<()>>::call_once::{shim:vtable#0}
[INFO] [stdout]   16:     0x602ed84672d4 - <std[617be2ca0a6fd877]::sys::thread::unix::Thread>::new::thread_start
[INFO] [stdout]   17:     0x70b62b41fdfa - <unknown>
[INFO] [stdout]   18:     0x70b62b4b33d4 - clone
[INFO] [stdout]   19:                0x0 - <unknown>
[INFO] [stdout] 
[INFO] [stdout] ---- ops::osabi::tests::set_and_read_back_os_abi stdout ----
[INFO] [stdout] 
[INFO] [stdout] thread 'ops::osabi::tests::set_and_read_back_os_abi' (1300) panicked at src/ops/osabi.rs:51:55:
[INFO] [stdout] called `Result::unwrap()` on an `Err` value: Os { code: 2, kind: NotFound, message: "No such file or directory" }
[INFO] [stdout] stack backtrace:
[INFO] [stdout]    0:     0x602ed843fe85 - <<std[617be2ca0a6fd877]::sys::backtrace::BacktraceLock>::print::DisplayBacktrace as core[a373ad73a504971]::fmt::Display>::fmt
[INFO] [stdout]    1:     0x602ed8427b1a - core[a373ad73a504971]::fmt::write
[INFO] [stdout]    2:     0x602ed843f51b - <alloc[2e1b2a31b91974c5]::vec::Vec<u8> as core[a373ad73a504971]::io::write::Write>::write_fmt
[INFO] [stdout]    3:     0x602ed843efff - std[617be2ca0a6fd877]::panicking::default_hook::{closure#0}
[INFO] [stdout]    4:     0x602ed843ec2a - std[617be2ca0a6fd877]::panicking::default_hook
[INFO] [stdout]    5:     0x602ed843e765 - std[617be2ca0a6fd877]::panicking::panic_with_hook
[INFO] [stdout]    6:     0x602ed84655a1 - std[617be2ca0a6fd877]::panicking::panic_handler::{closure#0}
[INFO] [stdout]    7:     0x602ed8465559 - std[617be2ca0a6fd877]::sys::backtrace::__rust_end_short_backtrace::<std[617be2ca0a6fd877]::panicking::panic_handler::{closure#0}, !>
[INFO] [stdout]    8:     0x602ed8465a5c - __rustc[ea4f61d10b84890b]::rust_begin_unwind
[INFO] [stdout]    9:     0x602ed84279ab - core[a373ad73a504971]::panicking::panic_fmt
[INFO] [stdout]   10:     0x602ed842ad01 - core[a373ad73a504971]::result::unwrap_failed
[INFO] [stdout]   11:     0x602ed8418fb8 - <oxipatch[4888797e7a0746cd]::ops::osabi::tests::set_and_read_back_os_abi::{closure#0} as core[a373ad73a504971]::ops::function::FnOnce<()>>::call_once
[INFO] [stdout]   12:     0x602ed847fcbb - test[aada8e7e76ba119b]::__rust_begin_short_backtrace::<core[a373ad73a504971]::result::Result<(), alloc[2e1b2a31b91974c5]::string::String>, fn() -> core[a373ad73a504971]::result::Result<(), alloc[2e1b2a31b91974c5]::string::String>>
[INFO] [stdout]   13:     0x602ed847b0ff - test[aada8e7e76ba119b]::run_test::{closure#0}
[INFO] [stdout]   14:     0x602ed847ab7c - std[617be2ca0a6fd877]::sys::backtrace::__rust_begin_short_backtrace::<test[aada8e7e76ba119b]::run_test::{closure#1}, ()>
[INFO] [stdout]   15:     0x602ed849b10c - <std[617be2ca0a6fd877]::thread::lifecycle::spawn_unchecked<test[aada8e7e76ba119b]::run_test::{closure#1}, ()>::{closure#1} as core[a373ad73a504971]::ops::function::FnOnce<()>>::call_once::{shim:vtable#0}
[INFO] [stdout]   16:     0x602ed84672d4 - <std[617be2ca0a6fd877]::sys::thread::unix::Thread>::new::thread_start
[INFO] [stdout]   17:     0x70b62b41fdfa - <unknown>
[INFO] [stdout]   18:     0x70b62b4b33d4 - clone
[INFO] [stdout]   19:                0x0 - <unknown>
[INFO] [stdout] 
[INFO] [stdout] ---- ops::interpreter::tests::set_interpreter_longer_grows_file stdout ----
[INFO] [stdout] 
[INFO] [stdout] thread 'ops::interpreter::tests::set_interpreter_longer_grows_file' (1293) panicked at src/ops/interpreter.rs:104:55:
[INFO] [stdout] called `Result::unwrap()` on an `Err` value: Os { code: 2, kind: NotFound, message: "No such file or directory" }
[INFO] [stdout] stack backtrace:
[INFO] [stdout]    0:     0x602ed843fe85 - <<std[617be2ca0a6fd877]::sys::backtrace::BacktraceLock>::print::DisplayBacktrace as core[a373ad73a504971]::fmt::Display>::fmt
[INFO] [stdout]    1:     0x602ed8427b1a - core[a373ad73a504971]::fmt::write
[INFO] [stdout]    2:     0x602ed843f51b - <alloc[2e1b2a31b91974c5]::vec::Vec<u8> as core[a373ad73a504971]::io::write::Write>::write_fmt
[INFO] [stdout]    3:     0x602ed843efff - std[617be2ca0a6fd877]::panicking::default_hook::{closure#0}
[INFO] [stdout]    4:     0x602ed843ec2a - std[617be2ca0a6fd877]::panicking::default_hook
[INFO] [stdout]    5:     0x602ed843e765 - std[617be2ca0a6fd877]::panicking::panic_with_hook
[INFO] [stdout]    6:     0x602ed84655a1 - std[617be2ca0a6fd877]::panicking::panic_handler::{closure#0}
[INFO] [stdout]    7:     0x602ed8465559 - std[617be2ca0a6fd877]::sys::backtrace::__rust_end_short_backtrace::<std[617be2ca0a6fd877]::panicking::panic_handler::{closure#0}, !>
[INFO] [stdout]    8:     0x602ed8465a5c - __rustc[ea4f61d10b84890b]::rust_begin_unwind
[INFO] [stdout]    9:     0x602ed84279ab - core[a373ad73a504971]::panicking::panic_fmt
[INFO] [stdout]   10:     0x602ed842ad01 - core[a373ad73a504971]::result::unwrap_failed
[INFO] [stdout]   11:     0x602ed841829b - <oxipatch[4888797e7a0746cd]::ops::interpreter::tests::set_interpreter_longer_grows_file::{closure#0} as core[a373ad73a504971]::ops::function::FnOnce<()>>::call_once
[INFO] [stdout]   12:     0x602ed847fcbb - test[aada8e7e76ba119b]::__rust_begin_short_backtrace::<core[a373ad73a504971]::result::Result<(), alloc[2e1b2a31b91974c5]::string::String>, fn() -> core[a373ad73a504971]::result::Result<(), alloc[2e1b2a31b91974c5]::string::String>>
[INFO] [stdout]   13:     0x602ed847b0ff - test[aada8e7e76ba119b]::run_test::{closure#0}
[INFO] [stdout]   14:     0x602ed847ab7c - std[617be2ca0a6fd877]::sys::backtrace::__rust_begin_short_backtrace::<test[aada8e7e76ba119b]::run_test::{closure#1}, ()>
[INFO] [stdout]   15:     0x602ed849b10c - <std[617be2ca0a6fd877]::thread::lifecycle::spawn_unchecked<test[aada8e7e76ba119b]::run_test::{closure#1}, ()>::{closure#1} as core[a373ad73a504971]::ops::function::FnOnce<()>>::call_once::{shim:vtable#0}
[INFO] [stdout]   16:     0x602ed84672d4 - <std[617be2ca0a6fd877]::sys::thread::unix::Thread>::new::thread_start
[INFO] [stdout]   17:     0x70b62b41fdfa - <unknown>
[INFO] [stdout]   18:     0x70b62b4b33d4 - clone
[INFO] [stdout]   19:                0x0 - <unknown>
[INFO] [stdout] 
[INFO] [stdout] ---- ops::rpath::tests::remove_rpath_clears_it stdout ----
[INFO] [stdout] 
[INFO] [stdout] thread 'ops::rpath::tests::remove_rpath_clears_it' (1304) panicked at src/ops/rpath.rs:291:55:
[INFO] [stdout] called `Result::unwrap()` on an `Err` value: Os { code: 2, kind: NotFound, message: "No such file or directory" }
[INFO] [stdout] stack backtrace:
[INFO] [stdout]    0:     0x602ed843fe85 - <<std[617be2ca0a6fd877]::sys::backtrace::BacktraceLock>::print::DisplayBacktrace as core[a373ad73a504971]::fmt::Display>::fmt
[INFO] [stdout]    1:     0x602ed8427b1a - core[a373ad73a504971]::fmt::write
[INFO] [stdout]    2:     0x602ed843f51b - <alloc[2e1b2a31b91974c5]::vec::Vec<u8> as core[a373ad73a504971]::io::write::Write>::write_fmt
[INFO] [stdout]    3:     0x602ed843efff - std[617be2ca0a6fd877]::panicking::default_hook::{closure#0}
[INFO] [stdout]    4:     0x602ed843ec2a - std[617be2ca0a6fd877]::panicking::default_hook
[INFO] [stdout]    5:     0x602ed843e765 - std[617be2ca0a6fd877]::panicking::panic_with_hook
[INFO] [stdout]    6:     0x602ed84655a1 - std[617be2ca0a6fd877]::panicking::panic_handler::{closure#0}
[INFO] [stdout]    7:     0x602ed8465559 - std[617be2ca0a6fd877]::sys::backtrace::__rust_end_short_backtrace::<std[617be2ca0a6fd877]::panicking::panic_handler::{closure#0}, !>
[INFO] [stdout]    8:     0x602ed8465a5c - __rustc[ea4f61d10b84890b]::rust_begin_unwind
[INFO] [stdout]    9:     0x602ed84279ab - core[a373ad73a504971]::panicking::panic_fmt
[INFO] [stdout]   10:     0x602ed842ad01 - core[a373ad73a504971]::result::unwrap_failed
[INFO] [stdout]   11:     0x602ed8419a8d - <oxipatch[4888797e7a0746cd]::ops::rpath::tests::remove_rpath_clears_it::{closure#0} as core[a373ad73a504971]::ops::function::FnOnce<()>>::call_once
[INFO] [stdout]   12:     0x602ed847fcbb - test[aada8e7e76ba119b]::__rust_begin_short_backtrace::<core[a373ad73a504971]::result::Result<(), alloc[2e1b2a31b91974c5]::string::String>, fn() -> core[a373ad73a504971]::result::Result<(), alloc[2e1b2a31b91974c5]::string::String>>
[INFO] [stdout]   13:     0x602ed847b0ff - test[aada8e7e76ba119b]::run_test::{closure#0}
[INFO] [stdout]   14:     0x602ed847ab7c - std[617be2ca0a6fd877]::sys::backtrace::__rust_begin_short_backtrace::<test[aada8e7e76ba119b]::run_test::{closure#1}, ()>
[INFO] [stdout]   15:     0x602ed849b10c - <std[617be2ca0a6fd877]::thread::lifecycle::spawn_unchecked<test[aada8e7e76ba119b]::run_test::{closure#1}, ()>::{closure#1} as core[a373ad73a504971]::ops::function::FnOnce<()>>::call_once::{shim:vtable#0}
[INFO] [stdout]   16:     0x602ed84672d4 - <std[617be2ca0a6fd877]::sys::thread::unix::Thread>::new::thread_start
[INFO] [stdout]   17:     0x70b62b41fdfa - <unknown>
[INFO] [stdout]   18:     0x70b62b4b33d4 - clone
[INFO] [stdout]   19:                0x0 - <unknown>
[INFO] [stdout] 
[INFO] [stdout] ---- ops::rpath::tests::setting_the_same_rpath_is_a_true_no_op stdout ----
[INFO] [stdout] 
[INFO] [stdout] thread 'ops::rpath::tests::setting_the_same_rpath_is_a_true_no_op' (1307) panicked at src/ops/rpath.rs:265:55:
[INFO] [stdout] called `Result::unwrap()` on an `Err` value: Os { code: 2, kind: NotFound, message: "No such file or directory" }
[INFO] [stdout] stack backtrace:
[INFO] [stdout]    0:     0x602ed843fe85 - <<std[617be2ca0a6fd877]::sys::backtrace::BacktraceLock>::print::DisplayBacktrace as core[a373ad73a504971]::fmt::Display>::fmt
[INFO] [stdout]    1:     0x602ed8427b1a - core[a373ad73a504971]::fmt::write
[INFO] [stdout]    2:     0x602ed843f51b - <alloc[2e1b2a31b91974c5]::vec::Vec<u8> as core[a373ad73a504971]::io::write::Write>::write_fmt
[INFO] [stdout]    3:     0x602ed843efff - std[617be2ca0a6fd877]::panicking::default_hook::{closure#0}
[INFO] [stdout]    4:     0x602ed843ec2a - std[617be2ca0a6fd877]::panicking::default_hook
[INFO] [stdout]    5:     0x602ed843e765 - std[617be2ca0a6fd877]::panicking::panic_with_hook
[INFO] [stdout]    6:     0x602ed84655a1 - std[617be2ca0a6fd877]::panicking::panic_handler::{closure#0}
[INFO] [stdout]    7:     0x602ed8465559 - std[617be2ca0a6fd877]::sys::backtrace::__rust_end_short_backtrace::<std[617be2ca0a6fd877]::panicking::panic_handler::{closure#0}, !>
[INFO] [stdout]    8:     0x602ed8465a5c - __rustc[ea4f61d10b84890b]::rust_begin_unwind
[INFO] [stdout]    9:     0x602ed84279ab - core[a373ad73a504971]::panicking::panic_fmt
[INFO] [stdout]   10:     0x602ed842ad01 - core[a373ad73a504971]::result::unwrap_failed
[INFO] [stdout]   11:     0x602ed841a764 - <oxipatch[4888797e7a0746cd]::ops::rpath::tests::setting_the_same_rpath_is_a_true_no_op::{closure#0} as core[a373ad73a504971]::ops::function::FnOnce<()>>::call_once
[INFO] [stdout]   12:     0x602ed847fcbb - test[aada8e7e76ba119b]::__rust_begin_short_backtrace::<core[a373ad73a504971]::result::Result<(), alloc[2e1b2a31b91974c5]::string::String>, fn() -> core[a373ad73a504971]::result::Result<(), alloc[2e1b2a31b91974c5]::string::String>>
[INFO] [stdout]   13:     0x602ed847b0ff - test[aada8e7e76ba119b]::run_test::{closure#0}
[INFO] [stdout]   14:     0x602ed847ab7c - std[617be2ca0a6fd877]::sys::backtrace::__rust_begin_short_backtrace::<test[aada8e7e76ba119b]::run_test::{closure#1}, ()>
[INFO] [stdout]   15:     0x602ed849b10c - <std[617be2ca0a6fd877]::thread::lifecycle::spawn_unchecked<test[aada8e7e76ba119b]::run_test::{closure#1}, ()>::{closure#1} as core[a373ad73a504971]::ops::function::FnOnce<()>>::call_once::{shim:vtable#0}
[INFO] [stdout]   16:     0x602ed84672d4 - <std[617be2ca0a6fd877]::sys::thread::unix::Thread>::new::thread_start
[INFO] [stdout]   17:     0x70b62b41fdfa - <unknown>
[INFO] [stdout]   18:     0x70b62b4b33d4 - clone
[INFO] [stdout]   19:                0x0 - <unknown>
[INFO] [stdout] 
[INFO] [stdout] ---- ops::rpath::tests::shrink_rpath_drops_dirs_that_resolve_nothing stdout ----
[INFO] [stdout] 
[INFO] [stdout] thread 'ops::rpath::tests::shrink_rpath_drops_dirs_that_resolve_nothing' (1308) panicked at src/ops/rpath.rs:302:55:
[INFO] [stdout] called `Result::unwrap()` on an `Err` value: Os { code: 2, kind: NotFound, message: "No such file or directory" }
[INFO] [stdout] stack backtrace:
[INFO] [stdout]    0:     0x602ed843fe85 - <<std[617be2ca0a6fd877]::sys::backtrace::BacktraceLock>::print::DisplayBacktrace as core[a373ad73a504971]::fmt::Display>::fmt
[INFO] [stdout]    1:     0x602ed8427b1a - core[a373ad73a504971]::fmt::write
[INFO] [stdout]    2:     0x602ed843f51b - <alloc[2e1b2a31b91974c5]::vec::Vec<u8> as core[a373ad73a504971]::io::write::Write>::write_fmt
[INFO] [stdout]    3:     0x602ed843efff - std[617be2ca0a6fd877]::panicking::default_hook::{closure#0}
[INFO] [stdout]    4:     0x602ed843ec2a - std[617be2ca0a6fd877]::panicking::default_hook
[INFO] [stdout]    5:     0x602ed843e765 - std[617be2ca0a6fd877]::panicking::panic_with_hook
[INFO] [stdout]    6:     0x602ed84655a1 - std[617be2ca0a6fd877]::panicking::panic_handler::{closure#0}
[INFO] [stdout]    7:     0x602ed8465559 - std[617be2ca0a6fd877]::sys::backtrace::__rust_end_short_backtrace::<std[617be2ca0a6fd877]::panicking::panic_handler::{closure#0}, !>
[INFO] [stdout]    8:     0x602ed8465a5c - __rustc[ea4f61d10b84890b]::rust_begin_unwind
[INFO] [stdout]    9:     0x602ed84279ab - core[a373ad73a504971]::panicking::panic_fmt
[INFO] [stdout]   10:     0x602ed842ad01 - core[a373ad73a504971]::result::unwrap_failed
[INFO] [stdout]   11:     0x602ed841c585 - <oxipatch[4888797e7a0746cd]::ops::rpath::tests::shrink_rpath_drops_dirs_that_resolve_nothing::{closure#0} as core[a373ad73a504971]::ops::function::FnOnce<()>>::call_once
[INFO] [stdout]   12:     0x602ed847fcbb - test[aada8e7e76ba119b]::__rust_begin_short_backtrace::<core[a373ad73a504971]::result::Result<(), alloc[2e1b2a31b91974c5]::string::String>, fn() -> core[a373ad73a504971]::result::Result<(), alloc[2e1b2a31b91974c5]::string::String>>
[INFO] [stdout]   13:     0x602ed847b0ff - test[aada8e7e76ba119b]::run_test::{closure#0}
[INFO] [stdout]   14:     0x602ed847ab7c - std[617be2ca0a6fd877]::sys::backtrace::__rust_begin_short_backtrace::<test[aada8e7e76ba119b]::run_test::{closure#1}, ()>
[INFO] [stdout]   15:     0x602ed849b10c - <std[617be2ca0a6fd877]::thread::lifecycle::spawn_unchecked<test[aada8e7e76ba119b]::run_test::{closure#1}, ()>::{closure#1} as core[a373ad73a504971]::ops::function::FnOnce<()>>::call_once::{shim:vtable#0}
[INFO] [stdout]   16:     0x602ed84672d4 - <std[617be2ca0a6fd877]::sys::thread::unix::Thread>::new::thread_start
[INFO] [stdout]   17:     0x70b62b41fdfa - <unknown>
[INFO] [stdout]   18:     0x70b62b4b33d4 - clone
[INFO] [stdout]   19:                0x0 - <unknown>
[INFO] [stdout] 
[INFO] [stdout] ---- ops::rpath::tests::growing_dynstr_zeroes_its_abandoned_old_slot stdout ----
[INFO] [stdout] 
[INFO] [stdout] thread 'ops::rpath::tests::growing_dynstr_zeroes_its_abandoned_old_slot' (1303) panicked at src/ops/rpath.rs:216:55:
[INFO] [stdout] called `Result::unwrap()` on an `Err` value: Os { code: 2, kind: NotFound, message: "No such file or directory" }
[INFO] [stdout] stack backtrace:
[INFO] [stdout]    0:     0x602ed843fe85 - <<std[617be2ca0a6fd877]::sys::backtrace::BacktraceLock>::print::DisplayBacktrace as core[a373ad73a504971]::fmt::Display>::fmt
[INFO] [stdout]    1:     0x602ed8427b1a - core[a373ad73a504971]::fmt::write
[INFO] [stdout]    2:     0x602ed843f51b - <alloc[2e1b2a31b91974c5]::vec::Vec<u8> as core[a373ad73a504971]::io::write::Write>::write_fmt
[INFO] [stdout]    3:     0x602ed843efff - std[617be2ca0a6fd877]::panicking::default_hook::{closure#0}
[INFO] [stdout]    4:     0x602ed843ec2a - std[617be2ca0a6fd877]::panicking::default_hook
[INFO] [stdout]    5:     0x602ed843e765 - std[617be2ca0a6fd877]::panicking::panic_with_hook
[INFO] [stdout]    6:     0x602ed84655a1 - std[617be2ca0a6fd877]::panicking::panic_handler::{closure#0}
[INFO] [stdout]    7:     0x602ed8465559 - std[617be2ca0a6fd877]::sys::backtrace::__rust_end_short_backtrace::<std[617be2ca0a6fd877]::panicking::panic_handler::{closure#0}, !>
[INFO] [stdout]    8:     0x602ed8465a5c - __rustc[ea4f61d10b84890b]::rust_begin_unwind
[INFO] [stdout]    9:     0x602ed84279ab - core[a373ad73a504971]::panicking::panic_fmt
[INFO] [stdout]   10:     0x602ed842ad01 - core[a373ad73a504971]::result::unwrap_failed
[INFO] [stdout]   11:     0x602ed841bd0c - <oxipatch[4888797e7a0746cd]::ops::rpath::tests::growing_dynstr_zeroes_its_abandoned_old_slot::{closure#0} as core[a373ad73a504971]::ops::function::FnOnce<()>>::call_once
[INFO] [stdout]   12:     0x602ed847fcbb - test[aada8e7e76ba119b]::__rust_begin_short_backtrace::<core[a373ad73a504971]::result::Result<(), alloc[2e1b2a31b91974c5]::string::String>, fn() -> core[a373ad73a504971]::result::Result<(), alloc[2e1b2a31b91974c5]::string::String>>
[INFO] [stdout]   13:     0x602ed847b0ff - test[aada8e7e76ba119b]::run_test::{closure#0}
[INFO] [stdout]   14:     0x602ed847ab7c - std[617be2ca0a6fd877]::sys::backtrace::__rust_begin_short_backtrace::<test[aada8e7e76ba119b]::run_test::{closure#1}, ()>
[INFO] [stdout]   15:     0x602ed849b10c - <std[617be2ca0a6fd877]::thread::lifecycle::spawn_unchecked<test[aada8e7e76ba119b]::run_test::{closure#1}, ()>::{closure#1} as core[a373ad73a504971]::ops::function::FnOnce<()>>::call_once::{shim:vtable#0}
[INFO] [stdout]   16:     0x602ed84672d4 - <std[617be2ca0a6fd877]::sys::thread::unix::Thread>::new::thread_start
[INFO] [stdout]   17:     0x70b62b41fdfa - <unknown>
[INFO] [stdout]   18:     0x70b62b4b33d4 - clone
[INFO] [stdout]   19:                0x0 - <unknown>
[INFO] [stdout] 
[INFO] [stdout] ---- ops::needed::tests::replace_needed_renames_entry stdout ----
[INFO] [stdout] 
[INFO] [stdout] thread 'ops::needed::tests::replace_needed_renames_entry' (1299) panicked at src/ops/needed.rs:173:55:
[INFO] [stdout] called `Result::unwrap()` on an `Err` value: Os { code: 2, kind: NotFound, message: "No such file or directory" }
[INFO] [stdout] stack backtrace:
[INFO] [stdout]    0:     0x602ed843fe85 - <<std[617be2ca0a6fd877]::sys::backtrace::BacktraceLock>::print::DisplayBacktrace as core[a373ad73a504971]::fmt::Display>::fmt
[INFO] [stdout]    1:     0x602ed8427b1a - core[a373ad73a504971]::fmt::write
[INFO] [stdout]    2:     0x602ed843f51b - <alloc[2e1b2a31b91974c5]::vec::Vec<u8> as core[a373ad73a504971]::io::write::Write>::write_fmt
[INFO] [stdout]    3:     0x602ed843efff - std[617be2ca0a6fd877]::panicking::default_hook::{closure#0}
[INFO] [stdout]    4:     0x602ed843ec2a - std[617be2ca0a6fd877]::panicking::default_hook
[INFO] [stdout]    5:     0x602ed843e765 - std[617be2ca0a6fd877]::panicking::panic_with_hook
[INFO] [stdout]    6:     0x602ed84655a1 - std[617be2ca0a6fd877]::panicking::panic_handler::{closure#0}
[INFO] [stdout]    7:     0x602ed8465559 - std[617be2ca0a6fd877]::sys::backtrace::__rust_end_short_backtrace::<std[617be2ca0a6fd877]::panicking::panic_handler::{closure#0}, !>
[INFO] [stdout]    8:     0x602ed8465a5c - __rustc[ea4f61d10b84890b]::rust_begin_unwind
[INFO] [stdout]    9:     0x602ed84279ab - core[a373ad73a504971]::panicking::panic_fmt
[INFO] [stdout]   10:     0x602ed842ad01 - core[a373ad73a504971]::result::unwrap_failed
[INFO] [stdout]   11:     0x602ed841e925 - <oxipatch[4888797e7a0746cd]::ops::needed::tests::replace_needed_renames_entry::{closure#0} as core[a373ad73a504971]::ops::function::FnOnce<()>>::call_once
[INFO] [stdout]   12:     0x602ed847fcbb - test[aada8e7e76ba119b]::__rust_begin_short_backtrace::<core[a373ad73a504971]::result::Result<(), alloc[2e1b2a31b91974c5]::string::String>, fn() -> core[a373ad73a504971]::result::Result<(), alloc[2e1b2a31b91974c5]::string::String>>
[INFO] [stdout]   13:     0x602ed847b0ff - test[aada8e7e76ba119b]::run_test::{closure#0}
[INFO] [stdout]   14:     0x602ed847ab7c - std[617be2ca0a6fd877]::sys::backtrace::__rust_begin_short_backtrace::<test[aada8e7e76ba119b]::run_test::{closure#1}, ()>
[INFO] [stdout]   15:     0x602ed849b10c - <std[617be2ca0a6fd877]::thread::lifecycle::spawn_unchecked<test[aada8e7e76ba119b]::run_test::{closure#1}, ()>::{closure#1} as core[a373ad73a504971]::ops::function::FnOnce<()>>::call_once::{shim:vtable#0}
[INFO] [stdout]   16:     0x602ed84672d4 - <std[617be2ca0a6fd877]::sys::thread::unix::Thread>::new::thread_start
[INFO] [stdout]   17:     0x70b62b41fdfa - <unknown>
[INFO] [stdout]   18:     0x70b62b4b33d4 - clone
[INFO] [stdout]   19:                0x0 - <unknown>
[INFO] [stdout] 
[INFO] [stdout] ---- ops::needed::tests::add_needed_appears_and_dedups stdout ----
[INFO] [stdout] 
[INFO] [stdout] thread 'ops::needed::tests::add_needed_appears_and_dedups' (1296) panicked at src/ops/needed.rs:141:55:
[INFO] [stdout] called `Result::unwrap()` on an `Err` value: Os { code: 2, kind: NotFound, message: "No such file or directory" }
[INFO] [stdout] stack backtrace:
[INFO] [stdout]    0:     0x602ed843fe85 - <<std[617be2ca0a6fd877]::sys::backtrace::BacktraceLock>::print::DisplayBacktrace as core[a373ad73a504971]::fmt::Display>::fmt
[INFO] [stdout]    1:     0x602ed8427b1a - core[a373ad73a504971]::fmt::write
[INFO] [stdout]    2:     0x602ed843f51b - <alloc[2e1b2a31b91974c5]::vec::Vec<u8> as core[a373ad73a504971]::io::write::Write>::write_fmt
[INFO] [stdout]    3:     0x602ed843efff - std[617be2ca0a6fd877]::panicking::default_hook::{closure#0}
[INFO] [stdout]    4:     0x602ed843ec2a - std[617be2ca0a6fd877]::panicking::default_hook
[INFO] [stdout]    5:     0x602ed843e765 - std[617be2ca0a6fd877]::panicking::panic_with_hook
[INFO] [stdout]    6:     0x602ed84655a1 - std[617be2ca0a6fd877]::panicking::panic_handler::{closure#0}
[INFO] [stdout]    7:     0x602ed8465559 - std[617be2ca0a6fd877]::sys::backtrace::__rust_end_short_backtrace::<std[617be2ca0a6fd877]::panicking::panic_handler::{closure#0}, !>
[INFO] [stdout]    8:     0x602ed8465a5c - __rustc[ea4f61d10b84890b]::rust_begin_unwind
[INFO] [stdout]    9:     0x602ed84279ab - core[a373ad73a504971]::panicking::panic_fmt
[INFO] [stdout]   10:     0x602ed842ad01 - core[a373ad73a504971]::result::unwrap_failed
[INFO] [stdout]   11:     0x602ed841f1cf - <oxipatch[4888797e7a0746cd]::ops::needed::tests::add_needed_appears_and_dedups::{closure#0} as core[a373ad73a504971]::ops::function::FnOnce<()>>::call_once
[INFO] [stdout]   12:     0x602ed847fcbb - test[aada8e7e76ba119b]::__rust_begin_short_backtrace::<core[a373ad73a504971]::result::Result<(), alloc[2e1b2a31b91974c5]::string::String>, fn() -> core[a373ad73a504971]::result::Result<(), alloc[2e1b2a31b91974c5]::string::String>>
[INFO] [stdout]   13:     0x602ed847b0ff - test[aada8e7e76ba119b]::run_test::{closure#0}
[INFO] [stdout]   14:     0x602ed847ab7c - std[617be2ca0a6fd877]::sys::backtrace::__rust_begin_short_backtrace::<test[aada8e7e76ba119b]::run_test::{closure#1}, ()>
[INFO] [stdout]   15:     0x602ed849b10c - <std[617be2ca0a6fd877]::thread::lifecycle::spawn_unchecked<test[aada8e7e76ba119b]::run_test::{closure#1}, ()>::{closure#1} as core[a373ad73a504971]::ops::function::FnOnce<()>>::call_once::{shim:vtable#0}
[INFO] [stdout]   16:     0x602ed84672d4 - <std[617be2ca0a6fd877]::sys::thread::unix::Thread>::new::thread_start
[INFO] [stdout]   17:     0x70b62b41fdfa - <unknown>
[INFO] [stdout]   18:     0x70b62b4b33d4 - clone
[INFO] [stdout]   19:                0x0 - <unknown>
[INFO] [stdout] 
[INFO] [stdout] ---- ops::interpreter::tests::get_interpreter_from_system_binary stdout ----
[INFO] [stdout] 
[INFO] [stdout] thread 'ops::interpreter::tests::get_interpreter_from_system_binary' (1292) panicked at src/ops/interpreter.rs:61:55:
[INFO] [stdout] called `Result::unwrap()` on an `Err` value: Os { code: 2, kind: NotFound, message: "No such file or directory" }
[INFO] [stdout] stack backtrace:
[INFO] [stdout]    0:     0x602ed843fe85 - <<std[617be2ca0a6fd877]::sys::backtrace::BacktraceLock>::print::DisplayBacktrace as core[a373ad73a504971]::fmt::Display>::fmt
[INFO] [stdout]    1:     0x602ed8427b1a - core[a373ad73a504971]::fmt::write
[INFO] [stdout]    2:     0x602ed843f51b - <alloc[2e1b2a31b91974c5]::vec::Vec<u8> as core[a373ad73a504971]::io::write::Write>::write_fmt
[INFO] [stdout]    3:     0x602ed843efff - std[617be2ca0a6fd877]::panicking::default_hook::{closure#0}
[INFO] [stdout]    4:     0x602ed843ec2a - std[617be2ca0a6fd877]::panicking::default_hook
[INFO] [stdout]    5:     0x602ed843e765 - std[617be2ca0a6fd877]::panicking::panic_with_hook
[INFO] [stdout]    6:     0x602ed84655a1 - std[617be2ca0a6fd877]::panicking::panic_handler::{closure#0}
[INFO] [stdout]    7:     0x602ed8465559 - std[617be2ca0a6fd877]::sys::backtrace::__rust_end_short_backtrace::<std[617be2ca0a6fd877]::panicking::panic_handler::{closure#0}, !>
[INFO] [stdout]    8:     0x602ed8465a5c - __rustc[ea4f61d10b84890b]::rust_begin_unwind
[INFO] [stdout]    9:     0x602ed84279ab - core[a373ad73a504971]::panicking::panic_fmt
[INFO] [stdout]   10:     0x602ed842ad01 - core[a373ad73a504971]::result::unwrap_failed
[INFO] [stdout]   11:     0x602ed8418633 - <oxipatch[4888797e7a0746cd]::ops::interpreter::tests::get_interpreter_from_system_binary::{closure#0} as core[a373ad73a504971]::ops::function::FnOnce<()>>::call_once
[INFO] [stdout]   12:     0x602ed847fcbb - test[aada8e7e76ba119b]::__rust_begin_short_backtrace::<core[a373ad73a504971]::result::Result<(), alloc[2e1b2a31b91974c5]::string::String>, fn() -> core[a373ad73a504971]::result::Result<(), alloc[2e1b2a31b91974c5]::string::String>>
[INFO] [stdout]   13:     0x602ed847b0ff - test[aada8e7e76ba119b]::run_test::{closure#0}
[INFO] [stdout]   14:     0x602ed847ab7c - std[617be2ca0a6fd877]::sys::backtrace::__rust_begin_short_backtrace::<test[aada8e7e76ba119b]::run_test::{closure#1}, ()>
[INFO] [stdout]   15:     0x602ed849b10c - <std[617be2ca0a6fd877]::thread::lifecycle::spawn_unchecked<test[aada8e7e76ba119b]::run_test::{closure#1}, ()>::{closure#1} as core[a373ad73a504971]::ops::function::FnOnce<()>>::call_once::{shim:vtable#0}
[INFO] [stdout]   16:     0x602ed84672d4 - <std[617be2ca0a6fd877]::sys::thread::unix::Thread>::new::thread_start
[INFO] [stdout]   17:     0x70b62b41fdfa - <unknown>
[INFO] [stdout]   18:     0x70b62b4b33d4 - clone
[INFO] [stdout]   19:                0x0 - <unknown>
[INFO] [stdout] 
[INFO] [stdout] ---- ops::rpath::tests::set_long_rpath_grows_file stdout ----
[INFO] [stdout] 
[INFO] [stdout] thread 'ops::rpath::tests::set_long_rpath_grows_file' (1306) panicked at src/ops/rpath.rs:251:55:
[INFO] [stdout] called `Result::unwrap()` on an `Err` value: Os { code: 2, kind: NotFound, message: "No such file or directory" }
[INFO] [stdout] stack backtrace:
[INFO] [stdout]    0:     0x602ed843fe85 - <<std[617be2ca0a6fd877]::sys::backtrace::BacktraceLock>::print::DisplayBacktrace as core[a373ad73a504971]::fmt::Display>::fmt
[INFO] [stdout]    1:     0x602ed8427b1a - core[a373ad73a504971]::fmt::write
[INFO] [stdout]    2:     0x602ed843f51b - <alloc[2e1b2a31b91974c5]::vec::Vec<u8> as core[a373ad73a504971]::io::write::Write>::write_fmt
[INFO] [stdout]    3:     0x602ed843efff - std[617be2ca0a6fd877]::panicking::default_hook::{closure#0}
[INFO] [stdout]    4:     0x602ed843ec2a - std[617be2ca0a6fd877]::panicking::default_hook
[INFO] [stdout]    5:     0x602ed843e765 - std[617be2ca0a6fd877]::panicking::panic_with_hook
[INFO] [stdout]    6:     0x602ed84655a1 - std[617be2ca0a6fd877]::panicking::panic_handler::{closure#0}
[INFO] [stdout]    7:     0x602ed8465559 - std[617be2ca0a6fd877]::sys::backtrace::__rust_end_short_backtrace::<std[617be2ca0a6fd877]::panicking::panic_handler::{closure#0}, !>
[INFO] [stdout]    8:     0x602ed8465a5c - __rustc[ea4f61d10b84890b]::rust_begin_unwind
[INFO] [stdout]    9:     0x602ed84279ab - core[a373ad73a504971]::panicking::panic_fmt
[INFO] [stdout]   10:     0x602ed842ad01 - core[a373ad73a504971]::result::unwrap_failed
[INFO] [stdout]   11:     0x602ed8419fe8 - <oxipatch[4888797e7a0746cd]::ops::rpath::tests::set_long_rpath_grows_file::{closure#0} as core[a373ad73a504971]::ops::function::FnOnce<()>>::call_once
[INFO] [stdout]   12:     0x602ed847fcbb - test[aada8e7e76ba119b]::__rust_begin_short_backtrace::<core[a373ad73a504971]::result::Result<(), alloc[2e1b2a31b91974c5]::string::String>, fn() -> core[a373ad73a504971]::result::Result<(), alloc[2e1b2a31b91974c5]::string::String>>
[INFO] [stdout]   13:     0x602ed847b0ff - test[aada8e7e76ba119b]::run_test::{closure#0}
[INFO] [stdout]   14:     0x602ed847ab7c - std[617be2ca0a6fd877]::sys::backtrace::__rust_begin_short_backtrace::<test[aada8e7e76ba119b]::run_test::{closure#1}, ()>
[INFO] [stdout]   15:     0x602ed849b10c - <std[617be2ca0a6fd877]::thread::lifecycle::spawn_unchecked<test[aada8e7e76ba119b]::run_test::{closure#1}, ()>::{closure#1} as core[a373ad73a504971]::ops::function::FnOnce<()>>::call_once::{shim:vtable#0}
[INFO] [stdout]   16:     0x602ed84672d4 - <std[617be2ca0a6fd877]::sys::thread::unix::Thread>::new::thread_start
[INFO] [stdout]   17:     0x70b62b41fdfa - <unknown>
[INFO] [stdout]   18:     0x70b62b4b33d4 - clone
[INFO] [stdout]   19:                0x0 - <unknown>
[INFO] [stdout] 
[INFO] [stdout] ---- ops::needed::tests::no_default_lib_sets_flag stdout ----
[INFO] [stdout] 
[INFO] [stdout] thread 'ops::needed::tests::no_default_lib_sets_flag' (1297) panicked at src/ops/needed.rs:190:55:
[INFO] [stdout] called `Result::unwrap()` on an `Err` value: Os { code: 2, kind: NotFound, message: "No such file or directory" }
[INFO] [stdout] stack backtrace:
[INFO] [stdout]    0:     0x602ed843fe85 - <<std[617be2ca0a6fd877]::sys::backtrace::BacktraceLock>::print::DisplayBacktrace as core[a373ad73a504971]::fmt::Display>::fmt
[INFO] [stdout]    1:     0x602ed8427b1a - core[a373ad73a504971]::fmt::write
[INFO] [stdout]    2:     0x602ed843f51b - <alloc[2e1b2a31b91974c5]::vec::Vec<u8> as core[a373ad73a504971]::io::write::Write>::write_fmt
[INFO] [stdout]    3:     0x602ed843efff - std[617be2ca0a6fd877]::panicking::default_hook::{closure#0}
[INFO] [stdout]    4:     0x602ed843ec2a - std[617be2ca0a6fd877]::panicking::default_hook
[INFO] [stdout]    5:     0x602ed843e765 - std[617be2ca0a6fd877]::panicking::panic_with_hook
[INFO] [stdout]    6:     0x602ed84655a1 - std[617be2ca0a6fd877]::panicking::panic_handler::{closure#0}
[INFO] [stdout]    7:     0x602ed8465559 - std[617be2ca0a6fd877]::sys::backtrace::__rust_end_short_backtrace::<std[617be2ca0a6fd877]::panicking::panic_handler::{closure#0}, !>
[INFO] [stdout]    8:     0x602ed8465a5c - __rustc[ea4f61d10b84890b]::rust_begin_unwind
[INFO] [stdout]    9:     0x602ed84279ab - core[a373ad73a504971]::panicking::panic_fmt
[INFO] [stdout]   10:     0x602ed842ad01 - core[a373ad73a504971]::result::unwrap_failed
[INFO] [stdout]   11:     0x602ed841d16e - <oxipatch[4888797e7a0746cd]::ops::needed::tests::no_default_lib_sets_flag::{closure#0} as core[a373ad73a504971]::ops::function::FnOnce<()>>::call_once
[INFO] [stdout]   12:     0x602ed847fcbb - test[aada8e7e76ba119b]::__rust_begin_short_backtrace::<core[a373ad73a504971]::result::Result<(), alloc[2e1b2a31b91974c5]::string::String>, fn() -> core[a373ad73a504971]::result::Result<(), alloc[2e1b2a31b91974c5]::string::String>>
[INFO] [stdout]   13:     0x602ed847b0ff - test[aada8e7e76ba119b]::run_test::{closure#0}
[INFO] [stdout]   14:     0x602ed847ab7c - std[617be2ca0a6fd877]::sys::backtrace::__rust_begin_short_backtrace::<test[aada8e7e76ba119b]::run_test::{closure#1}, ()>
[INFO] [stdout]   15:     0x602ed849b10c - <std[617be2ca0a6fd877]::thread::lifecycle::spawn_unchecked<test[aada8e7e76ba119b]::run_test::{closure#1}, ()>::{closure#1} as core[a373ad73a504971]::ops::function::FnOnce<()>>::call_once::{shim:vtable#0}
[INFO] [stdout]   16:     0x602ed84672d4 - <std[617be2ca0a6fd877]::sys::thread::unix::Thread>::new::thread_start
[INFO] [stdout]   17:     0x70b62b41fdfa - <unknown>
[INFO] [stdout]   18:     0x70b62b4b33d4 - clone
[INFO] [stdout]   19:                0x0 - <unknown>
[INFO] [stdout] 
[INFO] [stdout] ---- ops::execstack::tests::toggle_existing_gnu_stack stdout ----
[INFO] [stdout] 
[INFO] [stdout] thread 'ops::execstack::tests::toggle_existing_gnu_stack' (1291) panicked at src/ops/execstack.rs:76:55:
[INFO] [stdout] called `Result::unwrap()` on an `Err` value: Os { code: 2, kind: NotFound, message: "No such file or directory" }
[INFO] [stdout] stack backtrace:
[INFO] [stdout]    0:     0x602ed843fe85 - <<std[617be2ca0a6fd877]::sys::backtrace::BacktraceLock>::print::DisplayBacktrace as core[a373ad73a504971]::fmt::Display>::fmt
[INFO] [stdout]    1:     0x602ed8427b1a - core[a373ad73a504971]::fmt::write
[INFO] [stdout]    2:     0x602ed843f51b - <alloc[2e1b2a31b91974c5]::vec::Vec<u8> as core[a373ad73a504971]::io::write::Write>::write_fmt
[INFO] [stdout]    3:     0x602ed843efff - std[617be2ca0a6fd877]::panicking::default_hook::{closure#0}
[INFO] [stdout]    4:     0x602ed843ec2a - std[617be2ca0a6fd877]::panicking::default_hook
[INFO] [stdout]    5:     0x602ed843e765 - std[617be2ca0a6fd877]::panicking::panic_with_hook
[INFO] [stdout]    6:     0x602ed84655a1 - std[617be2ca0a6fd877]::panicking::panic_handler::{closure#0}
[INFO] [stdout]    7:     0x602ed8465559 - std[617be2ca0a6fd877]::sys::backtrace::__rust_end_short_backtrace::<std[617be2ca0a6fd877]::panicking::panic_handler::{closure#0}, !>
[INFO] [stdout]    8:     0x602ed8465a5c - __rustc[ea4f61d10b84890b]::rust_begin_unwind
[INFO] [stdout]    9:     0x602ed84279ab - core[a373ad73a504971]::panicking::panic_fmt
[INFO] [stdout]   10:     0x602ed842ad01 - core[a373ad73a504971]::result::unwrap_failed
[INFO] [stdout]   11:     0x602ed84249e0 - <oxipatch[4888797e7a0746cd]::ops::execstack::tests::toggle_existing_gnu_stack::{closure#0} as core[a373ad73a504971]::ops::function::FnOnce<()>>::call_once
[INFO] [stdout]   12:     0x602ed847fcbb - test[aada8e7e76ba119b]::__rust_begin_short_backtrace::<core[a373ad73a504971]::result::Result<(), alloc[2e1b2a31b91974c5]::string::String>, fn() -> core[a373ad73a504971]::result::Result<(), alloc[2e1b2a31b91974c5]::string::String>>
[INFO] [stdout]   13:     0x602ed847b0ff - test[aada8e7e76ba119b]::run_test::{closure#0}
[INFO] [stdout]   14:     0x602ed847ab7c - std[617be2ca0a6fd877]::sys::backtrace::__rust_begin_short_backtrace::<test[aada8e7e76ba119b]::run_test::{closure#1}, ()>
[INFO] [stdout]   15:     0x602ed849b10c - <std[617be2ca0a6fd877]::thread::lifecycle::spawn_unchecked<test[aada8e7e76ba119b]::run_test::{closure#1}, ()>::{closure#1} as core[a373ad73a504971]::ops::function::FnOnce<()>>::call_once::{shim:vtable#0}
[INFO] [stdout]   16:     0x602ed84672d4 - <std[617be2ca0a6fd877]::sys::thread::unix::Thread>::new::thread_start
[INFO] [stdout]   17:     0x70b62b41fdfa - <unknown>
[INFO] [stdout]   18:     0x70b62b4b33d4 - clone
[INFO] [stdout]   19:                0x0 - <unknown>
[INFO] [stdout] 
[INFO] [stdout] ---- ops::rpath::tests::shrink_rpath_keeps_non_absolute_entries_unconditionally stdout ----
[INFO] [stdout] 
[INFO] [stdout] thread 'ops::rpath::tests::shrink_rpath_keeps_non_absolute_entries_unconditionally' (1309) panicked at src/ops/rpath.rs:328:55:
[INFO] [stdout] called `Result::unwrap()` on an `Err` value: Os { code: 2, kind: NotFound, message: "No such file or directory" }
[INFO] [stdout] stack backtrace:
[INFO] [stdout]    0:     0x602ed843fe85 - <<std[617be2ca0a6fd877]::sys::backtrace::BacktraceLock>::print::DisplayBacktrace as core[a373ad73a504971]::fmt::Display>::fmt
[INFO] [stdout]    1:     0x602ed8427b1a - core[a373ad73a504971]::fmt::write
[INFO] [stdout]    2:     0x602ed843f51b - <alloc[2e1b2a31b91974c5]::vec::Vec<u8> as core[a373ad73a504971]::io::write::Write>::write_fmt
[INFO] [stdout]    3:     0x602ed843efff - std[617be2ca0a6fd877]::panicking::default_hook::{closure#0}
[INFO] [stdout]    4:     0x602ed843ec2a - std[617be2ca0a6fd877]::panicking::default_hook
[INFO] [stdout]    5:     0x602ed843e765 - std[617be2ca0a6fd877]::panicking::panic_with_hook
[INFO] [stdout]    6:     0x602ed84655a1 - std[617be2ca0a6fd877]::panicking::panic_handler::{closure#0}
[INFO] [stdout]    7:     0x602ed8465559 - std[617be2ca0a6fd877]::sys::backtrace::__rust_end_short_backtrace::<std[617be2ca0a6fd877]::panicking::panic_handler::{closure#0}, !>
[INFO] [stdout]    8:     0x602ed8465a5c - __rustc[ea4f61d10b84890b]::rust_begin_unwind
[INFO] [stdout]    9:     0x602ed84279ab - core[a373ad73a504971]::panicking::panic_fmt
[INFO] [stdout]   10:     0x602ed842ad01 - core[a373ad73a504971]::result::unwrap_failed
[INFO] [stdout]   11:     0x602ed841cbfb - <oxipatch[4888797e7a0746cd]::ops::rpath::tests::shrink_rpath_keeps_non_absolute_entries_unconditionally::{closure#0} as core[a373ad73a504971]::ops::function::FnOnce<()>>::call_once
[INFO] [stdout]   12:     0x602ed847fcbb - test[aada8e7e76ba119b]::__rust_begin_short_backtrace::<core[a373ad73a504971]::result::Result<(), alloc[2e1b2a31b91974c5]::string::String>, fn() -> core[a373ad73a504971]::result::Result<(), alloc[2e1b2a31b91974c5]::string::String>>
[INFO] [stdout]   13:     0x602ed847b0ff - test[aada8e7e76ba119b]::run_test::{closure#0}
[INFO] [stdout]   14:     0x602ed847ab7c - std[617be2ca0a6fd877]::sys::backtrace::__rust_begin_short_backtrace::<test[aada8e7e76ba119b]::run_test::{closure#1}, ()>
[INFO] [stdout]   15:     0x602ed849b10c - <std[617be2ca0a6fd877]::thread::lifecycle::spawn_unchecked<test[aada8e7e76ba119b]::run_test::{closure#1}, ()>::{closure#1} as core[a373ad73a504971]::ops::function::FnOnce<()>>::call_once::{shim:vtable#0}
[INFO] [stdout]   16:     0x602ed84672d4 - <std[617be2ca0a6fd877]::sys::thread::unix::Thread>::new::thread_start
[INFO] [stdout]   17:     0x70b62b41fdfa - <unknown>
[INFO] [stdout]   18:     0x70b62b4b33d4 - clone
[INFO] [stdout]   19:                0x0 - <unknown>
[INFO] [stdout] 
[INFO] [stdout] ---- ops::rpath::tests::shrink_rpath_respects_allowed_prefixes stdout ----
[INFO] [stdout] 
[INFO] [stdout] thread 'ops::rpath::tests::shrink_rpath_respects_allowed_prefixes' (1310) panicked at src/ops/rpath.rs:343:55:
[INFO] [stdout] called `Result::unwrap()` on an `Err` value: Os { code: 2, kind: NotFound, message: "No such file or directory" }
[INFO] [stdout] stack backtrace:
[INFO] [stdout]    0:     0x602ed843fe85 - <<std[617be2ca0a6fd877]::sys::backtrace::BacktraceLock>::print::DisplayBacktrace as core[a373ad73a504971]::fmt::Display>::fmt
[INFO] [stdout]    1:     0x602ed8427b1a - core[a373ad73a504971]::fmt::write
[INFO] [stdout]    2:     0x602ed843f51b - <alloc[2e1b2a31b91974c5]::vec::Vec<u8> as core[a373ad73a504971]::io::write::Write>::write_fmt
[INFO] [stdout]    3:     0x602ed843efff - std[617be2ca0a6fd877]::panicking::default_hook::{closure#0}
[INFO] [stdout]    4:     0x602ed843ec2a - std[617be2ca0a6fd877]::panicking::default_hook
[INFO] [stdout]    5:     0x602ed843e765 - std[617be2ca0a6fd877]::panicking::panic_with_hook
[INFO] [stdout]    6:     0x602ed84655a1 - std[617be2ca0a6fd877]::panicking::panic_handler::{closure#0}
[INFO] [stdout]    7:     0x602ed8465559 - std[617be2ca0a6fd877]::sys::backtrace::__rust_end_short_backtrace::<std[617be2ca0a6fd877]::panicking::panic_handler::{closure#0}, !>
[INFO] [stdout]    8:     0x602ed8465a5c - __rustc[ea4f61d10b84890b]::rust_begin_unwind
[INFO] [stdout]    9:     0x602ed84279ab - core[a373ad73a504971]::panicking::panic_fmt
[INFO] [stdout]   10:     0x602ed842ad01 - core[a373ad73a504971]::result::unwrap_failed
[INFO] [stdout]   11:     0x602ed841aca2 - <oxipatch[4888797e7a0746cd]::ops::rpath::tests::shrink_rpath_respects_allowed_prefixes::{closure#0} as core[a373ad73a504971]::ops::function::FnOnce<()>>::call_once
[INFO] [stdout]   12:     0x602ed847fcbb - test[aada8e7e76ba119b]::__rust_begin_short_backtrace::<core[a373ad73a504971]::result::Result<(), alloc[2e1b2a31b91974c5]::string::String>, fn() -> core[a373ad73a504971]::result::Result<(), alloc[2e1b2a31b91974c5]::string::String>>
[INFO] [stdout]   13:     0x602ed847b0ff - test[aada8e7e76ba119b]::run_test::{closure#0}
[INFO] [stdout]   14:     0x602ed847ab7c - std[617be2ca0a6fd877]::sys::backtrace::__rust_begin_short_backtrace::<test[aada8e7e76ba119b]::run_test::{closure#1}, ()>
[INFO] [stdout]   15:     0x602ed849b10c - <std[617be2ca0a6fd877]::thread::lifecycle::spawn_unchecked<test[aada8e7e76ba119b]::run_test::{closure#1}, ()>::{closure#1} as core[a373ad73a504971]::ops::function::FnOnce<()>>::call_once::{shim:vtable#0}
[INFO] [stdout]   16:     0x602ed84672d4 - <std[617be2ca0a6fd877]::sys::thread::unix::Thread>::new::thread_start
[INFO] [stdout]   17:     0x70b62b41fdfa - <unknown>
[INFO] [stdout]   18:     0x70b62b4b33d4 - clone
[INFO] [stdout]   19:                0x0 - <unknown>
[INFO] [stdout] 
[INFO] [stdout] ---- ops::interpreter::tests::set_interpreter_shorter_fits_in_place stdout ----
[INFO] [stdout] 
[INFO] [stdout] thread 'ops::interpreter::tests::set_interpreter_shorter_fits_in_place' (1294) panicked at src/ops/interpreter.rs:87:55:
[INFO] [stdout] called `Result::unwrap()` on an `Err` value: Os { code: 2, kind: NotFound, message: "No such file or directory" }
[INFO] [stdout] stack backtrace:
[INFO] [stdout]    0:     0x602ed843fe85 - <<std[617be2ca0a6fd877]::sys::backtrace::BacktraceLock>::print::DisplayBacktrace as core[a373ad73a504971]::fmt::Display>::fmt
[INFO] [stdout]    1:     0x602ed8427b1a - core[a373ad73a504971]::fmt::write
[INFO] [stdout]    2:     0x602ed843f51b - <alloc[2e1b2a31b91974c5]::vec::Vec<u8> as core[a373ad73a504971]::io::write::Write>::write_fmt
[INFO] [stdout]    3:     0x602ed843efff - std[617be2ca0a6fd877]::panicking::default_hook::{closure#0}
[INFO] [stdout]    4:     0x602ed843ec2a - std[617be2ca0a6fd877]::panicking::default_hook
[INFO] [stdout]    5:     0x602ed843e765 - std[617be2ca0a6fd877]::panicking::panic_with_hook
[INFO] [stdout]    6:     0x602ed84655a1 - std[617be2ca0a6fd877]::panicking::panic_handler::{closure#0}
[INFO] [stdout]    7:     0x602ed8465559 - std[617be2ca0a6fd877]::sys::backtrace::__rust_end_short_backtrace::<std[617be2ca0a6fd877]::panicking::panic_handler::{closure#0}, !>
[INFO] [stdout]    8:     0x602ed8465a5c - __rustc[ea4f61d10b84890b]::rust_begin_unwind
[INFO] [stdout]    9:     0x602ed84279ab - core[a373ad73a504971]::panicking::panic_fmt
[INFO] [stdout]   10:     0x602ed842ad01 - core[a373ad73a504971]::result::unwrap_failed
[INFO] [stdout]   11:     0x602ed8418938 - <oxipatch[4888797e7a0746cd]::ops::interpreter::tests::set_interpreter_shorter_fits_in_place::{closure#0} as core[a373ad73a504971]::ops::function::FnOnce<()>>::call_once
[INFO] [stdout]   12:     0x602ed847fcbb - test[aada8e7e76ba119b]::__rust_begin_short_backtrace::<core[a373ad73a504971]::result::Result<(), alloc[2e1b2a31b91974c5]::string::String>, fn() -> core[a373ad73a504971]::result::Result<(), alloc[2e1b2a31b91974c5]::string::String>>
[INFO] [stdout]   13:     0x602ed847b0ff - test[aada8e7e76ba119b]::run_test::{closure#0}
[INFO] [stdout]   14:     0x602ed847ab7c - std[617be2ca0a6fd877]::sys::backtrace::__rust_begin_short_backtrace::<test[aada8e7e76ba119b]::run_test::{closure#1}, ()>
[INFO] [stdout]   15:     0x602ed849b10c - <std[617be2ca0a6fd877]::thread::lifecycle::spawn_unchecked<test[aada8e7e76ba119b]::run_test::{closure#1}, ()>::{closure#1} as core[a373ad73a504971]::ops::function::FnOnce<()>>::call_once::{shim:vtable#0}
[INFO] [stdout]   16:     0x602ed84672d4 - <std[617be2ca0a6fd877]::sys::thread::unix::Thread>::new::thread_start
[INFO] [stdout]   17:     0x70b62b41fdfa - <unknown>
[INFO] [stdout]   18:     0x70b62b4b33d4 - clone
[INFO] [stdout]   19:                0x0 - <unknown>
[INFO] [stdout] 
[INFO] [stdout] ---- ops::rpath::tests::set_and_read_back_short_rpath stdout ----
[INFO] [stdout] 
[INFO] [stdout] thread 'ops::rpath::tests::set_and_read_back_short_rpath' (1305) panicked at src/ops/rpath.rs:203:55:
[INFO] [stdout] called `Result::unwrap()` on an `Err` value: Os { code: 2, kind: NotFound, message: "No such file or directory" }
[INFO] [stdout] stack backtrace:
[INFO] [stdout]    0:     0x602ed843fe85 - <<std[617be2ca0a6fd877]::sys::backtrace::BacktraceLock>::print::DisplayBacktrace as core[a373ad73a504971]::fmt::Display>::fmt
[INFO] [stdout]    1:     0x602ed8427b1a - core[a373ad73a504971]::fmt::write
[INFO] [stdout]    2:     0x602ed843f51b - <alloc[2e1b2a31b91974c5]::vec::Vec<u8> as core[a373ad73a504971]::io::write::Write>::write_fmt
[INFO] [stdout]    3:     0x602ed843efff - std[617be2ca0a6fd877]::panicking::default_hook::{closure#0}
[INFO] [stdout]    4:     0x602ed843ec2a - std[617be2ca0a6fd877]::panicking::default_hook
[INFO] [stdout]    5:     0x602ed843e765 - std[617be2ca0a6fd877]::panicking::panic_with_hook
[INFO] [stdout]    6:     0x602ed84655a1 - std[617be2ca0a6fd877]::panicking::panic_handler::{closure#0}
[INFO] [stdout]    7:     0x602ed8465559 - std[617be2ca0a6fd877]::sys::backtrace::__rust_end_short_backtrace::<std[617be2ca0a6fd877]::panicking::panic_handler::{closure#0}, !>
[INFO] [stdout]    8:     0x602ed8465a5c - __rustc[ea4f61d10b84890b]::rust_begin_unwind
[INFO] [stdout]    9:     0x602ed84279ab - core[a373ad73a504971]::panicking::panic_fmt
[INFO] [stdout]   10:     0x602ed842ad01 - core[a373ad73a504971]::result::unwrap_failed
[INFO] [stdout]   11:     0x602ed841a3f9 - <oxipatch[4888797e7a0746cd]::ops::rpath::tests::set_and_read_back_short_rpath::{closure#0} as core[a373ad73a504971]::ops::function::FnOnce<()>>::call_once
[INFO] [stdout]   12:     0x602ed847fcbb - test[aada8e7e76ba119b]::__rust_begin_short_backtrace::<core[a373ad73a504971]::result::Result<(), alloc[2e1b2a31b91974c5]::string::String>, fn() -> core[a373ad73a504971]::result::Result<(), alloc[2e1b2a31b91974c5]::string::String>>
[INFO] [stdout]   13:     0x602ed847b0ff - test[aada8e7e76ba119b]::run_test::{closure#0}
[INFO] [stdout]   14:     0x602ed847ab7c - std[617be2ca0a6fd877]::sys::backtrace::__rust_begin_short_backtrace::<test[aada8e7e76ba119b]::run_test::{closure#1}, ()>
[INFO] [stdout]   15:     0x602ed849b10c - <std[617be2ca0a6fd877]::thread::lifecycle::spawn_unchecked<test[aada8e7e76ba119b]::run_test::{closure#1}, ()>::{closure#1} as core[a373ad73a504971]::ops::function::FnOnce<()>>::call_once::{shim:vtable#0}
[INFO] [stdout]   16:     0x602ed84672d4 - <std[617be2ca0a6fd877]::sys::thread::unix::Thread>::new::thread_start
[INFO] [stdout]   17:     0x70b62b41fdfa - <unknown>
[INFO] [stdout]   18:     0x70b62b4b33d4 - clone
[INFO] [stdout]   19:                0x0 - <unknown>
[INFO] [stdout] 
[INFO] [stdout] ---- ops::soname::tests::set_and_read_back_soname stdout ----
[INFO] [stdout] 
[INFO] [stdout] thread 'ops::soname::tests::set_and_read_back_soname' (1311) panicked at src/ops/soname.rs:79:55:
[INFO] [stdout] called `Result::unwrap()` on an `Err` value: Os { code: 2, kind: NotFound, message: "No such file or directory" }
[INFO] [stdout] stack backtrace:
[INFO] [stdout]    0:     0x602ed843fe85 - <<std[617be2ca0a6fd877]::sys::backtrace::BacktraceLock>::print::DisplayBacktrace as core[a373ad73a504971]::fmt::Display>::fmt
[INFO] [stdout]    1:     0x602ed8427b1a - core[a373ad73a504971]::fmt::write
[INFO] [stdout]    2:     0x602ed843f51b - <alloc[2e1b2a31b91974c5]::vec::Vec<u8> as core[a373ad73a504971]::io::write::Write>::write_fmt
[INFO] [stdout]    3:     0x602ed843efff - std[617be2ca0a6fd877]::panicking::default_hook::{closure#0}
[INFO] [stdout]    4:     0x602ed843ec2a - std[617be2ca0a6fd877]::panicking::default_hook
[INFO] [stdout]    5:     0x602ed843e765 - std[617be2ca0a6fd877]::panicking::panic_with_hook
[INFO] [stdout]    6:     0x602ed84655a1 - std[617be2ca0a6fd877]::panicking::panic_handler::{closure#0}
[INFO] [stdout]    7:     0x602ed8465559 - std[617be2ca0a6fd877]::sys::backtrace::__rust_end_short_backtrace::<std[617be2ca0a6fd877]::panicking::panic_handler::{closure#0}, !>
[INFO] [stdout]    8:     0x602ed8465a5c - __rustc[ea4f61d10b84890b]::rust_begin_unwind
[INFO] [stdout]    9:     0x602ed84279ab - core[a373ad73a504971]::panicking::panic_fmt
[INFO] [stdout]   10:     0x602ed842ad01 - core[a373ad73a504971]::result::unwrap_failed
[INFO] [stdout]   11:     0x602ed841f686 - <oxipatch[4888797e7a0746cd]::ops::soname::tests::set_and_read_back_soname::{closure#0} as core[a373ad73a504971]::ops::function::FnOnce<()>>::call_once
[INFO] [stdout]   12:     0x602ed847fcbb - test[aada8e7e76ba119b]::__rust_begin_short_backtrace::<core[a373ad73a504971]::result::Result<(), alloc[2e1b2a31b91974c5]::string::String>, fn() -> core[a373ad73a504971]::result::Result<(), alloc[2e1b2a31b91974c5]::string::String>>
[INFO] [stdout]   13:     0x602ed847b0ff - test[aada8e7e76ba119b]::run_test::{closure#0}
[INFO] [stdout]   14:     0x602ed847ab7c - std[617be2ca0a6fd877]::sys::backtrace::__rust_begin_short_backtrace::<test[aada8e7e76ba119b]::run_test::{closure#1}, ()>
[INFO] [stdout]   15:     0x602ed849b10c - <std[617be2ca0a6fd877]::thread::lifecycle::spawn_unchecked<test[aada8e7e76ba119b]::run_test::{closure#1}, ()>::{closure#1} as core[a373ad73a504971]::ops::function::FnOnce<()>>::call_once::{shim:vtable#0}
[INFO] [stdout]   16:     0x602ed84672d4 - <std[617be2ca0a6fd877]::sys::thread::unix::Thread>::new::thread_start
[INFO] [stdout]   17:     0x70b62b41fdfa - <unknown>
[INFO] [stdout]   18:     0x70b62b4b33d4 - clone
[INFO] [stdout]   19:                0x0 - <unknown>
[INFO] [stdout] 
[INFO] [stdout] ---- ops::rpath::tests::force_rpath_writes_dt_rpath_not_runpath stdout ----
[INFO] [stdout] 
[INFO] [stdout] thread 'ops::rpath::tests::force_rpath_writes_dt_rpath_not_runpath' (1302) panicked at src/ops/rpath.rs:362:55:
[INFO] [stdout] called `Result::unwrap()` on an `Err` value: Os { code: 2, kind: NotFound, message: "No such file or directory" }
[INFO] [stdout] stack backtrace:
[INFO] [stdout]    0:     0x602ed843fe85 - <<std[617be2ca0a6fd877]::sys::backtrace::BacktraceLock>::print::DisplayBacktrace as core[a373ad73a504971]::fmt::Display>::fmt
[INFO] [stdout]    1:     0x602ed8427b1a - core[a373ad73a504971]::fmt::write
[INFO] [stdout]    2:     0x602ed843f51b - <alloc[2e1b2a31b91974c5]::vec::Vec<u8> as core[a373ad73a504971]::io::write::Write>::write_fmt
[INFO] [stdout]    3:     0x602ed843efff - std[617be2ca0a6fd877]::panicking::default_hook::{closure#0}
[INFO] [stdout]    4:     0x602ed843ec2a - std[617be2ca0a6fd877]::panicking::default_hook
[INFO] [stdout]    5:     0x602ed843e765 - std[617be2ca0a6fd877]::panicking::panic_with_hook
[INFO] [stdout]    6:     0x602ed84655a1 - std[617be2ca0a6fd877]::panicking::panic_handler::{closure#0}
[INFO] [stdout]    7:     0x602ed8465559 - std[617be2ca0a6fd877]::sys::backtrace::__rust_end_short_backtrace::<std[617be2ca0a6fd877]::panicking::panic_handler::{closure#0}, !>
[INFO] [stdout]    8:     0x602ed8465a5c - __rustc[ea4f61d10b84890b]::rust_begin_unwind
[INFO] [stdout]    9:     0x602ed84279ab - core[a373ad73a504971]::panicking::panic_fmt
[INFO] [stdout]   10:     0x602ed842ad01 - core[a373ad73a504971]::result::unwrap_failed
[INFO] [stdout]   11:     0x602ed841b1f0 - <oxipatch[4888797e7a0746cd]::ops::rpath::tests::force_rpath_writes_dt_rpath_not_runpath::{closure#0} as core[a373ad73a504971]::ops::function::FnOnce<()>>::call_once
[INFO] [stdout]   12:     0x602ed847fcbb - test[aada8e7e76ba119b]::__rust_begin_short_backtrace::<core[a373ad73a504971]::result::Result<(), alloc[2e1b2a31b91974c5]::string::String>, fn() -> core[a373ad73a504971]::result::Result<(), alloc[2e1b2a31b91974c5]::string::String>>
[INFO] [stdout]   13:     0x602ed847b0ff - test[aada8e7e76ba119b]::run_test::{closure#0}
[INFO] [stdout]   14:     0x602ed847ab7c - std[617be2ca0a6fd877]::sys::backtrace::__rust_begin_short_backtrace::<test[aada8e7e76ba119b]::run_test::{closure#1}, ()>
[INFO] [stdout]   15:     0x602ed849b10c - <std[617be2ca0a6fd877]::thread::lifecycle::spawn_unchecked<test[aada8e7e76ba119b]::run_test::{closure#1}, ()>::{closure#1} as core[a373ad73a504971]::ops::function::FnOnce<()>>::call_once::{shim:vtable#0}
[INFO] [stdout]   16:     0x602ed84672d4 - <std[617be2ca0a6fd877]::sys::thread::unix::Thread>::new::thread_start
[INFO] [stdout]   17:     0x70b62b41fdfa - <unknown>
[INFO] [stdout]   18:     0x70b62b4b33d4 - clone
[INFO] [stdout]   19:                0x0 - <unknown>
[INFO] [stdout] 
[INFO] [stdout] ---- ops::soname::tests::set_long_soname_grows_file stdout ----
[INFO] [stdout] 
[INFO] [stdout] thread 'ops::soname::tests::set_long_soname_grows_file' (1312) panicked at src/ops/soname.rs:89:55:
[INFO] [stdout] called `Result::unwrap()` on an `Err` value: Os { code: 2, kind: NotFound, message: "No such file or directory" }
[INFO] [stdout] stack backtrace:
[INFO] [stdout]    0:     0x602ed843fe85 - <<std[617be2ca0a6fd877]::sys::backtrace::BacktraceLock>::print::DisplayBacktrace as core[a373ad73a504971]::fmt::Display>::fmt
[INFO] [stdout]    1:     0x602ed8427b1a - core[a373ad73a504971]::fmt::write
[INFO] [stdout]    2:     0x602ed843f51b - <alloc[2e1b2a31b91974c5]::vec::Vec<u8> as core[a373ad73a504971]::io::write::Write>::write_fmt
[INFO] [stdout]    3:     0x602ed843efff - std[617be2ca0a6fd877]::panicking::default_hook::{closure#0}
[INFO] [stdout]    4:     0x602ed843ec2a - std[617be2ca0a6fd877]::panicking::default_hook
[INFO] [stdout]    5:     0x602ed843e765 - std[617be2ca0a6fd877]::panicking::panic_with_hook
[INFO] [stdout]    6:     0x602ed84655a1 - std[617be2ca0a6fd877]::panicking::panic_handler::{closure#0}
[INFO] [stdout]    7:     0x602ed8465559 - std[617be2ca0a6fd877]::sys::backtrace::__rust_end_short_backtrace::<std[617be2ca0a6fd877]::panicking::panic_handler::{closure#0}, !>
[INFO] [stdout]    8:     0x602ed8465a5c - __rustc[ea4f61d10b84890b]::rust_begin_unwind
[INFO] [stdout]    9:     0x602ed84279ab - core[a373ad73a504971]::panicking::panic_fmt
[INFO] [stdout]   10:     0x602ed842ad01 - core[a373ad73a504971]::result::unwrap_failed
[INFO] [stdout]   11:     0x602ed841fa3f - <oxipatch[4888797e7a0746cd]::ops::soname::tests::set_long_soname_grows_file::{closure#0} as core[a373ad73a504971]::ops::function::FnOnce<()>>::call_once
[INFO] [stdout]   12:     0x602ed847fcbb - test[aada8e7e76ba119b]::__rust_begin_short_backtrace::<core[a373ad73a504971]::result::Result<(), alloc[2e1b2a31b91974c5]::string::String>, fn() -> core[a373ad73a504971]::result::Result<(), alloc[2e1b2a31b91974c5]::string::String>>
[INFO] [stdout]   13:     0x602ed847b0ff - test[aada8e7e76ba119b]::run_test::{closure#0}
[INFO] [stdout]   14:     0x602ed847ab7c - std[617be2ca0a6fd877]::sys::backtrace::__rust_begin_short_backtrace::<test[aada8e7e76ba119b]::run_test::{closure#1}, ()>
[INFO] [stdout]   15:     0x602ed849b10c - <std[617be2ca0a6fd877]::thread::lifecycle::spawn_unchecked<test[aada8e7e76ba119b]::run_test::{closure#1}, ()>::{closure#1} as core[a373ad73a504971]::ops::function::FnOnce<()>>::call_once::{shim:vtable#0}
[INFO] [stdout]   16:     0x602ed84672d4 - <std[617be2ca0a6fd877]::sys::thread::unix::Thread>::new::thread_start
[INFO] [stdout]   17:     0x70b62b41fdfa - <unknown>
[INFO] [stdout]   18:     0x70b62b4b33d4 - clone
[INFO] [stdout]   19:                0x0 - <unknown>
[INFO] [stdout] 
[INFO] [stdout] ---- ops::symbols::tests::clear_symbol_versions_sets_global_index stdout ----
[INFO] [stdout] 
[INFO] [stdout] thread 'ops::symbols::tests::clear_symbol_versions_sets_global_index' (1313) panicked at src/ops/symbols.rs:332:55:
[INFO] [stdout] called `Result::unwrap()` on an `Err` value: Os { code: 2, kind: NotFound, message: "No such file or directory" }
[INFO] [stdout] stack backtrace:
[INFO] [stdout]    0:     0x602ed843fe85 - <<std[617be2ca0a6fd877]::sys::backtrace::BacktraceLock>::print::DisplayBacktrace as core[a373ad73a504971]::fmt::Display>::fmt
[INFO] [stdout]    1:     0x602ed8427b1a - core[a373ad73a504971]::fmt::write
[INFO] [stdout]    2:     0x602ed843f51b - <alloc[2e1b2a31b91974c5]::vec::Vec<u8> as core[a373ad73a504971]::io::write::Write>::write_fmt
[INFO] [stdout]    3:     0x602ed843efff - std[617be2ca0a6fd877]::panicking::default_hook::{closure#0}
[INFO] [stdout]    4:     0x602ed843ec2a - std[617be2ca0a6fd877]::panicking::default_hook
[INFO] [stdout]    5:     0x602ed843e765 - std[617be2ca0a6fd877]::panicking::panic_with_hook
[INFO] [stdout]    6:     0x602ed84655a1 - std[617be2ca0a6fd877]::panicking::panic_handler::{closure#0}
[INFO] [stdout]    7:     0x602ed8465559 - std[617be2ca0a6fd877]::sys::backtrace::__rust_end_short_backtrace::<std[617be2ca0a6fd877]::panicking::panic_handler::{closure#0}, !>
[INFO] [stdout]    8:     0x602ed8465a5c - __rustc[ea4f61d10b84890b]::rust_begin_unwind
[INFO] [stdout]    9:     0x602ed84279ab - core[a373ad73a504971]::panicking::panic_fmt
[INFO] [stdout]   10:     0x602ed842ad01 - core[a373ad73a504971]::result::unwrap_failed
[INFO] [stdout]   11:     0x602ed8420cd3 - <oxipatch[4888797e7a0746cd]::ops::symbols::tests::clear_symbol_versions_sets_global_index::{closure#0} as core[a373ad73a504971]::ops::function::FnOnce<()>>::call_once
[INFO] [stdout]   12:     0x602ed847fcbb - test[aada8e7e76ba119b]::__rust_begin_short_backtrace::<core[a373ad73a504971]::result::Result<(), alloc[2e1b2a31b91974c5]::string::String>, fn() -> core[a373ad73a504971]::result::Result<(), alloc[2e1b2a31b91974c5]::string::String>>
[INFO] [stdout]   13:     0x602ed847b0ff - test[aada8e7e76ba119b]::run_test::{closure#0}
[INFO] [stdout]   14:     0x602ed847ab7c - std[617be2ca0a6fd877]::sys::backtrace::__rust_begin_short_backtrace::<test[aada8e7e76ba119b]::run_test::{closure#1}, ()>
[INFO] [stdout]   15:     0x602ed849b10c - <std[617be2ca0a6fd877]::thread::lifecycle::spawn_unchecked<test[aada8e7e76ba119b]::run_test::{closure#1}, ()>::{closure#1} as core[a373ad73a504971]::ops::function::FnOnce<()>>::call_once::{shim:vtable#0}
[INFO] [stdout]   16:     0x602ed84672d4 - <std[617be2ca0a6fd877]::sys::thread::unix::Thread>::new::thread_start
[INFO] [stdout]   17:     0x70b62b41fdfa - <unknown>
[INFO] [stdout]   18:     0x70b62b4b33d4 - clone
[INFO] [stdout]   19:                0x0 - <unknown>
[INFO] [stdout] 
[INFO] [stdout] ---- ops::symbols::tests::rename_preserves_symbol_count_and_all_final_names stdout ----
[INFO] [stdout] 
[INFO] [stdout] thread 'ops::symbols::tests::rename_preserves_symbol_count_and_all_final_names' (1314) panicked at src/ops/symbols.rs:269:55:
[INFO] [stdout] called `Result::unwrap()` on an `Err` value: Os { code: 2, kind: NotFound, message: "No such file or directory" }
[INFO] [stdout] stack backtrace:
[INFO] [stdout]    0:     0x602ed843fe85 - <<std[617be2ca0a6fd877]::sys::backtrace::BacktraceLock>::print::DisplayBacktrace as core[a373ad73a504971]::fmt::Display>::fmt
[INFO] [stdout]    1:     0x602ed8427b1a - core[a373ad73a504971]::fmt::write
[INFO] [stdout]    2:     0x602ed843f51b - <alloc[2e1b2a31b91974c5]::vec::Vec<u8> as core[a373ad73a504971]::io::write::Write>::write_fmt
[INFO] [stdout]    3:     0x602ed843efff - std[617be2ca0a6fd877]::panicking::default_hook::{closure#0}
[INFO] [stdout]    4:     0x602ed843ec2a - std[617be2ca0a6fd877]::panicking::default_hook
[INFO] [stdout]    5:     0x602ed843e765 - std[617be2ca0a6fd877]::panicking::panic_with_hook
[INFO] [stdout]    6:     0x602ed84655a1 - std[617be2ca0a6fd877]::panicking::panic_handler::{closure#0}
[INFO] [stdout]    7:     0x602ed8465559 - std[617be2ca0a6fd877]::sys::backtrace::__rust_end_short_backtrace::<std[617be2ca0a6fd877]::panicking::panic_handler::{closure#0}, !>
[INFO] [stdout]    8:     0x602ed8465a5c - __rustc[ea4f61d10b84890b]::rust_begin_unwind
[INFO] [stdout]    9:     0x602ed84279ab - core[a373ad73a504971]::panicking::panic_fmt
[INFO] [stdout]   10:     0x602ed842ad01 - core[a373ad73a504971]::result::unwrap_failed
[INFO] [stdout]   11:     0x602ed8422f7c - <oxipatch[4888797e7a0746cd]::ops::symbols::tests::rename_preserves_symbol_count_and_all_final_names::{closure#0} as core[a373ad73a504971]::ops::function::FnOnce<()>>::call_once
[INFO] [stdout]   12:     0x602ed847fcbb - test[aada8e7e76ba119b]::__rust_begin_short_backtrace::<core[a373ad73a504971]::result::Result<(), alloc[2e1b2a31b91974c5]::string::String>, fn() -> core[a373ad73a504971]::result::Result<(), alloc[2e1b2a31b91974c5]::string::String>>
[INFO] [stdout]   13:     0x602ed847b0ff - test[aada8e7e76ba119b]::run_test::{closure#0}
[INFO] [stdout]   14:     0x602ed847ab7c - std[617be2ca0a6fd877]::sys::backtrace::__rust_begin_short_backtrace::<test[aada8e7e76ba119b]::run_test::{closure#1}, ()>
[INFO] [stdout]   15:     0x602ed849b10c - <std[617be2ca0a6fd877]::thread::lifecycle::spawn_unchecked<test[aada8e7e76ba119b]::run_test::{closure#1}, ()>::{closure#1} as core[a373ad73a504971]::ops::function::FnOnce<()>>::call_once::{shim:vtable#0}
[INFO] [stdout]   16:     0x602ed84672d4 - <std[617be2ca0a6fd877]::sys::thread::unix::Thread>::new::thread_start
[INFO] [stdout]   17:     0x70b62b41fdfa - <unknown>
[INFO] [stdout]   18:     0x70b62b4b33d4 - clone
[INFO] [stdout]   19:                0x0 - <unknown>
[INFO] [stdout] 
[INFO] [stdout] ---- ops::symbols::tests::rename_unmatched_map_is_a_true_no_op stdout ----
[INFO] [stdout] 
[INFO] [stdout] thread 'ops::symbols::tests::rename_unmatched_map_is_a_true_no_op' (1315) panicked at src/ops/symbols.rs:250:55:
[INFO] [stdout] called `Result::unwrap()` on an `Err` value: Os { code: 2, kind: NotFound, message: "No such file or directory" }
[INFO] [stdout] stack backtrace:
[INFO] [stdout]    0:     0x602ed843fe85 - <<std[617be2ca0a6fd877]::sys::backtrace::BacktraceLock>::print::DisplayBacktrace as core[a373ad73a504971]::fmt::Display>::fmt
[INFO] [stdout]    1:     0x602ed8427b1a - core[a373ad73a504971]::fmt::write
[INFO] [stdout]    2:     0x602ed843f51b - <alloc[2e1b2a31b91974c5]::vec::Vec<u8> as core[a373ad73a504971]::io::write::Write>::write_fmt
[INFO] [stdout]    3:     0x602ed843efff - std[617be2ca0a6fd877]::panicking::default_hook::{closure#0}
[INFO] [stdout]    4:     0x602ed843ec2a - std[617be2ca0a6fd877]::panicking::default_hook
[INFO] [stdout]    5:     0x602ed843e765 - std[617be2ca0a6fd877]::panicking::panic_with_hook
[INFO] [stdout]    6:     0x602ed84655a1 - std[617be2ca0a6fd877]::panicking::panic_handler::{closure#0}
[INFO] [stdout]    7:     0x602ed8465559 - std[617be2ca0a6fd877]::sys::backtrace::__rust_end_short_backtrace::<std[617be2ca0a6fd877]::panicking::panic_handler::{closure#0}, !>
[INFO] [stdout]    8:     0x602ed8465a5c - __rustc[ea4f61d10b84890b]::rust_begin_unwind
[INFO] [stdout]    9:     0x602ed84279ab - core[a373ad73a504971]::panicking::panic_fmt
[INFO] [stdout]   10:     0x602ed842ad01 - core[a373ad73a504971]::result::unwrap_failed
[INFO] [stdout]   11:     0x602ed8420090 - <oxipatch[4888797e7a0746cd]::ops::symbols::tests::rename_unmatched_map_is_a_true_no_op::{closure#0} as core[a373ad73a504971]::ops::function::FnOnce<()>>::call_once
[INFO] [stdout]   12:     0x602ed847fcbb - test[aada8e7e76ba119b]::__rust_begin_short_backtrace::<core[a373ad73a504971]::result::Result<(), alloc[2e1b2a31b91974c5]::string::String>, fn() -> core[a373ad73a504971]::result::Result<(), alloc[2e1b2a31b91974c5]::string::String>>
[INFO] [stdout]   13:     0x602ed847b0ff - test[aada8e7e76ba119b]::run_test::{closure#0}
[INFO] [stdout]   14:     0x602ed847ab7c - std[617be2ca0a6fd877]::sys::backtrace::__rust_begin_short_backtrace::<test[aada8e7e76ba119b]::run_test::{closure#1}, ()>
[INFO] [stdout]   15:     0x602ed849b10c - <std[617be2ca0a6fd877]::thread::lifecycle::spawn_unchecked<test[aada8e7e76ba119b]::run_test::{closure#1}, ()>::{closure#1} as core[a373ad73a504971]::ops::function::FnOnce<()>>::call_once::{shim:vtable#0}
[INFO] [stdout]   16:     0x602ed84672d4 - <std[617be2ca0a6fd877]::sys::thread::unix::Thread>::new::thread_start
[INFO] [stdout]   17:     0x70b62b41fdfa - <unknown>
[INFO] [stdout]   18:     0x70b62b4b33d4 - clone
[INFO] [stdout]   19:                0x0 - <unknown>
[INFO] [stdout] 
[INFO] [stdout] ---- elf::file::tests::commit_catches_corruption_instead_of_returning_it stdout ----
[INFO] [stdout] 
[INFO] [stdout] thread 'elf::file::tests::commit_catches_corruption_instead_of_returning_it' (1279) panicked at src/elf/file.rs:481:55:
[INFO] [stdout] called `Result::unwrap()` on an `Err` value: Os { code: 2, kind: NotFound, message: "No such file or directory" }
[INFO] [stdout] stack backtrace:
[INFO] [stdout]    0:     0x602ed843fe85 - <<std[617be2ca0a6fd877]::sys::backtrace::BacktraceLock>::print::DisplayBacktrace as core[a373ad73a504971]::fmt::Display>::fmt
[INFO] [stdout]    1:     0x602ed8427b1a - core[a373ad73a504971]::fmt::write
[INFO] [stdout]    2:     0x602ed843f51b - <alloc[2e1b2a31b91974c5]::vec::Vec<u8> as core[a373ad73a504971]::io::write::Write>::write_fmt
[INFO] [stdout]    3:     0x602ed843efff - std[617be2ca0a6fd877]::panicking::default_hook::{closure#0}
[INFO] [stdout]    4:     0x602ed843ec2a - std[617be2ca0a6fd877]::panicking::default_hook
[INFO] [stdout]    5:     0x602ed843e765 - std[617be2ca0a6fd877]::panicking::panic_with_hook
[INFO] [stdout]    6:     0x602ed84655a1 - std[617be2ca0a6fd877]::panicking::panic_handler::{closure#0}
[INFO] [stdout]    7:     0x602ed8465559 - std[617be2ca0a6fd877]::sys::backtrace::__rust_end_short_backtrace::<std[617be2ca0a6fd877]::panicking::panic_handler::{closure#0}, !>
[INFO] [stdout]    8:     0x602ed8465a5c - __rustc[ea4f61d10b84890b]::rust_begin_unwind
[INFO] [stdout]    9:     0x602ed84279ab - core[a373ad73a504971]::panicking::panic_fmt
[INFO] [stdout]   10:     0x602ed842ad01 - core[a373ad73a504971]::result::unwrap_failed
[INFO] [stdout]   11:     0x602ed841726a - <oxipatch[4888797e7a0746cd]::elf::file::tests::commit_catches_corruption_instead_of_returning_it::{closure#0} as core[a373ad73a504971]::ops::function::FnOnce<()>>::call_once
[INFO] [stdout]   12:     0x602ed847fcbb - test[aada8e7e76ba119b]::__rust_begin_short_backtrace::<core[a373ad73a504971]::result::Result<(), alloc[2e1b2a31b91974c5]::string::String>, fn() -> core[a373ad73a504971]::result::Result<(), alloc[2e1b2a31b91974c5]::string::String>>
[INFO] [stdout]   13:     0x602ed847b0ff - test[aada8e7e76ba119b]::run_test::{closure#0}
[INFO] [stdout]   14:     0x602ed847ab7c - std[617be2ca0a6fd877]::sys::backtrace::__rust_begin_short_backtrace::<test[aada8e7e76ba119b]::run_test::{closure#1}, ()>
[INFO] [stdout]   15:     0x602ed849b10c - <std[617be2ca0a6fd877]::thread::lifecycle::spawn_unchecked<test[aada8e7e76ba119b]::run_test::{closure#1}, ()>::{closure#1} as core[a373ad73a504971]::ops::function::FnOnce<()>>::call_once::{shim:vtable#0}
[INFO] [stdout]   16:     0x602ed84672d4 - <std[617be2ca0a6fd877]::sys::thread::unix::Thread>::new::thread_start
[INFO] [stdout]   17:     0x70b62b41fdfa - <unknown>
[INFO] [stdout]   18:     0x70b62b4b33d4 - clone
[INFO] [stdout]   19:                0x0 - <unknown>
[INFO] [stdout] 
[INFO] [stdout] ---- ops::execstack::tests::add_missing_gnu_stack stdout ----
[INFO] [stdout] 
[INFO] [stdout] thread 'ops::execstack::tests::add_missing_gnu_stack' (1290) panicked at src/ops/execstack.rs:96:55:
[INFO] [stdout] called `Result::unwrap()` on an `Err` value: Os { code: 2, kind: NotFound, message: "No such file or directory" }
[INFO] [stdout] stack backtrace:
[INFO] [stdout]    0:     0x602ed843fe85 - <<std[617be2ca0a6fd877]::sys::backtrace::BacktraceLock>::print::DisplayBacktrace as core[a373ad73a504971]::fmt::Display>::fmt
[INFO] [stdout]    1:     0x602ed8427b1a - core[a373ad73a504971]::fmt::write
[INFO] [stdout]    2:     0x602ed843f51b - <alloc[2e1b2a31b91974c5]::vec::Vec<u8> as core[a373ad73a504971]::io::write::Write>::write_fmt
[INFO] [stdout]    3:     0x602ed843efff - std[617be2ca0a6fd877]::panicking::default_hook::{closure#0}
[INFO] [stdout]    4:     0x602ed843ec2a - std[617be2ca0a6fd877]::panicking::default_hook
[INFO] [stdout]    5:     0x602ed843e765 - std[617be2ca0a6fd877]::panicking::panic_with_hook
[INFO] [stdout]    6:     0x602ed84655a1 - std[617be2ca0a6fd877]::panicking::panic_handler::{closure#0}
[INFO] [stdout]    7:     0x602ed8465559 - std[617be2ca0a6fd877]::sys::backtrace::__rust_end_short_backtrace::<std[617be2ca0a6fd877]::panicking::panic_handler::{closure#0}, !>
[INFO] [stdout]    8:     0x602ed8465a5c - __rustc[ea4f61d10b84890b]::rust_begin_unwind
[INFO] [stdout]    9:     0x602ed84279ab - core[a373ad73a504971]::panicking::panic_fmt
[INFO] [stdout]   10:     0x602ed842ad01 - core[a373ad73a504971]::result::unwrap_failed
[INFO] [stdout]   11:     0x602ed8424470 - <oxipatch[4888797e7a0746cd]::ops::execstack::tests::add_missing_gnu_stack::{closure#0} as core[a373ad73a504971]::ops::function::FnOnce<()>>::call_once
[INFO] [stdout]   12:     0x602ed847fcbb - test[aada8e7e76ba119b]::__rust_begin_short_backtrace::<core[a373ad73a504971]::result::Result<(), alloc[2e1b2a31b91974c5]::string::String>, fn() -> core[a373ad73a504971]::result::Result<(), alloc[2e1b2a31b91974c5]::string::String>>
[INFO] [stdout]   13:     0x602ed847b0ff - test[aada8e7e76ba119b]::run_test::{closure#0}
[INFO] [stdout]   14:     0x602ed847ab7c - std[617be2ca0a6fd877]::sys::backtrace::__rust_begin_short_backtrace::<test[aada8e7e76ba119b]::run_test::{closure#1}, ()>
[INFO] [stdout]   15:     0x602ed849b10c - <std[617be2ca0a6fd877]::thread::lifecycle::spawn_unchecked<test[aada8e7e76ba119b]::run_test::{closure#1}, ()>::{closure#1} as core[a373ad73a504971]::ops::function::FnOnce<()>>::call_once::{shim:vtable#0}
[INFO] [stdout]   16:     0x602ed84672d4 - <std[617be2ca0a6fd877]::sys::thread::unix::Thread>::new::thread_start
[INFO] [stdout]   17:     0x70b62b41fdfa - <unknown>
[INFO] [stdout]   18:     0x70b62b4b33d4 - clone
[INFO] [stdout]   19:                0x0 - <unknown>
[INFO] [stdout] 
[INFO] [stdout] 
[INFO] [stdout] failures:
[INFO] [stdout]     elf::file::tests::commit_catches_corruption_instead_of_returning_it
[INFO] [stdout]     ops::debugtag::tests::add_debug_tag_is_idempotent
[INFO] [stdout]     ops::execstack::tests::add_missing_gnu_stack
[INFO] [stdout]     ops::execstack::tests::toggle_existing_gnu_stack
[INFO] [stdout]     ops::interpreter::tests::get_interpreter_from_system_binary
[INFO] [stdout]     ops::interpreter::tests::set_interpreter_longer_grows_file
[INFO] [stdout]     ops::interpreter::tests::set_interpreter_shorter_fits_in_place
[INFO] [stdout]     ops::interpreter::tests::setting_the_same_interpreter_is_a_true_no_op
[INFO] [stdout]     ops::needed::tests::add_needed_appears_and_dedups
[INFO] [stdout]     ops::needed::tests::no_default_lib_sets_flag
[INFO] [stdout]     ops::needed::tests::remove_needed_drops_entry
[INFO] [stdout]     ops::needed::tests::replace_needed_renames_entry
[INFO] [stdout]     ops::osabi::tests::set_and_read_back_os_abi
[INFO] [stdout]     ops::rpath::tests::add_rpath_appends
[INFO] [stdout]     ops::rpath::tests::force_rpath_writes_dt_rpath_not_runpath
[INFO] [stdout]     ops::rpath::tests::growing_dynstr_zeroes_its_abandoned_old_slot
[INFO] [stdout]     ops::rpath::tests::remove_rpath_clears_it
[INFO] [stdout]     ops::rpath::tests::set_and_read_back_short_rpath
[INFO] [stdout]     ops::rpath::tests::set_long_rpath_grows_file
[INFO] [stdout]     ops::rpath::tests::setting_the_same_rpath_is_a_true_no_op
[INFO] [stdout]     ops::rpath::tests::shrink_rpath_drops_dirs_that_resolve_nothing
[INFO] [stdout]     ops::rpath::tests::shrink_rpath_keeps_non_absolute_entries_unconditionally
[INFO] [stdout]     ops::rpath::tests::shrink_rpath_respects_allowed_prefixes
[INFO] [stdout]     ops::soname::tests::set_and_read_back_soname
[INFO] [stdout]     ops::soname::tests::set_long_soname_grows_file
[INFO] [stdout]     ops::symbols::tests::clear_symbol_versions_sets_global_index
[INFO] [stdout]     ops::symbols::tests::rename_preserves_symbol_count_and_all_final_names
[INFO] [stdout]     ops::symbols::tests::rename_unmatched_map_is_a_true_no_op
[INFO] [stdout] 
[INFO] [stdout] test result: FAILED. 10 passed; 28 failed; 0 ignored; 0 measured; 0 filtered out; finished in 0.20s
[INFO] [stdout] 
[INFO] running `Command { std: "docker" "inspect" "a428396c5df0b77fc8d954d123a5547d591ca585cfaa27f2f664891536e48338", kill_on_drop: false }`
[INFO] running `Command { std: "docker" "rm" "-f" "a428396c5df0b77fc8d954d123a5547d591ca585cfaa27f2f664891536e48338", kill_on_drop: false }`
[INFO] [stdout] a428396c5df0b77fc8d954d123a5547d591ca585cfaa27f2f664891536e48338
