[INFO] fetching crate oxigdal-geoparquet 0.1.7...
[INFO] testing oxigdal-geoparquet-0.1.7 against 1.100.0-beta.1+cargoflags=--release for beta-release-1.100-2
[INFO] extracting crate oxigdal-geoparquet 0.1.7 into /workspace/builds/worker-3-tc2/source
[INFO] started tweaking crates.io crate oxigdal-geoparquet 0.1.7
[INFO] removed 0 missing examples
[INFO] removed 0 missing tests
[INFO] finished tweaking crates.io crate oxigdal-geoparquet 0.1.7
[INFO] tweaked toml for crates.io crate oxigdal-geoparquet 0.1.7 written to /workspace/builds/worker-3-tc2/source/Cargo.toml
[INFO] validating manifest of crates.io crate oxigdal-geoparquet 0.1.7 on toolchain 1.100.0-beta.1
[INFO] running `Command { std: CARGO_HOME="/workspace/cargo-home" RUSTUP_HOME="/workspace/rustup-home" "/workspace/cargo-home/bin/cargo" "+1.100.0-beta.1" "metadata" "--manifest-path" "Cargo.toml" "--no-deps", kill_on_drop: false }`
[INFO] crate crates.io crate oxigdal-geoparquet 0.1.7 already has a lockfile, it will not be regenerated
[INFO] running `Command { std: CARGO_HOME="/workspace/cargo-home" RUSTUP_HOME="/workspace/rustup-home" "/workspace/cargo-home/bin/cargo" "+1.100.0-beta.1" "fetch" "--manifest-path" "Cargo.toml", kill_on_drop: false }`
[INFO] [stderr] warning: `package.homepage` is redundant with `package.repository`
[INFO] [stderr]    --> Cargo.toml:121:12
[INFO] [stderr]     |
[INFO] [stderr] 121 | homepage = "https://github.com/cool-japan/oxigdal"
[INFO] [stderr]     |            ^^^^^^^^^^^^^^^^^^^^^^^^^^^^^^^^^^^^^^^
[INFO] [stderr] ...
[INFO] [stderr] 126 | repository = "https://github.com/cool-japan/oxigdal"
[INFO] [stderr]     |              ---------------------------------------
[INFO] [stderr]     |
[INFO] [stderr]     = note: `cargo::redundant_homepage` is set to `warn` by default
[INFO] [stderr] help: consider removing `package.homepage`
[INFO] [stderr] warning: `oxigdal-geoparquet` (manifest) generated 1 warning
[INFO] running `Command { std: "docker" "create" "-v" "/var/lib/crater-agent-workspace/builds/worker-3-tc2/source:/opt/rustwide/workdir:ro,Z" "-v" "/var/lib/crater-agent-workspace/builds/worker-3-tc2/target:/opt/rustwide/target:rw,Z" "-v" "/var/lib/crater-agent-workspace/cargo-home:/opt/rustwide/cargo-home:ro,Z" "-v" "/var/lib/crater-agent-workspace/rustup-home:/opt/rustwide/rustup-home:ro,Z" "-m" "1610612736" "--network" "none" "ghcr.io/rust-lang/crates-build-env/linux@sha256:77db811e55d90add9212f6832c23229e3de5f1c1f9905e8cb07319ea15df73ac" "sleep" "infinity", kill_on_drop: false }`
[INFO] [stdout] 6316e52ba9bbc2ac69f1a9fe4a1293ba8ec5a4db788308fd1477c99c50f0f837
[INFO] running `Command { std: "docker" "start" "6316e52ba9bbc2ac69f1a9fe4a1293ba8ec5a4db788308fd1477c99c50f0f837", kill_on_drop: false }`
[INFO] running `Command { std: "docker" "inspect" "6316e52ba9bbc2ac69f1a9fe4a1293ba8ec5a4db788308fd1477c99c50f0f837", kill_on_drop: false }`
[INFO] running `Command { std: "docker" "exec" "-e" "SOURCE_DIR=/opt/rustwide/workdir" "-e" "CARGO_HOME=/opt/rustwide/cargo-home" "-e" "RUSTUP_HOME=/opt/rustwide/rustup-home" "-e" "CARGO_TARGET_DIR=/opt/rustwide/target" "-w" "/opt/rustwide/workdir" "--user" "0:0" "6316e52ba9bbc2ac69f1a9fe4a1293ba8ec5a4db788308fd1477c99c50f0f837" "/opt/rustwide/cargo-home/bin/cargo" "+1.100.0-beta.1" "metadata" "--no-deps" "--format-version=1", kill_on_drop: false }`
[INFO] running `Command { std: "docker" "inspect" "6316e52ba9bbc2ac69f1a9fe4a1293ba8ec5a4db788308fd1477c99c50f0f837", kill_on_drop: false }`
[INFO] running `Command { std: "docker" "exec" "-e" "SOURCE_DIR=/opt/rustwide/workdir" "-e" "CARGO_HOME=/opt/rustwide/cargo-home" "-e" "RUSTUP_HOME=/opt/rustwide/rustup-home" "-e" "CARGO_TARGET_DIR=/opt/rustwide/target" "-e" "CARGO_INCREMENTAL=0" "-e" "RUST_BACKTRACE=full" "-e" "RUSTFLAGS=--cap-lints=warn" "-e" "RUSTDOCFLAGS=--cap-lints=warn" "-w" "/opt/rustwide/workdir" "--user" "0:0" "6316e52ba9bbc2ac69f1a9fe4a1293ba8ec5a4db788308fd1477c99c50f0f837" "/opt/rustwide/cargo-home/bin/cargo" "+1.100.0-beta.1" "build" "--frozen" "--message-format=json" "--release", kill_on_drop: false }`
[INFO] [stderr] warning: `package.homepage` is redundant with `package.repository`
[INFO] [stderr]    --> Cargo.toml:121:12
[INFO] [stderr]     |
[INFO] [stderr] 121 | homepage = "https://github.com/cool-japan/oxigdal"
[INFO] [stderr]     |            ^^^^^^^^^^^^^^^^^^^^^^^^^^^^^^^^^^^^^^^
[INFO] [stderr] ...
[INFO] [stderr] 126 | repository = "https://github.com/cool-japan/oxigdal"
[INFO] [stderr]     |              ---------------------------------------
[INFO] [stderr]     |
[INFO] [stderr]     = note: `cargo::redundant_homepage` is set to `warn` by default
[INFO] [stderr] help: consider removing `package.homepage`
[INFO] [stderr] warning: `oxigdal-geoparquet` (manifest) generated 1 warning
[INFO] [stderr]    Compiling serde v1.0.229
[INFO] [stderr]    Compiling zerocopy v0.8.54
[INFO] [stderr]    Compiling arrow-schema v59.1.0
[INFO] [stderr]    Compiling crossbeam-utils v0.8.22
[INFO] [stderr]    Compiling ahash v0.8.12
[INFO] [stderr]    Compiling lexical-util v1.0.7
[INFO] [stderr]    Compiling crossbeam-epoch v0.9.20
[INFO] [stderr]    Compiling num-traits v0.2.19
[INFO] [stderr]    Compiling syn v3.0.1
[INFO] [stderr]    Compiling zerocopy-derive v0.8.54
[INFO] [stderr]    Compiling flatbuffers v25.12.19
[INFO] [stderr]    Compiling regex-syntax v0.8.11
[INFO] [stderr]    Compiling crossbeam-deque v0.8.7
[INFO] [stderr]    Compiling thiserror v2.0.19
[INFO] [stderr]    Compiling time-macros v0.2.31
[INFO] [stderr]    Compiling parking_lot_core v0.9.12
[INFO] [stderr]    Compiling deranged v0.5.8
[INFO] [stderr]    Compiling serde_json v1.0.150
[INFO] [stderr]    Compiling memmap2 v0.9.11
[INFO] [stderr]    Compiling seq-macro v0.3.6
[INFO] [stderr]    Compiling bytemuck v1.25.2
[INFO] [stderr]    Compiling parking_lot v0.12.5
[INFO] [stderr]    Compiling twox-hash v2.1.3
[INFO] [stderr]    Compiling tracing v0.1.44
[INFO] [stderr]    Compiling lexical-parse-integer v1.0.6
[INFO] [stderr]    Compiling lexical-write-integer v1.0.6
[INFO] [stderr]    Compiling lexical-parse-float v1.0.6
[INFO] [stderr]    Compiling crossbeam-channel v0.5.16
[INFO] [stderr]    Compiling crossbeam-queue v0.3.13
[INFO] [stderr]    Compiling lexical-write-float v1.0.6
[INFO] [stderr]    Compiling lexical-core v1.0.6
[INFO] [stderr]    Compiling num-integer v0.1.46
[INFO] [stderr]    Compiling num-complex v0.4.6
[INFO] [stderr]    Compiling chrono v0.4.45
[INFO] [stderr]    Compiling atoi v2.0.0
[INFO] [stderr]    Compiling crossbeam v0.8.4
[INFO] [stderr]    Compiling num-bigint v0.4.8
[INFO] [stderr]    Compiling time v0.3.53
[INFO] [stderr]    Compiling serde_derive v1.0.229
[INFO] [stderr]    Compiling thiserror-impl v2.0.19
[INFO] [stderr]    Compiling regex-automata v0.4.16
[INFO] [stderr]    Compiling bytes v1.12.1
[INFO] [stderr]    Compiling oxigdal-core v0.1.7
[INFO] [stderr]    Compiling regex v1.13.1
[INFO] [stderr]    Compiling half v2.7.1
[INFO] [stderr]    Compiling arrow-buffer v59.1.0
[INFO] [stderr]    Compiling arrow-data v59.1.0
[INFO] [stderr]    Compiling arrow-array v59.1.0
[INFO] [stderr]    Compiling arrow-select v59.1.0
[INFO] [stderr]    Compiling arrow-row v59.1.0
[INFO] [stderr]    Compiling arrow-arith v59.1.0
[INFO] [stderr]    Compiling arrow-ord v59.1.0
[INFO] [stderr]    Compiling arrow-ipc v59.1.0
[INFO] [stderr]    Compiling arrow-string v59.1.0
[INFO] [stderr]    Compiling parquet v59.1.0
[INFO] [stderr]    Compiling arrow-cast v59.1.0
[INFO] [stderr]    Compiling arrow v59.1.0
[INFO] [stderr]    Compiling oxigdal-geoparquet v0.1.7 (/opt/rustwide/workdir)
[INFO] [stderr] warning: unused dependency `tracing`
[INFO] [stderr]   --> Cargo.toml:61:15
[INFO] [stderr]    |
[INFO] [stderr] 61 | [dependencies.tracing]
[INFO] [stderr]    |               ^^^^^^^^
[INFO] [stderr]    |
[INFO] [stderr]    = note: `cargo::unused_dependencies` is set to `warn` by default
[INFO] [stderr] help: consider removing the dependency on `tracing`
[INFO] [stderr] warning: `oxigdal-geoparquet` (manifest) generated 1 warning
[INFO] [stderr]     Finished `release` profile [optimized] target(s) in 4m 01s
[INFO] running `Command { std: "docker" "inspect" "6316e52ba9bbc2ac69f1a9fe4a1293ba8ec5a4db788308fd1477c99c50f0f837", kill_on_drop: false }`
[INFO] running `Command { std: "docker" "exec" "-e" "SOURCE_DIR=/opt/rustwide/workdir" "-e" "CARGO_HOME=/opt/rustwide/cargo-home" "-e" "RUSTUP_HOME=/opt/rustwide/rustup-home" "-e" "CARGO_TARGET_DIR=/opt/rustwide/target" "-e" "CARGO_INCREMENTAL=0" "-e" "RUST_BACKTRACE=full" "-e" "RUSTFLAGS=--cap-lints=warn" "-e" "RUSTDOCFLAGS=--cap-lints=warn" "-w" "/opt/rustwide/workdir" "--user" "0:0" "6316e52ba9bbc2ac69f1a9fe4a1293ba8ec5a4db788308fd1477c99c50f0f837" "/opt/rustwide/cargo-home/bin/cargo" "+1.100.0-beta.1" "test" "--frozen" "--no-run" "--message-format=json" "--release", kill_on_drop: false }`
[INFO] [stderr] warning: `package.homepage` is redundant with `package.repository`
[INFO] [stderr]    --> Cargo.toml:121:12
[INFO] [stderr]     |
[INFO] [stderr] 121 | homepage = "https://github.com/cool-japan/oxigdal"
[INFO] [stderr]     |            ^^^^^^^^^^^^^^^^^^^^^^^^^^^^^^^^^^^^^^^
[INFO] [stderr] ...
[INFO] [stderr] 126 | repository = "https://github.com/cool-japan/oxigdal"
[INFO] [stderr]     |              ---------------------------------------
[INFO] [stderr]     |
[INFO] [stderr]     = note: `cargo::redundant_homepage` is set to `warn` by default
[INFO] [stderr] help: consider removing `package.homepage`
[INFO] [stderr] warning: `oxigdal-geoparquet` (manifest) generated 1 warning
[INFO] [stderr]    Compiling flatbuffers v25.12.19
[INFO] [stderr]    Compiling ahash v0.8.12
[INFO] [stderr]    Compiling regex v1.13.1
[INFO] [stderr]    Compiling tempfile v3.27.0
[INFO] [stderr]    Compiling ppv-lite86 v0.2.21
[INFO] [stderr]    Compiling wait-timeout v0.2.1
[INFO] [stderr]    Compiling rand_xorshift v0.4.0
[INFO] [stderr]    Compiling rand v0.9.5
[INFO] [stderr]    Compiling tokio-macros v2.7.1
[INFO] [stderr]    Compiling mio v1.2.2
[INFO] [stderr]    Compiling socket2 v0.6.5
[INFO] [stderr]    Compiling arrow-array v59.1.0
[INFO] [stderr]    Compiling rusty-fork v0.3.1
[INFO] [stderr]    Compiling rand_chacha v0.9.0
[INFO] [stderr]    Compiling tokio v1.53.0
[INFO] [stderr]    Compiling proptest v1.11.0
[INFO] [stderr]    Compiling arrow-select v59.1.0
[INFO] [stderr]    Compiling arrow-row v59.1.0
[INFO] [stderr]    Compiling arrow-arith v59.1.0
[INFO] [stderr]    Compiling arrow-ord v59.1.0
[INFO] [stderr]    Compiling arrow-ipc v59.1.0
[INFO] [stderr]    Compiling arrow-string v59.1.0
[INFO] [stderr]    Compiling arrow-cast v59.1.0
[INFO] [stderr]    Compiling parquet v59.1.0
[INFO] [stderr]    Compiling arrow v59.1.0
[INFO] [stderr]    Compiling oxigdal-geoparquet v0.1.7 (/opt/rustwide/workdir)
[INFO] [stderr] warning: unused dependency `tracing`
[INFO] [stderr]   --> Cargo.toml:61:15
[INFO] [stderr]    |
[INFO] [stderr] 61 | [dependencies.tracing]
[INFO] [stderr]    |               ^^^^^^^^
[INFO] [stderr]    |
[INFO] [stderr]    = note: `cargo::unused_dependencies` is set to `warn` by default
[INFO] [stderr] help: consider removing the dependency on `tracing`
[INFO] [stderr] warning: `oxigdal-geoparquet` (manifest) generated 1 warning
[INFO] [stderr]     Finished `release` profile [optimized] target(s) in 4m 13s
[INFO] running `Command { std: "docker" "inspect" "6316e52ba9bbc2ac69f1a9fe4a1293ba8ec5a4db788308fd1477c99c50f0f837", kill_on_drop: false }`
[INFO] running `Command { std: "docker" "exec" "-e" "SOURCE_DIR=/opt/rustwide/workdir" "-e" "CARGO_HOME=/opt/rustwide/cargo-home" "-e" "RUSTUP_HOME=/opt/rustwide/rustup-home" "-e" "CARGO_TARGET_DIR=/opt/rustwide/target" "-e" "CARGO_INCREMENTAL=0" "-e" "RUST_BACKTRACE=full" "-e" "RUSTFLAGS=--cap-lints=warn" "-e" "RUSTDOCFLAGS=--cap-lints=warn" "-w" "/opt/rustwide/workdir" "--user" "0:0" "6316e52ba9bbc2ac69f1a9fe4a1293ba8ec5a4db788308fd1477c99c50f0f837" "/opt/rustwide/cargo-home/bin/cargo" "+1.100.0-beta.1" "test" "--frozen" "--release", kill_on_drop: false }`
[INFO] [stderr] warning: `package.homepage` is redundant with `package.repository`
[INFO] [stderr]    --> Cargo.toml:121:12
[INFO] [stderr]     |
[INFO] [stderr] 121 | homepage = "https://github.com/cool-japan/oxigdal"
[INFO] [stderr]     |            ^^^^^^^^^^^^^^^^^^^^^^^^^^^^^^^^^^^^^^^
[INFO] [stderr] ...
[INFO] [stderr] 126 | repository = "https://github.com/cool-japan/oxigdal"
[INFO] [stderr]     |              ---------------------------------------
[INFO] [stderr]     |
[INFO] [stderr]     = note: `cargo::redundant_homepage` is set to `warn` by default
[INFO] [stderr] help: consider removing `package.homepage`
[INFO] [stderr] warning: `oxigdal-geoparquet` (manifest) generated 1 warning
[INFO] [stderr] warning: unused dependency `tracing`
[INFO] [stderr]   --> Cargo.toml:61:15
[INFO] [stderr]    |
[INFO] [stderr] 61 | [dependencies.tracing]
[INFO] [stderr]    |               ^^^^^^^^
[INFO] [stderr]    |
[INFO] [stderr]    = note: `cargo::unused_dependencies` is set to `warn` by default
[INFO] [stderr] help: consider removing the dependency on `tracing`
[INFO] [stderr] warning: `oxigdal-geoparquet` (manifest) generated 1 warning
[INFO] [stderr]     Finished `release` profile [optimized] target(s) in 0.47s
[INFO] [stderr]      Running unittests src/lib.rs (/opt/rustwide/target/release/build/oxigdal-geoparquet/5271185f1bdf2d49/out/oxigdal_geoparquet-5271185f1bdf2d49)
[INFO] [stdout] 
[INFO] [stdout] running 173 tests
[INFO] [stdout] test arrow_ext::schema::tests::test_extension_name_lookup ... ok
[INFO] [stdout] test arrow_ext::array::tests::test_out_of_bounds_access ... ok
[INFO] [stdout] test compression::tests::test_compression_conversion ... ok
[INFO] [stdout] test arrow_ext::tests::test_metadata_operations ... ok
[INFO] [stdout] test arrow_ext::schema::tests::test_is_geometry_column ... ok
[INFO] [stdout] test arrow_ext::schema::tests::test_schema_builder ... ok
[INFO] [stdout] test arrow_ext::schema::tests::test_schema_builder_no_geometry ... ok
[INFO] [stdout] test arrow_ext::schema::tests::test_create_simple_geometry_schema ... ok
[INFO] [stdout] test arrow_ext::schema::tests::test_geo_arrow_field_native_point_2d ... ok
[INFO] [stdout] test covering::tests::test_detect_flat_shape ... ok
[INFO] [stdout] test covering::tests::test_detect_struct_shape ... ok
[INFO] [stdout] test arrow_ext::schema::tests::test_geo_arrow_field_native_polygon_xyz ... ok
[INFO] [stdout] test arrow_ext::array::tests::test_from_optional_geometries ... ok
[INFO] [stdout] test compression::tests::test_compression_names ... ok
[INFO] [stdout] test filter::tests::test_int_gt_mask ... ok
[INFO] [stdout] test filter::tests::test_string_eq_mask ... ok
[INFO] [stdout] test geometry::native::tests::test_native_linestring_bbox_mask ... ok
[INFO] [stdout] test geometry::native::tests::test_native_multilinestring_roundtrip ... ok
[INFO] [stdout] test arrow_ext::array::tests::test_geometry_array_access ... ok
[INFO] [stdout] test arrow_ext::tests::test_create_geometry_field ... ok
[INFO] [stdout] test filter::tests::test_filter_batch ... ok
[INFO] [stdout] test arrow_ext::schema::tests::test_geo_arrow_field_wkb ... ok
[INFO] [stdout] test geometry::native::tests::test_native_mixed_types_rejected_by_encode ... ok
[INFO] [stdout] test geometry::native::tests::test_native_multipolygon_roundtrip ... ok
[INFO] [stdout] test geometry::native::tests::test_native_point_2d_encode_decode ... ok
[INFO] [stdout] test geometry::native::tests::test_native_point_bbox_mask ... ok
[INFO] [stdout] test geometry::native::tests::test_native_point_xyz_encode_decode ... ok
[INFO] [stdout] test geometry::native::tests::test_native_multipoint_roundtrip ... ok
[INFO] [stdout] test geometry::native::tests::test_native_polygon_with_holes_roundtrip ... ok
[INFO] [stdout] test arrow_ext::array::tests::test_geometry_array_builder ... ok
[INFO] [stdout] test geometry::native::tests::test_native_linestring_roundtrip ... ok
[INFO] [stdout] test geometry::types::tests::test_geometry_bbox ... ok
[INFO] [stdout] test error::tests::test_error_display ... ok
[INFO] [stdout] test geometry::types::tests::test_linestring ... ok
[INFO] [stdout] test geometry::types::tests::test_point ... ok
[INFO] [stdout] test filter::tests::test_and_predicates ... ok
[INFO] [stdout] test geometry::wkb::tests::test_byte_order ... ok
[INFO] [stdout] test geometry::wkb::tests::test_linestring_encoding_decoding ... ok
[INFO] [stdout] test geometry::types::tests::test_wkb_code_conversion ... ok
[INFO] [stdout] test geometry::types::tests::test_coordinate_creation ... ok
[INFO] [stdout] test geometry::wkb::tests::test_3d_point ... ok
[INFO] [stdout] test geometry::wkb::tests::test_wkb_point_zm_decoded ... ok
[INFO] [stdout] test geometry::wkb::tests::test_wkb_geometry_collection_recursive ... ok
[INFO] [stdout] test geometry::types::tests::test_geometry_type_conversion ... ok
[INFO] [stdout] test geometry::wkb::tests::test_polygon_encoding_decoding ... ok
[INFO] [stdout] test geometry::wkb::tests::test_wkb_geometry_collection_flat ... ok
[INFO] [stdout] test geometry::wkb::tests::test_point_encoding_decoding ... ok
[INFO] [stdout] test geometry::wkb::tests::test_wkb_multi_polygon_zm_decoded ... ok
[INFO] [stdout] test geometry::wkb::tests::test_wkb_nested_collection_depth_guard ... ok
[INFO] [stdout] test geometry::wkb::tests::test_wkb_point_z_decoded ... ok
[INFO] [stdout] test geometry::types::tests::test_polygon ... ok
[INFO] [stdout] test error::tests::test_error_creation ... ok
[INFO] [stdout] test geometry::wkb_extended::tests::test_bbox_short_data_returns_none ... ok
[INFO] [stdout] test geometry::wkb_extended::tests::test_geometry_collection_mixed ... ok
[INFO] [stdout] test geometry::wkb_extended::tests::test_bbox_empty_returns_none ... ok
[INFO] [stdout] test geometry::wkb_extended::tests::test_bbox_big_endian_point ... ok
[INFO] [stdout] test geometry::wkb_extended::tests::test_bbox_multipolygon_disjoint_union ... ok
[INFO] [stdout] test geometry::wkb_extended::tests::test_bbox_point ... ok
[INFO] [stdout] test geometry::wkb_extended::tests::test_bbox_multilinestring_union ... ok
[INFO] [stdout] test geometry::wkb_extended::tests::test_bbox_geometrycollection_mixed ... ok
[INFO] [stdout] test geometry::wkb_extended::tests::test_geometry_collection_empty ... ok
[INFO] [stdout] test geometry::wkb_extended::tests::test_bbox_multipoint ... ok
[INFO] [stdout] test geometry::wkb_extended::tests::test_bbox_polygon ... ok
[INFO] [stdout] test geometry::wkb_extended::tests::test_multi_polygon_with_holes ... ok
[INFO] [stdout] test geometry::wkb_extended::tests::test_bbox_big_endian_polygon ... ok
[INFO] [stdout] test geometry::wkb_extended::tests::test_geometry_collection_with_points ... ok
[INFO] [stdout] test geometry::wkb_extended::tests::test_multi_polygon_no_holes ... ok
[INFO] [stdout] test geometry::wkb_extended::tests::test_multi_polygon_z_type_code ... ok
[INFO] [stdout] test geometry::wkb_extended::tests::test_point_2d_roundtrip ... ok
[INFO] [stdout] test geometry::wkb_extended::tests::test_point_decode_wrong_type_errors ... ok
[INFO] [stdout] test geometry::wkb_extended::tests::test_point_m_has_correct_type ... ok
[INFO] [stdout] test geometry::wkb_extended::tests::test_point_z_roundtrip ... ok
[INFO] [stdout] test geometry::wkb_extended::tests::test_point_zm_has_correct_type ... ok
[INFO] [stdout] test geometry::wkb_extended::tests::test_polygon_no_holes_type_code ... ok
[INFO] [stdout] test geometry::wkb_extended::tests::test_ring_2d_byte_count ... ok
[INFO] [stdout] test geometry::wkb_extended::tests::test_ring_3d_byte_count ... ok
[INFO] [stdout] test geometry::wkb_extended::tests::test_stats_empty_input ... ok
[INFO] [stdout] test geometry::wkb_extended::tests::test_wkb_type_codes ... ok
[INFO] [stdout] test geometry::wkb_extended::tests::test_stats_zm_point_sets_both ... ok
[INFO] [stdout] test metadata::tests::test_bbox_ordering ... ok
[INFO] [stdout] test geometry::wkb_extended::tests::test_stats_single_point ... ok
[INFO] [stdout] test metadata::tests::test_coord_dim_arity ... ok
[INFO] [stdout] test metadata::tests::test_crs_creation ... ok
[INFO] [stdout] test metadata::tests::test_encoding_type_all_native_variants_serde ... ok
[INFO] [stdout] test metadata::tests::test_invalid_bbox ... ok
[INFO] [stdout] test geometry::wkb_extended::tests::test_stats_z_point_sets_has_z ... ok
[INFO] [stdout] test covering::tests::test_detect_no_bbox_columns ... ok
[INFO] [stdout] test metadata::tests::test_geometry_statistics ... ok
[INFO] [stdout] test geometry::wkb_extended::tests::test_polygon_with_hole_ring_count ... ok
[INFO] [stdout] test geometry::wkb_extended::tests::test_polygon_z_type_code ... ok
[INFO] [stdout] test geometry::wkb_extended::tests::test_stats_m_point_sets_has_m ... ok
[INFO] [stdout] test geometry::wkb_extended::tests::test_stats_multiple_geometries_bbox_union ... ok
[INFO] [stdout] test geometry::wkb_extended::tests::test_stats_distinct_geometry_types ... ok
[INFO] [stdout] test partitioning::tests::test_partition_get_value ... ok
[INFO] [stdout] test metadata::tests::test_encoding_type_point_serde_roundtrip ... ok
[INFO] [stdout] test metadata::tests::test_geoparquet_version_is_1_1_0 ... ok
[INFO] [stdout] test partitioning::tests::test_hive_path ... ok
[INFO] [stdout] test partitioning::tests::test_parse_hive_path ... ok
[INFO] [stdout] test metadata::tests::test_encoding_type_polygon_serde_roundtrip ... ok
[INFO] [stdout] test partitioning::tests::test_partition_key_equality ... ok
[INFO] [stdout] test partitioning::tests::test_partition_key_from_hive_no_eq ... ok
[INFO] [stdout] test partitioning::tests::test_filter_partitions_by_year ... ok
[INFO] [stdout] test partitioning::tests::test_filter_partitions_no_match ... ok
[INFO] [stdout] test metadata::tests::test_encoding_type_validate_native_passes ... ok
[INFO] [stdout] test metadata::tests::test_geometry_column_metadata ... ok
[INFO] [stdout] test partitioning::tests::test_partition_has_key ... ok
[INFO] [stdout] test metadata::tests::test_geoparquet_metadata_creation ... ok
[INFO] [stdout] test partitioning::tests::test_partition_overlaps_bbox_no_overlap ... ok
[INFO] [stdout] test partitioning::tests::test_partitions_for_bbox_spatial_filter ... ok
[INFO] [stdout] test partitioning::tests::test_strategy_max_cells_grid ... ok
[INFO] [stdout] test partitioning::tests::test_strategy_max_cells_quadtree ... ok
[INFO] [stdout] test partitioning::tests::test_unique_values ... ok
[INFO] [stdout] test plan::tests::test_filter_could_match_cmp_gt ... ok
[INFO] [stdout] test plan::tests::test_filter_could_match_eq ... ok
[INFO] [stdout] test partitioning::tests::test_partition_overlaps_bbox_overlap ... ok
[INFO] [stdout] test partitioning::tests::test_partition_stats_basic ... ok
[INFO] [stdout] test partitioning::tests::test_partition_stats_empty_dataset ... ok
[INFO] [stdout] test partitioning::tests::test_partition_stats_min_max_rows ... ok
[INFO] [stdout] test partitioning::tests::test_partition_stats_summary_non_empty ... ok
[INFO] [stdout] test partitioning::tests::test_strategy_max_cells_zorder ... ok
[INFO] [stdout] test plan::tests::test_filter_could_match_utf8_is_conservative ... ok
[INFO] [stdout] test partitioning::tests::test_partition_key_hive_component_roundtrip ... ok
[INFO] [stdout] test partitioning::tests::test_partition_key_new ... ok
[INFO] [stdout] test partitioning::tests::test_partition_overlaps_bbox_no_extent ... ok
[INFO] [stdout] test predicate::tests::test_covering_bbox_predicate_intersection ... ok
[INFO] [stdout] test predicate::tests::test_eval_cmp_bool_ordering ... ok
[INFO] [stdout] test predicate::tests::test_eval_cmp_gt_int ... ok
[INFO] [stdout] test predicate::tests::test_eval_cmp_noteq_utf8 ... ok
[INFO] [stdout] test predicate::tests::test_bool_literal_non_bool_column_type_mismatch ... ok
[INFO] [stdout] test predicate::tests::test_eval_cmp_fractional_float_vs_int_column ... ok
[INFO] [stdout] test predicate::tests::test_eval_eq_bool_true ... ok
[INFO] [stdout] test predicate::tests::test_eval_eq_bool_false ... ok
[INFO] [stdout] test predicate::tests::test_eval_cmp_int_literal_vs_float32_column ... ok
[INFO] [stdout] test predicate::tests::test_eval_cmp_le_float ... ok
[INFO] [stdout] test predicate::tests::test_eval_cmp_whole_float_literal_vs_int_column ... ok
[INFO] [stdout] test partitioning::tests::test_strategy_names ... ok
[INFO] [stdout] test plan::tests::test_filter_could_match_range ... ok
[INFO] [stdout] test predicate::tests::test_eval_eq_int_literal_vs_float_column ... ok
[INFO] [stdout] test predicate::tests::test_eval_eq_utf8 ... ok
[INFO] [stdout] test predicate::tests::test_eval_cmp_int_literal_vs_float_column_all_ops ... ok
[INFO] [stdout] test predicate::tests::test_eval_in_utf8 ... ok
[INFO] [stdout] test spatial::partition::tests::test_hilbert_encoding ... ok
[INFO] [stdout] test predicate::tests::test_eval_cmp_int_literal_vs_int32_column ... ok
[INFO] [stdout] test spatial::partition::tests::test_sequential_partitioning ... ok
[INFO] [stdout] test spatial::rtree::tests::test_bbox_expand ... ok
[INFO] [stdout] test spatial::rtree::tests::test_bbox_operations ... ok
[INFO] [stdout] test spatial::rtree::tests::test_rtree_bulk_load ... ok
[INFO] [stdout] test spatial::statistics::tests::test_row_group_statistics ... ok
[INFO] [stdout] test spatial::statistics::tests::test_spatial_filter ... ok
[INFO] [stdout] test spatial::statistics::tests::test_statistics_collector ... ok
[INFO] [stdout] test metadata::tests::test_legacy_1_0_0_metadata_validates ... ok
[INFO] [stdout] test spatial::tests::test_row_group_bounds ... ok
[INFO] [stdout] test predicate::tests::test_eval_in_empty_values ... ok
[INFO] [stdout] test spatial::tests::test_spatial_index_query ... ok
[INFO] [stdout] test metadata::tests::test_metadata_serialization ... ok
[INFO] [stdout] test spatial::rtree::tests::test_rtree_insertion_and_query ... ok
[INFO] [stdout] test statistics::tests::test_stats_geometry_column_returns_none_without_bbox_columns ... ok
[INFO] [stdout] test predicate::tests::test_eval_in_mixed_literals_vs_float_column ... ok
[INFO] [stdout] test partitioning::tests::test_add_partition_updates_row_count ... ok
[INFO] [stdout] test predicate::tests::test_eval_in_bool ... ok
[INFO] [stdout] test reader::tests::test_reader_creation ... ok
[INFO] [stdout] test predicate::tests::test_bool_column_non_bool_literal_type_mismatch ... ok
[INFO] [stdout] test predicate::tests::test_eval_range_int ... ok
[INFO] [stdout] test spatial::statistics::tests::test_global_bbox ... ok
[INFO] [stdout] test statistics::tests::test_stats_missing_returns_none ... ok
[INFO] [stdout] test statistics::tests::test_stats_null_counts_per_row_group ... ok
[INFO] [stdout] test predicate::tests::test_eval_range_int_literal_vs_float_column ... ok
[INFO] [stdout] test statistics::tests::test_stats_by_column_name_filtering ... ok
[INFO] [stdout] test statistics::tests::test_stats_int64_min_max ... ok
[INFO] [stderr]      Running tests/filter_tests.rs (/opt/rustwide/target/release/build/oxigdal-geoparquet/51121e81726b9d40/out/filter_tests-51121e81726b9d40)
[INFO] [stdout] test statistics::tests::test_stats_string_min_max ... ok
[INFO] [stdout] test tests::test_version ... ok
[INFO] [stdout] test writer::tests::test_writer_builder ... ok
[INFO] [stdout] test writer::tests::test_writer_creation ... ok
[INFO] [stdout] 
[INFO] [stdout] test result: ok. 173 passed; 0 failed; 0 ignored; 0 measured; 0 filtered out; finished in 0.04s
[INFO] [stdout] 
[INFO] [stdout] 
[INFO] [stdout] running 5 tests
[INFO] [stdout] test test_attribute_filter_eq_string ... FAILED
[INFO] [stdout] test test_combined_spatial_attribute_filter ... FAILED
[INFO] [stderr] error: test failed, to rerun pass `--test filter_tests`
[INFO] [stdout] test test_attribute_filter_numeric_gt ... FAILED
[INFO] [stdout] test test_spatial_filter_exact_row_level ... FAILED
[INFO] [stdout] test test_empty_result_no_matches ... FAILED
[INFO] [stdout] 
[INFO] [stdout] failures:
[INFO] [stdout] 
[INFO] [stdout] ---- test_attribute_filter_eq_string stdout ----
[INFO] [stdout] 
[INFO] [stdout] thread 'test_attribute_filter_eq_string' (2751) panicked at /opt/rustwide/cargo-home/registry/src/index.crates.io-1949cf8c6b5b557f/parquet-59.1.0/src/column/writer/mod.rs:479:62:
[INFO] [stdout] called `Result::unwrap()` on an `Err` value: General("Disabled feature at compile time: snap")
[INFO] [stdout] stack backtrace:
[INFO] [stdout]    0:     0x5fdf501ff871 - <<std[617be2ca0a6fd877]::sys::backtrace::BacktraceLock>::print::DisplayBacktrace as core[a373ad73a504971]::fmt::Display>::fmt
[INFO] [stdout]    1:     0x5fdf50215c3a - core[a373ad73a504971]::fmt::write
[INFO] [stdout]    2:     0x5fdf50203b0c - <alloc[2e1b2a31b91974c5]::vec::Vec<u8> as core[a373ad73a504971]::io::write::Write>::write_fmt
[INFO] [stdout]    3:     0x5fdf501db786 - std[617be2ca0a6fd877]::panicking::default_hook::{closure#0}
[INFO] [stdout]    4:     0x5fdf501f7e29 - std[617be2ca0a6fd877]::panicking::default_hook
[INFO] [stdout]    5:     0x5fdf4fcd8870 - test[aada8e7e76ba119b]::test_main_inner::{closure#0}
[INFO] [stdout]    6:     0x5fdf501f7fe2 - std[617be2ca0a6fd877]::panicking::panic_with_hook
[INFO] [stdout]    7:     0x5fdf501db832 - std[617be2ca0a6fd877]::panicking::panic_handler::{closure#0}
[INFO] [stdout]    8:     0x5fdf501d4499 - std[617be2ca0a6fd877]::sys::backtrace::__rust_end_short_backtrace::<std[617be2ca0a6fd877]::panicking::panic_handler::{closure#0}, !>
[INFO] [stdout]    9:     0x5fdf501dc43d - __rustc[ea4f61d10b84890b]::rust_begin_unwind
[INFO] [stdout]   10:     0x5fdf5021636c - core[a373ad73a504971]::panicking::panic_fmt
[INFO] [stdout]   11:     0x5fdf50216142 - core[a373ad73a504971]::result::unwrap_failed
[INFO] [stdout]   12:     0x5fdf4feb07be - <parquet[2b00f7b547248a62]::column::writer::GenericColumnWriter<parquet[2b00f7b547248a62]::arrow::arrow_writer::byte_array::ByteArrayEncoder>>::new
[INFO] [stdout]   13:     0x5fdf4ff583f2 - <parquet[2b00f7b547248a62]::arrow::arrow_writer::ArrowColumnWriterFactory>::get_arrow_column_writer::{closure#1}
[INFO] [stdout]   14:     0x5fdf4ff69e4c - <parquet[2b00f7b547248a62]::arrow::arrow_writer::ArrowColumnWriterFactory>::get_arrow_column_writer
[INFO] [stdout]   15:     0x5fdf4ff698e1 - <parquet[2b00f7b547248a62]::arrow::arrow_writer::ArrowRowGroupWriterFactory>::create_column_writers
[INFO] [stdout]   16:     0x5fdf4ff69a48 - <parquet[2b00f7b547248a62]::arrow::arrow_writer::ArrowRowGroupWriterFactory>::create_row_group_writer
[INFO] [stdout]   17:     0x5fdf4fcc18b6 - <parquet[2b00f7b547248a62]::arrow::arrow_writer::ArrowWriter<std[617be2ca0a6fd877]::fs::File>>::write
[INFO] [stdout]   18:     0x5fdf4fcaaf4c - filter_tests[ef53ebcd1276b89b]::write_attributed_fixture
[INFO] [stdout]   19:     0x5fdf4fcacd72 - <filter_tests[ef53ebcd1276b89b]::test_attribute_filter_eq_string::{closure#0} as core[a373ad73a504971]::ops::function::FnOnce<()>>::call_once
[INFO] [stdout]   20:     0x5fdf4fccbcbb - test[aada8e7e76ba119b]::__rust_begin_short_backtrace::<core[a373ad73a504971]::result::Result<(), alloc[2e1b2a31b91974c5]::string::String>, fn() -> core[a373ad73a504971]::result::Result<(), alloc[2e1b2a31b91974c5]::string::String>>
[INFO] [stdout]   21:     0x5fdf4fcd8e95 - test[aada8e7e76ba119b]::run_test::{closure#0}
[INFO] [stdout]   22:     0x5fdf4fcd2784 - std[617be2ca0a6fd877]::sys::backtrace::__rust_begin_short_backtrace::<test[aada8e7e76ba119b]::run_test::{closure#1}, ()>
[INFO] [stdout]   23:     0x5fdf4fcdbf22 - <std[617be2ca0a6fd877]::thread::lifecycle::spawn_unchecked<test[aada8e7e76ba119b]::run_test::{closure#1}, ()>::{closure#1} as core[a373ad73a504971]::ops::function::FnOnce<()>>::call_once::{shim:vtable#0}
[INFO] [stdout]   24:     0x5fdf501ff0cf - <std[617be2ca0a6fd877]::sys::thread::unix::Thread>::new::thread_start
[INFO] [stdout]   25:     0x75f3db307dfa - <unknown>
[INFO] [stdout]   26:     0x75f3db39b3d4 - clone
[INFO] [stdout]   27:                0x0 - <unknown>
[INFO] [stdout] 
[INFO] [stdout] ---- test_combined_spatial_attribute_filter stdout ----
[INFO] [stdout] 
[INFO] [stdout] thread 'test_combined_spatial_attribute_filter' (2753) panicked at /opt/rustwide/cargo-home/registry/src/index.crates.io-1949cf8c6b5b557f/parquet-59.1.0/src/column/writer/mod.rs:479:62:
[INFO] [stdout] called `Result::unwrap()` on an `Err` value: General("Disabled feature at compile time: snap")
[INFO] [stdout] stack backtrace:
[INFO] [stdout]    0:     0x5fdf501ff871 - <<std[617be2ca0a6fd877]::sys::backtrace::BacktraceLock>::print::DisplayBacktrace as core[a373ad73a504971]::fmt::Display>::fmt
[INFO] [stdout]    1:     0x5fdf50215c3a - core[a373ad73a504971]::fmt::write
[INFO] [stdout]    2:     0x5fdf50203b0c - <alloc[2e1b2a31b91974c5]::vec::Vec<u8> as core[a373ad73a504971]::io::write::Write>::write_fmt
[INFO] [stdout]    3:     0x5fdf501db786 - std[617be2ca0a6fd877]::panicking::default_hook::{closure#0}
[INFO] [stdout]    4:     0x5fdf501f7e29 - std[617be2ca0a6fd877]::panicking::default_hook
[INFO] [stdout]    5:     0x5fdf4fcd8870 - test[aada8e7e76ba119b]::test_main_inner::{closure#0}
[INFO] [stdout]    6:     0x5fdf501f7fe2 - std[617be2ca0a6fd877]::panicking::panic_with_hook
[INFO] [stdout]    7:     0x5fdf501db832 - std[617be2ca0a6fd877]::panicking::panic_handler::{closure#0}
[INFO] [stdout]    8:     0x5fdf501d4499 - std[617be2ca0a6fd877]::sys::backtrace::__rust_end_short_backtrace::<std[617be2ca0a6fd877]::panicking::panic_handler::{closure#0}, !>
[INFO] [stdout]    9:     0x5fdf501dc43d - __rustc[ea4f61d10b84890b]::rust_begin_unwind
[INFO] [stdout]   10:     0x5fdf5021636c - core[a373ad73a504971]::panicking::panic_fmt
[INFO] [stdout]   11:     0x5fdf50216142 - core[a373ad73a504971]::result::unwrap_failed
[INFO] [stdout]   12:     0x5fdf4feb07be - <parquet[2b00f7b547248a62]::column::writer::GenericColumnWriter<parquet[2b00f7b547248a62]::arrow::arrow_writer::byte_array::ByteArrayEncoder>>::new
[INFO] [stdout]   13:     0x5fdf4ff583f2 - <parquet[2b00f7b547248a62]::arrow::arrow_writer::ArrowColumnWriterFactory>::get_arrow_column_writer::{closure#1}
[INFO] [stdout]   14:     0x5fdf4ff69e4c - <parquet[2b00f7b547248a62]::arrow::arrow_writer::ArrowColumnWriterFactory>::get_arrow_column_writer
[INFO] [stdout]   15:     0x5fdf4ff698e1 - <parquet[2b00f7b547248a62]::arrow::arrow_writer::ArrowRowGroupWriterFactory>::create_column_writers
[INFO] [stdout]   16:     0x5fdf4ff69a48 - <parquet[2b00f7b547248a62]::arrow::arrow_writer::ArrowRowGroupWriterFactory>::create_row_group_writer
[INFO] [stdout]   17:     0x5fdf4fcc18b6 - <parquet[2b00f7b547248a62]::arrow::arrow_writer::ArrowWriter<std[617be2ca0a6fd877]::fs::File>>::write
[INFO] [stdout]   18:     0x5fdf4fcaaf4c - filter_tests[ef53ebcd1276b89b]::write_attributed_fixture
[INFO] [stdout]   19:     0x5fdf4fcadf41 - <filter_tests[ef53ebcd1276b89b]::test_combined_spatial_attribute_filter::{closure#0} as core[a373ad73a504971]::ops::function::FnOnce<()>>::call_once
[INFO] [stdout]   20:     0x5fdf4fccbcbb - test[aada8e7e76ba119b]::__rust_begin_short_backtrace::<core[a373ad73a504971]::result::Result<(), alloc[2e1b2a31b91974c5]::string::String>, fn() -> core[a373ad73a504971]::result::Result<(), alloc[2e1b2a31b91974c5]::string::String>>
[INFO] [stdout]   21:     0x5fdf4fcd8e95 - test[aada8e7e76ba119b]::run_test::{closure#0}
[INFO] [stdout]   22:     0x5fdf4fcd2784 - std[617be2ca0a6fd877]::sys::backtrace::__rust_begin_short_backtrace::<test[aada8e7e76ba119b]::run_test::{closure#1}, ()>
[INFO] [stdout]   23:     0x5fdf4fcdbf22 - <std[617be2ca0a6fd877]::thread::lifecycle::spawn_unchecked<test[aada8e7e76ba119b]::run_test::{closure#1}, ()>::{closure#1} as core[a373ad73a504971]::ops::function::FnOnce<()>>::call_once::{shim:vtable#0}
[INFO] [stdout]   24:     0x5fdf501ff0cf - <std[617be2ca0a6fd877]::sys::thread::unix::Thread>::new::thread_start
[INFO] [stdout]   25:     0x75f3db307dfa - <unknown>
[INFO] [stdout]   26:     0x75f3db39b3d4 - clone
[INFO] [stdout]   27:                0x0 - <unknown>
[INFO] [stdout] 
[INFO] [stdout] ---- test_attribute_filter_numeric_gt stdout ----
[INFO] [stdout] 
[INFO] [stdout] thread 'test_attribute_filter_numeric_gt' (2752) panicked at /opt/rustwide/cargo-home/registry/src/index.crates.io-1949cf8c6b5b557f/parquet-59.1.0/src/column/writer/mod.rs:479:62:
[INFO] [stdout] called `Result::unwrap()` on an `Err` value: General("Disabled feature at compile time: snap")
[INFO] [stdout] stack backtrace:
[INFO] [stdout]    0:     0x5fdf501ff871 - <<std[617be2ca0a6fd877]::sys::backtrace::BacktraceLock>::print::DisplayBacktrace as core[a373ad73a504971]::fmt::Display>::fmt
[INFO] [stdout]    1:     0x5fdf50215c3a - core[a373ad73a504971]::fmt::write
[INFO] [stdout]    2:     0x5fdf50203b0c - <alloc[2e1b2a31b91974c5]::vec::Vec<u8> as core[a373ad73a504971]::io::write::Write>::write_fmt
[INFO] [stdout]    3:     0x5fdf501db786 - std[617be2ca0a6fd877]::panicking::default_hook::{closure#0}
[INFO] [stdout]    4:     0x5fdf501f7e29 - std[617be2ca0a6fd877]::panicking::default_hook
[INFO] [stdout]    5:     0x5fdf4fcd8870 - test[aada8e7e76ba119b]::test_main_inner::{closure#0}
[INFO] [stdout]    6:     0x5fdf501f7fe2 - std[617be2ca0a6fd877]::panicking::panic_with_hook
[INFO] [stdout]    7:     0x5fdf501db832 - std[617be2ca0a6fd877]::panicking::panic_handler::{closure#0}
[INFO] [stdout]    8:     0x5fdf501d4499 - std[617be2ca0a6fd877]::sys::backtrace::__rust_end_short_backtrace::<std[617be2ca0a6fd877]::panicking::panic_handler::{closure#0}, !>
[INFO] [stdout]    9:     0x5fdf501dc43d - __rustc[ea4f61d10b84890b]::rust_begin_unwind
[INFO] [stdout]   10:     0x5fdf5021636c - core[a373ad73a504971]::panicking::panic_fmt
[INFO] [stdout]   11:     0x5fdf50216142 - core[a373ad73a504971]::result::unwrap_failed
[INFO] [stdout]   12:     0x5fdf4feb07be - <parquet[2b00f7b547248a62]::column::writer::GenericColumnWriter<parquet[2b00f7b547248a62]::arrow::arrow_writer::byte_array::ByteArrayEncoder>>::new
[INFO] [stdout]   13:     0x5fdf4ff583f2 - <parquet[2b00f7b547248a62]::arrow::arrow_writer::ArrowColumnWriterFactory>::get_arrow_column_writer::{closure#1}
[INFO] [stdout]   14:     0x5fdf4ff69e4c - <parquet[2b00f7b547248a62]::arrow::arrow_writer::ArrowColumnWriterFactory>::get_arrow_column_writer
[INFO] [stdout]   15:     0x5fdf4ff698e1 - <parquet[2b00f7b547248a62]::arrow::arrow_writer::ArrowRowGroupWriterFactory>::create_column_writers
[INFO] [stdout]   16:     0x5fdf4ff69a48 - <parquet[2b00f7b547248a62]::arrow::arrow_writer::ArrowRowGroupWriterFactory>::create_row_group_writer
[INFO] [stdout]   17:     0x5fdf4fcc18b6 - <parquet[2b00f7b547248a62]::arrow::arrow_writer::ArrowWriter<std[617be2ca0a6fd877]::fs::File>>::write
[INFO] [stdout]   18:     0x5fdf4fcaaf4c - filter_tests[ef53ebcd1276b89b]::write_attributed_fixture
[INFO] [stdout]   19:     0x5fdf4fcad4b1 - <filter_tests[ef53ebcd1276b89b]::test_attribute_filter_numeric_gt::{closure#0} as core[a373ad73a504971]::ops::function::FnOnce<()>>::call_once
[INFO] [stdout]   20:     0x5fdf4fccbcbb - test[aada8e7e76ba119b]::__rust_begin_short_backtrace::<core[a373ad73a504971]::result::Result<(), alloc[2e1b2a31b91974c5]::string::String>, fn() -> core[a373ad73a504971]::result::Result<(), alloc[2e1b2a31b91974c5]::string::String>>
[INFO] [stdout]   21:     0x5fdf4fcd8e95 - test[aada8e7e76ba119b]::run_test::{closure#0}
[INFO] [stdout]   22:     0x5fdf4fcd2784 - std[617be2ca0a6fd877]::sys::backtrace::__rust_begin_short_backtrace::<test[aada8e7e76ba119b]::run_test::{closure#1}, ()>
[INFO] [stdout]   23:     0x5fdf4fcdbf22 - <std[617be2ca0a6fd877]::thread::lifecycle::spawn_unchecked<test[aada8e7e76ba119b]::run_test::{closure#1}, ()>::{closure#1} as core[a373ad73a504971]::ops::function::FnOnce<()>>::call_once::{shim:vtable#0}
[INFO] [stdout]   24:     0x5fdf501ff0cf - <std[617be2ca0a6fd877]::sys::thread::unix::Thread>::new::thread_start
[INFO] [stdout]   25:     0x75f3db307dfa - <unknown>
[INFO] [stdout]   26:     0x75f3db39b3d4 - clone
[INFO] [stdout]   27:                0x0 - <unknown>
[INFO] [stdout] 
[INFO] [stdout] ---- test_spatial_filter_exact_row_level stdout ----
[INFO] [stdout] 
[INFO] [stdout] thread 'test_spatial_filter_exact_row_level' (2755) panicked at /opt/rustwide/cargo-home/registry/src/index.crates.io-1949cf8c6b5b557f/parquet-59.1.0/src/column/writer/mod.rs:479:62:
[INFO] [stdout] called `Result::unwrap()` on an `Err` value: General("Disabled feature at compile time: snap")
[INFO] [stdout] stack backtrace:
[INFO] [stdout]    0:     0x5fdf501ff871 - <<std[617be2ca0a6fd877]::sys::backtrace::BacktraceLock>::print::DisplayBacktrace as core[a373ad73a504971]::fmt::Display>::fmt
[INFO] [stdout]    1:     0x5fdf50215c3a - core[a373ad73a504971]::fmt::write
[INFO] [stdout]    2:     0x5fdf50203b0c - <alloc[2e1b2a31b91974c5]::vec::Vec<u8> as core[a373ad73a504971]::io::write::Write>::write_fmt
[INFO] [stdout]    3:     0x5fdf501db786 - std[617be2ca0a6fd877]::panicking::default_hook::{closure#0}
[INFO] [stdout]    4:     0x5fdf501f7e29 - std[617be2ca0a6fd877]::panicking::default_hook
[INFO] [stdout]    5:     0x5fdf4fcd8870 - test[aada8e7e76ba119b]::test_main_inner::{closure#0}
[INFO] [stdout]    6:     0x5fdf501f7fe2 - std[617be2ca0a6fd877]::panicking::panic_with_hook
[INFO] [stdout]    7:     0x5fdf501db832 - std[617be2ca0a6fd877]::panicking::panic_handler::{closure#0}
[INFO] [stdout]    8:     0x5fdf501d4499 - std[617be2ca0a6fd877]::sys::backtrace::__rust_end_short_backtrace::<std[617be2ca0a6fd877]::panicking::panic_handler::{closure#0}, !>
[INFO] [stdout]    9:     0x5fdf501dc43d - __rustc[ea4f61d10b84890b]::rust_begin_unwind
[INFO] [stdout]   10:     0x5fdf5021636c - core[a373ad73a504971]::panicking::panic_fmt
[INFO] [stdout]   11:     0x5fdf50216142 - core[a373ad73a504971]::result::unwrap_failed
[INFO] [stdout]   12:     0x5fdf4feb07be - <parquet[2b00f7b547248a62]::column::writer::GenericColumnWriter<parquet[2b00f7b547248a62]::arrow::arrow_writer::byte_array::ByteArrayEncoder>>::new
[INFO] [stdout]   13:     0x5fdf4ff583f2 - <parquet[2b00f7b547248a62]::arrow::arrow_writer::ArrowColumnWriterFactory>::get_arrow_column_writer::{closure#1}
[INFO] [stdout]   14:     0x5fdf4ff69e4c - <parquet[2b00f7b547248a62]::arrow::arrow_writer::ArrowColumnWriterFactory>::get_arrow_column_writer
[INFO] [stdout]   15:     0x5fdf4ff698e1 - <parquet[2b00f7b547248a62]::arrow::arrow_writer::ArrowRowGroupWriterFactory>::create_column_writers
[INFO] [stdout]   16:     0x5fdf4ff69a48 - <parquet[2b00f7b547248a62]::arrow::arrow_writer::ArrowRowGroupWriterFactory>::create_row_group_writer
[INFO] [stdout]   17:     0x5fdf4fcc18b6 - <parquet[2b00f7b547248a62]::arrow::arrow_writer::ArrowWriter<std[617be2ca0a6fd877]::fs::File>>::write
[INFO] [stdout]   18:     0x5fdf4fcaaf4c - filter_tests[ef53ebcd1276b89b]::write_attributed_fixture
[INFO] [stdout]   19:     0x5fdf4fcada68 - <filter_tests[ef53ebcd1276b89b]::test_spatial_filter_exact_row_level::{closure#0} as core[a373ad73a504971]::ops::function::FnOnce<()>>::call_once
[INFO] [stdout]   20:     0x5fdf4fccbcbb - test[aada8e7e76ba119b]::__rust_begin_short_backtrace::<core[a373ad73a504971]::result::Result<(), alloc[2e1b2a31b91974c5]::string::String>, fn() -> core[a373ad73a504971]::result::Result<(), alloc[2e1b2a31b91974c5]::string::String>>
[INFO] [stdout]   21:     0x5fdf4fcd8e95 - test[aada8e7e76ba119b]::run_test::{closure#0}
[INFO] [stdout]   22:     0x5fdf4fcd2784 - std[617be2ca0a6fd877]::sys::backtrace::__rust_begin_short_backtrace::<test[aada8e7e76ba119b]::run_test::{closure#1}, ()>
[INFO] [stdout]   23:     0x5fdf4fcdbf22 - <std[617be2ca0a6fd877]::thread::lifecycle::spawn_unchecked<test[aada8e7e76ba119b]::run_test::{closure#1}, ()>::{closure#1} as core[a373ad73a504971]::ops::function::FnOnce<()>>::call_once::{shim:vtable#0}
[INFO] [stdout]   24:     0x5fdf501ff0cf - <std[617be2ca0a6fd877]::sys::thread::unix::Thread>::new::thread_start
[INFO] [stdout]   25:     0x75f3db307dfa - <unknown>
[INFO] [stdout]   26:     0x75f3db39b3d4 - clone
[INFO] [stdout]   27:                0x0 - <unknown>
[INFO] [stdout] 
[INFO] [stdout] ---- test_empty_result_no_matches stdout ----
[INFO] [stdout] 
[INFO] [stdout] thread 'test_empty_result_no_matches' (2754) panicked at /opt/rustwide/cargo-home/registry/src/index.crates.io-1949cf8c6b5b557f/parquet-59.1.0/src/column/writer/mod.rs:479:62:
[INFO] [stdout] called `Result::unwrap()` on an `Err` value: General("Disabled feature at compile time: snap")
[INFO] [stdout] stack backtrace:
[INFO] [stdout]    0:     0x5fdf501ff871 - <<std[617be2ca0a6fd877]::sys::backtrace::BacktraceLock>::print::DisplayBacktrace as core[a373ad73a504971]::fmt::Display>::fmt
[INFO] [stdout]    1:     0x5fdf50215c3a - core[a373ad73a504971]::fmt::write
[INFO] [stdout]    2:     0x5fdf50203b0c - <alloc[2e1b2a31b91974c5]::vec::Vec<u8> as core[a373ad73a504971]::io::write::Write>::write_fmt
[INFO] [stdout]    3:     0x5fdf501db786 - std[617be2ca0a6fd877]::panicking::default_hook::{closure#0}
[INFO] [stdout]    4:     0x5fdf501f7e29 - std[617be2ca0a6fd877]::panicking::default_hook
[INFO] [stdout]    5:     0x5fdf4fcd8870 - test[aada8e7e76ba119b]::test_main_inner::{closure#0}
[INFO] [stdout]    6:     0x5fdf501f7fe2 - std[617be2ca0a6fd877]::panicking::panic_with_hook
[INFO] [stdout]    7:     0x5fdf501db832 - std[617be2ca0a6fd877]::panicking::panic_handler::{closure#0}
[INFO] [stdout]    8:     0x5fdf501d4499 - std[617be2ca0a6fd877]::sys::backtrace::__rust_end_short_backtrace::<std[617be2ca0a6fd877]::panicking::panic_handler::{closure#0}, !>
[INFO] [stdout]    9:     0x5fdf501dc43d - __rustc[ea4f61d10b84890b]::rust_begin_unwind
[INFO] [stdout]   10:     0x5fdf5021636c - core[a373ad73a504971]::panicking::panic_fmt
[INFO] [stdout]   11:     0x5fdf50216142 - core[a373ad73a504971]::result::unwrap_failed
[INFO] [stdout]   12:     0x5fdf4feb07be - <parquet[2b00f7b547248a62]::column::writer::GenericColumnWriter<parquet[2b00f7b547248a62]::arrow::arrow_writer::byte_array::ByteArrayEncoder>>::new
[INFO] [stdout]   13:     0x5fdf4ff583f2 - <parquet[2b00f7b547248a62]::arrow::arrow_writer::ArrowColumnWriterFactory>::get_arrow_column_writer::{closure#1}
[INFO] [stdout]   14:     0x5fdf4ff69e4c - <parquet[2b00f7b547248a62]::arrow::arrow_writer::ArrowColumnWriterFactory>::get_arrow_column_writer
[INFO] [stdout]   15:     0x5fdf4ff698e1 - <parquet[2b00f7b547248a62]::arrow::arrow_writer::ArrowRowGroupWriterFactory>::create_column_writers
[INFO] [stdout]   16:     0x5fdf4ff69a48 - <parquet[2b00f7b547248a62]::arrow::arrow_writer::ArrowRowGroupWriterFactory>::create_row_group_writer
[INFO] [stdout]   17:     0x5fdf4fcc18b6 - <parquet[2b00f7b547248a62]::arrow::arrow_writer::ArrowWriter<std[617be2ca0a6fd877]::fs::File>>::write
[INFO] [stdout]   18:     0x5fdf4fcaaf4c - filter_tests[ef53ebcd1276b89b]::write_attributed_fixture
[INFO] [stdout]   19:     0x5fdf4fcac898 - <filter_tests[ef53ebcd1276b89b]::test_empty_result_no_matches::{closure#0} as core[a373ad73a504971]::ops::function::FnOnce<()>>::call_once
[INFO] [stdout]   20:     0x5fdf4fccbcbb - test[aada8e7e76ba119b]::__rust_begin_short_backtrace::<core[a373ad73a504971]::result::Result<(), alloc[2e1b2a31b91974c5]::string::String>, fn() -> core[a373ad73a504971]::result::Result<(), alloc[2e1b2a31b91974c5]::string::String>>
[INFO] [stdout]   21:     0x5fdf4fcd8e95 - test[aada8e7e76ba119b]::run_test::{closure#0}
[INFO] [stdout]   22:     0x5fdf4fcd2784 - std[617be2ca0a6fd877]::sys::backtrace::__rust_begin_short_backtrace::<test[aada8e7e76ba119b]::run_test::{closure#1}, ()>
[INFO] [stdout]   23:     0x5fdf4fcdbf22 - <std[617be2ca0a6fd877]::thread::lifecycle::spawn_unchecked<test[aada8e7e76ba119b]::run_test::{closure#1}, ()>::{closure#1} as core[a373ad73a504971]::ops::function::FnOnce<()>>::call_once::{shim:vtable#0}
[INFO] [stdout]   24:     0x5fdf501ff0cf - <std[617be2ca0a6fd877]::sys::thread::unix::Thread>::new::thread_start
[INFO] [stdout]   25:     0x75f3db307dfa - <unknown>
[INFO] [stdout]   26:     0x75f3db39b3d4 - clone
[INFO] [stdout]   27:                0x0 - <unknown>
[INFO] [stdout] 
[INFO] [stdout] 
[INFO] [stdout] failures:
[INFO] [stdout]     test_attribute_filter_eq_string
[INFO] [stdout]     test_attribute_filter_numeric_gt
[INFO] [stdout]     test_combined_spatial_attribute_filter
[INFO] [stdout]     test_empty_result_no_matches
[INFO] [stdout]     test_spatial_filter_exact_row_level
[INFO] [stdout] 
[INFO] [stdout] test result: FAILED. 0 passed; 5 failed; 0 ignored; 0 measured; 0 filtered out; finished in 0.01s
[INFO] [stdout] 
[INFO] running `Command { std: "docker" "inspect" "6316e52ba9bbc2ac69f1a9fe4a1293ba8ec5a4db788308fd1477c99c50f0f837", kill_on_drop: false }`
[INFO] running `Command { std: "docker" "rm" "-f" "6316e52ba9bbc2ac69f1a9fe4a1293ba8ec5a4db788308fd1477c99c50f0f837", kill_on_drop: false }`
[INFO] [stdout] 6316e52ba9bbc2ac69f1a9fe4a1293ba8ec5a4db788308fd1477c99c50f0f837
