[INFO] fetching crate oxigdal-drivers-advanced 0.1.7...
[INFO] testing oxigdal-drivers-advanced-0.1.7 against 1.99.0-beta.8+cargoflags=--release for beta-release-1.100-2
[INFO] extracting crate oxigdal-drivers-advanced 0.1.7 into /workspace/builds/worker-0-tc1/source
[INFO] started tweaking crates.io crate oxigdal-drivers-advanced 0.1.7
[INFO] removed 0 missing tests
[INFO] finished tweaking crates.io crate oxigdal-drivers-advanced 0.1.7
[INFO] tweaked toml for crates.io crate oxigdal-drivers-advanced 0.1.7 written to /workspace/builds/worker-0-tc1/source/Cargo.toml
[INFO] validating manifest of crates.io crate oxigdal-drivers-advanced 0.1.7 on toolchain 1.99.0-beta.8
[INFO] running `Command { std: CARGO_HOME="/workspace/cargo-home" RUSTUP_HOME="/workspace/rustup-home" "/workspace/cargo-home/bin/cargo" "+1.99.0-beta.8" "metadata" "--manifest-path" "Cargo.toml" "--no-deps", kill_on_drop: false }`
[INFO] crate crates.io crate oxigdal-drivers-advanced 0.1.7 already has a lockfile, it will not be regenerated
[INFO] running `Command { std: CARGO_HOME="/workspace/cargo-home" RUSTUP_HOME="/workspace/rustup-home" "/workspace/cargo-home/bin/cargo" "+1.99.0-beta.8" "fetch" "--manifest-path" "Cargo.toml", kill_on_drop: false }`
[INFO] [stderr]     Updating crates.io index
[INFO] [stderr]  Downloading crates ...
[INFO] [stderr]   Downloaded rstar v0.13.0
[INFO] [stderr]   Downloaded oxisqlite-uuid v0.4.0
[INFO] [stderr]   Downloaded oxisql-sqlite-compat v0.4.0
[INFO] [stderr]   Downloaded oxisqlite v0.4.0
[INFO] [stderr]   Downloaded float_next_after v2.0.0
[INFO] [stderr]   Downloaded sif-itree v0.4.1
[INFO] [stderr]   Downloaded i_float v1.16.0
[INFO] [stderr]   Downloaded oxisqlite-macros v0.4.0
[INFO] [stderr]   Downloaded i_shape v1.18.0
[INFO] [stderr]   Downloaded i_key_sort v0.10.3
[INFO] [stderr]   Downloaded oxisqlite-ext v0.4.0
[INFO] [stderr]   Downloaded oxisqlite-time v0.4.0
[INFO] [stderr]   Downloaded i_tree v0.18.0
[INFO] [stderr]   Downloaded geo-types v0.7.19
[INFO] [stderr]   Downloaded geographiclib-rs v0.2.7
[INFO] [stderr]   Downloaded rstar v0.12.2
[INFO] [stderr]   Downloaded oxisql-core v0.4.0
[INFO] [stderr]   Downloaded oxiarc-snappy v0.3.6
[INFO] [stderr]   Downloaded oxiarc-bzip2 v0.3.6
[INFO] [stderr]   Downloaded oxigdal-jpeg2000 v0.1.7
[INFO] [stderr]   Downloaded oxiarc-lzhuf v0.3.6
[INFO] [stderr]   Downloaded oxisqlite-sqlite3-parser v0.4.0
[INFO] [stderr]   Downloaded oxiarc-brotli v0.3.6
[INFO] [stderr]   Downloaded i_overlay v4.5.2
[INFO] [stderr]   Downloaded oxiarc-archive v0.3.6
[INFO] [stderr]   Downloaded geo v0.33.1
[INFO] [stderr]   Downloaded oxiarc-lzma v0.3.6
[INFO] [stderr]   Downloaded oxisqlite-core v0.4.0
[INFO] [stderr]   Downloaded earcut v0.4.5
[INFO] running `Command { std: "docker" "create" "-v" "/var/lib/crater-agent-workspace/builds/worker-0-tc1/source:/opt/rustwide/workdir:ro,Z" "-v" "/var/lib/crater-agent-workspace/builds/worker-0-tc1/target:/opt/rustwide/target:rw,Z" "-v" "/var/lib/crater-agent-workspace/cargo-home:/opt/rustwide/cargo-home:ro,Z" "-v" "/var/lib/crater-agent-workspace/rustup-home:/opt/rustwide/rustup-home:ro,Z" "-m" "1610612736" "--network" "none" "ghcr.io/rust-lang/crates-build-env/linux@sha256:77db811e55d90add9212f6832c23229e3de5f1c1f9905e8cb07319ea15df73ac" "sleep" "infinity", kill_on_drop: false }`
[INFO] [stdout] 6fd3e2d16d6f9f513f85c075f56e83366be62d2007d763ca9591f44ec1cdec96
[INFO] running `Command { std: "docker" "start" "6fd3e2d16d6f9f513f85c075f56e83366be62d2007d763ca9591f44ec1cdec96", kill_on_drop: false }`
[INFO] running `Command { std: "docker" "inspect" "6fd3e2d16d6f9f513f85c075f56e83366be62d2007d763ca9591f44ec1cdec96", kill_on_drop: false }`
[INFO] running `Command { std: "docker" "exec" "-e" "SOURCE_DIR=/opt/rustwide/workdir" "-e" "CARGO_HOME=/opt/rustwide/cargo-home" "-e" "RUSTUP_HOME=/opt/rustwide/rustup-home" "-e" "CARGO_TARGET_DIR=/opt/rustwide/target" "-w" "/opt/rustwide/workdir" "--user" "0:0" "6fd3e2d16d6f9f513f85c075f56e83366be62d2007d763ca9591f44ec1cdec96" "/opt/rustwide/cargo-home/bin/cargo" "+1.99.0-beta.8" "metadata" "--no-deps" "--format-version=1", kill_on_drop: false }`
[INFO] running `Command { std: "docker" "inspect" "6fd3e2d16d6f9f513f85c075f56e83366be62d2007d763ca9591f44ec1cdec96", kill_on_drop: false }`
[INFO] running `Command { std: "docker" "exec" "-e" "SOURCE_DIR=/opt/rustwide/workdir" "-e" "CARGO_HOME=/opt/rustwide/cargo-home" "-e" "RUSTUP_HOME=/opt/rustwide/rustup-home" "-e" "CARGO_TARGET_DIR=/opt/rustwide/target" "-e" "CARGO_INCREMENTAL=0" "-e" "RUST_BACKTRACE=full" "-e" "RUSTFLAGS=--cap-lints=warn" "-e" "RUSTDOCFLAGS=--cap-lints=warn" "-w" "/opt/rustwide/workdir" "--user" "0:0" "6fd3e2d16d6f9f513f85c075f56e83366be62d2007d763ca9591f44ec1cdec96" "/opt/rustwide/cargo-home/bin/cargo" "+1.99.0-beta.8" "build" "--frozen" "--message-format=json" "--release", kill_on_drop: false }`
[INFO] [stderr]    Compiling num-traits v0.2.19
[INFO] [stderr]    Compiling serde v1.0.229
[INFO] [stderr]    Compiling either v1.16.0
[INFO] [stderr]    Compiling heapless v0.8.0
[INFO] [stderr]    Compiling syn v3.0.1
[INFO] [stderr]    Compiling crossbeam-channel v0.5.16
[INFO] [stderr]    Compiling crossbeam-queue v0.3.13
[INFO] [stderr]    Compiling deranged v0.5.8
[INFO] [stderr]    Compiling i_float v1.16.0
[INFO] [stderr]    Compiling time-macros v0.2.31
[INFO] [stderr]    Compiling hashbrown v0.16.1
[INFO] [stderr]    Compiling syn v2.0.119
[INFO] [stderr]    Compiling robust v1.2.0
[INFO] [stderr]    Compiling serde_json v1.0.150
[INFO] [stderr]    Compiling memmap2 v0.9.11
[INFO] [stderr]    Compiling i_tree v0.18.0
[INFO] [stderr]    Compiling rayon v1.12.0
[INFO] [stderr]    Compiling rand_pcg v0.10.2
[INFO] [stderr]    Compiling i_shape v1.18.0
[INFO] [stderr]    Compiling rand v0.10.2
[INFO] [stderr]    Compiling geographiclib-rs v0.2.7
[INFO] [stderr]    Compiling sif-itree v0.4.1
[INFO] [stderr]    Compiling float_next_after v2.0.0
[INFO] [stderr]    Compiling quick-xml v0.41.0
[INFO] [stderr]    Compiling crossbeam v0.8.4
[INFO] [stderr]    Compiling spade v2.15.1
[INFO] [stderr]    Compiling approx v0.5.1
[INFO] [stderr]    Compiling rstar v0.12.2
[INFO] [stderr]    Compiling earcut v0.4.5
[INFO] [stderr]    Compiling rstar v0.13.0
[INFO] [stderr]    Compiling thiserror-impl v2.0.19
[INFO] [stderr]    Compiling serde_derive v1.0.229
[INFO] [stderr]    Compiling time v0.3.53
[INFO] [stderr]    Compiling thiserror v2.0.19
[INFO] [stderr]    Compiling oxiarc-core v0.3.6
[INFO] [stderr]    Compiling oxiarc-deflate v0.3.6
[INFO] [stderr]    Compiling oxiarc-lzma v0.3.6
[INFO] [stderr]    Compiling oxiarc-lzhuf v0.3.6
[INFO] [stderr]    Compiling oxiarc-zstd v0.3.6
[INFO] [stderr]    Compiling oxiarc-bzip2 v0.3.6
[INFO] [stderr]    Compiling oxiarc-snappy v0.3.6
[INFO] [stderr]    Compiling oxiarc-lz4 v0.3.6
[INFO] [stderr]    Compiling oxiarc-brotli v0.3.6
[INFO] [stderr]    Compiling i_key_sort v0.10.3
[INFO] [stderr]    Compiling i_overlay v4.5.2
[INFO] [stderr]    Compiling geo-types v0.7.19
[INFO] [stderr]    Compiling oxiarc-archive v0.3.6
[INFO] [stderr]    Compiling tracing-attributes v0.1.31
[INFO] [stderr]    Compiling tracing v0.1.44
[INFO] [stderr]    Compiling oxigdal-core v0.1.7
[INFO] [stderr]    Compiling bytes v1.12.1
[INFO] [stderr]    Compiling chrono v0.4.45
[INFO] [stderr]    Compiling geo v0.33.1
[INFO] [stderr]    Compiling oxigdal-jpeg2000 v0.1.7
[INFO] [stderr]    Compiling oxigdal-drivers-advanced v0.1.7 (/opt/rustwide/workdir)
[INFO] [stderr]     Finished `release` profile [optimized] target(s) in 1m 05s
[INFO] running `Command { std: "docker" "inspect" "6fd3e2d16d6f9f513f85c075f56e83366be62d2007d763ca9591f44ec1cdec96", kill_on_drop: false }`
[INFO] running `Command { std: "docker" "exec" "-e" "SOURCE_DIR=/opt/rustwide/workdir" "-e" "CARGO_HOME=/opt/rustwide/cargo-home" "-e" "RUSTUP_HOME=/opt/rustwide/rustup-home" "-e" "CARGO_TARGET_DIR=/opt/rustwide/target" "-e" "CARGO_INCREMENTAL=0" "-e" "RUST_BACKTRACE=full" "-e" "RUSTFLAGS=--cap-lints=warn" "-e" "RUSTDOCFLAGS=--cap-lints=warn" "-w" "/opt/rustwide/workdir" "--user" "0:0" "6fd3e2d16d6f9f513f85c075f56e83366be62d2007d763ca9591f44ec1cdec96" "/opt/rustwide/cargo-home/bin/cargo" "+1.99.0-beta.8" "test" "--frozen" "--no-run" "--message-format=json" "--release", kill_on_drop: false }`
[INFO] [stderr]    Compiling zerocopy v0.8.54
[INFO] [stderr]    Compiling either v1.16.0
[INFO] [stderr]    Compiling zerocopy-derive v0.8.54
[INFO] [stderr]    Compiling getrandom v0.3.4
[INFO] [stderr]    Compiling serde v1.0.229
[INFO] [stderr]    Compiling cc v1.3.0
[INFO] [stderr]    Compiling approx v0.5.1
[INFO] [stderr]    Compiling tracing v0.1.44
[INFO] [stderr]    Compiling clap_builder v4.6.2
[INFO] [stderr]    Compiling regex-automata v0.4.16
[INFO] [stderr]    Compiling tempfile v3.27.0
[INFO] [stderr]    Compiling wait-timeout v0.2.1
[INFO] [stderr]    Compiling plotters v0.3.7
[INFO] [stderr]    Compiling page_size v0.6.0
[INFO] [stderr]    Compiling mio v1.2.2
[INFO] [stderr]    Compiling rand_core v0.9.5
[INFO] [stderr]    Compiling rand v0.9.5
[INFO] [stderr]    Compiling rand_xorshift v0.4.0
[INFO] [stderr]    Compiling rayon v1.12.0
[INFO] [stderr]    Compiling itertools v0.13.0
[INFO] [stderr]    Compiling rusty-fork v0.3.1
[INFO] [stderr]    Compiling bytes v1.12.1
[INFO] [stderr]    Compiling oxigdal-core v0.1.7
[INFO] [stderr]    Compiling chrono v0.4.45
[INFO] [stderr]    Compiling tinytemplate v1.2.1
[INFO] [stderr]    Compiling alloca v0.4.0
[INFO] [stderr]    Compiling tokio v1.53.0
[INFO] [stderr]    Compiling regex v1.13.1
[INFO] [stderr]    Compiling criterion-plot v0.8.2
[INFO] [stderr]    Compiling clap v4.6.2
[INFO] [stderr]    Compiling oxigdal-jpeg2000 v0.1.7
[INFO] [stderr]    Compiling i_key_sort v0.10.3
[INFO] [stderr]    Compiling geo-types v0.7.19
[INFO] [stderr]    Compiling i_overlay v4.5.2
[INFO] [stderr]    Compiling geo v0.33.1
[INFO] [stderr]    Compiling half v2.7.1
[INFO] [stderr]    Compiling ppv-lite86 v0.2.21
[INFO] [stderr]    Compiling ciborium-ll v0.2.2
[INFO] [stderr]    Compiling ciborium v0.2.2
[INFO] [stderr]    Compiling rand_chacha v0.9.0
[INFO] [stderr]    Compiling proptest v1.11.0
[INFO] [stderr]    Compiling criterion v0.8.2
[INFO] [stderr]    Compiling oxigdal-drivers-advanced v0.1.7 (/opt/rustwide/workdir)
[INFO] [stderr]     Finished `release` profile [optimized] target(s) in 1m 26s
[INFO] running `Command { std: "docker" "inspect" "6fd3e2d16d6f9f513f85c075f56e83366be62d2007d763ca9591f44ec1cdec96", kill_on_drop: false }`
[INFO] running `Command { std: "docker" "exec" "-e" "SOURCE_DIR=/opt/rustwide/workdir" "-e" "CARGO_HOME=/opt/rustwide/cargo-home" "-e" "RUSTUP_HOME=/opt/rustwide/rustup-home" "-e" "CARGO_TARGET_DIR=/opt/rustwide/target" "-e" "CARGO_INCREMENTAL=0" "-e" "RUST_BACKTRACE=full" "-e" "RUSTFLAGS=--cap-lints=warn" "-e" "RUSTDOCFLAGS=--cap-lints=warn" "-w" "/opt/rustwide/workdir" "--user" "0:0" "6fd3e2d16d6f9f513f85c075f56e83366be62d2007d763ca9591f44ec1cdec96" "/opt/rustwide/cargo-home/bin/cargo" "+1.99.0-beta.8" "test" "--frozen" "--release", kill_on_drop: false }`
[INFO] [stderr]     Finished `release` profile [optimized] target(s) in 0.25s
[INFO] [stderr]      Running unittests src/lib.rs (/opt/rustwide/target/release/deps/oxigdal_drivers_advanced-0c7be90aec129505)
[INFO] [stdout] 
[INFO] [stdout] running 75 tests
[INFO] [stdout] test gml::features::tests::test_feature_collection ... ok
[INFO] [stdout] test gml::geometry::tests::test_gml_point ... ok
[INFO] [stdout] test gml::geometry::tests::test_gml_polygon ... ok
[INFO] [stdout] test gml::parser::tests::test_parse_coordinate_text ... ok
[INFO] [stdout] test gml::parser::tests::test_gml_explicit_srs_dimension_3 ... ok
[INFO] [stdout] test gml::parser::tests::test_parse_coordinate_text_zero_dim_does_not_panic ... ok
[INFO] [stdout] test gml::writer::tests::test_escape_xml ... ok
[INFO] [stdout] test gml::parser::tests::test_gml_srs_dimension_on_pos_list ... ok
[INFO] [stdout] test gml::parser::tests::test_gml_2d_linestring_six_numbers_not_misread_as_3d ... ok
[INFO] [stdout] test gml::parser::tests::test_parse_coordinate_text_3d ... ok
[INFO] [stdout] test gml::geometry::tests::test_gml_linestring ... ok
[INFO] [stdout] test gml::writer::tests::test_write_empty_collection ... ok
[INFO] [stdout] test jp2::codestream::tests::test_component_info ... ok
[INFO] [stdout] test jp2::codestream::tests::test_component_info_with_subsampling ... ok
[INFO] [stdout] test jp2::codestream::tests::test_decode_grayscale_uses_real_decode_path ... ok
[INFO] [stdout] test jp2::codestream::tests::test_decode_rgb_uses_real_decode_path ... ok
[INFO] [stdout] test jp2::codestream::tests::test_decode_truncated_codestream_errors_instead_of_faking_data ... ok
[INFO] [stdout] test jp2::codestream::tests::test_marker_parsing ... ok
[INFO] [stdout] test jp2::metadata::tests::test_geojp2_metadata ... ok
[INFO] [stdout] test jp2::metadata::tests::test_jp2_metadata_creation ... ok
[INFO] [stdout] test jp2::metadata::tests::test_resolution ... ok
[INFO] [stdout] test jp2::metadata::tests::test_resolution_with_display ... ok
[INFO] [stdout] test gml::writer::tests::test_write_collection_with_feature ... ok
[INFO] [stdout] test jp2::parser::tests::test_box_creation ... ok
[INFO] [stdout] test gml::features::tests::test_feature_properties ... ok
[INFO] [stdout] test jp2::metadata::tests::test_color_space_conversion ... ok
[INFO] [stdout] test jp2::parser::tests::test_box_is_container ... ok
[INFO] [stdout] test jp2::parser::tests::test_box_type_unknown ... ok
[INFO] [stdout] test jp2::parser::tests::test_box_type_conversion ... ok
[INFO] [stdout] test jp2::codestream::tests::test_tile_bounds_calculation ... ok
[INFO] [stdout] test kml::features::tests::test_coordinates ... ok
[INFO] [stdout] test jp2::reader::tests::test_jp2_reader_creation ... ok
[INFO] [stdout] test error::tests::test_error_with_context ... ok
[INFO] [stdout] test jp2::reader::tests::test_metadata_access ... ok
[INFO] [stdout] test jp2::tests::test_jp2_bounds_checking ... ok
[INFO] [stdout] test jp2::tests::test_jp2_image_creation ... ok
[INFO] [stdout] test jp2::tests::test_jp2_pixel_access ... ok
[INFO] [stdout] test kml::features::tests::test_coordinates_to_kml_string ... ok
[INFO] [stdout] test kml::features::tests::test_placemark_extended_data ... ok
[INFO] [stdout] test kml::parser::tests::test_parse_coordinate_string ... ok
[INFO] [stdout] test kml::parser::tests::test_parse_network_link_defaults_when_absent ... ok
[INFO] [stdout] test kml::parser::tests::test_parse_network_link_visibility_and_refresh_mode ... ok
[INFO] [stdout] test kml::parser::tests::test_parse_style_full ... ok
[INFO] [stdout] test kml::features::tests::test_placemark_creation ... ok
[INFO] [stdout] test kml::styles::tests::test_icon_style ... ok
[INFO] [stdout] test kml::styles::tests::test_label_style ... ok
[INFO] [stdout] test error::tests::test_error_display ... ok
[INFO] [stdout] test kml::tests::test_kml_document_creation ... ok
[INFO] [stdout] test kml::writer::tests::test_write_empty_document ... ok
[INFO] [stdout] test kml::styles::tests::test_style_creation ... ok
[INFO] [stdout] test kml::styles::tests::test_line_style ... ok
[INFO] [stdout] test kml::styles::tests::test_style_map ... ok
[INFO] [stdout] test kml::styles::tests::test_poly_style ... ok
[INFO] [stdout] test kml::writer::tests::test_escape_xml ... ok
[INFO] [stdout] test kml::writer::tests::test_write_document_with_placemark ... ok
[INFO] [stdout] test error::tests::test_error_creation ... ok
[INFO] [stdout] test kml::parser::tests::test_parse_kml_bool ... ok
[INFO] [stdout] test gml::tests::test_gml_version ... ok
[INFO] [stdout] test kml::parser::tests::test_parse_multiple_coordinates ... ok
[INFO] [stdout] test kml::writer::tests::test_write_placemark_extended_data ... ok
[INFO] [stdout] test kml::writer::tests::test_write_style_full ... ok
[INFO] [stdout] test kml::writer::tests::test_write_style_map ... ok
[INFO] [stdout] test kmz::tests::test_is_image_file ... ok
[INFO] [stdout] test kmz::tests::test_kmz_write_read_roundtrip ... ok
[INFO] [stdout] test kml::tests::test_kml_document_builder ... ok
[INFO] [stdout] test tests::test_version ... ok
[INFO] [stdout] test kml::tests::test_refresh_mode ... ok
[INFO] [stdout] test kmz::tests::test_kmz_archive_creation ... ok
[INFO] [stdout] test kml::writer::tests::test_write_polygon_without_holes_omits_inner_boundary ... ok
[INFO] [stdout] test tests::test_is_supported ... ok
[INFO] [stdout] test tests::test_supported_extensions ... ok
[INFO] [stdout] test gml::features::tests::test_bounds ... ok
[INFO] [stdout] test kml::writer::tests::test_write_network_link ... ok
[INFO] [stdout] test kml::writer::tests::test_write_polygon_with_holes ... ok
[INFO] [stdout] test kml::writer::tests::test_write_placemark_without_extended_data_omits_element ... ok
[INFO] [stdout] 
[INFO] [stdout] test result: ok. 75 passed; 0 failed; 0 ignored; 0 measured; 0 filtered out; finished in 0.02s
[INFO] [stdout] 
[INFO] [stderr]      Running tests/gpkg_test.rs (/opt/rustwide/target/release/deps/gpkg_test-a1d8c6ce4410aa74)
[INFO] [stdout] 
[INFO] [stdout] running 0 tests
[INFO] [stdout] 
[INFO] [stdout] test result: ok. 0 passed; 0 failed; 0 ignored; 0 measured; 0 filtered out; finished in 0.00s
[INFO] [stdout] 
[INFO] [stderr]      Running tests/kml_test.rs (/opt/rustwide/target/release/deps/kml_test-5eddbd72ff77067e)
[INFO] [stdout] 
[INFO] [stdout] running 19 tests
[INFO] [stdout] test test_coordinates ... ok
[INFO] [stdout] test test_coordinates_to_kml_string ... ok
[INFO] [stdout] test test_kml_document_builder ... ok
[INFO] [stdout] test test_refresh_mode ... ok
[INFO] [stdout] test test_kml_write_with_placemark ... ok
[INFO] [stdout] test test_kmz_archive_creation ... ok
[INFO] [stdout] test test_style_map ... ok
[INFO] [stdout] test test_kml_write_empty_document ... ok
[INFO] [stdout] test test_network_link ... ok
[INFO] [stdout] test test_kml_polygon_holes_roundtrip ... ok
[INFO] [stdout] test test_poly_style ... ok
[INFO] [stdout] test test_kml_network_link_roundtrip ... ok
[INFO] [stdout] test test_kmz_get_document ... ok
[INFO] [stdout] test test_kml_document_creation ... ok
[INFO] [stdout] test test_kml_placemark ... ok
[INFO] [stdout] test test_kml_style_roundtrip ... ok
[INFO] [stderr]      Running tests/spatial_index_test.rs (/opt/rustwide/target/release/deps/spatial_index_test-de6dba0a8c729346)
[INFO] [stdout] test test_kml_styles ... ok
[INFO] [stdout] test test_kmz_write_read_roundtrip ... ok
[INFO] [stdout] test test_kmz_get_image ... ok
[INFO] [stdout] 
[INFO] [stdout] test result: ok. 19 passed; 0 failed; 0 ignored; 0 measured; 0 filtered out; finished in 0.01s
[INFO] [stdout] 
[INFO] [stdout] 
[INFO] [stdout] running 0 tests
[INFO] [stdout] 
[INFO] [stdout] test result: ok. 0 passed; 0 failed; 0 ignored; 0 measured; 0 filtered out; finished in 0.00s
[INFO] [stdout] 
[INFO] [stderr]    Doc-tests oxigdal_drivers_advanced
[INFO] [stdout] 
[INFO] [stdout] running 4 tests
[INFO] [stdout] test src/lib.rs - (line 21) - compile ... ok
[INFO] [stdout] test src/lib.rs - (line 48) - compile ... ok
[INFO] [stdout] test src/lib.rs - (line 63) - compile ... ok
[INFO] [stdout] test src/lib.rs - (line 35) - compile ... FAILED
[INFO] [stdout] 
[INFO] [stdout] failures:
[INFO] [stdout] 
[INFO] [stdout] ---- src/lib.rs - (line 35) stdout ----
[INFO] [stdout] error[E0432]: unresolved import `oxigdal_drivers_advanced::gpkg`
[INFO] [stdout]   --> src/lib.rs:37:31
[INFO] [stdout]    |
[INFO] [stdout] 37 | use oxigdal_drivers_advanced::gpkg::GeoPackage;
[INFO] [stdout]    |                               ^^^^ could not find `gpkg` in `oxigdal_drivers_advanced`
[INFO] [stdout]    |
[INFO] [stdout] note: found an item that was configured out
[INFO] [stdout]   --> src/lib.rs:85:9
[INFO] [stdout]    |
[INFO] [stdout] 84 | #[cfg(feature = "geopackage")]
[INFO] [stdout]    |       ---------------------- the item is gated behind the `geopackage` feature
[INFO] [stdout] 85 | pub mod gpkg;
[INFO] [stdout]    |         ^^^^
[INFO] [stdout] 
[INFO] [stdout] error: aborting due to 1 previous error
[INFO] [stdout] 
[INFO] [stdout] For more information about this error, try `rustc --explain E0432`.
[INFO] [stdout] Couldn't compile the test.
[INFO] [stdout] 
[INFO] [stdout] failures:
[INFO] [stdout]     src/lib.rs - (line 35)
[INFO] [stdout] 
[INFO] [stdout] test result: FAILED. 3 passed; 1 failed; 0 ignored; 0 measured; 0 filtered out; finished in 0.22s
[INFO] [stdout] 
[INFO] [stdout] all doctests ran in 0.43s; merged doctests compilation took 0.20s
[INFO] [stderr] error: doctest failed, to rerun pass `--doc`
[INFO] running `Command { std: "docker" "inspect" "6fd3e2d16d6f9f513f85c075f56e83366be62d2007d763ca9591f44ec1cdec96", kill_on_drop: false }`
[INFO] running `Command { std: "docker" "rm" "-f" "6fd3e2d16d6f9f513f85c075f56e83366be62d2007d763ca9591f44ec1cdec96", kill_on_drop: false }`
[INFO] [stdout] 6fd3e2d16d6f9f513f85c075f56e83366be62d2007d763ca9591f44ec1cdec96
