[INFO] fetching crate oxigdal-cloud 0.1.7...
[INFO] testing oxigdal-cloud-0.1.7 against 1.99.0-beta.8+cargoflags=--release for beta-release-1.100-2
[INFO] extracting crate oxigdal-cloud 0.1.7 into /workspace/builds/worker-7-tc1/source
[INFO] started tweaking crates.io crate oxigdal-cloud 0.1.7
[INFO] removed 0 missing tests
[INFO] finished tweaking crates.io crate oxigdal-cloud 0.1.7
[INFO] tweaked toml for crates.io crate oxigdal-cloud 0.1.7 written to /workspace/builds/worker-7-tc1/source/Cargo.toml
[INFO] validating manifest of crates.io crate oxigdal-cloud 0.1.7 on toolchain 1.99.0-beta.8
[INFO] running `Command { std: CARGO_HOME="/workspace/cargo-home" RUSTUP_HOME="/workspace/rustup-home" "/workspace/cargo-home/bin/cargo" "+1.99.0-beta.8" "metadata" "--manifest-path" "Cargo.toml" "--no-deps", kill_on_drop: false }`
[INFO] crate crates.io crate oxigdal-cloud 0.1.7 already has a lockfile, it will not be regenerated
[INFO] running `Command { std: CARGO_HOME="/workspace/cargo-home" RUSTUP_HOME="/workspace/rustup-home" "/workspace/cargo-home/bin/cargo" "+1.99.0-beta.8" "fetch" "--manifest-path" "Cargo.toml", kill_on_drop: false }`
[INFO] [stderr]     Blocking waiting for file lock on package cache
[INFO] [stderr]     Updating crates.io index
[INFO] [stderr]  Downloading crates ...
[INFO] [stderr]   Downloaded typespec_macros v1.0.0
[INFO] [stderr]   Downloaded google-cloud-rpc v1.6.0
[INFO] [stderr]   Downloaded lru v0.18.1
[INFO] [stderr]   Downloaded azure_storage v0.21.0
[INFO] [stderr]   Downloaded google-cloud-lro v1.9.0
[INFO] [stderr]   Downloaded google-cloud-longrunning v1.12.0
[INFO] [stderr]   Downloaded azure_core_macros v1.0.0
[INFO] [stderr]   Downloaded aws-smithy-runtime-api-macros v1.1.0
[INFO] [stderr]   Downloaded aws-smithy-observability v0.3.0
[INFO] [stderr]   Downloaded aws-smithy-query v0.61.1
[INFO] [stderr]   Downloaded google-cloud-type v1.6.0
[INFO] [stderr]   Downloaded google-cloud-iam-v1 v1.11.0
[INFO] [stderr]   Downloaded azure_core v0.21.0
[INFO] [stderr]   Downloaded typespec v1.1.0
[INFO] [stderr]   Downloaded aws-smithy-async v1.3.0
[INFO] [stderr]   Downloaded aws-credential-types v1.3.0
[INFO] [stderr]   Downloaded aws-smithy-http v0.64.0
[INFO] [stderr]   Downloaded aws-smithy-checksums v0.65.0
[INFO] [stderr]   Downloaded oxiarc-snappy v0.3.6
[INFO] [stderr]   Downloaded google-cloud-gax v1.12.0
[INFO] [stderr]   Downloaded azure_identity v1.0.0
[INFO] [stderr]   Downloaded aws-types v1.4.0
[INFO] [stderr]   Downloaded aws-smithy-xml v0.61.1
[INFO] [stderr]   Downloaded aws-smithy-eventstream v0.61.1
[INFO] [stderr]   Downloaded aws-smithy-json v0.63.0
[INFO] [stderr]   Downloaded azure_storage_blobs v0.21.0
[INFO] [stderr]   Downloaded typespec_client_core v1.1.0
[INFO] [stderr]   Downloaded aws-smithy-schema v0.2.0
[INFO] [stderr]   Downloaded azure_core v1.1.0
[INFO] [stderr]   Downloaded aws-smithy-runtime-api v1.13.0
[INFO] [stderr]   Downloaded aws-runtime v1.8.1
[INFO] [stderr]   Downloaded oxiarc-bzip2 v0.3.6
[INFO] [stderr]   Downloaded google-cloud-wkt v1.6.0
[INFO] [stderr]   Downloaded google-cloud-gax-internal v0.7.15
[INFO] [stderr]   Downloaded opentelemetry-semantic-conventions v0.32.1
[INFO] [stderr]   Downloaded aws-smithy-types v1.6.1
[INFO] [stderr]   Downloaded aws-smithy-http-client v1.2.0
[INFO] [stderr]   Downloaded aws-sigv4 v1.5.1
[INFO] [stderr]   Downloaded oxiarc-archive v0.3.6
[INFO] [stderr]   Downloaded oxiarc-lzhuf v0.3.6
[INFO] [stderr]   Downloaded oxiarc-deflate v0.3.6
[INFO] [stderr]   Downloaded aws-smithy-runtime v1.12.0
[INFO] [stderr]   Downloaded oxiarc-brotli v0.3.6
[INFO] [stderr]   Downloaded google-cloud-auth v1.14.0
[INFO] [stderr]   Downloaded quick-xml v0.31.0
[INFO] [stderr]   Downloaded aws-config v1.9.0
[INFO] [stderr]   Downloaded aws-sdk-sts v1.108.0
[INFO] [stderr]   Downloaded azure_svc_blobstorage v0.21.0
[INFO] [stderr]   Downloaded google-cloud-storage v1.16.0
[INFO] [stderr]   Downloaded oxiarc-lzma v0.3.6
[INFO] [stderr]   Downloaded crc-fast v1.10.0
[INFO] [stderr]   Downloaded aws-sdk-s3 v1.138.1
[INFO] running `Command { std: "docker" "create" "-v" "/var/lib/crater-agent-workspace/builds/worker-7-tc1/source:/opt/rustwide/workdir:ro,Z" "-v" "/var/lib/crater-agent-workspace/builds/worker-7-tc1/target:/opt/rustwide/target:rw,Z" "-v" "/var/lib/crater-agent-workspace/cargo-home:/opt/rustwide/cargo-home:ro,Z" "-v" "/var/lib/crater-agent-workspace/rustup-home:/opt/rustwide/rustup-home:ro,Z" "-m" "1610612736" "--network" "none" "ghcr.io/rust-lang/crates-build-env/linux@sha256:77db811e55d90add9212f6832c23229e3de5f1c1f9905e8cb07319ea15df73ac" "sleep" "infinity", kill_on_drop: false }`
[INFO] [stdout] 23fbd74549f70c9475c24b9123b7e6f62157f1f8cc0de24d94b71edf8c0b7876
[INFO] running `Command { std: "docker" "start" "23fbd74549f70c9475c24b9123b7e6f62157f1f8cc0de24d94b71edf8c0b7876", kill_on_drop: false }`
[INFO] running `Command { std: "docker" "inspect" "23fbd74549f70c9475c24b9123b7e6f62157f1f8cc0de24d94b71edf8c0b7876", kill_on_drop: false }`
[INFO] running `Command { std: "docker" "exec" "-e" "SOURCE_DIR=/opt/rustwide/workdir" "-e" "CARGO_HOME=/opt/rustwide/cargo-home" "-e" "RUSTUP_HOME=/opt/rustwide/rustup-home" "-e" "CARGO_TARGET_DIR=/opt/rustwide/target" "-w" "/opt/rustwide/workdir" "--user" "0:0" "23fbd74549f70c9475c24b9123b7e6f62157f1f8cc0de24d94b71edf8c0b7876" "/opt/rustwide/cargo-home/bin/cargo" "+1.99.0-beta.8" "metadata" "--no-deps" "--format-version=1", kill_on_drop: false }`
[INFO] running `Command { std: "docker" "inspect" "23fbd74549f70c9475c24b9123b7e6f62157f1f8cc0de24d94b71edf8c0b7876", kill_on_drop: false }`
[INFO] running `Command { std: "docker" "exec" "-e" "SOURCE_DIR=/opt/rustwide/workdir" "-e" "CARGO_HOME=/opt/rustwide/cargo-home" "-e" "RUSTUP_HOME=/opt/rustwide/rustup-home" "-e" "CARGO_TARGET_DIR=/opt/rustwide/target" "-e" "CARGO_INCREMENTAL=0" "-e" "RUST_BACKTRACE=full" "-e" "RUSTFLAGS=--cap-lints=warn" "-e" "RUSTDOCFLAGS=--cap-lints=warn" "-w" "/opt/rustwide/workdir" "--user" "0:0" "23fbd74549f70c9475c24b9123b7e6f62157f1f8cc0de24d94b71edf8c0b7876" "/opt/rustwide/cargo-home/bin/cargo" "+1.99.0-beta.8" "build" "--frozen" "--message-format=json" "--release", kill_on_drop: false }`
[INFO] [stderr]    Compiling syn v3.0.1
[INFO] [stderr]    Compiling displaydoc v0.2.6
[INFO] [stderr]    Compiling serde v1.0.229
[INFO] [stderr]    Compiling futures-sink v0.3.33
[INFO] [stderr]    Compiling crossbeam-deque v0.8.7
[INFO] [stderr]    Compiling crossbeam-channel v0.5.16
[INFO] [stderr]    Compiling crypto-common v0.2.2
[INFO] [stderr]    Compiling deranged v0.5.8
[INFO] [stderr]    Compiling time-macros v0.2.31
[INFO] [stderr]    Compiling crossbeam-queue v0.3.13
[INFO] [stderr]    Compiling serde_json v1.0.150
[INFO] [stderr]    Compiling socket2 v0.6.5
[INFO] [stderr]    Compiling mio v1.2.2
[INFO] [stderr]    Compiling memmap2 v0.9.11
[INFO] [stderr]    Compiling bytemuck v1.25.2
[INFO] [stderr]    Compiling dashmap v6.1.0
[INFO] [stderr]    Compiling futures-channel v0.3.33
[INFO] [stderr]    Compiling tracing v0.1.44
[INFO] [stderr]    Compiling lru v0.18.1
[INFO] [stderr]    Compiling futures-util v0.3.33
[INFO] [stderr]    Compiling tinystr v0.8.3
[INFO] [stderr]    Compiling zerotrie v0.2.4
[INFO] [stderr]    Compiling icu_collections v2.2.0
[INFO] [stderr]    Compiling icu_locale_core v2.2.0
[INFO] [stderr]    Compiling crossbeam v0.8.4
[INFO] [stderr]    Compiling digest v0.11.3
[INFO] [stderr]    Compiling sha2 v0.11.0
[INFO] [stderr]    Compiling time v0.3.53
[INFO] [stderr]    Compiling icu_provider v2.2.0
[INFO] [stderr]    Compiling icu_normalizer v2.2.0
[INFO] [stderr]    Compiling icu_properties v2.2.0
[INFO] [stderr]    Compiling thiserror-impl v2.0.19
[INFO] [stderr]    Compiling serde_derive v1.0.229
[INFO] [stderr]    Compiling async-trait v0.1.91
[INFO] [stderr]    Compiling idna_adapter v1.2.2
[INFO] [stderr]    Compiling idna v1.1.0
[INFO] [stderr]    Compiling thiserror v2.0.19
[INFO] [stderr]    Compiling oxiarc-core v0.3.6
[INFO] [stderr]    Compiling futures-executor v0.3.33
[INFO] [stderr]    Compiling futures v0.3.33
[INFO] [stderr]    Compiling oxiarc-bzip2 v0.3.6
[INFO] [stderr]    Compiling oxiarc-zstd v0.3.6
[INFO] [stderr]    Compiling oxiarc-brotli v0.3.6
[INFO] [stderr]    Compiling oxiarc-snappy v0.3.6
[INFO] [stderr]    Compiling oxiarc-lzhuf v0.3.6
[INFO] [stderr]    Compiling oxiarc-lz4 v0.3.6
[INFO] [stderr]    Compiling oxiarc-deflate v0.3.6
[INFO] [stderr]    Compiling oxiarc-lzma v0.3.6
[INFO] [stderr]    Compiling oxiarc-archive v0.3.6
[INFO] [stderr]    Compiling bytes v1.12.1
[INFO] [stderr]    Compiling url v2.5.8
[INFO] [stderr]    Compiling oxigdal-core v0.1.7
[INFO] [stderr]    Compiling chrono v0.4.45
[INFO] [stderr]    Compiling tokio v1.53.0
[INFO] [stderr]    Compiling oxigdal-cloud v0.1.7 (/opt/rustwide/workdir)
[INFO] [stderr]     Finished `release` profile [optimized] target(s) in 53.14s
[INFO] running `Command { std: "docker" "inspect" "23fbd74549f70c9475c24b9123b7e6f62157f1f8cc0de24d94b71edf8c0b7876", kill_on_drop: false }`
[INFO] running `Command { std: "docker" "exec" "-e" "SOURCE_DIR=/opt/rustwide/workdir" "-e" "CARGO_HOME=/opt/rustwide/cargo-home" "-e" "RUSTUP_HOME=/opt/rustwide/rustup-home" "-e" "CARGO_TARGET_DIR=/opt/rustwide/target" "-e" "CARGO_INCREMENTAL=0" "-e" "RUST_BACKTRACE=full" "-e" "RUSTFLAGS=--cap-lints=warn" "-e" "RUSTDOCFLAGS=--cap-lints=warn" "-w" "/opt/rustwide/workdir" "--user" "0:0" "23fbd74549f70c9475c24b9123b7e6f62157f1f8cc0de24d94b71edf8c0b7876" "/opt/rustwide/cargo-home/bin/cargo" "+1.99.0-beta.8" "test" "--frozen" "--no-run" "--message-format=json" "--release", kill_on_drop: false }`
[INFO] [stderr]    Compiling zerocopy v0.8.54
[INFO] [stderr]    Compiling tempfile v3.27.0
[INFO] [stderr]    Compiling tokio v1.53.0
[INFO] [stderr]    Compiling chrono v0.4.45
[INFO] [stderr]    Compiling rand v0.9.5
[INFO] [stderr]    Compiling rusty-fork v0.3.1
[INFO] [stderr]    Compiling ppv-lite86 v0.2.21
[INFO] [stderr]    Compiling rand_chacha v0.9.0
[INFO] [stderr]    Compiling proptest v1.11.0
[INFO] [stderr]    Compiling oxigdal-cloud v0.1.7 (/opt/rustwide/workdir)
[INFO] [stderr]     Finished `release` profile [optimized] target(s) in 28.98s
[INFO] running `Command { std: "docker" "inspect" "23fbd74549f70c9475c24b9123b7e6f62157f1f8cc0de24d94b71edf8c0b7876", kill_on_drop: false }`
[INFO] running `Command { std: "docker" "exec" "-e" "SOURCE_DIR=/opt/rustwide/workdir" "-e" "CARGO_HOME=/opt/rustwide/cargo-home" "-e" "RUSTUP_HOME=/opt/rustwide/rustup-home" "-e" "CARGO_TARGET_DIR=/opt/rustwide/target" "-e" "CARGO_INCREMENTAL=0" "-e" "RUST_BACKTRACE=full" "-e" "RUSTFLAGS=--cap-lints=warn" "-e" "RUSTDOCFLAGS=--cap-lints=warn" "-w" "/opt/rustwide/workdir" "--user" "0:0" "23fbd74549f70c9475c24b9123b7e6f62157f1f8cc0de24d94b71edf8c0b7876" "/opt/rustwide/cargo-home/bin/cargo" "+1.99.0-beta.8" "test" "--frozen" "--release", kill_on_drop: false }`
[INFO] [stderr]     Finished `release` profile [optimized] target(s) in 0.22s
[INFO] [stderr]      Running unittests src/lib.rs (/opt/rustwide/target/release/deps/oxigdal_cloud-29a44537930789d1)
[INFO] [stdout] 
[INFO] [stdout] running 55 tests
[INFO] [stdout] test auth::tests::test_credentials_is_expired ... ok
[INFO] [stdout] test auth::tests::test_credentials_oauth2 ... ok
[INFO] [stdout] test auth::tests::test_credentials_service_account_from_json ... ok
[INFO] [stdout] test cache::tests::tests::test_cache_stats ... ok
[INFO] [stdout] test auth::tests::test_credentials_needs_refresh ... ok
[INFO] [stdout] test cache::tests::tests::test_lru_ttl_cache_put_get ... ok
[INFO] [stdout] test cache::tests::tests::test_lfu_cache ... ok
[INFO] [stdout] test cache::tests::tests::test_spatial_info_intersection ... ok
[INFO] [stdout] test error::tests::test_auth_error ... ok
[INFO] [stdout] test error::tests::test_azure_error ... ok
[INFO] [stdout] test auth::tests::test_credentials_access_key ... ok
[INFO] [stdout] test cache::tests::tests::test_arc_cache ... ok
[INFO] [stdout] test auth::tests::test_credentials_iam_role ... ok
[INFO] [stdout] test error::tests::test_retry_error ... ok
[INFO] [stdout] test error::tests::test_s3_error ... ok
[INFO] [stdout] test cache::tests::tests::test_arc_cache_oversized_entry_does_not_hang ... ok
[INFO] [stdout] test error::tests::test_gcs_error ... ok
[INFO] [stdout] test error::tests::test_error_display ... ok
[INFO] [stdout] test multicloud::tests::test_cloud_provider_from_url ... ok
[INFO] [stdout] test multicloud::tests::test_cloud_region_codes ... ok
[INFO] [stdout] test multicloud::tests::test_provider_health ... ok
[INFO] [stdout] test multicloud::tests::test_cross_cloud_transfer_config ... ok
[INFO] [stdout] test cache::tests::tests::test_multi_level_cache ... ok
[INFO] [stdout] test multicloud::tests::test_multicloud_manager_builder ... ok
[INFO] [stdout] test multicloud::tests::test_multicloud_manager_empty_providers ... ok
[INFO] [stdout] test multicloud::tests::test_region_latency_estimation ... ok
[INFO] [stdout] test cache::tests::tests::test_tile_coord_parent_children ... ok
[INFO] [stdout] test multicloud::tests::test_routing_strategy_default ... ok
[INFO] [stdout] test multicloud::tests::test_select_provider_write_filters_readonly ... ok
[INFO] [stdout] test multicloud::tests::test_select_provider_cost_optimized ... ok
[INFO] [stdout] test multicloud::tests::test_transfer_cost_estimate ... ok
[INFO] [stdout] test multicloud::tests::test_select_provider_priority ... ok
[INFO] [stdout] test retry::tests::test_backoff_first_jitter_is_not_deterministic_zero ... ok
[INFO] [stdout] test multicloud::tests::test_egress_costs ... ok
[INFO] [stdout] test retry::tests::test_backoff_exponential ... ok
[INFO] [stdout] test retry::tests::test_is_retryable ... ok
[INFO] [stdout] test retry::tests::test_circuit_breaker_opens ... ok
[INFO] [stdout] test retry::tests::test_circuit_breaker_closed ... ok
[INFO] [stdout] test multicloud::tests::test_provider_config_builder ... ok
[INFO] [stdout] test multicloud::tests::test_provider_config_id ... ok
[INFO] [stdout] test multicloud::tests::test_provider_stats ... ok
[INFO] [stdout] test cache::tests::tests::test_tile_cache ... ok
[INFO] [stdout] test auth::tests::test_credentials_sas_token ... ok
[INFO] [stdout] test multicloud::tests::test_build_backend_custom_provider_not_supported ... ok
[INFO] [stdout] test error::tests::test_cache_error ... ok
[INFO] [stdout] test tests::test_cloud_backend_from_url_invalid ... ok
[INFO] [stdout] test retry::tests::test_retry_config_builder ... ok
[INFO] [stdout] test retry::tests::test_backoff_independent_instances_diverge ... ok
[INFO] [stdout] test cache::tests::tests::test_persistent_disk_cache ... ok
[INFO] [stdout] test retry::tests::test_circuit_breaker_half_open ... ok
[INFO] [stdout] test retry::tests::test_retry_budget ... ok
[INFO] [stdout] test auth::tests::test_credentials_api_key ... ok
[INFO] [stdout] test cache::tests::tests::test_lru_ttl_cache_expiration ... ok
[INFO] [stdout] test retry::tests::test_retry_executor_success ... ok
[INFO] [stdout] test retry::tests::test_retry_executor_max_retries ... ok
[INFO] [stdout] 
[INFO] [stdout] test result: ok. 55 passed; 0 failed; 0 ignored; 0 measured; 0 filtered out; finished in 0.34s
[INFO] [stdout] 
[INFO] [stderr]      Running tests/cloud_test.rs (/opt/rustwide/target/release/deps/cloud_test-94f30f084e59db09)
[INFO] [stdout] 
[INFO] [stdout] running 10 tests
[INFO] [stdout] test retry_tests::test_circuit_breaker ... ok
[INFO] [stdout] test auth_tests::test_credentials_access_key ... ok
[INFO] [stdout] test auth_tests::test_credentials_expiry ... ok
[INFO] [stdout] test cache_tests::test_cache_config ... ok
[INFO] [stdout] test url_tests::test_parse_invalid_url ... ok
[INFO] [stdout] test auth_tests::test_credentials_api_key ... ok
[INFO] [stdout] test cache_tests::test_memory_cache ... ok
[INFO] [stdout] test retry_tests::test_retry_config ... ok
[INFO] [stdout] test retry_tests::test_retry_budget ... ok
[INFO] [stdout] test integration_tests::test_retry_executor ... ok
[INFO] [stdout] 
[INFO] [stdout] test result: ok. 10 passed; 0 failed; 0 ignored; 0 measured; 0 filtered out; finished in 0.13s
[INFO] [stdout] 
[INFO] [stderr]    Doc-tests oxigdal_cloud
[INFO] [stdout] 
[INFO] [stdout] running 5 tests
[INFO] [stdout] test src/lib.rs - CloudBackend::from_url (line 202) - compile ... ok
[INFO] [stdout] test src/lib.rs - (line 26) - compile ... ok
[INFO] [stdout] test src/multicloud.rs - multicloud (line 15) - compile ... ok
[INFO] [stdout] test src/lib.rs - (line 47) - compile ... FAILED
[INFO] [stdout] test src/lib.rs - (line 61) - compile ... ok
[INFO] [stdout] 
[INFO] [stdout] failures:
[INFO] [stdout] 
[INFO] [stdout] ---- src/lib.rs - (line 47) stdout ----
[INFO] [stdout] error[E0599]: no method named `get` found for enum `CloudBackend` in the current scope
[INFO] [stdout]   --> src/lib.rs:54:20
[INFO] [stdout]    |
[INFO] [stdout] 54 | let data = backend.get().await?;
[INFO] [stdout]    |                    ^^^ method not found in `CloudBackend`
[INFO] [stdout] 
[INFO] [stdout] error: aborting due to 1 previous error
[INFO] [stdout] 
[INFO] [stdout] For more information about this error, try `rustc --explain E0599`.
[INFO] [stdout] Couldn't compile the test.
[INFO] [stdout] 
[INFO] [stdout] failures:
[INFO] [stdout]     src/lib.rs - (line 47)
[INFO] [stdout] 
[INFO] [stdout] test result: FAILED. 4 passed; 1 failed; 0 ignored; 0 measured; 0 filtered out; finished in 0.28s
[INFO] [stdout] 
[INFO] [stdout] all doctests ran in 0.49s; merged doctests compilation took 0.22s
[INFO] [stderr] error: doctest failed, to rerun pass `--doc`
[INFO] running `Command { std: "docker" "inspect" "23fbd74549f70c9475c24b9123b7e6f62157f1f8cc0de24d94b71edf8c0b7876", kill_on_drop: false }`
[INFO] running `Command { std: "docker" "rm" "-f" "23fbd74549f70c9475c24b9123b7e6f62157f1f8cc0de24d94b71edf8c0b7876", kill_on_drop: false }`
[INFO] [stdout] 23fbd74549f70c9475c24b9123b7e6f62157f1f8cc0de24d94b71edf8c0b7876
