[INFO] fetching crate oxidized_alpaca 0.0.11...
[INFO] testing oxidized_alpaca-0.0.11 against 1.100.0-beta.1+cargoflags=--release for beta-release-1.100-2
[INFO] extracting crate oxidized_alpaca 0.0.11 into /workspace/builds/worker-4-tc2/source
[INFO] started tweaking crates.io crate oxidized_alpaca 0.0.11
[INFO] removed 0 missing examples
[INFO] removed 0 missing tests
[INFO] finished tweaking crates.io crate oxidized_alpaca 0.0.11
[INFO] tweaked toml for crates.io crate oxidized_alpaca 0.0.11 written to /workspace/builds/worker-4-tc2/source/Cargo.toml
[INFO] validating manifest of crates.io crate oxidized_alpaca 0.0.11 on toolchain 1.100.0-beta.1
[INFO] running `Command { std: CARGO_HOME="/workspace/cargo-home" RUSTUP_HOME="/workspace/rustup-home" "/workspace/cargo-home/bin/cargo" "+1.100.0-beta.1" "metadata" "--manifest-path" "Cargo.toml" "--no-deps", kill_on_drop: false }`
[INFO] crate crates.io crate oxidized_alpaca 0.0.11 already has a lockfile, it will not be regenerated
[INFO] running `Command { std: CARGO_HOME="/workspace/cargo-home" RUSTUP_HOME="/workspace/rustup-home" "/workspace/cargo-home/bin/cargo" "+1.100.0-beta.1" "fetch" "--manifest-path" "Cargo.toml", kill_on_drop: false }`
[INFO] [stderr]     Blocking waiting for file lock on package cache
[INFO] running `Command { std: "docker" "create" "-v" "/var/lib/crater-agent-workspace/builds/worker-4-tc2/source:/opt/rustwide/workdir:ro,Z" "-v" "/var/lib/crater-agent-workspace/builds/worker-4-tc2/target:/opt/rustwide/target:rw,Z" "-v" "/var/lib/crater-agent-workspace/cargo-home:/opt/rustwide/cargo-home:ro,Z" "-v" "/var/lib/crater-agent-workspace/rustup-home:/opt/rustwide/rustup-home:ro,Z" "-m" "1610612736" "--network" "none" "ghcr.io/rust-lang/crates-build-env/linux@sha256:77db811e55d90add9212f6832c23229e3de5f1c1f9905e8cb07319ea15df73ac" "sleep" "infinity", kill_on_drop: false }`
[INFO] [stdout] 07dbd5722015dd58e7d73f30c67da01420486a783007216d8fe6861dd72582e9
[INFO] running `Command { std: "docker" "start" "07dbd5722015dd58e7d73f30c67da01420486a783007216d8fe6861dd72582e9", kill_on_drop: false }`
[INFO] running `Command { std: "docker" "inspect" "07dbd5722015dd58e7d73f30c67da01420486a783007216d8fe6861dd72582e9", kill_on_drop: false }`
[INFO] running `Command { std: "docker" "exec" "-e" "SOURCE_DIR=/opt/rustwide/workdir" "-e" "CARGO_HOME=/opt/rustwide/cargo-home" "-e" "RUSTUP_HOME=/opt/rustwide/rustup-home" "-e" "CARGO_TARGET_DIR=/opt/rustwide/target" "-w" "/opt/rustwide/workdir" "--user" "0:0" "07dbd5722015dd58e7d73f30c67da01420486a783007216d8fe6861dd72582e9" "/opt/rustwide/cargo-home/bin/cargo" "+1.100.0-beta.1" "metadata" "--no-deps" "--format-version=1", kill_on_drop: false }`
[INFO] running `Command { std: "docker" "inspect" "07dbd5722015dd58e7d73f30c67da01420486a783007216d8fe6861dd72582e9", kill_on_drop: false }`
[INFO] running `Command { std: "docker" "exec" "-e" "SOURCE_DIR=/opt/rustwide/workdir" "-e" "CARGO_HOME=/opt/rustwide/cargo-home" "-e" "RUSTUP_HOME=/opt/rustwide/rustup-home" "-e" "CARGO_TARGET_DIR=/opt/rustwide/target" "-e" "CARGO_INCREMENTAL=0" "-e" "RUST_BACKTRACE=full" "-e" "RUSTFLAGS=--cap-lints=warn" "-e" "RUSTDOCFLAGS=--cap-lints=warn" "-w" "/opt/rustwide/workdir" "--user" "0:0" "07dbd5722015dd58e7d73f30c67da01420486a783007216d8fe6861dd72582e9" "/opt/rustwide/cargo-home/bin/cargo" "+1.100.0-beta.1" "build" "--frozen" "--message-format=json" "--release", kill_on_drop: false }`
[INFO] [stderr]    Compiling proc-macro2 v1.0.106
[INFO] [stderr]    Compiling unicode-ident v1.0.24
[INFO] [stderr]    Compiling quote v1.0.46
[INFO] [stderr]    Compiling libc v0.2.186
[INFO] [stderr]    Compiling find-msvc-tools v0.1.9
[INFO] [stderr]    Compiling shlex v2.0.1
[INFO] [stderr]    Compiling pin-project-lite v0.2.17
[INFO] [stderr]    Compiling bytes v1.12.0
[INFO] [stderr]    Compiling stable_deref_trait v1.2.1
[INFO] [stderr]    Compiling futures-core v0.3.32
[INFO] [stderr]    Compiling itoa v1.0.18
[INFO] [stderr]    Compiling futures-sink v0.3.32
[INFO] [stderr]    Compiling cfg-if v1.0.4
[INFO] [stderr]    Compiling slab v0.4.12
[INFO] [stderr]    Compiling fs_extra v1.3.0
[INFO] [stderr]    Compiling dunce v1.0.5
[INFO] [stderr]    Compiling memchr v2.8.2
[INFO] [stderr]    Compiling serde_core v1.0.228
[INFO] [stderr]    Compiling vcpkg v0.2.15
[INFO] [stderr]    Compiling pkg-config v0.3.33
[INFO] [stderr]    Compiling once_cell v1.21.4
[INFO] [stderr]    Compiling litemap v0.8.2
[INFO] [stderr]    Compiling writeable v0.6.3
[INFO] [stderr]    Compiling futures-channel v0.3.32
[INFO] [stderr]    Compiling smallvec v1.15.2
[INFO] [stderr]    Compiling futures-task v0.3.32
[INFO] [stderr]    Compiling version_check v0.9.5
[INFO] [stderr]    Compiling futures-io v0.3.32
[INFO] [stderr]    Compiling httparse v1.10.1
[INFO] [stderr]    Compiling zeroize v1.9.0
[INFO] [stderr]    Compiling icu_normalizer_data v2.2.0
[INFO] [stderr]    Compiling icu_properties_data v2.2.0
[INFO] [stderr]    Compiling aws-lc-rs v1.17.0
[INFO] [stderr]    Compiling utf8_iter v1.0.4
[INFO] [stderr]    Compiling zerocopy v0.8.52
[INFO] [stderr]    Compiling typenum v1.20.1
[INFO] [stderr]    Compiling serde v1.0.228
[INFO] [stderr]    Compiling openssl-probe v0.2.1
[INFO] [stderr]    Compiling bitflags v2.13.0
[INFO] [stderr]    Compiling generic-array v0.14.7
[INFO] [stderr]    Compiling getrandom v0.3.4
[INFO] [stderr]    Compiling percent-encoding v2.3.2
[INFO] [stderr]    Compiling autocfg v1.5.1
[INFO] [stderr]    Compiling http v1.4.2
[INFO] [stderr]    Compiling rustls-pki-types v1.14.1
[INFO] [stderr]    Compiling tracing-core v0.1.36
[INFO] [stderr]    Compiling foreign-types-shared v0.1.1
[INFO] [stderr]    Compiling syn v2.0.118
[INFO] [stderr]    Compiling num-traits v0.2.19
[INFO] [stderr]    Compiling log v0.4.33
[INFO] [stderr]    Compiling openssl v0.10.81
[INFO] [stderr]    Compiling foreign-types v0.3.2
[INFO] [stderr]    Compiling mio v1.2.1
[INFO] [stderr]    Compiling socket2 v0.6.4
[INFO] [stderr]    Compiling untrusted v0.9.0
[INFO] [stderr]    Compiling native-tls v0.2.18
[INFO] [stderr]    Compiling hashbrown v0.17.1
[INFO] [stderr]    Compiling rustls v0.23.41
[INFO] [stderr]    Compiling equivalent v1.0.2
[INFO] [stderr]    Compiling rand_core v0.9.5
[INFO] [stderr]    Compiling form_urlencoded v1.2.2
[INFO] [stderr]    Compiling fnv v1.0.7
[INFO] [stderr]    Compiling atomic-waker v1.1.2
[INFO] [stderr]    Compiling zmij v1.0.21
[INFO] [stderr]    Compiling tower-service v0.3.3
[INFO] [stderr]    Compiling subtle v2.6.1
[INFO] [stderr]    Compiling thiserror v2.0.18
[INFO] [stderr]    Compiling try-lock v0.2.5
[INFO] [stderr]    Compiling want v0.3.1
[INFO] [stderr]    Compiling cpufeatures v0.2.17
[INFO] [stderr]    Compiling serde_json v1.0.150
[INFO] [stderr]    Compiling http-body v1.0.1
[INFO] [stderr]    Compiling jobserver v0.1.34
[INFO] [stderr]    Compiling block-buffer v0.10.4
[INFO] [stderr]    Compiling crypto-common v0.1.7
[INFO] [stderr]    Compiling cc v1.2.65
[INFO] [stderr]    Compiling digest v0.10.7
[INFO] [stderr]    Compiling sync_wrapper v1.0.2
[INFO] [stderr]    Compiling data-encoding v2.11.0
[INFO] [stderr]    Compiling ipnet v2.12.0
[INFO] [stderr]    Compiling tower-layer v0.3.3
[INFO] [stderr]    Compiling sha1 v0.10.6
[INFO] [stderr]    Compiling base64 v0.22.1
[INFO] [stderr]    Compiling rustls-native-certs v0.8.4
[INFO] [stderr]    Compiling rust_decimal v1.42.1
[INFO] [stderr]    Compiling ryu v1.0.23
[INFO] [stderr]    Compiling http-body-util v0.1.3
[INFO] [stderr]    Compiling encoding_rs v0.8.35
[INFO] [stderr]    Compiling arrayvec v0.7.7
[INFO] [stderr]    Compiling iana-time-zone v0.1.65
[INFO] [stderr]    Compiling indexmap v2.14.0
[INFO] [stderr]    Compiling rmp v0.8.15
[INFO] [stderr]    Compiling mime v0.3.17
[INFO] [stderr]    Compiling cmake v0.1.58
[INFO] [stderr]    Compiling openssl-sys v0.9.117
[INFO] [stderr]    Compiling aws-lc-sys v0.41.0
[INFO] [stderr]    Compiling serde_path_to_error v0.1.20
[INFO] [stderr]    Compiling synstructure v0.13.2
[INFO] [stderr]    Compiling zerofrom-derive v0.1.7
[INFO] [stderr]    Compiling yoke-derive v0.8.2
[INFO] [stderr]    Compiling zerovec-derive v0.11.3
[INFO] [stderr]    Compiling displaydoc v0.2.6
[INFO] [stderr]    Compiling tokio-macros v2.7.0
[INFO] [stderr]    Compiling futures-macro v0.3.32
[INFO] [stderr]    Compiling tracing-attributes v0.1.31
[INFO] [stderr]    Compiling zerofrom v0.1.8
[INFO] [stderr]    Compiling serde_derive v1.0.228
[INFO] [stderr]    Compiling tokio v1.52.3
[INFO] [stderr]    Compiling openssl-macros v0.1.1
[INFO] [stderr]    Compiling ppv-lite86 v0.2.21
[INFO] [stderr]    Compiling thiserror-impl v2.0.18
[INFO] [stderr]    Compiling serde_repr v0.1.20
[INFO] [stderr]    Compiling yoke v0.8.3
[INFO] [stderr]    Compiling futures-util v0.3.32
[INFO] [stderr]    Compiling rand_chacha v0.9.0
[INFO] [stderr]    Compiling zerovec v0.11.6
[INFO] [stderr]    Compiling zerotrie v0.2.4
[INFO] [stderr]    Compiling tinystr v0.8.3
[INFO] [stderr]    Compiling potential_utf v0.1.5
[INFO] [stderr]    Compiling tracing v0.1.44
[INFO] [stderr]    Compiling rand v0.9.4
[INFO] [stderr]    Compiling icu_collections v2.2.0
[INFO] [stderr]    Compiling icu_locale_core v2.2.0
[INFO] [stderr]    Compiling icu_provider v2.2.0
[INFO] [stderr]    Compiling icu_normalizer v2.2.0
[INFO] [stderr]    Compiling icu_properties v2.2.0
[INFO] [stderr]    Compiling tokio-util v0.7.18
[INFO] [stderr]    Compiling idna_adapter v1.2.2
[INFO] [stderr]    Compiling idna v1.1.0
[INFO] [stderr]    Compiling rmp-serde v1.3.1
[INFO] [stderr]    Compiling serde_urlencoded v0.7.1
[INFO] [stderr]    Compiling chrono v0.4.45
[INFO] [stderr]    Compiling h2 v0.4.15
[INFO] [stderr]    Compiling url v2.5.8
[INFO] [stderr]    Compiling futures-executor v0.3.32
[INFO] [stderr]    Compiling tokio-native-tls v0.3.1
[INFO] [stderr]    Compiling tungstenite v0.29.0
[INFO] [stderr]    Compiling tower v0.5.3
[INFO] [stderr]    Compiling futures v0.3.32
[INFO] [stderr]    Compiling tower-http v0.6.11
[INFO] [stderr]    Compiling tokio-tungstenite v0.29.0
[INFO] [stderr]    Compiling socketeer v0.5.0
[INFO] [stderr]    Compiling hyper v1.10.1
[INFO] [stderr]    Compiling hyper-util v0.1.20
[INFO] [stderr]    Compiling rustls-webpki v0.103.13
[INFO] [stderr]    Compiling tokio-rustls v0.26.4
[INFO] [stderr]    Compiling rustls-platform-verifier v0.7.0
[INFO] [stderr]    Compiling hyper-rustls v0.27.9
[INFO] [stderr]    Compiling reqwest v0.13.4
[INFO] [stderr]    Compiling oxidized_alpaca v0.0.11 (/opt/rustwide/workdir)
[INFO] [stderr] warning: unused dependency `serde_path_to_error`
[INFO] [stderr]   --> Cargo.toml:24:15
[INFO] [stderr]    |
[INFO] [stderr] 24 | [dependencies.serde_path_to_error]
[INFO] [stderr]    |               ^^^^^^^^^^^^^^^^^^^^
[INFO] [stderr]    |
[INFO] [stderr]    = note: `cargo::unused_dependencies` is set to `warn` by default
[INFO] [stderr] help: consider removing the dependency on `serde_path_to_error`
[INFO] [stderr] warning: `oxidized_alpaca` (manifest) generated 1 warning
[INFO] [stderr]     Finished `release` profile [optimized] target(s) in 2m 37s
[INFO] running `Command { std: "docker" "inspect" "07dbd5722015dd58e7d73f30c67da01420486a783007216d8fe6861dd72582e9", kill_on_drop: false }`
[INFO] running `Command { std: "docker" "exec" "-e" "SOURCE_DIR=/opt/rustwide/workdir" "-e" "CARGO_HOME=/opt/rustwide/cargo-home" "-e" "RUSTUP_HOME=/opt/rustwide/rustup-home" "-e" "CARGO_TARGET_DIR=/opt/rustwide/target" "-e" "CARGO_INCREMENTAL=0" "-e" "RUST_BACKTRACE=full" "-e" "RUSTFLAGS=--cap-lints=warn" "-e" "RUSTDOCFLAGS=--cap-lints=warn" "-w" "/opt/rustwide/workdir" "--user" "0:0" "07dbd5722015dd58e7d73f30c67da01420486a783007216d8fe6861dd72582e9" "/opt/rustwide/cargo-home/bin/cargo" "+1.100.0-beta.1" "test" "--frozen" "--no-run" "--message-format=json" "--release", kill_on_drop: false }`
[INFO] [stderr]    Compiling log v0.4.33
[INFO] [stderr]    Compiling tracing-core v0.1.36
[INFO] [stderr]    Compiling tokio v1.52.3
[INFO] [stderr]    Compiling httpdate v1.0.3
[INFO] [stderr]    Compiling lazy_static v1.5.0
[INFO] [stderr]    Compiling parking_lot_core v0.9.12
[INFO] [stderr]    Compiling aho-corasick v1.1.4
[INFO] [stderr]    Compiling scopeguard v1.2.0
[INFO] [stderr]    Compiling regex-syntax v0.8.11
[INFO] [stderr]    Compiling num_cpus v1.17.0
[INFO] [stderr]    Compiling deadpool-runtime v0.1.4
[INFO] [stderr]    Compiling assert-json-diff v2.0.2
[INFO] [stderr]    Compiling thread_local v1.1.9
[INFO] [stderr]    Compiling serial_test_derive v3.5.0
[INFO] [stderr]    Compiling nu-ansi-term v0.50.3
[INFO] [stderr]    Compiling native-tls v0.2.18
[INFO] [stderr]    Compiling lock_api v0.4.14
[INFO] [stderr]    Compiling rustls-platform-verifier v0.7.0
[INFO] [stderr]    Compiling sharded-slab v0.1.7
[INFO] [stderr]    Compiling tungstenite v0.29.0
[INFO] [stderr]    Compiling parking_lot v0.12.5
[INFO] [stderr]    Compiling tracing v0.1.44
[INFO] [stderr]    Compiling tracing-log v0.2.0
[INFO] [stderr]    Compiling serial_test v3.5.0
[INFO] [stderr]    Compiling tracing-subscriber v0.3.23
[INFO] [stderr]    Compiling regex-automata v0.4.16
[INFO] [stderr]    Compiling tokio-util v0.7.18
[INFO] [stderr]    Compiling tokio-native-tls v0.3.1
[INFO] [stderr]    Compiling tower v0.5.3
[INFO] [stderr]    Compiling tokio-rustls v0.26.4
[INFO] [stderr]    Compiling deadpool v0.12.3
[INFO] [stderr]    Compiling tokio-tungstenite v0.29.0
[INFO] [stderr]    Compiling socketeer v0.5.0
[INFO] [stderr]    Compiling tower-http v0.6.11
[INFO] [stderr]    Compiling h2 v0.4.15
[INFO] [stderr]    Compiling regex v1.13.1
[INFO] [stderr]    Compiling hyper v1.10.1
[INFO] [stderr]    Compiling hyper-util v0.1.20
[INFO] [stderr]    Compiling hyper-rustls v0.27.9
[INFO] [stderr]    Compiling wiremock v0.6.5
[INFO] [stderr]    Compiling reqwest v0.13.4
[INFO] [stderr]    Compiling oxidized_alpaca v0.0.11 (/opt/rustwide/workdir)
[INFO] [stderr] warning: unused dependency `serde_path_to_error`
[INFO] [stderr]   --> Cargo.toml:24:15
[INFO] [stderr]    |
[INFO] [stderr] 24 | [dependencies.serde_path_to_error]
[INFO] [stderr]    |               ^^^^^^^^^^^^^^^^^^^^
[INFO] [stderr]    |
[INFO] [stderr]    = note: `cargo::unused_dependencies` is set to `warn` by default
[INFO] [stderr] help: consider removing the dependency on `serde_path_to_error`
[INFO] [stderr] warning: `oxidized_alpaca` (manifest) generated 1 warning
[INFO] [stderr]     Finished `release` profile [optimized] target(s) in 2m 07s
[INFO] running `Command { std: "docker" "inspect" "07dbd5722015dd58e7d73f30c67da01420486a783007216d8fe6861dd72582e9", kill_on_drop: false }`
[INFO] running `Command { std: "docker" "exec" "-e" "SOURCE_DIR=/opt/rustwide/workdir" "-e" "CARGO_HOME=/opt/rustwide/cargo-home" "-e" "RUSTUP_HOME=/opt/rustwide/rustup-home" "-e" "CARGO_TARGET_DIR=/opt/rustwide/target" "-e" "CARGO_INCREMENTAL=0" "-e" "RUST_BACKTRACE=full" "-e" "RUSTFLAGS=--cap-lints=warn" "-e" "RUSTDOCFLAGS=--cap-lints=warn" "-w" "/opt/rustwide/workdir" "--user" "0:0" "07dbd5722015dd58e7d73f30c67da01420486a783007216d8fe6861dd72582e9" "/opt/rustwide/cargo-home/bin/cargo" "+1.100.0-beta.1" "test" "--frozen" "--release", kill_on_drop: false }`
[INFO] [stderr] warning: unused dependency `serde_path_to_error`
[INFO] [stderr]   --> Cargo.toml:24:15
[INFO] [stderr]    |
[INFO] [stderr] 24 | [dependencies.serde_path_to_error]
[INFO] [stderr]    |               ^^^^^^^^^^^^^^^^^^^^
[INFO] [stderr]    |
[INFO] [stderr]    = note: `cargo::unused_dependencies` is set to `warn` by default
[INFO] [stderr] help: consider removing the dependency on `serde_path_to_error`
[INFO] [stderr] warning: `oxidized_alpaca` (manifest) generated 1 warning
[INFO] [stderr]     Finished `release` profile [optimized] target(s) in 0.25s
[INFO] [stderr]      Running unittests src/lib.rs (/opt/rustwide/target/release/build/oxidized_alpaca/5c7ddaf2ce9ae9be/out/oxidized_alpaca-5c7ddaf2ce9ae9be)
[INFO] [stdout] 
[INFO] [stdout] running 225 tests
[INFO] [stdout] test crypto::tests::taker_side_round_trips_single_character_codes ... ok
[INFO] [stdout] test env::tests::test_paper_key_not_present ... ok
[INFO] [stdout] test error::tests::streaming_auth_display_is_human_readable ... ok
[INFO] [stdout] test error::tests::unexpected_connection_message_display_passes_through_payload ... ok
[INFO] [stdout] test env::tests::test_env_correct ... ok
[INFO] [stdout] test env::tests::test_paper_secret_not_present ... ok
[INFO] [stdout] test error::tests::websocket_error_display_includes_inner_cause ... ok
[INFO] [stdout] test error::tests::websocket_error_newtype_constructible_directly_from_socketeer ... ok
[INFO] [stdout] test feed::tests::delayed_sip_routes_to_its_own_endpoint ... ok
[INFO] [stdout] test env::tests::test_live_key_id_not_present ... ok
[INFO] [stdout] test error::tests::url_parse_preserves_chain_through_opaque_wrapper ... ok
[INFO] [stdout] test error::tests::api_error_display_includes_status_and_body ... ok
[INFO] [stdout] test feed::tests::boats_and_overnight_have_dedicated_urls ... ok
[INFO] [stdout] test feed::tests::crypto_feed_serializes_as_alpaca_path_segments ... ok
[INFO] [stdout] test feed::tests::crypto_url_ignores_account_type ... ok
[INFO] [stdout] test error::tests::missing_environment_variable_display_names_var ... ok
[INFO] [stdout] test env::tests::debug_censors_both_fields ... ok
[INFO] [stdout] test feed::tests::option_url_matrix_pins_all_four_endpoints ... ok
[INFO] [stdout] test env::tests::new_stores_supplied_credentials ... ok
[INFO] [stdout] test feed::tests::option_feed_serializes_as_alpaca_path_segments ... ok
[INFO] [stdout] test feed::tests::option_indicative_and_opra_route_to_distinct_paths ... ok
[INFO] [stdout] test feed::tests::option_urls_split_live_and_sandbox_hosts ... ok
[INFO] [stdout] test feed::tests::test_feed_uses_a_single_url_for_both_accounts ... ok
[INFO] [stdout] test feed::tests::rest_feed_round_trips_through_serde ... ok
[INFO] [stdout] test feed::tests::streaming_urls_split_live_and_sandbox ... ok
[INFO] [stdout] test restful::market_data::corporate_actions::tests::corporate_action_type_strings_match_alpaca_vocabulary ... ok
[INFO] [stdout] test restful::market_data::corporate_actions::tests::payload_deserialize_into_surfaces_json_error_with_message ... ok
[INFO] [stdout] test restful::market_data::corporate_actions::tests::corporate_action_type_serde_round_trips_via_wire_strings ... ok
[INFO] [stdout] test error::tests::websocket_error_preserves_source_chain_through_opaque_wrapper ... ok
[INFO] [stdout] test restful::market_data::corporate_actions::tests::deserializes_response_with_id_field_on_events ... ok
[INFO] [stdout] test restful::market_data::corporate_actions::tests::mover_market_serde_round_trips_via_wire_strings ... ok
[INFO] [stdout] test restful::market_data::crypto::orderbooks::tests::deserializes_orderbooks_response ... ok
[INFO] [stdout] test error::tests::url_parse_display_includes_inner_cause ... ok
[INFO] [stdout] test restful::market_data::crypto::quotes::tests::deserializes_multi_symbol_quotes_response_with_pagination ... ok
[INFO] [stdout] test restful::market_data::corporate_actions::tests::payload_deserializes_into_user_struct ... ok
[INFO] [stdout] test restful::market_data::crypto::snapshots::tests::deserializes_snapshot_with_all_sections_absent ... ok
[INFO] [stdout] test restful::market_data::crypto::snapshots::tests::deserializes_snapshots_response ... ok
[INFO] [stdout] test restful::market_data::crypto::tests::crypto_location_renders_path_segment ... ok
[INFO] [stdout] test restful::market_data::crypto::tests::crypto_location_serializes_as_path_segment ... ok
[INFO] [stdout] test restful::market_data::crypto::tests::deserializes_bar_payload ... ok
[INFO] [stdout] test restful::market_data::crypto::tests::deserializes_quote_payload ... ok
[INFO] [stdout] test restful::market_data::crypto::tests::deserializes_trade_id_from_string_or_number ... ok
[INFO] [stdout] test restful::market_data::crypto::tests::deserializes_trade_without_optional_fields ... ok
[INFO] [stdout] test restful::market_data::crypto::trades::tests::deserializes_multi_symbol_trades_response_with_pagination ... ok
[INFO] [stdout] test restful::market_data::crypto::tests::deserializes_trade_payload_with_taker_side ... ok
[INFO] [stdout] test feed::tests::rest_feed_serializes_lowercase_with_renames ... ok
[INFO] [stdout] test restful::market_data::corporate_actions::tests::deserializes_additional_event_categories ... ok
[INFO] [stdout] test restful::market_data::crypto::orderbooks::tests::orderbook_reset_defaults_to_false_when_absent ... ok
[INFO] [stdout] test error::tests::rest_error_preserves_chain_through_opaque_wrapper ... ok
[INFO] [stdout] test restful::market_data::corporate_actions::tests::empty_filter_slices_omit_their_params ... ok
[INFO] [stdout] test restful::market_data::fixed_income::tests::prices_response_deserializes_spec_example ... ok
[INFO] [stdout] test restful::market_data::corporate_actions::tests::empty_builder_serializes_to_empty_query ... ok
[INFO] [stdout] test restful::market_data::logos::tests::placeholder_omitted_by_default ... ok
[INFO] [stdout] test env::tests::test_live_secret_key_not_present ... ok
[INFO] [stdout] test restful::market_data::pagination::tests::drop_partials_ignores_symbols_with_no_entry ... ok
[INFO] [stdout] test restful::market_data::options::tests::option_snapshot_deserializes_bars ... ok
[INFO] [stdout] test restful::market_data::pagination::tests::drop_partials_removes_only_the_named_symbols ... ok
[INFO] [stdout] test restful::market_data::pagination::tests::extend_capped_creates_entries_for_new_symbols ... ok
[INFO] [stdout] test restful::market_data::pagination::tests::extend_capped_truncates_to_cap_across_pages ... ok
[INFO] [stdout] test restful::market_data::pagination::tests::extend_capped_without_cap_accumulates ... ok
[INFO] [stdout] test restful::market_data::pagination::tests::pending_symbols_empty_when_every_symbol_meets_cap ... ok
[INFO] [stdout] test restful::market_data::pagination::tests::extend_capped_with_zero_cap_clears_entries ... ok
[INFO] [stdout] test restful::market_data::pagination::tests::pending_symbols_returns_missing_symbols ... ok
[INFO] [stdout] test restful::market_data::pagination::tests::pending_symbols_preserves_request_order ... ok
[INFO] [stdout] test restful::market_data::crypto::quotes::tests::empty_symbols_short_circuits_without_request ... ok
[INFO] [stdout] test restful::market_data::pagination::tests::pending_symbols_returns_short_symbols ... ok
[INFO] [stdout] test restful::market_data::stock::auctions::tests::deserializes_daily_auction_with_null_closing ... ok
[INFO] [stdout] test restful::market_data::stock::auctions::tests::deserializes_daily_auction_with_null_opening ... ok
[INFO] [stdout] test restful::market_data::stock::auctions::tests::deserializes_multi_day_response_with_pagination_token ... ok
[INFO] [stdout] test restful::market_data::stock::bars::multi_symbol_tests::deserializes_empty_multi_symbol_bars_response ... ok
[INFO] [stdout] test restful::market_data::stock::bars::multi_symbol_tests::deserializes_multi_symbol_bars_response ... ok
[INFO] [stdout] test restful::market_data::stock::bars::multi_symbol_tests::deserializes_paginated_multi_symbol_bars_response ... ok
[INFO] [stdout] test restful::market_data::stock::auctions::tests::asof_currency_sort_serialize_to_query ... ok
[INFO] [stdout] test restful::market_data::crypto::trades::tests::empty_symbols_short_circuits_without_request ... ok
[INFO] [stdout] test restful::market_data::stock::bars::tests::multi_builder_setters_serialize_to_query ... ok
[INFO] [stdout] test restful::market_data::crypto::trades::tests::limit_does_not_serialize ... ok
[INFO] [stdout] test restful::market_data::stock::bars::tests::multi_empty_adjustments_omits_parameter ... ok
[INFO] [stdout] test restful::market_data::corporate_actions::tests::cusips_region_page_token_serialize_to_query ... ok
[INFO] [stdout] test restful::market_data::stock::bars::tests::multi_limit_does_not_serialize ... ok
[INFO] [stdout] test restful::market_data::crypto::trades::tests::filters_serialize_to_query ... ok
[INFO] [stdout] test restful::market_data::crypto::trades::tests::limit_zero_short_circuits_without_request ... ok
[INFO] [stdout] test restful::market_data::stock::bars::tests::multiple_adjustments_join_with_commas_in_query ... ok
[INFO] [stdout] test restful::market_data::stock::bars::tests::single_adjustment_serializes_in_query ... ok
[INFO] [stdout] test restful::market_data::stock::quotes::tests::deserializes_empty_multi_symbol_quotes_response ... ok
[INFO] [stdout] test restful::market_data::stock::quotes::tests::deserializes_multi_symbol_quotes_response_with_pagination ... ok
[INFO] [stdout] test restful::market_data::corporate_actions::tests::builder_setters_serialize_to_query ... ok
[INFO] [stdout] test restful::market_data::logos::tests::placeholder_serializes_to_query ... ok
[INFO] [stdout] test restful::market_data::screener::tests::most_actives_by_serializes_to_query ... ok
[INFO] [stdout] test restful::market_data::crypto::quotes::tests::filters_serialize_to_query ... ok
[INFO] [stdout] test restful::market_data::stock::bars::tests::empty_adjustments_omits_parameter ... ok
[INFO] [stdout] test restful::market_data::stock::bars::tests::multi_adjustments_join_with_commas_in_query ... ok
[INFO] [stdout] test restful::market_data::crypto::quotes::tests::limit_zero_short_circuits_without_request ... ok
[INFO] [stdout] test restful::market_data::stock::bars::tests::multi_constructor_joins_symbols ... ok
[INFO] [stdout] test restful::market_data::crypto::bars::tests::sort_serializes_to_query ... ok
[INFO] [stdout] test restful::market_data::stock::tests::adjustment_list_dedupes_preserving_first_occurrence ... ok
[INFO] [stdout] test restful::market_data::stock::tests::adjustment_list_from_single_value ... ok
[INFO] [stdout] test restful::market_data::stock::tests::adjustment_list_into_iter_yields_borrowed_and_owned_values ... ok
[INFO] [stdout] test restful::market_data::stock::tests::adjustment_list_iter_and_as_slice_expose_contents ... ok
[INFO] [stdout] test restful::market_data::stock::tests::adjustment_list_joins_values_with_commas ... ok
[INFO] [stdout] test restful::market_data::stock::tests::adjustment_list_reports_empty ... ok
[INFO] [stdout] test restful::market_data::stock::tests::adjustment_list_serializes_every_variant ... ok
[INFO] [stdout] test restful::market_data::stock::tests::adjustment_serializes_with_documented_wire_strings ... ok
[INFO] [stdout] test restful::market_data::stock::tests::asof_date_serializes_as_iso_calendar_day ... ok
[INFO] [stdout] test restful::market_data::stock::tests::asof_skip_mapping_serializes_as_dash ... ok
[INFO] [stdout] test restful::market_data::stock::trades::tests::deserializes_empty_multi_symbol_trades_response ... ok
[INFO] [stdout] test restful::market_data::stock::trades::tests::deserializes_multi_symbol_trades_response_with_pagination ... ok
[INFO] [stdout] test restful::market_data::stock::trades::tests::multi_builder_setters_serialize_to_query ... ok
[INFO] [stdout] test restful::market_data::crypto::quotes::tests::limit_does_not_serialize ... ok
[INFO] [stdout] test restful::market_data::stock::bars::tests::multi_limit_zero_short_circuits_without_request ... ok
[INFO] [stdout] test restful::market_data::stock::bars::tests::multi_paginates_without_duplicating_already_merged_bars ... ok
[INFO] [stdout] test restful::market_data::crypto::trades::tests::paginates_without_duplicating_already_merged_trades ... ok
[INFO] [stdout] test restful::market_data::time_frame::tests::arbitrary_multipliers_serialize_to_alpaca_wire_format ... ok
[INFO] [stdout] test restful::market_data::time_frame::tests::deserialize_rejects_malformed_inputs ... ok
[INFO] [stdout] test restful::market_data::time_frame::tests::named_constants_match_legacy_wire_strings ... ok
[INFO] [stdout] test restful::market_data::time_frame::tests::out_of_range_multipliers_are_rejected ... ok
[INFO] [stdout] test restful::market_data::time_frame::tests::round_trips_through_serde ... ok
[INFO] [stdout] test restful::market_data::fixed_income::tests::request_uses_isins_query_param ... ok
[INFO] [stdout] test restful::market_data::stock::quotes::tests::latest_quote_feed_and_currency_serialize ... ok
[INFO] [stdout] test restful::trading::account_activities::tests::category_serializes_to_spec_values ... ok
[INFO] [stdout] test restful::trading::account_activities::tests::every_known_code_round_trips ... ok
[INFO] [stdout] test restful::trading::account_activities::tests::fill_activity_without_sub_type_deserializes ... ok
[INFO] [stdout] test restful::trading::account_activities::tests::non_trade_activity_deserializes_metadata_and_status ... ok
[INFO] [stdout] test restful::trading::account_activities::tests::opca_activity_with_sub_type_deserializes ... ok
[INFO] [stdout] test restful::market_data::stock::quotes::tests::latest_quotes_feed_currency_and_symbols_serialize ... ok
[INFO] [stdout] test restful::trading::account_activities::tests::opca_round_trips ... ok
[INFO] [stdout] test restful::trading::account_activities::tests::trade_activity_deserializes_type_and_order_status ... ok
[INFO] [stdout] test restful::trading::account_activities::tests::single_activity_lookup_response_deserializes ... ok
[INFO] [stdout] test restful::trading::account_activities::tests::trade_activity_side_deserializes_including_short_sale ... ok
[INFO] [stdout] test restful::trading::account_activities::tests::unknown_activity_side_falls_back_to_other ... ok
[INFO] [stdout] test restful::trading::account_activities::tests::unknown_activity_type_falls_back_to_other ... ok
[INFO] [stdout] test restful::trading::account_activities::tests::unknown_fill_type_and_status_fall_back_to_other ... ok
[INFO] [stdout] test restful::trading::account_configurations::tests::test_account_config_without_daytrading_fields ... ok
[INFO] [stdout] test restful::trading::account_configurations::tests::test_account_config_deserialization ... ok
[INFO] [stdout] test restful::trading::accounts::tests::test_account_status_deserialization ... ok
[INFO] [stdout] test restful::trading::accounts::tests::test_account_without_daytrading_fields ... ok
[INFO] [stdout] test restful::trading::assets::tests::asset_attribute_known_codes_round_trip ... ok
[INFO] [stdout] test restful::trading::assets::tests::asset_with_typed_attributes_deserializes ... ok
[INFO] [stdout] test restful::trading::assets::tests::test_asset_deserialization ... ok
[INFO] [stdout] test restful::trading::assets::tests::asset_attribute_unknown_falls_back_to_other ... ok
[INFO] [stdout] test restful::trading::calendar::tests::deserializes_market_day_with_session_times ... ok
[INFO] [stdout] test restful::trading::clock::tests::test_clock_deserialization ... ok
[INFO] [stdout] test restful::trading::calendar::tests::date_type_serializes_to_query ... ok
[INFO] [stdout] test restful::trading::options_contracts::tests::test_option_contract_deserialization ... ok
[INFO] [stdout] test restful::trading::orders::tests::create_order_stop_loss_setter_serializes_without_limit ... ok
[INFO] [stdout] test restful::market_data::stock::quotes::tests::multi_empty_symbols_short_circuits_without_request ... ok
[INFO] [stdout] test restful::trading::orders::tests::create_order_take_profit_setter_serializes ... ok
[INFO] [stdout] test restful::market_data::stock::quotes::tests::multi_limit_zero_short_circuits_without_request ... ok
[INFO] [stdout] test restful::market_data::stock::snapshots::tests::snapshot_feed_and_currency_serialize ... ok
[INFO] [stdout] test restful::trading::orders::tests::infer_order_class_returns_bracket_when_both_legs_set ... ok
[INFO] [stdout] test restful::trading::orders::tests::infer_order_class_returns_none_when_no_legs_set ... ok
[INFO] [stdout] test restful::trading::orders::tests::infer_order_class_returns_oto_when_one_leg_set ... ok
[INFO] [stdout] test restful::market_data::stock::snapshots::tests::snapshots_symbols_feed_currency_serialize ... ok
[INFO] [stdout] test restful::trading::orders::tests::list_orders_asset_class_joins_multiple_values ... ok
[INFO] [stdout] test restful::trading::orders::tests::list_orders_asset_class_serializes_alpaca_wire_value ... ok
[INFO] [stdout] test restful::trading::orders::tests::list_orders_cursor_clears_timestamp_filters ... ok
[INFO] [stdout] test restful::market_data::stock::trades::tests::multi_limit_does_not_serialize ... ok
[INFO] [stdout] test restful::market_data::stock::trades::tests::multi_limit_zero_short_circuits_without_request ... ok
[INFO] [stdout] test restful::trading::orders::tests::mleg_limit_order_serializes_alpaca_wire_payload ... ok
[INFO] [stdout] test restful::trading::orders::tests::position_intent_round_trips_through_serde ... ok
[INFO] [stdout] test restful::market_data_client::tests::test_market_data_client_creation ... ok
[INFO] [stdout] test restful::trading::orders::tests::stop_loss_new_sets_stop_price_only ... ok
[INFO] [stdout] test restful::trading::orders::tests::stop_loss_new_skips_limit_price_in_serialization ... ok
[INFO] [stdout] test restful::trading::orders::tests::stop_loss_with_limit_sets_both_fields ... ok
[INFO] [stdout] test restful::trading::orders::tests::take_profit_new_sets_limit_price ... ok
[INFO] [stdout] test restful::trading::orders::tests::test_order_deserialization ... ok
[INFO] [stdout] test restful::market_data::stock::quotes::tests::multi_builder_setters_serialize_to_query ... ok
[INFO] [stdout] test restful::trading::options_contracts::tests::show_deliverables_and_ppind_serialize_to_query ... ok
[INFO] [stdout] test restful::trading::portfolio_history::tests::portfolio_history_deserializes_typed_columns ... ok
[INFO] [stdout] test restful::trading::positions::tests::close_all_positions_cancel_orders_serializes_to_query ... ok
[INFO] [stdout] test restful::trading::positions::tests::test_position_deserialization ... ok
[INFO] [stdout] test restful::trading::orders::tests::create_order_stop_loss_with_limit_serializes_both_fields ... ok
[INFO] [stdout] test restful::trading::orders::tests::explicit_order_class_overrides_inference ... ok
[INFO] [stdout] test serde_helpers::tests::accepts_int_string_null_and_missing ... ok
[INFO] [stdout] test serde_helpers::tests::rejects_non_numeric_string ... ok
[INFO] [stdout] test streaming::client::tests::add_subscriptions_surfaces_rejection ... ok
[INFO] [stdout] test streaming::client::tests::connect_accepts_successful_auth ... ok
[INFO] [stdout] test streaming::client::tests::connect_rejects_failed_auth ... ok
[INFO] [stdout] test streaming::client::tests::next_message_surfaces_stream_error ... ok
[INFO] [stdout] test streaming::crypto_client::tests::crypto_urls_target_production_host ... ok
[INFO] [stdout] test streaming::crypto_client::tests::crypto_urls_use_distinct_v1beta3_paths ... ok
[INFO] [stdout] test streaming::messages::crypto::tests::deserializes_minute_bar ... ok
[INFO] [stdout] test streaming::messages::crypto::tests::deserializes_orderbook_increment_without_reset ... ok
[INFO] [stdout] test streaming::messages::crypto::tests::deserializes_orderbook_snapshot ... ok
[INFO] [stdout] test streaming::messages::crypto::tests::deserializes_quote ... ok
[INFO] [stdout] test streaming::messages::crypto::tests::deserializes_trade_with_taker_side ... ok
[INFO] [stdout] test streaming::messages::crypto::tests::deserializes_updated_bar_without_vw_or_n ... ok
[INFO] [stdout] test streaming::messages::news::tests::add_news_dedupes ... ok
[INFO] [stdout] test streaming::messages::news::tests::deserializes_news_article ... ok
[INFO] [stdout] test streaming::messages::news::tests::subscription_list_serializes_only_news ... ok
[INFO] [stdout] test streaming::messages::option::tests::round_trips_quote_via_msgpack ... ok
[INFO] [stdout] test streaming::messages::option::tests::round_trips_stream_message_via_msgpack ... ok
[INFO] [stdout] test streaming::messages::option::tests::round_trips_trade_via_msgpack ... ok
[INFO] [stdout] test streaming::messages::option::tests::subscription_list_serializes_only_set_fields ... ok
[INFO] [stdout] test streaming::messages::stock::tests::deserializes_imbalance ... ok
[INFO] [stdout] test streaming::messages::stock::tests::deserializes_luld ... ok
[INFO] [stdout] test streaming::messages::stock::tests::deserializes_minute_bar ... ok
[INFO] [stdout] test streaming::messages::stock::tests::deserializes_quote_with_conditions ... ok
[INFO] [stdout] test streaming::messages::stock::tests::deserializes_trade_cancel_error ... ok
[INFO] [stdout] test streaming::messages::stock::tests::deserializes_trade_correction ... ok
[INFO] [stdout] test streaming::messages::stock::tests::deserializes_trade_with_conditions ... ok
[INFO] [stdout] test streaming::messages::stock::tests::deserializes_trading_status ... ok
[INFO] [stdout] test streaming::messages::stock::tests::subscription_list_serializes_only_set_fields ... ok
[INFO] [stdout] test streaming::messages::trade_update::tests::deserializes_authorization_authorized ... ok
[INFO] [stdout] test streaming::messages::trade_update::tests::deserializes_authorization_unauthorized ... ok
[INFO] [stdout] test streaming::messages::trade_update::tests::deserializes_fill_event ... ok
[INFO] [stdout] test streaming::messages::trade_update::tests::deserializes_listening ... ok
[INFO] [stdout] test streaming::messages::trade_update::tests::deserializes_minimal_new_event_without_price_or_qty ... ok
[INFO] [stdout] test streaming::messages::trade_update::tests::each_event_variant_round_trips_via_snake_case ... ok
[INFO] [stdout] test streaming::wire::tests::stream_error_code_round_trip_all_variants ... ok
[INFO] [stdout] test streaming::wire::tests::stream_error_decodes_from_wire_payload ... ok
[INFO] [stdout] test restful::market_data::stock::quotes::tests::multi_limit_does_not_serialize ... ok
[INFO] [stdout] test restful::market_data::stock::bars::tests::multi_empty_symbols_short_circuits_without_request ... ok
[INFO] [stdout] test restful::market_data::stock::trades::tests::multi_constructor_joins_symbols ... ok
[INFO] [stdout] test restful::market_data::stock::trades::tests::multi_empty_symbols_short_circuits_without_request ... ok
[INFO] [stdout] test restful::trading::orders::tests::list_orders_timestamp_filters_clear_cursor ... ok
[INFO] [stdout] test restful::trading::orders::tests::stop_limit_order_pre_populates_both_prices ... ok
[INFO] [stdout] test restful::trading::orders::tests::trailing_stop_by_price_and_percent_are_distinct ... ok
[INFO] [stdout] test restful::trading::portfolio_history::tests::cashflow_types_serializes_to_query ... ok
[INFO] [stdout] test restful::market_data::stock::quotes::tests::multi_constructor_joins_symbols ... ok
[INFO] [stdout] test restful::trading_client::tests::new_with_credentials_builds_client ... ok
[INFO] [stdout] test restful::trading_client::tests::test_trading_client_creation ... ok
[INFO] [stdout] test restful::trading::orders::tests::get_order_by_client_id_uses_colon_path ... ok
[INFO] [stdout] test restful::trading::orders::tests::list_orders_limit_setter_serializes_to_query ... ok
[INFO] [stdout] test restful::market_data_client::tests::new_with_credentials_builds_client ... ok
[INFO] [stdout] test restful::trading::orders::tests::limit_order_pre_populates_type_and_price ... ok
[INFO] [stdout] 
[INFO] [stdout] test result: ok. 225 passed; 0 failed; 0 ignored; 0 measured; 0 filtered out; finished in 3.32s
[INFO] [stdout] 
[INFO] [stderr]      Running tests/account_tests.rs (/opt/rustwide/target/release/build/oxidized_alpaca/2459fd7e5ac7283e/out/account_tests-2459fd7e5ac7283e)
[INFO] [stdout] 
[INFO] [stdout] running 1 test
[INFO] [stdout] test test_account ... FAILED
[INFO] [stdout] 
[INFO] [stdout] failures:
[INFO] [stdout] 
[INFO] [stdout] ---- test_account stdout ----
[INFO] [stdout] 
[INFO] [stdout] thread 'test_account' (5409) panicked at tests/account_tests.rs:5:57:
[INFO] [stdout] called `Result::unwrap()` on an `Err` value: MissingEnvironmentVariable { variable_name: "ALPACA_PAPER_API_KEY_ID", source: NotPresent }
[INFO] [stdout] stack backtrace:
[INFO] [stdout]    0:     0x65204cfcae01 - <<std[617be2ca0a6fd877]::sys::backtrace::BacktraceLock>::print::DisplayBacktrace as core[a373ad73a504971]::fmt::Display>::fmt
[INFO] [stdout]    1:     0x65204cfe13ea - core[a373ad73a504971]::fmt::write
[INFO] [stdout]    2:     0x65204cfcfb6c - <alloc[2e1b2a31b91974c5]::vec::Vec<u8> as core[a373ad73a504971]::io::write::Write>::write_fmt
[INFO] [stdout]    3:     0x65204cfa54d6 - std[617be2ca0a6fd877]::panicking::default_hook::{closure#0}
[INFO] [stdout]    4:     0x65204cfc2569 - std[617be2ca0a6fd877]::panicking::default_hook
[INFO] [stdout]    5:     0x65204cb66480 - test[aada8e7e76ba119b]::test_main_inner::{closure#0}
[INFO] [stdout]    6:     0x65204cfc2892 - std[617be2ca0a6fd877]::panicking::panic_with_hook
[INFO] [stdout]    7:     0x65204cfa5582 - std[617be2ca0a6fd877]::panicking::panic_handler::{closure#0}
[INFO] [stdout]    8:     0x65204cf9e119 - std[617be2ca0a6fd877]::sys::backtrace::__rust_end_short_backtrace::<std[617be2ca0a6fd877]::panicking::panic_handler::{closure#0}, !>
[INFO] [stdout]    9:     0x65204cfa637d - __rustc[ea4f61d10b84890b]::rust_begin_unwind
[INFO] [stdout]   10:     0x65204cfe1b4c - core[a373ad73a504971]::panicking::panic_fmt
[INFO] [stdout]   11:     0x65204cfe1922 - core[a373ad73a504971]::result::unwrap_failed
[INFO] [stdout]   12:     0x65204cb519e3 - account_tests[d2fc955ed0821197]::test_account::{closure#0}
[INFO] [stdout]   13:     0x65204cb588a3 - <tokio[e6227d8268ed6bc0]::runtime::scheduler::current_thread::Context>::enter::<core[a373ad73a504971]::task::poll::Poll<()>, <tokio[e6227d8268ed6bc0]::runtime::scheduler::current_thread::CoreGuard>::block_on<core[a373ad73a504971]::pin::Pin<&mut core[a373ad73a504971]::pin::Pin<&mut dyn core[a373ad73a504971]::future::future::Future<Output = ()>>>>::{closure#0}::{closure#0}>
[INFO] [stdout]   14:     0x65204cb4cda9 - <std[617be2ca0a6fd877]::thread::local::LocalKey<tokio[e6227d8268ed6bc0]::runtime::context::Context>>::with::<tokio[e6227d8268ed6bc0]::runtime::context::set_scheduler<(alloc[2e1b2a31b91974c5]::boxed::Box<tokio[e6227d8268ed6bc0]::runtime::scheduler::current_thread::Core>, core[a373ad73a504971]::option::Option<()>), <tokio[e6227d8268ed6bc0]::runtime::scheduler::current_thread::CoreGuard>::enter<<tokio[e6227d8268ed6bc0]::runtime::scheduler::current_thread::CoreGuard>::block_on<core[a373ad73a504971]::pin::Pin<&mut core[a373ad73a504971]::pin::Pin<&mut dyn core[a373ad73a504971]::future::future::Future<Output = ()>>>>::{closure#0}, core[a373ad73a504971]::option::Option<()>>::{closure#0}>::{closure#0}, (alloc[2e1b2a31b91974c5]::boxed::Box<tokio[e6227d8268ed6bc0]::runtime::scheduler::current_thread::Core>, core[a373ad73a504971]::option::Option<()>)>
[INFO] [stdout]   15:     0x65204cb58bd7 - <tokio[e6227d8268ed6bc0]::runtime::scheduler::current_thread::CoreGuard>::block_on::<core[a373ad73a504971]::pin::Pin<&mut core[a373ad73a504971]::pin::Pin<&mut dyn core[a373ad73a504971]::future::future::Future<Output = ()>>>>
[INFO] [stdout]   16:     0x65204cb4b700 - tokio[e6227d8268ed6bc0]::runtime::context::runtime::enter_runtime::<<tokio[e6227d8268ed6bc0]::runtime::scheduler::current_thread::CurrentThread>::block_on<core[a373ad73a504971]::pin::Pin<&mut dyn core[a373ad73a504971]::future::future::Future<Output = ()>>>::{closure#0}, ()>
[INFO] [stdout]   17:     0x65204cb530e5 - <tokio[e6227d8268ed6bc0]::runtime::runtime::Runtime>::block_on::<core[a373ad73a504971]::pin::Pin<&mut dyn core[a373ad73a504971]::future::future::Future<Output = ()>>>
[INFO] [stdout]   18:     0x65204cb52d5e - <account_tests[d2fc955ed0821197]::test_account::{closure#0} as core[a373ad73a504971]::ops::function::FnOnce<()>>::call_once
[INFO] [stdout]   19:     0x65204cb598cb - test[aada8e7e76ba119b]::__rust_begin_short_backtrace::<core[a373ad73a504971]::result::Result<(), alloc[2e1b2a31b91974c5]::string::String>, fn() -> core[a373ad73a504971]::result::Result<(), alloc[2e1b2a31b91974c5]::string::String>>
[INFO] [stdout]   20:     0x65204cb66aa5 - test[aada8e7e76ba119b]::run_test::{closure#0}
[INFO] [stdout]   21:     0x65204cb60394 - std[617be2ca0a6fd877]::sys::backtrace::__rust_begin_short_backtrace::<test[aada8e7e76ba119b]::run_test::{closure#1}, ()>
[INFO] [stdout]   22:     0x65204cb69b32 - <std[617be2ca0a6fd877]::thread::lifecycle::spawn_unchecked<test[aada8e7e76ba119b]::run_test::{closure#1}, ()>::{closure#1} as core[a373ad73a504971]::ops::function::FnOnce<()>>::call_once::{shim:vtable#0}
[INFO] [stdout]   23:     0x65204cfca2af - <std[617be2ca0a6fd877]::sys::thread::unix::Thread>::new::thread_start
[INFO] [stdout]   24:     0x791e5dbe0dfa - <unknown>
[INFO] [stdout]   25:     0x791e5dc743d4 - clone
[INFO] [stdout]   26:                0x0 - <unknown>
[INFO] [stdout] 
[INFO] [stdout] 
[INFO] [stdout] failures:
[INFO] [stdout]     test_account
[INFO] [stdout] 
[INFO] [stdout] test result: FAILED. 0 passed; 1 failed; 0 ignored; 0 measured; 0 filtered out; finished in 0.00s
[INFO] [stdout] 
[INFO] [stderr] error: test failed, to rerun pass `--test account_tests`
[INFO] running `Command { std: "docker" "inspect" "07dbd5722015dd58e7d73f30c67da01420486a783007216d8fe6861dd72582e9", kill_on_drop: false }`
[INFO] running `Command { std: "docker" "rm" "-f" "07dbd5722015dd58e7d73f30c67da01420486a783007216d8fe6861dd72582e9", kill_on_drop: false }`
[INFO] [stdout] 07dbd5722015dd58e7d73f30c67da01420486a783007216d8fe6861dd72582e9
