[INFO] fetching crate oxidefetch 1.4.7...
[INFO] testing oxidefetch-1.4.7 against 1.99.0-beta.8+cargoflags=--release for beta-release-1.100-2
[INFO] extracting crate oxidefetch 1.4.7 into /workspace/builds/worker-4-tc1/source
[INFO] started tweaking crates.io crate oxidefetch 1.4.7
[INFO] finished tweaking crates.io crate oxidefetch 1.4.7
[INFO] tweaked toml for crates.io crate oxidefetch 1.4.7 written to /workspace/builds/worker-4-tc1/source/Cargo.toml
[INFO] validating manifest of crates.io crate oxidefetch 1.4.7 on toolchain 1.99.0-beta.8
[INFO] running `Command { std: CARGO_HOME="/workspace/cargo-home" RUSTUP_HOME="/workspace/rustup-home" "/workspace/cargo-home/bin/cargo" "+1.99.0-beta.8" "metadata" "--manifest-path" "Cargo.toml" "--no-deps", kill_on_drop: false }`
[INFO] crate crates.io crate oxidefetch 1.4.7 already has a lockfile, it will not be regenerated
[INFO] running `Command { std: CARGO_HOME="/workspace/cargo-home" RUSTUP_HOME="/workspace/rustup-home" "/workspace/cargo-home/bin/cargo" "+1.99.0-beta.8" "fetch" "--manifest-path" "Cargo.toml", kill_on_drop: false }`
[INFO] [stderr]     Updating crates.io index
[INFO] [stderr]  Downloading crates ...
[INFO] [stderr]   Downloaded wasm-bindgen-macro-support v0.2.83
[INFO] [stderr]   Downloaded whoami v1.3.0
[INFO] [stderr]   Downloaded wasm-bindgen-macro v0.2.83
[INFO] [stderr]   Downloaded autocfg v1.1.0
[INFO] [stderr]   Downloaded wasm-bindgen-shared v0.2.83
[INFO] [stderr]   Downloaded memoffset v0.7.1
[INFO] [stderr]   Downloaded wasm-bindgen v0.2.83
[INFO] [stderr]   Downloaded atty v0.2.14
[INFO] [stderr]   Downloaded utf8-width v0.1.6
[INFO] [stderr]   Downloaded once_cell v1.17.0
[INFO] [stderr]   Downloaded scopeguard v1.1.0
[INFO] [stderr]   Downloaded link-cplusplus v1.0.8
[INFO] [stderr]   Downloaded iana-time-zone-haiku v0.1.1
[INFO] [stderr]   Downloaded hermit-abi v0.1.19
[INFO] [stderr]   Downloaded num_cpus v1.15.0
[INFO] [stderr]   Downloaded hermit-abi v0.2.6
[INFO] [stderr]   Downloaded compound_duration v1.2.0
[INFO] [stderr]   Downloaded quote v1.0.33
[INFO] [stderr]   Downloaded lazy_static v1.4.0
[INFO] [stderr]   Downloaded byte-unit v4.0.18
[INFO] [stderr]   Downloaded either v1.8.0
[INFO] [stderr]   Downloaded quoted-string v0.6.1
[INFO] [stderr]   Downloaded winapi-util v0.1.5
[INFO] [stderr]   Downloaded cxxbridge-flags v1.0.85
[INFO] [stderr]   Downloaded scratch v1.0.3
[INFO] [stderr]   Downloaded core-foundation-sys v0.8.3
[INFO] [stderr]   Downloaded iana-time-zone v0.1.53
[INFO] [stderr]   Downloaded colored v2.0.0
[INFO] [stderr]   Downloaded num-integer v0.1.45
[INFO] [stderr]   Downloaded wasm-bindgen-backend v0.2.83
[INFO] [stderr]   Downloaded cfg-if v1.0.0
[INFO] [stderr]   Downloaded wasi v0.10.0+wasi-snapshot-preview1
[INFO] [stderr]   Downloaded crossbeam-deque v0.8.2
[INFO] [stderr]   Downloaded crossbeam-epoch v0.9.13
[INFO] [stderr]   Downloaded time v0.1.45
[INFO] [stderr]   Downloaded unicode-width v0.1.10
[INFO] [stderr]   Downloaded js-sys v0.3.60
[INFO] [stderr]   Downloaded codespan-reporting v0.11.1
[INFO] [stderr]   Downloaded termcolor v1.1.3
[INFO] [stderr]   Downloaded crossbeam-utils v0.8.14
[INFO] [stderr]   Downloaded log v0.4.17
[INFO] [stderr]   Downloaded bitflags v2.4.1
[INFO] [stderr]   Downloaded unicode-ident v1.0.6
[INFO] [stderr]   Downloaded serde_derive v1.0.192
[INFO] [stderr]   Downloaded proc-macro2 v1.0.69
[INFO] [stderr]   Downloaded rayon-core v1.10.1
[INFO] [stderr]   Downloaded cxxbridge-macro v1.0.85
[INFO] [stderr]   Downloaded num-traits v0.2.15
[INFO] [stderr]   Downloaded cc v1.0.78
[INFO] [stderr]   Downloaded crossbeam-channel v0.5.6
[INFO] [stderr]   Downloaded ron v0.8.1
[INFO] [stderr]   Downloaded base64 v0.21.5
[INFO] [stderr]   Downloaded bumpalo v3.11.1
[INFO] [stderr]   Downloaded serde v1.0.192
[INFO] [stderr]   Downloaded cxx-build v1.0.85
[INFO] [stderr]   Downloaded sysinfo v0.29.10
[INFO] [stderr]   Downloaded ntapi v0.4.0
[INFO] [stderr]   Downloaded rayon v1.6.1
[INFO] [stderr]   Downloaded chrono v0.4.23
[INFO] [stderr]   Downloaded syn v2.0.39
[INFO] [stderr]   Downloaded syn v1.0.107
[INFO] [stderr]   Downloaded cxx v1.0.85
[INFO] [stderr]   Downloaded web-sys v0.3.60
[INFO] [stderr]   Downloaded libc v0.2.147
[INFO] running `Command { std: "docker" "create" "-v" "/var/lib/crater-agent-workspace/builds/worker-4-tc1/source:/opt/rustwide/workdir:ro,Z" "-v" "/var/lib/crater-agent-workspace/builds/worker-4-tc1/target:/opt/rustwide/target:rw,Z" "-v" "/var/lib/crater-agent-workspace/cargo-home:/opt/rustwide/cargo-home:ro,Z" "-v" "/var/lib/crater-agent-workspace/rustup-home:/opt/rustwide/rustup-home:ro,Z" "-m" "1610612736" "--network" "none" "ghcr.io/rust-lang/crates-build-env/linux@sha256:77db811e55d90add9212f6832c23229e3de5f1c1f9905e8cb07319ea15df73ac" "sleep" "infinity", kill_on_drop: false }`
[INFO] [stdout] b046195e3ad7e506bbaa29d26738c14d6f0b1e35a56765176f1b1a0279fad98e
[INFO] running `Command { std: "docker" "start" "b046195e3ad7e506bbaa29d26738c14d6f0b1e35a56765176f1b1a0279fad98e", kill_on_drop: false }`
[INFO] running `Command { std: "docker" "inspect" "b046195e3ad7e506bbaa29d26738c14d6f0b1e35a56765176f1b1a0279fad98e", kill_on_drop: false }`
[INFO] running `Command { std: "docker" "exec" "-e" "SOURCE_DIR=/opt/rustwide/workdir" "-e" "CARGO_HOME=/opt/rustwide/cargo-home" "-e" "RUSTUP_HOME=/opt/rustwide/rustup-home" "-e" "CARGO_TARGET_DIR=/opt/rustwide/target" "-w" "/opt/rustwide/workdir" "--user" "0:0" "b046195e3ad7e506bbaa29d26738c14d6f0b1e35a56765176f1b1a0279fad98e" "/opt/rustwide/cargo-home/bin/cargo" "+1.99.0-beta.8" "metadata" "--no-deps" "--format-version=1", kill_on_drop: false }`
[INFO] running `Command { std: "docker" "inspect" "b046195e3ad7e506bbaa29d26738c14d6f0b1e35a56765176f1b1a0279fad98e", kill_on_drop: false }`
[INFO] running `Command { std: "docker" "exec" "-e" "SOURCE_DIR=/opt/rustwide/workdir" "-e" "CARGO_HOME=/opt/rustwide/cargo-home" "-e" "RUSTUP_HOME=/opt/rustwide/rustup-home" "-e" "CARGO_TARGET_DIR=/opt/rustwide/target" "-e" "CARGO_INCREMENTAL=0" "-e" "RUST_BACKTRACE=full" "-e" "RUSTFLAGS=--cap-lints=warn" "-e" "RUSTDOCFLAGS=--cap-lints=warn" "-w" "/opt/rustwide/workdir" "--user" "0:0" "b046195e3ad7e506bbaa29d26738c14d6f0b1e35a56765176f1b1a0279fad98e" "/opt/rustwide/cargo-home/bin/cargo" "+1.99.0-beta.8" "build" "--frozen" "--message-format=json" "--release", kill_on_drop: false }`
[INFO] [stderr]    Compiling autocfg v1.1.0
[INFO] [stderr]    Compiling libc v0.2.147
[INFO] [stderr]    Compiling proc-macro2 v1.0.69
[INFO] [stderr]    Compiling crossbeam-utils v0.8.14
[INFO] [stderr]    Compiling unicode-ident v1.0.6
[INFO] [stderr]    Compiling cfg-if v1.0.0
[INFO] [stderr]    Compiling serde v1.0.192
[INFO] [stderr]    Compiling scopeguard v1.1.0
[INFO] [stderr]    Compiling rayon-core v1.10.1
[INFO] [stderr]    Compiling either v1.8.0
[INFO] [stderr]    Compiling lazy_static v1.4.0
[INFO] [stderr]    Compiling iana-time-zone v0.1.53
[INFO] [stderr]    Compiling once_cell v1.17.0
[INFO] [stderr]    Compiling utf8-width v0.1.6
[INFO] [stderr]    Compiling base64 v0.21.5
[INFO] [stderr]    Compiling compound_duration v1.2.0
[INFO] [stderr]    Compiling quoted-string v0.6.1
[INFO] [stderr]    Compiling whoami v1.3.0
[INFO] [stderr]    Compiling memoffset v0.7.1
[INFO] [stderr]    Compiling crossbeam-epoch v0.9.13
[INFO] [stderr]    Compiling num-traits v0.2.15
[INFO] [stderr]    Compiling num-integer v0.1.45
[INFO] [stderr]    Compiling crossbeam-channel v0.5.6
[INFO] [stderr]    Compiling quote v1.0.33
[INFO] [stderr]    Compiling crossbeam-deque v0.8.2
[INFO] [stderr]    Compiling num_cpus v1.15.0
[INFO] [stderr]    Compiling atty v0.2.14
[INFO] [stderr]    Compiling time v0.1.45
[INFO] [stderr]    Compiling colored v2.0.0
[INFO] [stderr]    Compiling syn v2.0.39
[INFO] [stderr]    Compiling rayon v1.6.1
[INFO] [stderr]    Compiling chrono v0.4.23
[INFO] [stderr]    Compiling serde_derive v1.0.192
[INFO] [stderr]    Compiling sysinfo v0.29.10
[INFO] [stderr]    Compiling bitflags v2.4.1
[INFO] [stderr]    Compiling byte-unit v4.0.18
[INFO] [stderr]    Compiling ron v0.8.1
[INFO] [stderr]    Compiling oxidefetch v1.4.7 (/opt/rustwide/workdir)
[INFO] [stderr]     Finished `release` profile [optimized] target(s) in 17.20s
[INFO] running `Command { std: "docker" "inspect" "b046195e3ad7e506bbaa29d26738c14d6f0b1e35a56765176f1b1a0279fad98e", kill_on_drop: false }`
[INFO] running `Command { std: "docker" "exec" "-e" "SOURCE_DIR=/opt/rustwide/workdir" "-e" "CARGO_HOME=/opt/rustwide/cargo-home" "-e" "RUSTUP_HOME=/opt/rustwide/rustup-home" "-e" "CARGO_TARGET_DIR=/opt/rustwide/target" "-e" "CARGO_INCREMENTAL=0" "-e" "RUST_BACKTRACE=full" "-e" "RUSTFLAGS=--cap-lints=warn" "-e" "RUSTDOCFLAGS=--cap-lints=warn" "-w" "/opt/rustwide/workdir" "--user" "0:0" "b046195e3ad7e506bbaa29d26738c14d6f0b1e35a56765176f1b1a0279fad98e" "/opt/rustwide/cargo-home/bin/cargo" "+1.99.0-beta.8" "test" "--frozen" "--no-run" "--message-format=json" "--release", kill_on_drop: false }`
[INFO] [stderr]    Compiling libc v0.2.147
[INFO] [stderr]    Compiling cfg-if v1.0.0
[INFO] [stderr]    Compiling scopeguard v1.1.0
[INFO] [stderr]    Compiling either v1.8.0
[INFO] [stderr]    Compiling utf8-width v0.1.6
[INFO] [stderr]    Compiling base64 v0.21.5
[INFO] [stderr]    Compiling lazy_static v1.4.0
[INFO] [stderr]    Compiling iana-time-zone v0.1.53
[INFO] [stderr]    Compiling memoffset v0.7.1
[INFO] [stderr]    Compiling num-traits v0.2.15
[INFO] [stderr]    Compiling once_cell v1.17.0
[INFO] [stderr]    Compiling compound_duration v1.2.0
[INFO] [stderr]    Compiling whoami v1.3.0
[INFO] [stderr]    Compiling quoted-string v0.6.1
[INFO] [stderr]    Compiling serde v1.0.192
[INFO] [stderr]    Compiling crossbeam-utils v0.8.14
[INFO] [stderr]    Compiling crossbeam-epoch v0.9.13
[INFO] [stderr]    Compiling crossbeam-channel v0.5.6
[INFO] [stderr]    Compiling num_cpus v1.15.0
[INFO] [stderr]    Compiling time v0.1.45
[INFO] [stderr]    Compiling atty v0.2.14
[INFO] [stderr]    Compiling colored v2.0.0
[INFO] [stderr]    Compiling crossbeam-deque v0.8.2
[INFO] [stderr]    Compiling num-integer v0.1.45
[INFO] [stderr]    Compiling rayon-core v1.10.1
[INFO] [stderr]    Compiling chrono v0.4.23
[INFO] [stderr]    Compiling rayon v1.6.1
[INFO] [stderr]    Compiling bitflags v2.4.1
[INFO] [stderr]    Compiling byte-unit v4.0.18
[INFO] [stderr]    Compiling ron v0.8.1
[INFO] [stderr]    Compiling sysinfo v0.29.10
[INFO] [stderr]    Compiling oxidefetch v1.4.7 (/opt/rustwide/workdir)
[INFO] [stderr]     Finished `release` profile [optimized] target(s) in 19.64s
[INFO] running `Command { std: "docker" "inspect" "b046195e3ad7e506bbaa29d26738c14d6f0b1e35a56765176f1b1a0279fad98e", kill_on_drop: false }`
[INFO] running `Command { std: "docker" "exec" "-e" "SOURCE_DIR=/opt/rustwide/workdir" "-e" "CARGO_HOME=/opt/rustwide/cargo-home" "-e" "RUSTUP_HOME=/opt/rustwide/rustup-home" "-e" "CARGO_TARGET_DIR=/opt/rustwide/target" "-e" "CARGO_INCREMENTAL=0" "-e" "RUST_BACKTRACE=full" "-e" "RUSTFLAGS=--cap-lints=warn" "-e" "RUSTDOCFLAGS=--cap-lints=warn" "-w" "/opt/rustwide/workdir" "--user" "0:0" "b046195e3ad7e506bbaa29d26738c14d6f0b1e35a56765176f1b1a0279fad98e" "/opt/rustwide/cargo-home/bin/cargo" "+1.99.0-beta.8" "test" "--frozen" "--release", kill_on_drop: false }`
[INFO] [stderr]     Finished `release` profile [optimized] target(s) in 0.08s
[INFO] [stderr]      Running unittests src/main.rs (/opt/rustwide/target/release/deps/oxidefetch-82d5f798f7d81f86)
[INFO] [stdout] 
[INFO] [stdout] running 1 test
[INFO] [stdout] test test::log_gathered_data ... FAILED
[INFO] [stdout] 
[INFO] [stdout] failures:
[INFO] [stdout] 
[INFO] [stdout] ---- test::log_gathered_data stdout ----
[INFO] [stdout] 
[INFO] [stdout] Woops. A file wasn't able to be generated. The program or user might not have permission to make files in this directory.
[INFO] [stdout]             
[INFO] [stdout] 
[INFO] [stdout] thread 'test::log_gathered_data' (1026) panicked at src/main.rs:316:9:
[INFO] [stdout] assertion failed: result.is_ok()
[INFO] [stdout] stack backtrace:
[INFO] [stdout]    0:     0x641182f15b77 - <unknown>
[INFO] [stdout]    1:     0x641182ef7574 - <unknown>
[INFO] [stdout]    2:     0x641182f1513b - <unknown>
[INFO] [stdout]    3:     0x641182f14d39 - <unknown>
[INFO] [stdout]    4:     0x641182f149ba - <unknown>
[INFO] [stdout]    5:     0x641182f144f3 - <unknown>
[INFO] [stdout]    6:     0x641182f3a6b2 - <unknown>
[INFO] [stdout]    7:     0x641182f3a639 - <unknown>
[INFO] [stdout]    8:     0x641182f3ab3c - <unknown>
[INFO] [stdout]    9:     0x641182ef740b - <unknown>
[INFO] [stdout]   10:     0x641182ef8e91 - <unknown>
[INFO] [stdout]   11:     0x641182ef4839 - <unknown>
[INFO] [stdout]   12:     0x641182f629cb - <unknown>
[INFO] [stdout]   13:     0x641182f5eed2 - <unknown>
[INFO] [stdout]   14:     0x641182f5e6fc - <unknown>
[INFO] [stdout]   15:     0x641182f78aec - <unknown>
[INFO] [stdout]   16:     0x641182f3bf6a - <unknown>
[INFO] [stdout]   17:     0x7223312fddfa - <unknown>
[INFO] [stdout]   18:     0x7223313913d4 - clone
[INFO] [stdout]   19:                0x0 - <unknown>
[INFO] [stdout] 
[INFO] [stdout] 
[INFO] [stdout] failures:
[INFO] [stdout]     test::log_gathered_data
[INFO] [stdout] 
[INFO] [stdout] test result: FAILED. 0 passed; 1 failed; 0 ignored; 0 measured; 0 filtered out; finished in 0.13s
[INFO] [stdout] 
[INFO] [stderr] error: test failed, to rerun pass `--bin oxidefetch`
[INFO] running `Command { std: "docker" "inspect" "b046195e3ad7e506bbaa29d26738c14d6f0b1e35a56765176f1b1a0279fad98e", kill_on_drop: false }`
[INFO] running `Command { std: "docker" "rm" "-f" "b046195e3ad7e506bbaa29d26738c14d6f0b1e35a56765176f1b1a0279fad98e", kill_on_drop: false }`
[INFO] [stdout] b046195e3ad7e506bbaa29d26738c14d6f0b1e35a56765176f1b1a0279fad98e
