[INFO] fetching crate oxidebpf 0.2.7...
[INFO] testing oxidebpf-0.2.7 against 1.99.0-beta.8+cargoflags=--release for beta-release-1.100-2
[INFO] extracting crate oxidebpf 0.2.7 into /workspace/builds/worker-2-tc1/source
[INFO] started tweaking crates.io crate oxidebpf 0.2.7
[INFO] finished tweaking crates.io crate oxidebpf 0.2.7
[INFO] tweaked toml for crates.io crate oxidebpf 0.2.7 written to /workspace/builds/worker-2-tc1/source/Cargo.toml
[INFO] validating manifest of crates.io crate oxidebpf 0.2.7 on toolchain 1.99.0-beta.8
[INFO] running `Command { std: CARGO_HOME="/workspace/cargo-home" RUSTUP_HOME="/workspace/rustup-home" "/workspace/cargo-home/bin/cargo" "+1.99.0-beta.8" "metadata" "--manifest-path" "Cargo.toml" "--no-deps", kill_on_drop: false }`
[INFO] running `Command { std: CARGO_HOME="/workspace/cargo-home" RUSTUP_HOME="/workspace/rustup-home" "/workspace/cargo-home/bin/cargo" "+1.99.0-beta.8" "generate-lockfile" "--manifest-path" "Cargo.toml", kill_on_drop: false }`
[INFO] [stderr]     Updating crates.io index
[INFO] [stderr]      Locking 84 packages to highest compatible versions
[INFO] [stderr]       Adding goblin v0.4.3 (available: v0.10.7)
[INFO] [stderr]       Adding itertools v0.10.5 (available: v0.15.0)
[INFO] [stderr]       Adding metrics v0.20.1 (available: v0.24.6)
[INFO] [stderr]       Adding mio v0.8.11 (available: v1.2.4)
[INFO] [stderr]       Adding nix v0.23.2 (available: v0.31.3)
[INFO] [stderr]       Adding proc-mounts v0.2.4 (available: v0.3.0)
[INFO] [stderr]       Adding retry v1.3.1 (available: v2.2.0)
[INFO] [stderr]       Adding thread-priority v0.7.0 (available: v3.1.1)
[INFO] [stderr]       Adding uuid v0.8.2 (available: v1.28.0)
[INFO] running `Command { std: CARGO_HOME="/workspace/cargo-home" RUSTUP_HOME="/workspace/rustup-home" "/workspace/cargo-home/bin/cargo" "+1.99.0-beta.8" "fetch" "--manifest-path" "Cargo.toml", kill_on_drop: false }`
[INFO] [stderr]  Downloading crates ...
[INFO] [stderr]   Downloaded proc-mounts v0.2.4
[INFO] [stderr]   Downloaded arc-swap v1.9.3
[INFO] [stderr]   Downloaded retry v1.3.1
[INFO] [stderr]   Downloaded thread-priority v0.7.0
[INFO] [stderr]   Downloaded slog-atomic v3.1.0
[INFO] [stderr]   Downloaded partition-identity v0.2.8
[INFO] [stderr]   Downloaded metrics-macros v0.6.0
[INFO] [stderr]   Downloaded err-derive v0.2.4
[INFO] [stderr]   Downloaded metrics v0.20.1
[INFO] [stderr]   Downloaded portable-atomic v0.3.20
[INFO] running `Command { std: "docker" "create" "-v" "/var/lib/crater-agent-workspace/builds/worker-2-tc1/source:/opt/rustwide/workdir:ro,Z" "-v" "/var/lib/crater-agent-workspace/builds/worker-2-tc1/target:/opt/rustwide/target:rw,Z" "-v" "/var/lib/crater-agent-workspace/cargo-home:/opt/rustwide/cargo-home:ro,Z" "-v" "/var/lib/crater-agent-workspace/rustup-home:/opt/rustwide/rustup-home:ro,Z" "-m" "1610612736" "--network" "none" "ghcr.io/rust-lang/crates-build-env/linux@sha256:77db811e55d90add9212f6832c23229e3de5f1c1f9905e8cb07319ea15df73ac" "sleep" "infinity", kill_on_drop: false }`
[INFO] [stdout] efe71858030420f2544d5630cb6d585bb960795abb66d9ec06e3ef6e4ac937e6
[INFO] running `Command { std: "docker" "start" "efe71858030420f2544d5630cb6d585bb960795abb66d9ec06e3ef6e4ac937e6", kill_on_drop: false }`
[INFO] running `Command { std: "docker" "inspect" "efe71858030420f2544d5630cb6d585bb960795abb66d9ec06e3ef6e4ac937e6", kill_on_drop: false }`
[INFO] running `Command { std: "docker" "exec" "-e" "SOURCE_DIR=/opt/rustwide/workdir" "-e" "CARGO_HOME=/opt/rustwide/cargo-home" "-e" "RUSTUP_HOME=/opt/rustwide/rustup-home" "-e" "CARGO_TARGET_DIR=/opt/rustwide/target" "-w" "/opt/rustwide/workdir" "--user" "0:0" "efe71858030420f2544d5630cb6d585bb960795abb66d9ec06e3ef6e4ac937e6" "/opt/rustwide/cargo-home/bin/cargo" "+1.99.0-beta.8" "metadata" "--no-deps" "--format-version=1", kill_on_drop: false }`
[INFO] running `Command { std: "docker" "inspect" "efe71858030420f2544d5630cb6d585bb960795abb66d9ec06e3ef6e4ac937e6", kill_on_drop: false }`
[INFO] running `Command { std: "docker" "exec" "-e" "SOURCE_DIR=/opt/rustwide/workdir" "-e" "CARGO_HOME=/opt/rustwide/cargo-home" "-e" "RUSTUP_HOME=/opt/rustwide/rustup-home" "-e" "CARGO_TARGET_DIR=/opt/rustwide/target" "-e" "CARGO_INCREMENTAL=0" "-e" "RUST_BACKTRACE=full" "-e" "RUSTFLAGS=--cap-lints=warn" "-e" "RUSTDOCFLAGS=--cap-lints=warn" "-w" "/opt/rustwide/workdir" "--user" "0:0" "efe71858030420f2544d5630cb6d585bb960795abb66d9ec06e3ef6e4ac937e6" "/opt/rustwide/cargo-home/bin/cargo" "+1.99.0-beta.8" "build" "--frozen" "--message-format=json" "--release", kill_on_drop: false }`
[INFO] [stderr]    Compiling syn v1.0.109
[INFO] [stderr]    Compiling serde v1.0.229
[INFO] [stderr]    Compiling crossbeam-utils v0.8.23
[INFO] [stderr]    Compiling plain v0.2.3
[INFO] [stderr]    Compiling memoffset v0.6.5
[INFO] [stderr]    Compiling either v1.19.0
[INFO] [stderr]    Compiling err-derive v0.2.4
[INFO] [stderr]    Compiling slog v2.8.2
[INFO] [stderr]    Compiling arc-swap v1.9.3
[INFO] [stderr]    Compiling getrandom v0.2.17
[INFO] [stderr]    Compiling thread-priority v0.7.0
[INFO] [stderr]    Compiling mio v0.8.11
[INFO] [stderr]    Compiling itertools v0.10.5
[INFO] [stderr]    Compiling nix v0.23.2
[INFO] [stderr]    Compiling rand_core v0.6.4
[INFO] [stderr]    Compiling uuid v0.8.2
[INFO] [stderr]    Compiling rand_chacha v0.3.1
[INFO] [stderr]    Compiling crossbeam-channel v0.5.17
[INFO] [stderr]    Compiling rand v0.8.8
[INFO] [stderr]    Compiling erased-serde v0.3.31
[INFO] [stderr]    Compiling retry v1.3.1
[INFO] [stderr]    Compiling slog-atomic v3.1.0
[INFO] [stderr]    Compiling synstructure v0.12.6
[INFO] [stderr]    Compiling proc-macro-error v1.0.4
[INFO] [stderr]    Compiling scroll_derive v0.10.5
[INFO] [stderr]    Compiling partition-identity v0.2.8
[INFO] [stderr]    Compiling proc-mounts v0.2.4
[INFO] [stderr]    Compiling scroll v0.10.2
[INFO] [stderr]    Compiling goblin v0.4.3
[INFO] [stderr]    Compiling oxidebpf v0.2.7 (/opt/rustwide/workdir)
[INFO] [stdout] warning: hiding a lifetime that's elided elsewhere is confusing
[INFO] [stdout]    --> src/blueprint.rs:490:31
[INFO] [stdout]     |
[INFO] [stdout] 490 | fn parse_and_verify_elf(data: &[u8]) -> Result<Elf, OxidebpfError> {
[INFO] [stdout]     |                               ^^^^^            ^^^ the same lifetime is hidden here
[INFO] [stdout]     |                               |
[INFO] [stdout]     |                               the lifetime is elided here
[INFO] [stdout]     |
[INFO] [stdout]     = help: the same lifetime is referred to in inconsistent ways, making the signature confusing
[INFO] [stdout]     = note: `#[warn(mismatched_lifetime_syntaxes)]` on by default
[INFO] [stdout] help: use `'_` for type paths
[INFO] [stdout]     |
[INFO] [stdout] 490 | fn parse_and_verify_elf(data: &[u8]) -> Result<Elf<'_>, OxidebpfError> {
[INFO] [stdout]     |                                                   ++++
[INFO] [stdout] 
[INFO] [stdout] 
[INFO] [stderr]     Finished `release` profile [optimized] target(s) in 16.15s
[INFO] running `Command { std: "docker" "inspect" "efe71858030420f2544d5630cb6d585bb960795abb66d9ec06e3ef6e4ac937e6", kill_on_drop: false }`
[INFO] running `Command { std: "docker" "exec" "-e" "SOURCE_DIR=/opt/rustwide/workdir" "-e" "CARGO_HOME=/opt/rustwide/cargo-home" "-e" "RUSTUP_HOME=/opt/rustwide/rustup-home" "-e" "CARGO_TARGET_DIR=/opt/rustwide/target" "-e" "CARGO_INCREMENTAL=0" "-e" "RUST_BACKTRACE=full" "-e" "RUSTFLAGS=--cap-lints=warn" "-e" "RUSTDOCFLAGS=--cap-lints=warn" "-w" "/opt/rustwide/workdir" "--user" "0:0" "efe71858030420f2544d5630cb6d585bb960795abb66d9ec06e3ef6e4ac937e6" "/opt/rustwide/cargo-home/bin/cargo" "+1.99.0-beta.8" "test" "--frozen" "--no-run" "--message-format=json" "--release", kill_on_drop: false }`
[INFO] [stderr]    Compiling cfg_aliases v0.2.2
[INFO] [stderr]    Compiling memmap v0.7.0
[INFO] [stderr]    Compiling scopeguard v1.2.0
[INFO] [stdout] warning: hiding a lifetime that's elided elsewhere is confusing
[INFO] [stdout]    --> src/blueprint.rs:490:31
[INFO] [stdout]     |
[INFO] [stdout] 490 | fn parse_and_verify_elf(data: &[u8]) -> Result<Elf, OxidebpfError> {
[INFO] [stdout]     |                               ^^^^^            ^^^ the same lifetime is hidden here
[INFO] [stdout]     |                               |
[INFO] [stdout]     |                               the lifetime is elided here
[INFO] [stdout]     |
[INFO] [stdout]     = help: the same lifetime is referred to in inconsistent ways, making the signature confusing
[INFO] [stdout]     = note: `#[warn(mismatched_lifetime_syntaxes)]` on by default
[INFO] [stdout] help: use `'_` for type paths
[INFO] [stdout]     |
[INFO] [stdout] 490 | fn parse_and_verify_elf(data: &[u8]) -> Result<Elf<'_>, OxidebpfError> {
[INFO] [stdout]     |                                                   ++++
[INFO] [stdout] 
[INFO] [stdout] 
[INFO] [stderr]    Compiling nix v0.31.3
[INFO] [stderr]    Compiling ctrlc v3.5.2
[INFO] [stderr]    Compiling oxidebpf v0.2.7 (/opt/rustwide/workdir)
[INFO] [stdout] warning: hiding a lifetime that's elided elsewhere is confusing
[INFO] [stdout]    --> src/blueprint.rs:490:31
[INFO] [stdout]     |
[INFO] [stdout] 490 | fn parse_and_verify_elf(data: &[u8]) -> Result<Elf, OxidebpfError> {
[INFO] [stdout]     |                               ^^^^^            ^^^ the same lifetime is hidden here
[INFO] [stdout]     |                               |
[INFO] [stdout]     |                               the lifetime is elided here
[INFO] [stdout]     |
[INFO] [stdout]     = help: the same lifetime is referred to in inconsistent ways, making the signature confusing
[INFO] [stdout]     = note: `#[warn(mismatched_lifetime_syntaxes)]` on by default
[INFO] [stdout] help: use `'_` for type paths
[INFO] [stdout]     |
[INFO] [stdout] 490 | fn parse_and_verify_elf(data: &[u8]) -> Result<Elf<'_>, OxidebpfError> {
[INFO] [stdout]     |                                                   ++++
[INFO] [stdout] 
[INFO] [stdout] 
[INFO] [stderr]     Finished `release` profile [optimized] target(s) in 6.15s
[INFO] running `Command { std: "docker" "inspect" "efe71858030420f2544d5630cb6d585bb960795abb66d9ec06e3ef6e4ac937e6", kill_on_drop: false }`
[INFO] running `Command { std: "docker" "exec" "-e" "SOURCE_DIR=/opt/rustwide/workdir" "-e" "CARGO_HOME=/opt/rustwide/cargo-home" "-e" "RUSTUP_HOME=/opt/rustwide/rustup-home" "-e" "CARGO_TARGET_DIR=/opt/rustwide/target" "-e" "CARGO_INCREMENTAL=0" "-e" "RUST_BACKTRACE=full" "-e" "RUSTFLAGS=--cap-lints=warn" "-e" "RUSTDOCFLAGS=--cap-lints=warn" "-w" "/opt/rustwide/workdir" "--user" "0:0" "efe71858030420f2544d5630cb6d585bb960795abb66d9ec06e3ef6e4ac937e6" "/opt/rustwide/cargo-home/bin/cargo" "+1.99.0-beta.8" "test" "--frozen" "--release", kill_on_drop: false }`
[INFO] [stderr] warning: hiding a lifetime that's elided elsewhere is confusing
[INFO] [stderr]    --> src/blueprint.rs:490:31
[INFO] [stderr]     |
[INFO] [stderr] 490 | fn parse_and_verify_elf(data: &[u8]) -> Result<Elf, OxidebpfError> {
[INFO] [stderr]     |                               ^^^^^            ^^^ the same lifetime is hidden here
[INFO] [stderr]     |                               |
[INFO] [stderr]     |                               the lifetime is elided here
[INFO] [stderr]     |
[INFO] [stderr]     = help: the same lifetime is referred to in inconsistent ways, making the signature confusing
[INFO] [stderr]     = note: `#[warn(mismatched_lifetime_syntaxes)]` on by default
[INFO] [stderr] help: use `'_` for type paths
[INFO] [stderr]     |
[INFO] [stderr] 490 | fn parse_and_verify_elf(data: &[u8]) -> Result<Elf<'_>, OxidebpfError> {
[INFO] [stderr]     |                                                   ++++
[INFO] [stderr] 
[INFO] [stderr] warning: `oxidebpf` (lib) generated 1 warning (run `cargo fix --lib -p oxidebpf` to apply 1 suggestion)
[INFO] [stderr] warning: `oxidebpf` (lib test) generated 1 warning (1 duplicate)
[INFO] [stderr]     Finished `release` profile [optimized] target(s) in 0.08s
[INFO] [stderr]      Running unittests src/lib.rs (/opt/rustwide/target/release/deps/oxidebpf-a991210ecf3373af)
[INFO] [stdout] 
[INFO] [stdout] running 35 tests
[INFO] [stdout] test cpu_info::tests::single_range ... ok
[INFO] [stdout] test bpf::tests::test_blueprint_map_definition_parsing ... ok
[INFO] [stdout] test bpf::syscall::tests::bpf_map_create_and_write_and_read ... FAILED
[INFO] [stdout] test maps::map_tests::test_hash_map_bad_index ... FAILED
[INFO] [stdout] test cpu_info::tests::combination ... ok
[INFO] [stdout] test maps::map_tests::test_map_array_bad_write_index ... FAILED
[INFO] [stdout] test maps::map_tests::test_map_array_complex_structure ... FAILED
[INFO] [stdout] test cpu_info::tests::test_cpu_formatter ... ok
[INFO] [stdout] test maps::map_tests::test_hash_map ... FAILED
[INFO] [stdout] test perf::syscall::tests::test_perf_event_ioc_enable ... FAILED
[INFO] [stdout] test perf::syscall::tests::test_perf_event_open ... FAILED
[INFO] [stdout] test cpu_info::tests::single_number ... ok
[INFO] [stdout] test blueprint::tests::test_find_running_kernel_version ... FAILED
[INFO] [stdout] test bpf::syscall::tests::bpf_map_create ... FAILED
[INFO] [stdout] test blueprint::tests::test_blueprint_object_parsing ... FAILED
[INFO] [stdout] test perf::syscall::tests::test_perf_event_ioc_set_bpf ... FAILED
[INFO] [stdout] test bpf::syscall::tests::test_bpf_prog_load ... FAILED
[INFO] [stdout] test blueprint::tests::test_kernel_version_parsing ... ok
[INFO] [stdout] test scheduling_tests::fifo_clamped_priority ... ok
[INFO] [stdout] test program_tests::test_program_group_hash_maps ... FAILED
[INFO] [stdout] test scheduling_tests::idle_no_priority ... ok
[INFO] [stdout] test perf::syscall::tests::test_perf_event_ioc_disable ... FAILED
[INFO] [stdout] test program_tests::test_program_group ... FAILED
[INFO] [stdout] test program_tests::test_memlock_limit ... FAILED
[INFO] [stdout] test bpf::syscall::tests::test_setns ... FAILED
[INFO] [stdout] test maps::map_tests::test_hash_map_complex_key_value ... FAILED
[INFO] [stdout] test maps::map_tests::test_map_array ... FAILED
[INFO] [stdout] test maps::map_tests::test_map_array_bad_index ... FAILED
[INFO] [stdout] test scheduling_tests::batch_no_priority ... ok
[INFO] [stdout] test bpf::syscall::tests::bpf_map_create_and_read ... FAILED
[INFO] [stdout] test program_tests::test_program_group_array_maps ... FAILED
[INFO] [stdout] test program_tests::test_program_group_tail_call ... FAILED
[INFO] [stdout] test scheduling_tests::sched_clamped_priority ... ok
[INFO] [stdout] test scheduling_tests::other_no_priority ... ok
[INFO] [stdout] test scheduling_tests::deadline_priority ... ok
[INFO] [stdout] 
[INFO] [stdout] failures:
[INFO] [stdout] 
[INFO] [stdout] ---- bpf::syscall::tests::bpf_map_create_and_write_and_read stdout ----
[INFO] [stdout] 
[INFO] [stdout] thread 'bpf::syscall::tests::bpf_map_create_and_write_and_read' (847) panicked at src/bpf/syscall.rs:323:10:
[INFO] [stdout] called `Result::unwrap()` on an `Err` value: LinuxError("sys_bpf(0, SizedBpfAttr {\n    bpf_attr: BpfAttr: [2, 0, 0, 0, 4, 0, 0, 0, 8, 0, 0, 0, 20, 0, 0, 0, 0, 0, 0, 0, 0, 0, 0, 0, 0, 0, 0, 0, 0, 0, 0, 0, 0, 0, 0, 0, 0, 0, 0, 0, 0, 0, 0, 0, 0, 0, 0, 0, 0, 0, 0, 0, 0, 0, 0, 0, 0, 0, 0, 0, 0, 0, 0, 0, 160, 252, 168, 48, 182, 93, 0, 0, 240, 101, 129, 93, 33, 113, 0, 0, 128, 11, 0, 64, 33, 113, 0, 0, 0, 0, 0, 0, 0, 0, 0, 0, 240, 84, 129, 93, 33, 113, 0, 0, 143, 113, 38, 94, 33, 113, 0, 0, 192, 12, 0, 64, 33, 113, 0, 0],\n    size: 16,\n})", EPERM)
[INFO] [stdout] stack backtrace:
[INFO] [stdout]    0:     0x5db630a5c321 - <<std[70759c8f55707aa4]::sys::backtrace::BacktraceLock>::print::DisplayBacktrace as core[df12db4294e9bfd3]::fmt::Display>::fmt
[INFO] [stdout]    1:     0x5db630a720ba - core[df12db4294e9bfd3]::fmt::write
[INFO] [stdout]    2:     0x5db630a60afc - <alloc[2182bb758b4b3781]::vec::Vec<u8> as core[df12db4294e9bfd3]::io::write::Write>::write_fmt
[INFO] [stdout]    3:     0x5db630a36ae6 - std[70759c8f55707aa4]::panicking::default_hook::{closure#0}
[INFO] [stdout]    4:     0x5db630a53b09 - std[70759c8f55707aa4]::panicking::default_hook
[INFO] [stdout]    5:     0x5db6309e0750 - test[9d35eded1c95d3be]::test_main_inner::<test[9d35eded1c95d3be]::test_main_static::{closure#0}>::{closure#0}
[INFO] [stdout]    6:     0x5db630a53cc2 - std[70759c8f55707aa4]::panicking::panic_with_hook
[INFO] [stdout]    7:     0x5db630a36b92 - std[70759c8f55707aa4]::panicking::panic_handler::{closure#0}
[INFO] [stdout]    8:     0x5db630a2f5c9 - std[70759c8f55707aa4]::sys::backtrace::__rust_end_short_backtrace::<std[70759c8f55707aa4]::panicking::panic_handler::{closure#0}, !>
[INFO] [stdout]    9:     0x5db630a3778d - __rustc[8fa7c3cbc660c2b3]::rust_begin_unwind
[INFO] [stdout]   10:     0x5db630a727ec - core[df12db4294e9bfd3]::panicking::panic_fmt
[INFO] [stdout]   11:     0x5db630a725c2 - core[df12db4294e9bfd3]::result::unwrap_failed
[INFO] [stdout]   12:     0x5db6309b51dc - oxidebpf[8f02e50d0fb814e0]::bpf::syscall::tests::bpf_map_create_and_write_and_read
[INFO] [stdout]   13:     0x5db6309d3039 - <oxidebpf[8f02e50d0fb814e0]::bpf::syscall::tests::bpf_map_create_and_write_and_read::{closure#0} as core[df12db4294e9bfd3]::ops::function::FnOnce<()>>::call_once
[INFO] [stdout]   14:     0x5db6309d3a3b - test[9d35eded1c95d3be]::__rust_begin_short_backtrace::<core[df12db4294e9bfd3]::result::Result<(), alloc[2182bb758b4b3781]::string::String>, fn() -> core[df12db4294e9bfd3]::result::Result<(), alloc[2182bb758b4b3781]::string::String>>
[INFO] [stdout]   15:     0x5db6309e10a5 - test[9d35eded1c95d3be]::run_test::{closure#0}
[INFO] [stdout]   16:     0x5db6309da964 - std[70759c8f55707aa4]::sys::backtrace::__rust_begin_short_backtrace::<test[9d35eded1c95d3be]::run_test::{closure#1}, ()>
[INFO] [stdout]   17:     0x5db6309e4202 - <std[70759c8f55707aa4]::thread::lifecycle::spawn_unchecked<test[9d35eded1c95d3be]::run_test::{closure#1}, ()>::{closure#1} as core[df12db4294e9bfd3]::ops::function::FnOnce<()>>::call_once::{shim:vtable#0}
[INFO] [stdout]   18:     0x5db630a5b349 - <std[70759c8f55707aa4]::sys::thread::unix::Thread>::new::thread_start
[INFO] [stdout]   19:     0x71215e2c2dfa - <unknown>
[INFO] [stdout]   20:     0x71215e3563d4 - clone
[INFO] [stdout]   21:                0x0 - <unknown>
[INFO] [stdout] 
[INFO] [stdout] ---- maps::map_tests::test_hash_map_bad_index stdout ----
[INFO] [stdout] 
[INFO] [stdout] thread 'maps::map_tests::test_hash_map_bad_index' (856) panicked at src/maps/mod.rs:1174:14:
[INFO] [stdout] Failed to create new map: LinuxError("sys_bpf(0, SizedBpfAttr {\n    bpf_attr: BpfAttr: [1, 0, 0, 0, 4, 0, 0, 0, 8, 0, 0, 0, 0, 4, 0, 0, 0, 0, 0, 0, 0, 0, 0, 0, 0, 0, 0, 0, 0, 0, 0, 0, 0, 0, 0, 0, 0, 0, 0, 0, 0, 0, 0, 0, 0, 0, 0, 0, 0, 0, 0, 0, 0, 0, 0, 0, 0, 0, 0, 0, 0, 0, 0, 0, 96, 0, 0, 0, 0, 0, 0, 0, 0, 0, 0, 0, 0, 0, 0, 0, 97, 3, 2, 0, 0, 0, 0, 0, 160, 12, 0, 56, 33, 113, 0, 0, 0, 0, 0, 0, 0, 0, 0, 0, 48, 0, 0, 0, 0, 0, 0, 0, 48, 0, 0, 56, 33, 113, 0, 0],\n    size: 16,\n})", EPERM)
[INFO] [stdout] stack backtrace:
[INFO] [stdout]    0:     0x5db630a5c321 - <<std[70759c8f55707aa4]::sys::backtrace::BacktraceLock>::print::DisplayBacktrace as core[df12db4294e9bfd3]::fmt::Display>::fmt
[INFO] [stdout]    1:     0x5db630a720ba - core[df12db4294e9bfd3]::fmt::write
[INFO] [stdout]    2:     0x5db630a60afc - <alloc[2182bb758b4b3781]::vec::Vec<u8> as core[df12db4294e9bfd3]::io::write::Write>::write_fmt
[INFO] [stdout]    3:     0x5db630a36ae6 - std[70759c8f55707aa4]::panicking::default_hook::{closure#0}
[INFO] [stdout]    4:     0x5db630a53b09 - std[70759c8f55707aa4]::panicking::default_hook
[INFO] [stdout]    5:     0x5db6309e0750 - test[9d35eded1c95d3be]::test_main_inner::<test[9d35eded1c95d3be]::test_main_static::{closure#0}>::{closure#0}
[INFO] [stdout]    6:     0x5db630a53cc2 - std[70759c8f55707aa4]::panicking::panic_with_hook
[INFO] [stdout]    7:     0x5db630a36b92 - std[70759c8f55707aa4]::panicking::panic_handler::{closure#0}
[INFO] [stdout]    8:     0x5db630a2f5c9 - std[70759c8f55707aa4]::sys::backtrace::__rust_end_short_backtrace::<std[70759c8f55707aa4]::panicking::panic_handler::{closure#0}, !>
[INFO] [stdout]    9:     0x5db630a3778d - __rustc[8fa7c3cbc660c2b3]::rust_begin_unwind
[INFO] [stdout]   10:     0x5db630a727ec - core[df12db4294e9bfd3]::panicking::panic_fmt
[INFO] [stdout]   11:     0x5db630a725c2 - core[df12db4294e9bfd3]::result::unwrap_failed
[INFO] [stdout]   12:     0x5db6309c7e84 - oxidebpf[8f02e50d0fb814e0]::maps::map_tests::test_hash_map_bad_index
[INFO] [stdout]   13:     0x5db6309d2769 - <oxidebpf[8f02e50d0fb814e0]::maps::map_tests::test_hash_map_bad_index::{closure#0} as core[df12db4294e9bfd3]::ops::function::FnOnce<()>>::call_once
[INFO] [stdout]   14:     0x5db6309d3a3b - test[9d35eded1c95d3be]::__rust_begin_short_backtrace::<core[df12db4294e9bfd3]::result::Result<(), alloc[2182bb758b4b3781]::string::String>, fn() -> core[df12db4294e9bfd3]::result::Result<(), alloc[2182bb758b4b3781]::string::String>>
[INFO] [stdout]   15:     0x5db6309e10a5 - test[9d35eded1c95d3be]::run_test::{closure#0}
[INFO] [stdout]   16:     0x5db6309da964 - std[70759c8f55707aa4]::sys::backtrace::__rust_begin_short_backtrace::<test[9d35eded1c95d3be]::run_test::{closure#1}, ()>
[INFO] [stdout]   17:     0x5db6309e4202 - <std[70759c8f55707aa4]::thread::lifecycle::spawn_unchecked<test[9d35eded1c95d3be]::run_test::{closure#1}, ()>::{closure#1} as core[df12db4294e9bfd3]::ops::function::FnOnce<()>>::call_once::{shim:vtable#0}
[INFO] [stdout]   18:     0x5db630a5b349 - <std[70759c8f55707aa4]::sys::thread::unix::Thread>::new::thread_start
[INFO] [stdout]   19:     0x71215e2c2dfa - <unknown>
[INFO] [stdout]   20:     0x71215e3563d4 - clone
[INFO] [stdout]   21:                0x0 - <unknown>
[INFO] [stdout] 
[INFO] [stdout] ---- maps::map_tests::test_map_array_bad_write_index stdout ----
[INFO] [stdout] 
[INFO] [stdout] thread 'maps::map_tests::test_map_array_bad_write_index' (860) panicked at src/maps/mod.rs:1066:14:
[INFO] [stdout] Failed to create new map: LinuxError("sys_bpf(0, SizedBpfAttr {\n    bpf_attr: BpfAttr: [2, 0, 0, 0, 4, 0, 0, 0, 8, 0, 0, 0, 10, 0, 0, 0, 0, 0, 0, 0, 0, 0, 0, 0, 0, 0, 0, 0, 0, 0, 0, 0, 0, 0, 0, 0, 0, 0, 0, 0, 0, 0, 0, 0, 0, 0, 0, 0, 0, 0, 0, 0, 0, 0, 0, 0, 0, 0, 0, 0, 0, 0, 0, 0, 5, 0, 0, 0, 0, 0, 0, 0, 252, 32, 45, 94, 33, 113, 0, 0, 0, 0, 0, 0, 0, 0, 0, 0, 0, 92, 86, 113, 93, 109, 236, 112, 0, 0, 0, 0, 0, 0, 0, 0, 2, 0, 0, 0, 0, 0, 0, 0, 96, 0, 0, 0, 0, 0, 0, 0],\n    size: 16,\n})", EPERM)
[INFO] [stdout] stack backtrace:
[INFO] [stdout]    0:     0x5db630a5c321 - <<std[70759c8f55707aa4]::sys::backtrace::BacktraceLock>::print::DisplayBacktrace as core[df12db4294e9bfd3]::fmt::Display>::fmt
[INFO] [stdout]    1:     0x5db630a720ba - core[df12db4294e9bfd3]::fmt::write
[INFO] [stdout]    2:     0x5db630a60afc - <alloc[2182bb758b4b3781]::vec::Vec<u8> as core[df12db4294e9bfd3]::io::write::Write>::write_fmt
[INFO] [stdout]    3:     0x5db630a36ae6 - std[70759c8f55707aa4]::panicking::default_hook::{closure#0}
[INFO] [stdout]    4:     0x5db630a53b09 - std[70759c8f55707aa4]::panicking::default_hook
[INFO] [stdout]    5:     0x5db6309e0750 - test[9d35eded1c95d3be]::test_main_inner::<test[9d35eded1c95d3be]::test_main_static::{closure#0}>::{closure#0}
[INFO] [stdout]    6:     0x5db630a53cc2 - std[70759c8f55707aa4]::panicking::panic_with_hook
[INFO] [stdout]    7:     0x5db630a36b92 - std[70759c8f55707aa4]::panicking::panic_handler::{closure#0}
[INFO] [stdout]    8:     0x5db630a2f5c9 - std[70759c8f55707aa4]::sys::backtrace::__rust_end_short_backtrace::<std[70759c8f55707aa4]::panicking::panic_handler::{closure#0}, !>
[INFO] [stdout]    9:     0x5db630a3778d - __rustc[8fa7c3cbc660c2b3]::rust_begin_unwind
[INFO] [stdout]   10:     0x5db630a727ec - core[df12db4294e9bfd3]::panicking::panic_fmt
[INFO] [stdout]   11:     0x5db630a725c2 - core[df12db4294e9bfd3]::result::unwrap_failed
[INFO] [stdout]   12:     0x5db6309c8598 - oxidebpf[8f02e50d0fb814e0]::maps::map_tests::test_map_array_bad_write_index
[INFO] [stdout]   13:     0x5db6309d27a9 - <oxidebpf[8f02e50d0fb814e0]::maps::map_tests::test_map_array_bad_write_index::{closure#0} as core[df12db4294e9bfd3]::ops::function::FnOnce<()>>::call_once
[INFO] [stdout]   14:     0x5db6309d3a3b - test[9d35eded1c95d3be]::__rust_begin_short_backtrace::<core[df12db4294e9bfd3]::result::Result<(), alloc[2182bb758b4b3781]::string::String>, fn() -> core[df12db4294e9bfd3]::result::Result<(), alloc[2182bb758b4b3781]::string::String>>
[INFO] [stdout]   15:     0x5db6309e10a5 - test[9d35eded1c95d3be]::run_test::{closure#0}
[INFO] [stdout]   16:     0x5db6309da964 - std[70759c8f55707aa4]::sys::backtrace::__rust_begin_short_backtrace::<test[9d35eded1c95d3be]::run_test::{closure#1}, ()>
[INFO] [stdout]   17:     0x5db6309e4202 - <std[70759c8f55707aa4]::thread::lifecycle::spawn_unchecked<test[9d35eded1c95d3be]::run_test::{closure#1}, ()>::{closure#1} as core[df12db4294e9bfd3]::ops::function::FnOnce<()>>::call_once::{shim:vtable#0}
[INFO] [stdout]   18:     0x5db630a5b349 - <std[70759c8f55707aa4]::sys::thread::unix::Thread>::new::thread_start
[INFO] [stdout]   19:     0x71215e2c2dfa - <unknown>
[INFO] [stdout]   20:     0x71215e3563d4 - clone
[INFO] [stdout]   21:                0x0 - <unknown>
[INFO] [stdout] 
[INFO] [stdout] ---- maps::map_tests::test_map_array_complex_structure stdout ----
[INFO] [stdout] 
[INFO] [stdout] thread 'maps::map_tests::test_map_array_complex_structure' (861) panicked at src/maps/mod.rs:1109:14:
[INFO] [stdout] Failed to create new map: LinuxError("sys_bpf(0, SizedBpfAttr {\n    bpf_attr: BpfAttr: [2, 0, 0, 0, 4, 0, 0, 0, 8, 0, 0, 0, 10, 0, 0, 0, 0, 0, 0, 0, 0, 0, 0, 0, 0, 0, 0, 0, 0, 0, 0, 0, 0, 0, 0, 0, 0, 0, 0, 0, 0, 0, 0, 0, 0, 0, 0, 0, 0, 0, 0, 0, 0, 0, 0, 0, 0, 0, 0, 0, 0, 0, 0, 0, 14, 0, 0, 0, 0, 0, 0, 0, 239, 39, 45, 94, 33, 113, 0, 0, 0, 0, 0, 0, 0, 0, 0, 0, 0, 92, 86, 113, 93, 109, 236, 112, 0, 0, 0, 0, 0, 0, 0, 0, 1, 0, 0, 0, 0, 0, 0, 0, 255, 255, 255, 255, 0, 0, 0, 0],\n    size: 16,\n})", EPERM)
[INFO] [stdout] stack backtrace:
[INFO] [stdout]    0:     0x5db630a5c321 - <<std[70759c8f55707aa4]::sys::backtrace::BacktraceLock>::print::DisplayBacktrace as core[df12db4294e9bfd3]::fmt::Display>::fmt
[INFO] [stdout]    1:     0x5db630a720ba - core[df12db4294e9bfd3]::fmt::write
[INFO] [stdout]    2:     0x5db630a60afc - <alloc[2182bb758b4b3781]::vec::Vec<u8> as core[df12db4294e9bfd3]::io::write::Write>::write_fmt
[INFO] [stdout]    3:     0x5db630a36ae6 - std[70759c8f55707aa4]::panicking::default_hook::{closure#0}
[INFO] [stdout]    4:     0x5db630a53b09 - std[70759c8f55707aa4]::panicking::default_hook
[INFO] [stdout]    5:     0x5db6309e0750 - test[9d35eded1c95d3be]::test_main_inner::<test[9d35eded1c95d3be]::test_main_static::{closure#0}>::{closure#0}
[INFO] [stdout]    6:     0x5db630a53cc2 - std[70759c8f55707aa4]::panicking::panic_with_hook
[INFO] [stdout]    7:     0x5db630a36b92 - std[70759c8f55707aa4]::panicking::panic_handler::{closure#0}
[INFO] [stdout]    8:     0x5db630a2f5c9 - std[70759c8f55707aa4]::sys::backtrace::__rust_end_short_backtrace::<std[70759c8f55707aa4]::panicking::panic_handler::{closure#0}, !>
[INFO] [stdout]    9:     0x5db630a3778d - __rustc[8fa7c3cbc660c2b3]::rust_begin_unwind
[INFO] [stdout]   10:     0x5db630a727ec - core[df12db4294e9bfd3]::panicking::panic_fmt
[INFO] [stdout]   11:     0x5db630a725c2 - core[df12db4294e9bfd3]::result::unwrap_failed
[INFO] [stdout]   12:     0x5db6309c9149 - oxidebpf[8f02e50d0fb814e0]::maps::map_tests::test_map_array_complex_structure
[INFO] [stdout]   13:     0x5db6309d27e9 - <oxidebpf[8f02e50d0fb814e0]::maps::map_tests::test_map_array_complex_structure::{closure#0} as core[df12db4294e9bfd3]::ops::function::FnOnce<()>>::call_once
[INFO] [stdout]   14:     0x5db6309d3a3b - test[9d35eded1c95d3be]::__rust_begin_short_backtrace::<core[df12db4294e9bfd3]::result::Result<(), alloc[2182bb758b4b3781]::string::String>, fn() -> core[df12db4294e9bfd3]::result::Result<(), alloc[2182bb758b4b3781]::string::String>>
[INFO] [stdout]   15:     0x5db6309e10a5 - test[9d35eded1c95d3be]::run_test::{closure#0}
[INFO] [stdout]   16:     0x5db6309da964 - std[70759c8f55707aa4]::sys::backtrace::__rust_begin_short_backtrace::<test[9d35eded1c95d3be]::run_test::{closure#1}, ()>
[INFO] [stdout]   17:     0x5db6309e4202 - <std[70759c8f55707aa4]::thread::lifecycle::spawn_unchecked<test[9d35eded1c95d3be]::run_test::{closure#1}, ()>::{closure#1} as core[df12db4294e9bfd3]::ops::function::FnOnce<()>>::call_once::{shim:vtable#0}
[INFO] [stdout]   18:     0x5db630a5b349 - <std[70759c8f55707aa4]::sys::thread::unix::Thread>::new::thread_start
[INFO] [stdout]   19:     0x71215e2c2dfa - <unknown>
[INFO] [stdout]   20:     0x71215e3563d4 - clone
[INFO] [stdout]   21:                0x0 - <unknown>
[INFO] [stdout] 
[INFO] [stdout] ---- maps::map_tests::test_hash_map stdout ----
[INFO] [stdout] 
[INFO] [stdout] thread 'maps::map_tests::test_hash_map' (855) panicked at src/maps/mod.rs:1148:14:
[INFO] [stdout] Failed to create new map: LinuxError("sys_bpf(0, SizedBpfAttr {\n    bpf_attr: BpfAttr: [1, 0, 0, 0, 4, 0, 0, 0, 8, 0, 0, 0, 0, 4, 0, 0, 0, 0, 0, 0, 0, 0, 0, 0, 0, 0, 0, 0, 0, 0, 0, 0, 0, 0, 0, 0, 0, 0, 0, 0, 0, 0, 0, 0, 0, 0, 0, 0, 0, 0, 0, 0, 0, 0, 0, 0, 0, 0, 0, 0, 0, 0, 0, 0, 0, 0, 0, 0, 0, 0, 0, 0, 0, 0, 0, 0, 0, 0, 0, 0, 0, 0, 0, 0, 0, 0, 0, 0, 0, 0, 0, 0, 0, 0, 0, 0, 0, 0, 0, 0, 0, 0, 0, 0, 0, 0, 0, 0, 0, 0, 0, 0, 0, 0, 0, 0, 0, 0, 0, 0],\n    size: 16,\n})", EPERM)
[INFO] [stdout] stack backtrace:
[INFO] [stdout]    0:     0x5db630a5c321 - <<std[70759c8f55707aa4]::sys::backtrace::BacktraceLock>::print::DisplayBacktrace as core[df12db4294e9bfd3]::fmt::Display>::fmt
[INFO] [stdout]    1:     0x5db630a720ba - core[df12db4294e9bfd3]::fmt::write
[INFO] [stdout]    2:     0x5db630a60afc - <alloc[2182bb758b4b3781]::vec::Vec<u8> as core[df12db4294e9bfd3]::io::write::Write>::write_fmt
[INFO] [stdout]    3:     0x5db630a36ae6 - std[70759c8f55707aa4]::panicking::default_hook::{closure#0}
[INFO] [stdout]    4:     0x5db630a53b09 - std[70759c8f55707aa4]::panicking::default_hook
[INFO] [stdout]    5:     0x5db6309e0750 - test[9d35eded1c95d3be]::test_main_inner::<test[9d35eded1c95d3be]::test_main_static::{closure#0}>::{closure#0}
[INFO] [stdout]    6:     0x5db630a53cc2 - std[70759c8f55707aa4]::panicking::panic_with_hook
[INFO] [stdout]    7:     0x5db630a36b92 - std[70759c8f55707aa4]::panicking::panic_handler::{closure#0}
[INFO] [stdout]    8:     0x5db630a2f5c9 - std[70759c8f55707aa4]::sys::backtrace::__rust_end_short_backtrace::<std[70759c8f55707aa4]::panicking::panic_handler::{closure#0}, !>
[INFO] [stdout]    9:     0x5db630a3778d - __rustc[8fa7c3cbc660c2b3]::rust_begin_unwind
[INFO] [stdout]   10:     0x5db630a727ec - core[df12db4294e9bfd3]::panicking::panic_fmt
[INFO] [stdout]   11:     0x5db630a725c2 - core[df12db4294e9bfd3]::result::unwrap_failed
[INFO] [stdout]   12:     0x5db6309c75a7 - oxidebpf[8f02e50d0fb814e0]::maps::map_tests::test_hash_map
[INFO] [stdout]   13:     0x5db6309d2729 - <oxidebpf[8f02e50d0fb814e0]::maps::map_tests::test_hash_map::{closure#0} as core[df12db4294e9bfd3]::ops::function::FnOnce<()>>::call_once
[INFO] [stdout]   14:     0x5db6309d3a3b - test[9d35eded1c95d3be]::__rust_begin_short_backtrace::<core[df12db4294e9bfd3]::result::Result<(), alloc[2182bb758b4b3781]::string::String>, fn() -> core[df12db4294e9bfd3]::result::Result<(), alloc[2182bb758b4b3781]::string::String>>
[INFO] [stdout]   15:     0x5db6309e10a5 - test[9d35eded1c95d3be]::run_test::{closure#0}
[INFO] [stdout]   16:     0x5db6309da964 - std[70759c8f55707aa4]::sys::backtrace::__rust_begin_short_backtrace::<test[9d35eded1c95d3be]::run_test::{closure#1}, ()>
[INFO] [stdout]   17:     0x5db6309e4202 - <std[70759c8f55707aa4]::thread::lifecycle::spawn_unchecked<test[9d35eded1c95d3be]::run_test::{closure#1}, ()>::{closure#1} as core[df12db4294e9bfd3]::ops::function::FnOnce<()>>::call_once::{shim:vtable#0}
[INFO] [stdout]   18:     0x5db630a5b349 - <std[70759c8f55707aa4]::sys::thread::unix::Thread>::new::thread_start
[INFO] [stdout]   19:     0x71215e2c2dfa - <unknown>
[INFO] [stdout]   20:     0x71215e3563d4 - clone
[INFO] [stdout]   21:                0x0 - <unknown>
[INFO] [stdout] 
[INFO] [stdout] ---- perf::syscall::tests::test_perf_event_ioc_enable stdout ----
[INFO] [stdout] 
[INFO] [stdout] thread 'perf::syscall::tests::test_perf_event_ioc_enable' (863) panicked at src/perf/syscall.rs:656:62:
[INFO] [stdout] called `Result::unwrap()` on an `Err` value: LinuxError("perf_event_open([PerfEventAttr {\n    p_type: 1,\n    size: 120,\n    config: 10,\n    sample_union: PerfSample: 1,\n    sample_type: 1024,\n    read_format: 0,\n    flags: 0,\n    wakeup_union: PerfWakeup: 1,\n    bp_type: 0,\n    bp_addr_union: PerfBpAddr: 0,\n    bp_len_union: PerfBpLen: 0,\n    branch_sample_type: 0,\n    sample_regs_user: 0,\n    sample_stack_user: 0,\n    clockid: 0,\n    sample_regs_intr: 0,\n    aux_watermark: 0,\n    sample_max_stack: 0,\n    __reserved_2: 0,\n    aux_sample_size: 0,\n    __reserved_3: 0,\n}], -1, 0, -1, 0)", EPERM)
[INFO] [stdout] stack backtrace:
[INFO] [stdout]    0:     0x5db630a5c321 - <<std[70759c8f55707aa4]::sys::backtrace::BacktraceLock>::print::DisplayBacktrace as core[df12db4294e9bfd3]::fmt::Display>::fmt
[INFO] [stdout]    1:     0x5db630a720ba - core[df12db4294e9bfd3]::fmt::write
[INFO] [stdout]    2:     0x5db630a60afc - <alloc[2182bb758b4b3781]::vec::Vec<u8> as core[df12db4294e9bfd3]::io::write::Write>::write_fmt
[INFO] [stdout]    3:     0x5db630a36ae6 - std[70759c8f55707aa4]::panicking::default_hook::{closure#0}
[INFO] [stdout]    4:     0x5db630a53b09 - std[70759c8f55707aa4]::panicking::default_hook
[INFO] [stdout]    5:     0x5db6309e0750 - test[9d35eded1c95d3be]::test_main_inner::<test[9d35eded1c95d3be]::test_main_static::{closure#0}>::{closure#0}
[INFO] [stdout]    6:     0x5db630a53cc2 - std[70759c8f55707aa4]::panicking::panic_with_hook
[INFO] [stdout]    7:     0x5db630a36b92 - std[70759c8f55707aa4]::panicking::panic_handler::{closure#0}
[INFO] [stdout]    8:     0x5db630a2f5c9 - std[70759c8f55707aa4]::sys::backtrace::__rust_end_short_backtrace::<std[70759c8f55707aa4]::panicking::panic_handler::{closure#0}, !>
[INFO] [stdout]    9:     0x5db630a3778d - __rustc[8fa7c3cbc660c2b3]::rust_begin_unwind
[INFO] [stdout]   10:     0x5db630a727ec - core[df12db4294e9bfd3]::panicking::panic_fmt
[INFO] [stdout]   11:     0x5db630a725c2 - core[df12db4294e9bfd3]::result::unwrap_failed
[INFO] [stdout]   12:     0x5db6309bf7f4 - oxidebpf[8f02e50d0fb814e0]::perf::syscall::tests::test_perf_event_ioc_enable
[INFO] [stdout]   13:     0x5db6309d3079 - <oxidebpf[8f02e50d0fb814e0]::perf::syscall::tests::test_perf_event_ioc_enable::{closure#0} as core[df12db4294e9bfd3]::ops::function::FnOnce<()>>::call_once
[INFO] [stdout]   14:     0x5db6309d3a3b - test[9d35eded1c95d3be]::__rust_begin_short_backtrace::<core[df12db4294e9bfd3]::result::Result<(), alloc[2182bb758b4b3781]::string::String>, fn() -> core[df12db4294e9bfd3]::result::Result<(), alloc[2182bb758b4b3781]::string::String>>
[INFO] [stdout]   15:     0x5db6309e10a5 - test[9d35eded1c95d3be]::run_test::{closure#0}
[INFO] [stdout]   16:     0x5db6309da964 - std[70759c8f55707aa4]::sys::backtrace::__rust_begin_short_backtrace::<test[9d35eded1c95d3be]::run_test::{closure#1}, ()>
[INFO] [stdout]   17:     0x5db6309e4202 - <std[70759c8f55707aa4]::thread::lifecycle::spawn_unchecked<test[9d35eded1c95d3be]::run_test::{closure#1}, ()>::{closure#1} as core[df12db4294e9bfd3]::ops::function::FnOnce<()>>::call_once::{shim:vtable#0}
[INFO] [stdout]   18:     0x5db630a5b349 - <std[70759c8f55707aa4]::sys::thread::unix::Thread>::new::thread_start
[INFO] [stdout]   19:     0x71215e2c2dfa - <unknown>
[INFO] [stdout]   20:     0x71215e3563d4 - clone
[INFO] [stdout]   21:                0x0 - <unknown>
[INFO] [stdout] 
[INFO] [stdout] ---- perf::syscall::tests::test_perf_event_open stdout ----
[INFO] [stdout] 
[INFO] [stdout] thread 'perf::syscall::tests::test_perf_event_open' (865) panicked at src/perf/syscall.rs:603:52:
[INFO] [stdout] called `Result::unwrap()` on an `Err` value: LinuxError("perf_event_open([PerfEventAttr {\n    p_type: 1,\n    size: 120,\n    config: 10,\n    sample_union: PerfSample: 1,\n    sample_type: 1024,\n    read_format: 0,\n    flags: 0,\n    wakeup_union: PerfWakeup: 1,\n    bp_type: 0,\n    bp_addr_union: PerfBpAddr: 0,\n    bp_len_union: PerfBpLen: 0,\n    branch_sample_type: 0,\n    sample_regs_user: 0,\n    sample_stack_user: 0,\n    clockid: 0,\n    sample_regs_intr: 0,\n    aux_watermark: 0,\n    sample_max_stack: 0,\n    __reserved_2: 0,\n    aux_sample_size: 0,\n    __reserved_3: 0,\n}], -1, 0, -1, 0)", EPERM)
[INFO] [stdout] stack backtrace:
[INFO] [stdout]    0:     0x5db630a5c321 - <<std[70759c8f55707aa4]::sys::backtrace::BacktraceLock>::print::DisplayBacktrace as core[df12db4294e9bfd3]::fmt::Display>::fmt
[INFO] [stdout]    1:     0x5db630a720ba - core[df12db4294e9bfd3]::fmt::write
[INFO] [stdout]    2:     0x5db630a60afc - <alloc[2182bb758b4b3781]::vec::Vec<u8> as core[df12db4294e9bfd3]::io::write::Write>::write_fmt
[INFO] [stdout]    3:     0x5db630a36ae6 - std[70759c8f55707aa4]::panicking::default_hook::{closure#0}
[INFO] [stdout]    4:     0x5db630a53b09 - std[70759c8f55707aa4]::panicking::default_hook
[INFO] [stdout]    5:     0x5db6309e0750 - test[9d35eded1c95d3be]::test_main_inner::<test[9d35eded1c95d3be]::test_main_static::{closure#0}>::{closure#0}
[INFO] [stdout]    6:     0x5db630a53cc2 - std[70759c8f55707aa4]::panicking::panic_with_hook
[INFO] [stdout]    7:     0x5db630a36b92 - std[70759c8f55707aa4]::panicking::panic_handler::{closure#0}
[INFO] [stdout]    8:     0x5db630a2f5c9 - std[70759c8f55707aa4]::sys::backtrace::__rust_end_short_backtrace::<std[70759c8f55707aa4]::panicking::panic_handler::{closure#0}, !>
[INFO] [stdout]    9:     0x5db630a3778d - __rustc[8fa7c3cbc660c2b3]::rust_begin_unwind
[INFO] [stdout]   10:     0x5db630a727ec - core[df12db4294e9bfd3]::panicking::panic_fmt
[INFO] [stdout]   11:     0x5db630a725c2 - core[df12db4294e9bfd3]::result::unwrap_failed
[INFO] [stdout]   12:     0x5db6309bf6f4 - oxidebpf[8f02e50d0fb814e0]::perf::syscall::tests::test_perf_event_open
[INFO] [stdout]   13:     0x5db6309d3059 - <oxidebpf[8f02e50d0fb814e0]::perf::syscall::tests::test_perf_event_open::{closure#0} as core[df12db4294e9bfd3]::ops::function::FnOnce<()>>::call_once
[INFO] [stdout]   14:     0x5db6309d3a3b - test[9d35eded1c95d3be]::__rust_begin_short_backtrace::<core[df12db4294e9bfd3]::result::Result<(), alloc[2182bb758b4b3781]::string::String>, fn() -> core[df12db4294e9bfd3]::result::Result<(), alloc[2182bb758b4b3781]::string::String>>
[INFO] [stdout]   15:     0x5db6309e10a5 - test[9d35eded1c95d3be]::run_test::{closure#0}
[INFO] [stdout]   16:     0x5db6309da964 - std[70759c8f55707aa4]::sys::backtrace::__rust_begin_short_backtrace::<test[9d35eded1c95d3be]::run_test::{closure#1}, ()>
[INFO] [stdout]   17:     0x5db6309e4202 - <std[70759c8f55707aa4]::thread::lifecycle::spawn_unchecked<test[9d35eded1c95d3be]::run_test::{closure#1}, ()>::{closure#1} as core[df12db4294e9bfd3]::ops::function::FnOnce<()>>::call_once::{shim:vtable#0}
[INFO] [stdout]   18:     0x5db630a5b349 - <std[70759c8f55707aa4]::sys::thread::unix::Thread>::new::thread_start
[INFO] [stdout]   19:     0x71215e2c2dfa - <unknown>
[INFO] [stdout]   20:     0x71215e3563d4 - clone
[INFO] [stdout]   21:                0x0 - <unknown>
[INFO] [stdout] 
[INFO] [stdout] ---- blueprint::tests::test_find_running_kernel_version stdout ----
[INFO] [stdout] 
[INFO] [stdout] thread 'blueprint::tests::test_find_running_kernel_version' (843) panicked at src/blueprint.rs:559:9:
[INFO] [stdout] assertion failed: get_running_kernel_version().is_ok()
[INFO] [stdout] stack backtrace:
[INFO] [stdout]    0:     0x5db630a5c321 - <<std[70759c8f55707aa4]::sys::backtrace::BacktraceLock>::print::DisplayBacktrace as core[df12db4294e9bfd3]::fmt::Display>::fmt
[INFO] [stdout]    1:     0x5db630a720ba - core[df12db4294e9bfd3]::fmt::write
[INFO] [stdout]    2:     0x5db630a60afc - <alloc[2182bb758b4b3781]::vec::Vec<u8> as core[df12db4294e9bfd3]::io::write::Write>::write_fmt
[INFO] [stdout]    3:     0x5db630a36ae6 - std[70759c8f55707aa4]::panicking::default_hook::{closure#0}
[INFO] [stdout]    4:     0x5db630a53b09 - std[70759c8f55707aa4]::panicking::default_hook
[INFO] [stdout]    5:     0x5db6309e0750 - test[9d35eded1c95d3be]::test_main_inner::<test[9d35eded1c95d3be]::test_main_static::{closure#0}>::{closure#0}
[INFO] [stdout]    6:     0x5db630a53cc2 - std[70759c8f55707aa4]::panicking::panic_with_hook
[INFO] [stdout]    7:     0x5db630a36bc4 - std[70759c8f55707aa4]::panicking::panic_handler::{closure#0}
[INFO] [stdout]    8:     0x5db630a2f5c9 - std[70759c8f55707aa4]::sys::backtrace::__rust_end_short_backtrace::<std[70759c8f55707aa4]::panicking::panic_handler::{closure#0}, !>
[INFO] [stdout]    9:     0x5db630a3778d - __rustc[8fa7c3cbc660c2b3]::rust_begin_unwind
[INFO] [stdout]   10:     0x5db630a727ec - core[df12db4294e9bfd3]::panicking::panic_fmt
[INFO] [stdout]   11:     0x5db630a727b2 - core[df12db4294e9bfd3]::panicking::panic
[INFO] [stdout]   12:     0x5db6309d2fac - <oxidebpf[8f02e50d0fb814e0]::blueprint::tests::test_find_running_kernel_version::{closure#0} as core[df12db4294e9bfd3]::ops::function::FnOnce<()>>::call_once
[INFO] [stdout]   13:     0x5db6309d3a3b - test[9d35eded1c95d3be]::__rust_begin_short_backtrace::<core[df12db4294e9bfd3]::result::Result<(), alloc[2182bb758b4b3781]::string::String>, fn() -> core[df12db4294e9bfd3]::result::Result<(), alloc[2182bb758b4b3781]::string::String>>
[INFO] [stdout]   14:     0x5db6309e10a5 - test[9d35eded1c95d3be]::run_test::{closure#0}
[INFO] [stdout]   15:     0x5db6309da964 - std[70759c8f55707aa4]::sys::backtrace::__rust_begin_short_backtrace::<test[9d35eded1c95d3be]::run_test::{closure#1}, ()>
[INFO] [stdout]   16:     0x5db6309e4202 - <std[70759c8f55707aa4]::thread::lifecycle::spawn_unchecked<test[9d35eded1c95d3be]::run_test::{closure#1}, ()>::{closure#1} as core[df12db4294e9bfd3]::ops::function::FnOnce<()>>::call_once::{shim:vtable#0}
[INFO] [stdout]   17:     0x5db630a5b349 - <std[70759c8f55707aa4]::sys::thread::unix::Thread>::new::thread_start
[INFO] [stdout]   18:     0x71215e2c2dfa - <unknown>
[INFO] [stdout]   19:     0x71215e3563d4 - clone
[INFO] [stdout]   20:                0x0 - <unknown>
[INFO] [stdout] 
[INFO] [stdout] ---- bpf::syscall::tests::bpf_map_create stdout ----
[INFO] [stdout] 
[INFO] [stdout] thread 'bpf::syscall::tests::bpf_map_create' (845) panicked at src/bpf/syscall.rs:286:10:
[INFO] [stdout] called `Result::unwrap()` on an `Err` value: LinuxError("sys_bpf(0, SizedBpfAttr {\n    bpf_attr: BpfAttr: [2, 0, 0, 0, 4, 0, 0, 0, 4, 0, 0, 0, 10, 0, 0, 0, 0, 0, 0, 0, 0, 0, 0, 0, 0, 0, 0, 0, 0, 0, 0, 0, 0, 0, 0, 0, 0, 0, 0, 0, 0, 0, 0, 0, 0, 0, 0, 0, 0, 0, 0, 0, 0, 0, 0, 0, 0, 0, 0, 0, 0, 0, 0, 0, 97, 3, 2, 0, 0, 0, 0, 0, 160, 12, 0, 60, 33, 113, 0, 0, 0, 0, 0, 0, 0, 0, 0, 0, 48, 0, 0, 0, 0, 0, 0, 0, 48, 0, 0, 60, 33, 113, 0, 0, 176, 0, 19, 89, 255, 127, 0, 0, 255, 255, 255, 255, 0, 0, 0, 0],\n    size: 16,\n})", EPERM)
[INFO] [stdout] stack backtrace:
[INFO] [stdout]    0:     0x5db630a5c321 - <<std[70759c8f55707aa4]::sys::backtrace::BacktraceLock>::print::DisplayBacktrace as core[df12db4294e9bfd3]::fmt::Display>::fmt
[INFO] [stdout]    1:     0x5db630a720ba - core[df12db4294e9bfd3]::fmt::write
[INFO] [stdout]    2:     0x5db630a60afc - <alloc[2182bb758b4b3781]::vec::Vec<u8> as core[df12db4294e9bfd3]::io::write::Write>::write_fmt
[INFO] [stdout]    3:     0x5db630a36ae6 - std[70759c8f55707aa4]::panicking::default_hook::{closure#0}
[INFO] [stdout]    4:     0x5db630a53b09 - std[70759c8f55707aa4]::panicking::default_hook
[INFO] [stdout]    5:     0x5db6309e0750 - test[9d35eded1c95d3be]::test_main_inner::<test[9d35eded1c95d3be]::test_main_static::{closure#0}>::{closure#0}
[INFO] [stdout]    6:     0x5db630a53cc2 - std[70759c8f55707aa4]::panicking::panic_with_hook
[INFO] [stdout]    7:     0x5db630a36b92 - std[70759c8f55707aa4]::panicking::panic_handler::{closure#0}
[INFO] [stdout]    8:     0x5db630a2f5c9 - std[70759c8f55707aa4]::sys::backtrace::__rust_end_short_backtrace::<std[70759c8f55707aa4]::panicking::panic_handler::{closure#0}, !>
[INFO] [stdout]    9:     0x5db630a3778d - __rustc[8fa7c3cbc660c2b3]::rust_begin_unwind
[INFO] [stdout]   10:     0x5db630a727ec - core[df12db4294e9bfd3]::panicking::panic_fmt
[INFO] [stdout]   11:     0x5db630a725c2 - core[df12db4294e9bfd3]::result::unwrap_failed
[INFO] [stdout]   12:     0x5db6309b48d2 - oxidebpf[8f02e50d0fb814e0]::bpf::syscall::tests::bpf_map_create
[INFO] [stdout]   13:     0x5db6309d2fd9 - <oxidebpf[8f02e50d0fb814e0]::bpf::syscall::tests::bpf_map_create::{closure#0} as core[df12db4294e9bfd3]::ops::function::FnOnce<()>>::call_once
[INFO] [stdout]   14:     0x5db6309d3a3b - test[9d35eded1c95d3be]::__rust_begin_short_backtrace::<core[df12db4294e9bfd3]::result::Result<(), alloc[2182bb758b4b3781]::string::String>, fn() -> core[df12db4294e9bfd3]::result::Result<(), alloc[2182bb758b4b3781]::string::String>>
[INFO] [stdout]   15:     0x5db6309e10a5 - test[9d35eded1c95d3be]::run_test::{closure#0}
[INFO] [stdout]   16:     0x5db6309da964 - std[70759c8f55707aa4]::sys::backtrace::__rust_begin_short_backtrace::<test[9d35eded1c95d3be]::run_test::{closure#1}, ()>
[INFO] [stdout]   17:     0x5db6309e4202 - <std[70759c8f55707aa4]::thread::lifecycle::spawn_unchecked<test[9d35eded1c95d3be]::run_test::{closure#1}, ()>::{closure#1} as core[df12db4294e9bfd3]::ops::function::FnOnce<()>>::call_once::{shim:vtable#0}
[INFO] [stdout]   18:     0x5db630a5b349 - <std[70759c8f55707aa4]::sys::thread::unix::Thread>::new::thread_start
[INFO] [stdout]   19:     0x71215e2c2dfa - <unknown>
[INFO] [stdout]   20:     0x71215e3563d4 - clone
[INFO] [stdout]   21:                0x0 - <unknown>
[INFO] [stdout] 
[INFO] [stdout] ---- blueprint::tests::test_blueprint_object_parsing stdout ----
[INFO] [stdout] 
[INFO] [stdout] thread 'blueprint::tests::test_blueprint_object_parsing' (842) panicked at src/blueprint.rs:574:9:
[INFO] [stdout] test program object not found: "/opt/rustwide/workdir/test/test_program_x86_64"
[INFO] [stdout] stack backtrace:
[INFO] [stdout]    0:     0x5db630a5c321 - <<std[70759c8f55707aa4]::sys::backtrace::BacktraceLock>::print::DisplayBacktrace as core[df12db4294e9bfd3]::fmt::Display>::fmt
[INFO] [stdout]    1:     0x5db630a720ba - core[df12db4294e9bfd3]::fmt::write
[INFO] [stdout]    2:     0x5db630a60afc - <alloc[2182bb758b4b3781]::vec::Vec<u8> as core[df12db4294e9bfd3]::io::write::Write>::write_fmt
[INFO] [stdout]    3:     0x5db630a36ae6 - std[70759c8f55707aa4]::panicking::default_hook::{closure#0}
[INFO] [stdout]    4:     0x5db630a53b09 - std[70759c8f55707aa4]::panicking::default_hook
[INFO] [stdout]    5:     0x5db6309e0750 - test[9d35eded1c95d3be]::test_main_inner::<test[9d35eded1c95d3be]::test_main_static::{closure#0}>::{closure#0}
[INFO] [stdout]    6:     0x5db630a53cc2 - std[70759c8f55707aa4]::panicking::panic_with_hook
[INFO] [stdout]    7:     0x5db630a36b92 - std[70759c8f55707aa4]::panicking::panic_handler::{closure#0}
[INFO] [stdout]    8:     0x5db630a2f5c9 - std[70759c8f55707aa4]::sys::backtrace::__rust_end_short_backtrace::<std[70759c8f55707aa4]::panicking::panic_handler::{closure#0}, !>
[INFO] [stdout]    9:     0x5db630a3778d - __rustc[8fa7c3cbc660c2b3]::rust_begin_unwind
[INFO] [stdout]   10:     0x5db630a727ec - core[df12db4294e9bfd3]::panicking::panic_fmt
[INFO] [stdout]   11:     0x5db6309b4397 - oxidebpf[8f02e50d0fb814e0]::blueprint::tests::test_blueprint_object_parsing
[INFO] [stdout]   12:     0x5db6309d2f49 - <oxidebpf[8f02e50d0fb814e0]::blueprint::tests::test_blueprint_object_parsing::{closure#0} as core[df12db4294e9bfd3]::ops::function::FnOnce<()>>::call_once
[INFO] [stdout]   13:     0x5db6309d3a3b - test[9d35eded1c95d3be]::__rust_begin_short_backtrace::<core[df12db4294e9bfd3]::result::Result<(), alloc[2182bb758b4b3781]::string::String>, fn() -> core[df12db4294e9bfd3]::result::Result<(), alloc[2182bb758b4b3781]::string::String>>
[INFO] [stdout]   14:     0x5db6309e10a5 - test[9d35eded1c95d3be]::run_test::{closure#0}
[INFO] [stdout]   15:     0x5db6309da964 - std[70759c8f55707aa4]::sys::backtrace::__rust_begin_short_backtrace::<test[9d35eded1c95d3be]::run_test::{closure#1}, ()>
[INFO] [stdout]   16:     0x5db6309e4202 - <std[70759c8f55707aa4]::thread::lifecycle::spawn_unchecked<test[9d35eded1c95d3be]::run_test::{closure#1}, ()>::{closure#1} as core[df12db4294e9bfd3]::ops::function::FnOnce<()>>::call_once::{shim:vtable#0}
[INFO] [stdout]   17:     0x5db630a5b349 - <std[70759c8f55707aa4]::sys::thread::unix::Thread>::new::thread_start
[INFO] [stdout]   18:     0x71215e2c2dfa - <unknown>
[INFO] [stdout]   19:     0x71215e3563d4 - clone
[INFO] [stdout]   20:                0x0 - <unknown>
[INFO] [stdout] 
[INFO] [stdout] ---- perf::syscall::tests::test_perf_event_ioc_set_bpf stdout ----
[INFO] [stdout] 
[INFO] [stdout] thread 'perf::syscall::tests::test_perf_event_ioc_set_bpf' (864) panicked at src/perf/syscall.rs:614:14:
[INFO] [stdout] Could not open test program: Os { code: 2, kind: NotFound, message: "No such file or directory" }
[INFO] [stdout] stack backtrace:
[INFO] [stdout]    0:     0x5db630a5c321 - <<std[70759c8f55707aa4]::sys::backtrace::BacktraceLock>::print::DisplayBacktrace as core[df12db4294e9bfd3]::fmt::Display>::fmt
[INFO] [stdout]    1:     0x5db630a720ba - core[df12db4294e9bfd3]::fmt::write
[INFO] [stdout]    2:     0x5db630a60afc - <alloc[2182bb758b4b3781]::vec::Vec<u8> as core[df12db4294e9bfd3]::io::write::Write>::write_fmt
[INFO] [stdout]    3:     0x5db630a36ae6 - std[70759c8f55707aa4]::panicking::default_hook::{closure#0}
[INFO] [stdout]    4:     0x5db630a53b09 - std[70759c8f55707aa4]::panicking::default_hook
[INFO] [stdout]    5:     0x5db6309e0750 - test[9d35eded1c95d3be]::test_main_inner::<test[9d35eded1c95d3be]::test_main_static::{closure#0}>::{closure#0}
[INFO] [stdout]    6:     0x5db630a53cc2 - std[70759c8f55707aa4]::panicking::panic_with_hook
[INFO] [stdout]    7:     0x5db630a36b92 - std[70759c8f55707aa4]::panicking::panic_handler::{closure#0}
[INFO] [stdout]    8:     0x5db630a2f5c9 - std[70759c8f55707aa4]::sys::backtrace::__rust_end_short_backtrace::<std[70759c8f55707aa4]::panicking::panic_handler::{closure#0}, !>
[INFO] [stdout]    9:     0x5db630a3778d - __rustc[8fa7c3cbc660c2b3]::rust_begin_unwind
[INFO] [stdout]   10:     0x5db630a727ec - core[df12db4294e9bfd3]::panicking::panic_fmt
[INFO] [stdout]   11:     0x5db630a725c2 - core[df12db4294e9bfd3]::result::unwrap_failed
[INFO] [stdout]   12:     0x5db6309c025c - oxidebpf[8f02e50d0fb814e0]::perf::syscall::tests::test_perf_event_ioc_set_bpf
[INFO] [stdout]   13:     0x5db6309d30b9 - <oxidebpf[8f02e50d0fb814e0]::perf::syscall::tests::test_perf_event_ioc_set_bpf::{closure#0} as core[df12db4294e9bfd3]::ops::function::FnOnce<()>>::call_once
[INFO] [stdout]   14:     0x5db6309d3a3b - test[9d35eded1c95d3be]::__rust_begin_short_backtrace::<core[df12db4294e9bfd3]::result::Result<(), alloc[2182bb758b4b3781]::string::String>, fn() -> core[df12db4294e9bfd3]::result::Result<(), alloc[2182bb758b4b3781]::string::String>>
[INFO] [stdout]   15:     0x5db6309e10a5 - test[9d35eded1c95d3be]::run_test::{closure#0}
[INFO] [stdout]   16:     0x5db6309da964 - std[70759c8f55707aa4]::sys::backtrace::__rust_begin_short_backtrace::<test[9d35eded1c95d3be]::run_test::{closure#1}, ()>
[INFO] [stdout]   17:     0x5db6309e4202 - <std[70759c8f55707aa4]::thread::lifecycle::spawn_unchecked<test[9d35eded1c95d3be]::run_test::{closure#1}, ()>::{closure#1} as core[df12db4294e9bfd3]::ops::function::FnOnce<()>>::call_once::{shim:vtable#0}
[INFO] [stdout]   18:     0x5db630a5b349 - <std[70759c8f55707aa4]::sys::thread::unix::Thread>::new::thread_start
[INFO] [stdout]   19:     0x71215e2c2dfa - <unknown>
[INFO] [stdout]   20:     0x71215e3563d4 - clone
[INFO] [stdout]   21:                0x0 - <unknown>
[INFO] [stdout] 
[INFO] [stdout] ---- bpf::syscall::tests::test_bpf_prog_load stdout ----
[INFO] [stdout] 
[INFO] [stdout] thread 'bpf::syscall::tests::test_bpf_prog_load' (848) panicked at src/bpf/syscall.rs:390:38:
[INFO] [stderr] error: test failed, to rerun pass `--lib`
[INFO] [stdout] called `Result::unwrap()` on an `Err` value: Os { code: 2, kind: NotFound, message: "No such file or directory" }
[INFO] [stdout] stack backtrace:
[INFO] [stdout]    0:     0x5db630a5c321 - <<std[70759c8f55707aa4]::sys::backtrace::BacktraceLock>::print::DisplayBacktrace as core[df12db4294e9bfd3]::fmt::Display>::fmt
[INFO] [stdout]    1:     0x5db630a720ba - core[df12db4294e9bfd3]::fmt::write
[INFO] [stdout]    2:     0x5db630a60afc - <alloc[2182bb758b4b3781]::vec::Vec<u8> as core[df12db4294e9bfd3]::io::write::Write>::write_fmt
[INFO] [stdout]    3:     0x5db630a36ae6 - std[70759c8f55707aa4]::panicking::default_hook::{closure#0}
[INFO] [stdout]    4:     0x5db630a53b09 - std[70759c8f55707aa4]::panicking::default_hook
[INFO] [stdout]    5:     0x5db6309e0750 - test[9d35eded1c95d3be]::test_main_inner::<test[9d35eded1c95d3be]::test_main_static::{closure#0}>::{closure#0}
[INFO] [stdout]    6:     0x5db630a53cc2 - std[70759c8f55707aa4]::panicking::panic_with_hook
[INFO] [stdout]    7:     0x5db630a36b92 - std[70759c8f55707aa4]::panicking::panic_handler::{closure#0}
[INFO] [stdout]    8:     0x5db630a2f5c9 - std[70759c8f55707aa4]::sys::backtrace::__rust_end_short_backtrace::<std[70759c8f55707aa4]::panicking::panic_handler::{closure#0}, !>
[INFO] [stdout]    9:     0x5db630a3778d - __rustc[8fa7c3cbc660c2b3]::rust_begin_unwind
[INFO] [stdout]   10:     0x5db630a727ec - core[df12db4294e9bfd3]::panicking::panic_fmt
[INFO] [stdout]   11:     0x5db630a725c2 - core[df12db4294e9bfd3]::result::unwrap_failed
[INFO] [stdout]   12:     0x5db6309b4c69 - oxidebpf[8f02e50d0fb814e0]::bpf::syscall::tests::test_bpf_prog_load
[INFO] [stdout]   13:     0x5db6309d2ff9 - <oxidebpf[8f02e50d0fb814e0]::bpf::syscall::tests::test_bpf_prog_load::{closure#0} as core[df12db4294e9bfd3]::ops::function::FnOnce<()>>::call_once
[INFO] [stdout]   14:     0x5db6309d3a3b - test[9d35eded1c95d3be]::__rust_begin_short_backtrace::<core[df12db4294e9bfd3]::result::Result<(), alloc[2182bb758b4b3781]::string::String>, fn() -> core[df12db4294e9bfd3]::result::Result<(), alloc[2182bb758b4b3781]::string::String>>
[INFO] [stdout]   15:     0x5db6309e10a5 - test[9d35eded1c95d3be]::run_test::{closure#0}
[INFO] [stdout]   16:     0x5db6309da964 - std[70759c8f55707aa4]::sys::backtrace::__rust_begin_short_backtrace::<test[9d35eded1c95d3be]::run_test::{closure#1}, ()>
[INFO] [stdout]   17:     0x5db6309e4202 - <std[70759c8f55707aa4]::thread::lifecycle::spawn_unchecked<test[9d35eded1c95d3be]::run_test::{closure#1}, ()>::{closure#1} as core[df12db4294e9bfd3]::ops::function::FnOnce<()>>::call_once::{shim:vtable#0}
[INFO] [stdout]   18:     0x5db630a5b349 - <std[70759c8f55707aa4]::sys::thread::unix::Thread>::new::thread_start
[INFO] [stdout]   19:     0x71215e2c2dfa - <unknown>
[INFO] [stdout]   20:     0x71215e3563d4 - clone
[INFO] [stdout]   21:                0x0 - <unknown>
[INFO] [stdout] 
[INFO] [stdout] ---- program_tests::test_program_group_hash_maps stdout ----
[INFO] [stdout] 
[INFO] [stdout] thread 'program_tests::test_program_group_hash_maps' (869) panicked at src/lib.rs:801:59:
[INFO] [stdout] Could not open file: Os { code: 2, kind: NotFound, message: "No such file or directory" }
[INFO] [stdout] stack backtrace:
[INFO] [stdout]    0:     0x5db630a5c321 - <<std[70759c8f55707aa4]::sys::backtrace::BacktraceLock>::print::DisplayBacktrace as core[df12db4294e9bfd3]::fmt::Display>::fmt
[INFO] [stdout]    1:     0x5db630a720ba - core[df12db4294e9bfd3]::fmt::write
[INFO] [stdout]    2:     0x5db630a60afc - <alloc[2182bb758b4b3781]::vec::Vec<u8> as core[df12db4294e9bfd3]::io::write::Write>::write_fmt
[INFO] [stdout]    3:     0x5db630a36ae6 - std[70759c8f55707aa4]::panicking::default_hook::{closure#0}
[INFO] [stdout]    4:     0x5db630a53b09 - std[70759c8f55707aa4]::panicking::default_hook
[INFO] [stdout]    5:     0x5db6309e0750 - test[9d35eded1c95d3be]::test_main_inner::<test[9d35eded1c95d3be]::test_main_static::{closure#0}>::{closure#0}
[INFO] [stdout]    6:     0x5db630a53cc2 - std[70759c8f55707aa4]::panicking::panic_with_hook
[INFO] [stdout]    7:     0x5db630a36b92 - std[70759c8f55707aa4]::panicking::panic_handler::{closure#0}
[INFO] [stdout]    8:     0x5db630a2f5c9 - std[70759c8f55707aa4]::sys::backtrace::__rust_end_short_backtrace::<std[70759c8f55707aa4]::panicking::panic_handler::{closure#0}, !>
[INFO] [stdout]    9:     0x5db630a3778d - __rustc[8fa7c3cbc660c2b3]::rust_begin_unwind
[INFO] [stdout]   10:     0x5db630a727ec - core[df12db4294e9bfd3]::panicking::panic_fmt
[INFO] [stdout]   11:     0x5db630a725c2 - core[df12db4294e9bfd3]::result::unwrap_failed
[INFO] [stdout]   12:     0x5db6309c4136 - oxidebpf[8f02e50d0fb814e0]::program_tests::test_program_group_hash_maps
[INFO] [stdout]   13:     0x5db6309d1ac9 - <oxidebpf[8f02e50d0fb814e0]::program_tests::test_program_group_hash_maps::{closure#0} as core[df12db4294e9bfd3]::ops::function::FnOnce<()>>::call_once
[INFO] [stdout]   14:     0x5db6309d3a3b - test[9d35eded1c95d3be]::__rust_begin_short_backtrace::<core[df12db4294e9bfd3]::result::Result<(), alloc[2182bb758b4b3781]::string::String>, fn() -> core[df12db4294e9bfd3]::result::Result<(), alloc[2182bb758b4b3781]::string::String>>
[INFO] [stdout]   15:     0x5db6309e10a5 - test[9d35eded1c95d3be]::run_test::{closure#0}
[INFO] [stdout]   16:     0x5db6309da964 - std[70759c8f55707aa4]::sys::backtrace::__rust_begin_short_backtrace::<test[9d35eded1c95d3be]::run_test::{closure#1}, ()>
[INFO] [stdout]   17:     0x5db6309e4202 - <std[70759c8f55707aa4]::thread::lifecycle::spawn_unchecked<test[9d35eded1c95d3be]::run_test::{closure#1}, ()>::{closure#1} as core[df12db4294e9bfd3]::ops::function::FnOnce<()>>::call_once::{shim:vtable#0}
[INFO] [stdout]   18:     0x5db630a5b349 - <std[70759c8f55707aa4]::sys::thread::unix::Thread>::new::thread_start
[INFO] [stdout]   19:     0x71215e2c2dfa - <unknown>
[INFO] [stdout]   20:     0x71215e3563d4 - clone
[INFO] [stdout]   21:                0x0 - <unknown>
[INFO] [stdout] 
[INFO] [stdout] ---- perf::syscall::tests::test_perf_event_ioc_disable stdout ----
[INFO] [stdout] 
[INFO] [stdout] thread 'perf::syscall::tests::test_perf_event_ioc_disable' (862) panicked at src/perf/syscall.rs:671:62:
[INFO] [stdout] called `Result::unwrap()` on an `Err` value: LinuxError("perf_event_open([PerfEventAttr {\n    p_type: 1,\n    size: 120,\n    config: 10,\n    sample_union: PerfSample: 1,\n    sample_type: 1024,\n    read_format: 0,\n    flags: 0,\n    wakeup_union: PerfWakeup: 1,\n    bp_type: 0,\n    bp_addr_union: PerfBpAddr: 0,\n    bp_len_union: PerfBpLen: 0,\n    branch_sample_type: 0,\n    sample_regs_user: 0,\n    sample_stack_user: 0,\n    clockid: 0,\n    sample_regs_intr: 0,\n    aux_watermark: 0,\n    sample_max_stack: 0,\n    __reserved_2: 0,\n    aux_sample_size: 0,\n    __reserved_3: 0,\n}], -1, 0, -1, 0)", EPERM)
[INFO] [stdout] stack backtrace:
[INFO] [stdout]    0:     0x5db630a5c321 - <<std[70759c8f55707aa4]::sys::backtrace::BacktraceLock>::print::DisplayBacktrace as core[df12db4294e9bfd3]::fmt::Display>::fmt
[INFO] [stdout]    1:     0x5db630a720ba - core[df12db4294e9bfd3]::fmt::write
[INFO] [stdout]    2:     0x5db630a60afc - <alloc[2182bb758b4b3781]::vec::Vec<u8> as core[df12db4294e9bfd3]::io::write::Write>::write_fmt
[INFO] [stdout]    3:     0x5db630a36ae6 - std[70759c8f55707aa4]::panicking::default_hook::{closure#0}
[INFO] [stdout]    4:     0x5db630a53b09 - std[70759c8f55707aa4]::panicking::default_hook
[INFO] [stdout]    5:     0x5db6309e0750 - test[9d35eded1c95d3be]::test_main_inner::<test[9d35eded1c95d3be]::test_main_static::{closure#0}>::{closure#0}
[INFO] [stdout]    6:     0x5db630a53cc2 - std[70759c8f55707aa4]::panicking::panic_with_hook
[INFO] [stdout]    7:     0x5db630a36b92 - std[70759c8f55707aa4]::panicking::panic_handler::{closure#0}
[INFO] [stdout]    8:     0x5db630a2f5c9 - std[70759c8f55707aa4]::sys::backtrace::__rust_end_short_backtrace::<std[70759c8f55707aa4]::panicking::panic_handler::{closure#0}, !>
[INFO] [stdout]    9:     0x5db630a3778d - __rustc[8fa7c3cbc660c2b3]::rust_begin_unwind
[INFO] [stdout]   10:     0x5db630a727ec - core[df12db4294e9bfd3]::panicking::panic_fmt
[INFO] [stdout]   11:     0x5db630a725c2 - core[df12db4294e9bfd3]::result::unwrap_failed
[INFO] [stdout]   12:     0x5db6309bf96f - oxidebpf[8f02e50d0fb814e0]::perf::syscall::tests::test_perf_event_ioc_disable
[INFO] [stdout]   13:     0x5db6309d3099 - <oxidebpf[8f02e50d0fb814e0]::perf::syscall::tests::test_perf_event_ioc_disable::{closure#0} as core[df12db4294e9bfd3]::ops::function::FnOnce<()>>::call_once
[INFO] [stdout]   14:     0x5db6309d3a3b - test[9d35eded1c95d3be]::__rust_begin_short_backtrace::<core[df12db4294e9bfd3]::result::Result<(), alloc[2182bb758b4b3781]::string::String>, fn() -> core[df12db4294e9bfd3]::result::Result<(), alloc[2182bb758b4b3781]::string::String>>
[INFO] [stdout]   15:     0x5db6309e10a5 - test[9d35eded1c95d3be]::run_test::{closure#0}
[INFO] [stdout]   16:     0x5db6309da964 - std[70759c8f55707aa4]::sys::backtrace::__rust_begin_short_backtrace::<test[9d35eded1c95d3be]::run_test::{closure#1}, ()>
[INFO] [stdout]   17:     0x5db6309e4202 - <std[70759c8f55707aa4]::thread::lifecycle::spawn_unchecked<test[9d35eded1c95d3be]::run_test::{closure#1}, ()>::{closure#1} as core[df12db4294e9bfd3]::ops::function::FnOnce<()>>::call_once::{shim:vtable#0}
[INFO] [stdout]   18:     0x5db630a5b349 - <std[70759c8f55707aa4]::sys::thread::unix::Thread>::new::thread_start
[INFO] [stdout]   19:     0x71215e2c2dfa - <unknown>
[INFO] [stdout]   20:     0x71215e3563d4 - clone
[INFO] [stdout]   21:                0x0 - <unknown>
[INFO] [stdout] 
[INFO] [stdout] ---- program_tests::test_program_group stdout ----
[INFO] [stdout] 
[INFO] [stdout] thread 'program_tests::test_program_group' (867) panicked at src/lib.rs:640:59:
[INFO] [stdout] Could not open file: Os { code: 2, kind: NotFound, message: "No such file or directory" }
[INFO] [stdout] stack backtrace:
[INFO] [stdout]    0:     0x5db630a5c321 - <<std[70759c8f55707aa4]::sys::backtrace::BacktraceLock>::print::DisplayBacktrace as core[df12db4294e9bfd3]::fmt::Display>::fmt
[INFO] [stdout]    1:     0x5db630a720ba - core[df12db4294e9bfd3]::fmt::write
[INFO] [stdout]    2:     0x5db630a60afc - <alloc[2182bb758b4b3781]::vec::Vec<u8> as core[df12db4294e9bfd3]::io::write::Write>::write_fmt
[INFO] [stdout]    3:     0x5db630a36ae6 - std[70759c8f55707aa4]::panicking::default_hook::{closure#0}
[INFO] [stdout]    4:     0x5db630a53b09 - std[70759c8f55707aa4]::panicking::default_hook
[INFO] [stdout]    5:     0x5db6309e0750 - test[9d35eded1c95d3be]::test_main_inner::<test[9d35eded1c95d3be]::test_main_static::{closure#0}>::{closure#0}
[INFO] [stdout]    6:     0x5db630a53cc2 - std[70759c8f55707aa4]::panicking::panic_with_hook
[INFO] [stdout]    7:     0x5db630a36b92 - std[70759c8f55707aa4]::panicking::panic_handler::{closure#0}
[INFO] [stdout]    8:     0x5db630a2f5c9 - std[70759c8f55707aa4]::sys::backtrace::__rust_end_short_backtrace::<std[70759c8f55707aa4]::panicking::panic_handler::{closure#0}, !>
[INFO] [stdout]    9:     0x5db630a3778d - __rustc[8fa7c3cbc660c2b3]::rust_begin_unwind
[INFO] [stdout]   10:     0x5db630a727ec - core[df12db4294e9bfd3]::panicking::panic_fmt
[INFO] [stdout]   11:     0x5db630a725c2 - core[df12db4294e9bfd3]::result::unwrap_failed
[INFO] [stdout]   12:     0x5db6309c3722 - oxidebpf[8f02e50d0fb814e0]::program_tests::test_program_group
[INFO] [stdout]   13:     0x5db6309d1aa9 - <oxidebpf[8f02e50d0fb814e0]::program_tests::test_program_group::{closure#0} as core[df12db4294e9bfd3]::ops::function::FnOnce<()>>::call_once
[INFO] [stdout]   14:     0x5db6309d3a3b - test[9d35eded1c95d3be]::__rust_begin_short_backtrace::<core[df12db4294e9bfd3]::result::Result<(), alloc[2182bb758b4b3781]::string::String>, fn() -> core[df12db4294e9bfd3]::result::Result<(), alloc[2182bb758b4b3781]::string::String>>
[INFO] [stdout]   15:     0x5db6309e10a5 - test[9d35eded1c95d3be]::run_test::{closure#0}
[INFO] [stdout]   16:     0x5db6309da964 - std[70759c8f55707aa4]::sys::backtrace::__rust_begin_short_backtrace::<test[9d35eded1c95d3be]::run_test::{closure#1}, ()>
[INFO] [stdout]   17:     0x5db6309e4202 - <std[70759c8f55707aa4]::thread::lifecycle::spawn_unchecked<test[9d35eded1c95d3be]::run_test::{closure#1}, ()>::{closure#1} as core[df12db4294e9bfd3]::ops::function::FnOnce<()>>::call_once::{shim:vtable#0}
[INFO] [stdout]   18:     0x5db630a5b349 - <std[70759c8f55707aa4]::sys::thread::unix::Thread>::new::thread_start
[INFO] [stdout]   19:     0x71215e2c2dfa - <unknown>
[INFO] [stdout]   20:     0x71215e3563d4 - clone
[INFO] [stdout]   21:                0x0 - <unknown>
[INFO] [stdout] 
[INFO] [stdout] ---- program_tests::test_memlock_limit stdout ----
[INFO] [stdout] 
[INFO] [stdout] thread 'program_tests::test_memlock_limit' (866) panicked at src/lib.rs:662:59:
[INFO] [stdout] Could not open file: Os { code: 2, kind: NotFound, message: "No such file or directory" }
[INFO] [stdout] stack backtrace:
[INFO] [stdout]    0:     0x5db630a5c321 - <<std[70759c8f55707aa4]::sys::backtrace::BacktraceLock>::print::DisplayBacktrace as core[df12db4294e9bfd3]::fmt::Display>::fmt
[INFO] [stdout]    1:     0x5db630a720ba - core[df12db4294e9bfd3]::fmt::write
[INFO] [stdout]    2:     0x5db630a60afc - <alloc[2182bb758b4b3781]::vec::Vec<u8> as core[df12db4294e9bfd3]::io::write::Write>::write_fmt
[INFO] [stdout]    3:     0x5db630a36ae6 - std[70759c8f55707aa4]::panicking::default_hook::{closure#0}
[INFO] [stdout]    4:     0x5db630a53b09 - std[70759c8f55707aa4]::panicking::default_hook
[INFO] [stdout]    5:     0x5db6309e0750 - test[9d35eded1c95d3be]::test_main_inner::<test[9d35eded1c95d3be]::test_main_static::{closure#0}>::{closure#0}
[INFO] [stdout]    6:     0x5db630a53cc2 - std[70759c8f55707aa4]::panicking::panic_with_hook
[INFO] [stdout]    7:     0x5db630a36b92 - std[70759c8f55707aa4]::panicking::panic_handler::{closure#0}
[INFO] [stdout]    8:     0x5db630a2f5c9 - std[70759c8f55707aa4]::sys::backtrace::__rust_end_short_backtrace::<std[70759c8f55707aa4]::panicking::panic_handler::{closure#0}, !>
[INFO] [stdout]    9:     0x5db630a3778d - __rustc[8fa7c3cbc660c2b3]::rust_begin_unwind
[INFO] [stdout]   10:     0x5db630a727ec - core[df12db4294e9bfd3]::panicking::panic_fmt
[INFO] [stdout]   11:     0x5db630a725c2 - core[df12db4294e9bfd3]::result::unwrap_failed
[INFO] [stdout]   12:     0x5db6309c2ddb - oxidebpf[8f02e50d0fb814e0]::program_tests::test_memlock_limit
[INFO] [stdout]   13:     0x5db6309d1a89 - <oxidebpf[8f02e50d0fb814e0]::program_tests::test_memlock_limit::{closure#0} as core[df12db4294e9bfd3]::ops::function::FnOnce<()>>::call_once
[INFO] [stdout]   14:     0x5db6309d3a3b - test[9d35eded1c95d3be]::__rust_begin_short_backtrace::<core[df12db4294e9bfd3]::result::Result<(), alloc[2182bb758b4b3781]::string::String>, fn() -> core[df12db4294e9bfd3]::result::Result<(), alloc[2182bb758b4b3781]::string::String>>
[INFO] [stdout]   15:     0x5db6309e10a5 - test[9d35eded1c95d3be]::run_test::{closure#0}
[INFO] [stdout]   16:     0x5db6309da964 - std[70759c8f55707aa4]::sys::backtrace::__rust_begin_short_backtrace::<test[9d35eded1c95d3be]::run_test::{closure#1}, ()>
[INFO] [stdout]   17:     0x5db6309e4202 - <std[70759c8f55707aa4]::thread::lifecycle::spawn_unchecked<test[9d35eded1c95d3be]::run_test::{closure#1}, ()>::{closure#1} as core[df12db4294e9bfd3]::ops::function::FnOnce<()>>::call_once::{shim:vtable#0}
[INFO] [stdout]   18:     0x5db630a5b349 - <std[70759c8f55707aa4]::sys::thread::unix::Thread>::new::thread_start
[INFO] [stdout]   19:     0x71215e2c2dfa - <unknown>
[INFO] [stdout]   20:     0x71215e3563d4 - clone
[INFO] [stdout]   21:                0x0 - <unknown>
[INFO] [stdout] 
[INFO] [stdout] ---- bpf::syscall::tests::test_setns stdout ----
[INFO] [stdout] 
[INFO] [stdout] thread 'bpf::syscall::tests::test_setns' (849) panicked at src/bpf/syscall.rs:370:17:
[INFO] [stdout] could not create new mount namespace: EPERM
[INFO] [stdout] stack backtrace:
[INFO] [stdout]    0:     0x5db630a5c321 - <<std[70759c8f55707aa4]::sys::backtrace::BacktraceLock>::print::DisplayBacktrace as core[df12db4294e9bfd3]::fmt::Display>::fmt
[INFO] [stdout]    1:     0x5db630a720ba - core[df12db4294e9bfd3]::fmt::write
[INFO] [stdout]    2:     0x5db630a60afc - <alloc[2182bb758b4b3781]::vec::Vec<u8> as core[df12db4294e9bfd3]::io::write::Write>::write_fmt
[INFO] [stdout]    3:     0x5db630a36ae6 - std[70759c8f55707aa4]::panicking::default_hook::{closure#0}
[INFO] [stdout]    4:     0x5db630a53b09 - std[70759c8f55707aa4]::panicking::default_hook
[INFO] [stdout]    5:     0x5db6309e0750 - test[9d35eded1c95d3be]::test_main_inner::<test[9d35eded1c95d3be]::test_main_static::{closure#0}>::{closure#0}
[INFO] [stdout]    6:     0x5db630a53cc2 - std[70759c8f55707aa4]::panicking::panic_with_hook
[INFO] [stdout]    7:     0x5db630a36b92 - std[70759c8f55707aa4]::panicking::panic_handler::{closure#0}
[INFO] [stdout]    8:     0x5db630a2f5c9 - std[70759c8f55707aa4]::sys::backtrace::__rust_end_short_backtrace::<std[70759c8f55707aa4]::panicking::panic_handler::{closure#0}, !>
[INFO] [stdout]    9:     0x5db630a3778d - __rustc[8fa7c3cbc660c2b3]::rust_begin_unwind
[INFO] [stdout]   10:     0x5db630a727ec - core[df12db4294e9bfd3]::panicking::panic_fmt
[INFO] [stdout]   11:     0x5db6309b4786 - oxidebpf[8f02e50d0fb814e0]::bpf::syscall::tests::test_setns
[INFO] [stdout]   12:     0x5db6309d2fb9 - <oxidebpf[8f02e50d0fb814e0]::bpf::syscall::tests::test_setns::{closure#0} as core[df12db4294e9bfd3]::ops::function::FnOnce<()>>::call_once
[INFO] [stdout]   13:     0x5db6309d3a3b - test[9d35eded1c95d3be]::__rust_begin_short_backtrace::<core[df12db4294e9bfd3]::result::Result<(), alloc[2182bb758b4b3781]::string::String>, fn() -> core[df12db4294e9bfd3]::result::Result<(), alloc[2182bb758b4b3781]::string::String>>
[INFO] [stdout]   14:     0x5db6309e10a5 - test[9d35eded1c95d3be]::run_test::{closure#0}
[INFO] [stdout]   15:     0x5db6309da964 - std[70759c8f55707aa4]::sys::backtrace::__rust_begin_short_backtrace::<test[9d35eded1c95d3be]::run_test::{closure#1}, ()>
[INFO] [stdout]   16:     0x5db6309e4202 - <std[70759c8f55707aa4]::thread::lifecycle::spawn_unchecked<test[9d35eded1c95d3be]::run_test::{closure#1}, ()>::{closure#1} as core[df12db4294e9bfd3]::ops::function::FnOnce<()>>::call_once::{shim:vtable#0}
[INFO] [stdout]   17:     0x5db630a5b349 - <std[70759c8f55707aa4]::sys::thread::unix::Thread>::new::thread_start
[INFO] [stdout]   18:     0x71215e2c2dfa - <unknown>
[INFO] [stdout]   19:     0x71215e3563d4 - clone
[INFO] [stdout]   20:                0x0 - <unknown>
[INFO] [stdout] 
[INFO] [stdout] ---- maps::map_tests::test_hash_map_complex_key_value stdout ----
[INFO] [stdout] 
[INFO] [stdout] thread 'maps::map_tests::test_hash_map_complex_key_value' (857) panicked at src/maps/mod.rs:1209:14:
[INFO] [stdout] Failed to create new map: LinuxError("sys_bpf(0, SizedBpfAttr {\n    bpf_attr: BpfAttr: [1, 0, 0, 0, 4, 0, 0, 0, 40, 0, 0, 0, 10, 0, 0, 0, 0, 0, 0, 0, 0, 0, 0, 0, 0, 0, 0, 0, 0, 0, 0, 0, 0, 0, 0, 0, 0, 0, 0, 0, 0, 0, 0, 0, 0, 0, 0, 0, 0, 0, 0, 0, 0, 0, 0, 0, 0, 0, 0, 0, 0, 0, 0, 0, 0, 0, 0, 0, 0, 0, 0, 0, 0, 0, 0, 0, 0, 0, 0, 0, 0, 0, 0, 0, 0, 0, 0, 0, 0, 0, 0, 0, 0, 0, 0, 0, 96, 0, 0, 0, 0, 0, 0, 0, 0, 0, 0, 0, 0, 0, 0, 0, 81, 3, 2, 0, 0, 0, 0, 0],\n    size: 16,\n})", EPERM)
[INFO] [stdout] stack backtrace:
[INFO] [stdout]    0:     0x5db630a5c321 - <<std[70759c8f55707aa4]::sys::backtrace::BacktraceLock>::print::DisplayBacktrace as core[df12db4294e9bfd3]::fmt::Display>::fmt
[INFO] [stdout]    1:     0x5db630a720ba - core[df12db4294e9bfd3]::fmt::write
[INFO] [stdout]    2:     0x5db630a60afc - <alloc[2182bb758b4b3781]::vec::Vec<u8> as core[df12db4294e9bfd3]::io::write::Write>::write_fmt
[INFO] [stdout]    3:     0x5db630a36ae6 - std[70759c8f55707aa4]::panicking::default_hook::{closure#0}
[INFO] [stdout]    4:     0x5db630a53b09 - std[70759c8f55707aa4]::panicking::default_hook
[INFO] [stdout]    5:     0x5db6309e0750 - test[9d35eded1c95d3be]::test_main_inner::<test[9d35eded1c95d3be]::test_main_static::{closure#0}>::{closure#0}
[INFO] [stdout]    6:     0x5db630a53cc2 - std[70759c8f55707aa4]::panicking::panic_with_hook
[INFO] [stdout]    7:     0x5db630a36b92 - std[70759c8f55707aa4]::panicking::panic_handler::{closure#0}
[INFO] [stdout]    8:     0x5db630a2f5c9 - std[70759c8f55707aa4]::sys::backtrace::__rust_end_short_backtrace::<std[70759c8f55707aa4]::panicking::panic_handler::{closure#0}, !>
[INFO] [stdout]    9:     0x5db630a3778d - __rustc[8fa7c3cbc660c2b3]::rust_begin_unwind
[INFO] [stdout]   10:     0x5db630a727ec - core[df12db4294e9bfd3]::panicking::panic_fmt
[INFO] [stdout]   11:     0x5db630a725c2 - core[df12db4294e9bfd3]::result::unwrap_failed
[INFO] [stdout]   12:     0x5db6309c8c17 - oxidebpf[8f02e50d0fb814e0]::maps::map_tests::test_hash_map_complex_key_value
[INFO] [stdout]   13:     0x5db6309d27c9 - <oxidebpf[8f02e50d0fb814e0]::maps::map_tests::test_hash_map_complex_key_value::{closure#0} as core[df12db4294e9bfd3]::ops::function::FnOnce<()>>::call_once
[INFO] [stdout]   14:     0x5db6309d3a3b - test[9d35eded1c95d3be]::__rust_begin_short_backtrace::<core[df12db4294e9bfd3]::result::Result<(), alloc[2182bb758b4b3781]::string::String>, fn() -> core[df12db4294e9bfd3]::result::Result<(), alloc[2182bb758b4b3781]::string::String>>
[INFO] [stdout]   15:     0x5db6309e10a5 - test[9d35eded1c95d3be]::run_test::{closure#0}
[INFO] [stdout]   16:     0x5db6309da964 - std[70759c8f55707aa4]::sys::backtrace::__rust_begin_short_backtrace::<test[9d35eded1c95d3be]::run_test::{closure#1}, ()>
[INFO] [stdout]   17:     0x5db6309e4202 - <std[70759c8f55707aa4]::thread::lifecycle::spawn_unchecked<test[9d35eded1c95d3be]::run_test::{closure#1}, ()>::{closure#1} as core[df12db4294e9bfd3]::ops::function::FnOnce<()>>::call_once::{shim:vtable#0}
[INFO] [stdout]   18:     0x5db630a5b349 - <std[70759c8f55707aa4]::sys::thread::unix::Thread>::new::thread_start
[INFO] [stdout]   19:     0x71215e2c2dfa - <unknown>
[INFO] [stdout]   20:     0x71215e3563d4 - clone
[INFO] [stdout]   21:                0x0 - <unknown>
[INFO] [stdout] 
[INFO] [stdout] ---- maps::map_tests::test_map_array stdout ----
[INFO] [stdout] 
[INFO] [stdout] thread 'maps::map_tests::test_map_array' (858) panicked at src/maps/mod.rs:993:14:
[INFO] [stdout] Failed to create new map: LinuxError("sys_bpf(0, SizedBpfAttr {\n    bpf_attr: BpfAttr: [2, 0, 0, 0, 4, 0, 0, 0, 8, 0, 0, 0, 100, 0, 0, 0, 0, 0, 0, 0, 0, 0, 0, 0, 0, 0, 0, 0, 0, 0, 0, 0, 0, 0, 0, 0, 0, 0, 0, 0, 0, 0, 0, 0, 0, 0, 0, 0, 0, 0, 0, 0, 0, 0, 0, 0, 0, 0, 0, 0, 0, 0, 0, 0, 1, 0, 0, 0, 0, 0, 0, 0, 0, 0, 0, 0, 0, 0, 0, 0, 176, 0, 19, 89, 255, 127, 0, 0, 255, 255, 255, 255, 0, 0, 0, 0, 11, 0, 0, 0, 0, 0, 0, 0, 168, 234, 191, 84, 33, 113, 0, 0, 255, 255, 255, 255, 0, 0, 0, 0],\n    size: 16,\n})", EPERM)
[INFO] [stdout] stack backtrace:
[INFO] [stdout]    0:     0x5db630a5c321 - <<std[70759c8f55707aa4]::sys::backtrace::BacktraceLock>::print::DisplayBacktrace as core[df12db4294e9bfd3]::fmt::Display>::fmt
[INFO] [stdout]    1:     0x5db630a720ba - core[df12db4294e9bfd3]::fmt::write
[INFO] [stdout]    2:     0x5db630a60afc - <alloc[2182bb758b4b3781]::vec::Vec<u8> as core[df12db4294e9bfd3]::io::write::Write>::write_fmt
[INFO] [stdout]    3:     0x5db630a36ae6 - std[70759c8f55707aa4]::panicking::default_hook::{closure#0}
[INFO] [stdout]    4:     0x5db630a53b09 - std[70759c8f55707aa4]::panicking::default_hook
[INFO] [stdout]    5:     0x5db6309e0750 - test[9d35eded1c95d3be]::test_main_inner::<test[9d35eded1c95d3be]::test_main_static::{closure#0}>::{closure#0}
[INFO] [stdout]    6:     0x5db630a53cc2 - std[70759c8f55707aa4]::panicking::panic_with_hook
[INFO] [stdout]    7:     0x5db630a36b92 - std[70759c8f55707aa4]::panicking::panic_handler::{closure#0}
[INFO] [stdout]    8:     0x5db630a2f5c9 - std[70759c8f55707aa4]::sys::backtrace::__rust_end_short_backtrace::<std[70759c8f55707aa4]::panicking::panic_handler::{closure#0}, !>
[INFO] [stdout]    9:     0x5db630a3778d - __rustc[8fa7c3cbc660c2b3]::rust_begin_unwind
[INFO] [stdout]   10:     0x5db630a727ec - core[df12db4294e9bfd3]::panicking::panic_fmt
[INFO] [stdout]   11:     0x5db630a725c2 - core[df12db4294e9bfd3]::result::unwrap_failed
[INFO] [stdout]   12:     0x5db6309c7b29 - oxidebpf[8f02e50d0fb814e0]::maps::map_tests::test_map_array
[INFO] [stdout]   13:     0x5db6309d2749 - <oxidebpf[8f02e50d0fb814e0]::maps::map_tests::test_map_array::{closure#0} as core[df12db4294e9bfd3]::ops::function::FnOnce<()>>::call_once
[INFO] [stdout]   14:     0x5db6309d3a3b - test[9d35eded1c95d3be]::__rust_begin_short_backtrace::<core[df12db4294e9bfd3]::result::Result<(), alloc[2182bb758b4b3781]::string::String>, fn() -> core[df12db4294e9bfd3]::result::Result<(), alloc[2182bb758b4b3781]::string::String>>
[INFO] [stdout]   15:     0x5db6309e10a5 - test[9d35eded1c95d3be]::run_test::{closure#0}
[INFO] [stdout]   16:     0x5db6309da964 - std[70759c8f55707aa4]::sys::backtrace::__rust_begin_short_backtrace::<test[9d35eded1c95d3be]::run_test::{closure#1}, ()>
[INFO] [stdout]   17:     0x5db6309e4202 - <std[70759c8f55707aa4]::thread::lifecycle::spawn_unchecked<test[9d35eded1c95d3be]::run_test::{closure#1}, ()>::{closure#1} as core[df12db4294e9bfd3]::ops::function::FnOnce<()>>::call_once::{shim:vtable#0}
[INFO] [stdout]   18:     0x5db630a5b349 - <std[70759c8f55707aa4]::sys::thread::unix::Thread>::new::thread_start
[INFO] [stdout]   19:     0x71215e2c2dfa - <unknown>
[INFO] [stdout]   20:     0x71215e3563d4 - clone
[INFO] [stdout]   21:                0x0 - <unknown>
[INFO] [stdout] 
[INFO] [stdout] ---- maps::map_tests::test_map_array_bad_index stdout ----
[INFO] [stdout] 
[INFO] [stdout] thread 'maps::map_tests::test_map_array_bad_index' (859) panicked at src/maps/mod.rs:1033:14:
[INFO] [stdout] Failed to create new map: LinuxError("sys_bpf(0, SizedBpfAttr {\n    bpf_attr: BpfAttr: [2, 0, 0, 0, 4, 0, 0, 0, 8, 0, 0, 0, 10, 0, 0, 0, 0, 0, 0, 0, 0, 0, 0, 0, 0, 0, 0, 0, 0, 0, 0, 0, 0, 0, 0, 0, 0, 0, 0, 0, 0, 0, 0, 0, 0, 0, 0, 0, 0, 0, 0, 0, 0, 0, 0, 0, 0, 0, 0, 0, 0, 0, 0, 0, 240, 36, 33, 93, 33, 113, 0, 0, 252, 32, 45, 94, 33, 113, 0, 0, 0, 0, 0, 0, 0, 0, 0, 0, 0, 0, 0, 0, 0, 0, 0, 0, 0, 0, 0, 0, 0, 0, 0, 0, 0, 0, 0, 0, 0, 0, 0, 0, 48, 0, 0, 44, 33, 113, 0, 0],\n    size: 16,\n})", EPERM)
[INFO] [stdout] stack backtrace:
[INFO] [stdout]    0:     0x5db630a5c321 - <<std[70759c8f55707aa4]::sys::backtrace::BacktraceLock>::print::DisplayBacktrace as core[df12db4294e9bfd3]::fmt::Display>::fmt
[INFO] [stdout]    1:     0x5db630a720ba - core[df12db4294e9bfd3]::fmt::write
[INFO] [stdout]    2:     0x5db630a60afc - <alloc[2182bb758b4b3781]::vec::Vec<u8> as core[df12db4294e9bfd3]::io::write::Write>::write_fmt
[INFO] [stdout]    3:     0x5db630a36ae6 - std[70759c8f55707aa4]::panicking::default_hook::{closure#0}
[INFO] [stdout]    4:     0x5db630a53b09 - std[70759c8f55707aa4]::panicking::default_hook
[INFO] [stdout]    5:     0x5db6309e0750 - test[9d35eded1c95d3be]::test_main_inner::<test[9d35eded1c95d3be]::test_main_static::{closure#0}>::{closure#0}
[INFO] [stdout]    6:     0x5db630a53cc2 - std[70759c8f55707aa4]::panicking::panic_with_hook
[INFO] [stdout]    7:     0x5db630a36b92 - std[70759c8f55707aa4]::panicking::panic_handler::{closure#0}
[INFO] [stdout]    8:     0x5db630a2f5c9 - std[70759c8f55707aa4]::sys::backtrace::__rust_end_short_backtrace::<std[70759c8f55707aa4]::panicking::panic_handler::{closure#0}, !>
[INFO] [stdout]    9:     0x5db630a3778d - __rustc[8fa7c3cbc660c2b3]::rust_begin_unwind
[INFO] [stdout]   10:     0x5db630a727ec - core[df12db4294e9bfd3]::panicking::panic_fmt
[INFO] [stdout]   11:     0x5db630a725c2 - core[df12db4294e9bfd3]::result::unwrap_failed
[INFO] [stdout]   12:     0x5db6309c81ec - oxidebpf[8f02e50d0fb814e0]::maps::map_tests::test_map_array_bad_index
[INFO] [stdout]   13:     0x5db6309d2789 - <oxidebpf[8f02e50d0fb814e0]::maps::map_tests::test_map_array_bad_index::{closure#0} as core[df12db4294e9bfd3]::ops::function::FnOnce<()>>::call_once
[INFO] [stdout]   14:     0x5db6309d3a3b - test[9d35eded1c95d3be]::__rust_begin_short_backtrace::<core[df12db4294e9bfd3]::result::Result<(), alloc[2182bb758b4b3781]::string::String>, fn() -> core[df12db4294e9bfd3]::result::Result<(), alloc[2182bb758b4b3781]::string::String>>
[INFO] [stdout]   15:     0x5db6309e10a5 - test[9d35eded1c95d3be]::run_test::{closure#0}
[INFO] [stdout]   16:     0x5db6309da964 - std[70759c8f55707aa4]::sys::backtrace::__rust_begin_short_backtrace::<test[9d35eded1c95d3be]::run_test::{closure#1}, ()>
[INFO] [stdout]   17:     0x5db6309e4202 - <std[70759c8f55707aa4]::thread::lifecycle::spawn_unchecked<test[9d35eded1c95d3be]::run_test::{closure#1}, ()>::{closure#1} as core[df12db4294e9bfd3]::ops::function::FnOnce<()>>::call_once::{shim:vtable#0}
[INFO] [stdout]   18:     0x5db630a5b349 - <std[70759c8f55707aa4]::sys::thread::unix::Thread>::new::thread_start
[INFO] [stdout]   19:     0x71215e2c2dfa - <unknown>
[INFO] [stdout]   20:     0x71215e3563d4 - clone
[INFO] [stdout]   21:                0x0 - <unknown>
[INFO] [stdout] 
[INFO] [stdout] ---- bpf::syscall::tests::bpf_map_create_and_read stdout ----
[INFO] [stdout] 
[INFO] [stdout] thread 'bpf::syscall::tests::bpf_map_create_and_read' (846) panicked at src/bpf/syscall.rs:300:10:
[INFO] [stdout] called `Result::unwrap()` on an `Err` value: LinuxError("sys_bpf(0, SizedBpfAttr {\n    bpf_attr: BpfAttr: [2, 0, 0, 0, 4, 0, 0, 0, 4, 0, 0, 0, 20, 0, 0, 0, 0, 0, 0, 0, 0, 0, 0, 0, 0, 0, 0, 0, 0, 0, 0, 0, 0, 0, 0, 0, 0, 0, 0, 0, 0, 0, 0, 0, 0, 0, 0, 0, 0, 0, 0, 0, 0, 0, 0, 0, 0, 0, 0, 0, 0, 0, 0, 0, 96, 0, 0, 0, 0, 0, 0, 0, 0, 0, 0, 0, 0, 0, 0, 0, 81, 3, 2, 0, 0, 0, 0, 0, 176, 12, 0, 48, 33, 113, 0, 0, 0, 0, 0, 0, 0, 0, 0, 0, 48, 0, 0, 0, 0, 0, 0, 0, 48, 0, 0, 48, 33, 113, 0, 0],\n    size: 16,\n})", EPERM)
[INFO] [stdout] stack backtrace:
[INFO] [stdout]    0:     0x5db630a5c321 - <<std[70759c8f55707aa4]::sys::backtrace::BacktraceLock>::print::DisplayBacktrace as core[df12db4294e9bfd3]::fmt::Display>::fmt
[INFO] [stdout]    1:     0x5db630a720ba - core[df12db4294e9bfd3]::fmt::write
[INFO] [stdout]    2:     0x5db630a60afc - <alloc[2182bb758b4b3781]::vec::Vec<u8> as core[df12db4294e9bfd3]::io::write::Write>::write_fmt
[INFO] [stdout]    3:     0x5db630a36ae6 - std[70759c8f55707aa4]::panicking::default_hook::{closure#0}
[INFO] [stdout]    4:     0x5db630a53b09 - std[70759c8f55707aa4]::panicking::default_hook
[INFO] [stdout]    5:     0x5db6309e0750 - test[9d35eded1c95d3be]::test_main_inner::<test[9d35eded1c95d3be]::test_main_static::{closure#0}>::{closure#0}
[INFO] [stdout]    6:     0x5db630a53cc2 - std[70759c8f55707aa4]::panicking::panic_with_hook
[INFO] [stdout]    7:     0x5db630a36b92 - std[70759c8f55707aa4]::panicking::panic_handler::{closure#0}
[INFO] [stdout]    8:     0x5db630a2f5c9 - std[70759c8f55707aa4]::sys::backtrace::__rust_end_short_backtrace::<std[70759c8f55707aa4]::panicking::panic_handler::{closure#0}, !>
[INFO] [stdout]    9:     0x5db630a3778d - __rustc[8fa7c3cbc660c2b3]::rust_begin_unwind
[INFO] [stdout]   10:     0x5db630a727ec - core[df12db4294e9bfd3]::panicking::panic_fmt
[INFO] [stdout]   11:     0x5db630a725c2 - core[df12db4294e9bfd3]::result::unwrap_failed
[INFO] [stdout]   12:     0x5db6309b4f7e - oxidebpf[8f02e50d0fb814e0]::bpf::syscall::tests::bpf_map_create_and_read
[INFO] [stdout]   13:     0x5db6309d3019 - <oxidebpf[8f02e50d0fb814e0]::bpf::syscall::tests::bpf_map_create_and_read::{closure#0} as core[df12db4294e9bfd3]::ops::function::FnOnce<()>>::call_once
[INFO] [stdout]   14:     0x5db6309d3a3b - test[9d35eded1c95d3be]::__rust_begin_short_backtrace::<core[df12db4294e9bfd3]::result::Result<(), alloc[2182bb758b4b3781]::string::String>, fn() -> core[df12db4294e9bfd3]::result::Result<(), alloc[2182bb758b4b3781]::string::String>>
[INFO] [stdout]   15:     0x5db6309e10a5 - test[9d35eded1c95d3be]::run_test::{closure#0}
[INFO] [stdout]   16:     0x5db6309da964 - std[70759c8f55707aa4]::sys::backtrace::__rust_begin_short_backtrace::<test[9d35eded1c95d3be]::run_test::{closure#1}, ()>
[INFO] [stdout]   17:     0x5db6309e4202 - <std[70759c8f55707aa4]::thread::lifecycle::spawn_unchecked<test[9d35eded1c95d3be]::run_test::{closure#1}, ()>::{closure#1} as core[df12db4294e9bfd3]::ops::function::FnOnce<()>>::call_once::{shim:vtable#0}
[INFO] [stdout]   18:     0x5db630a5b349 - <std[70759c8f55707aa4]::sys::thread::unix::Thread>::new::thread_start
[INFO] [stdout]   19:     0x71215e2c2dfa - <unknown>
[INFO] [stdout]   20:     0x71215e3563d4 - clone
[INFO] [stdout]   21:                0x0 - <unknown>
[INFO] [stdout] 
[INFO] [stdout] ---- program_tests::test_program_group_array_maps stdout ----
[INFO] [stdout] 
[INFO] [stdout] thread 'program_tests::test_program_group_array_maps' (868) panicked at src/lib.rs:695:59:
[INFO] [stdout] Could not open file: Os { code: 2, kind: NotFound, message: "No such file or directory" }
[INFO] [stdout] stack backtrace:
[INFO] [stdout]    0:     0x5db630a5c321 - <<std[70759c8f55707aa4]::sys::backtrace::BacktraceLock>::print::DisplayBacktrace as core[df12db4294e9bfd3]::fmt::Display>::fmt
[INFO] [stdout]    1:     0x5db630a720ba - core[df12db4294e9bfd3]::fmt::write
[INFO] [stdout]    2:     0x5db630a60afc - <alloc[2182bb758b4b3781]::vec::Vec<u8> as core[df12db4294e9bfd3]::io::write::Write>::write_fmt
[INFO] [stdout]    3:     0x5db630a36ae6 - std[70759c8f55707aa4]::panicking::default_hook::{closure#0}
[INFO] [stdout]    4:     0x5db630a53b09 - std[70759c8f55707aa4]::panicking::default_hook
[INFO] [stdout]    5:     0x5db6309e0750 - test[9d35eded1c95d3be]::test_main_inner::<test[9d35eded1c95d3be]::test_main_static::{closure#0}>::{closure#0}
[INFO] [stdout]    6:     0x5db630a53cc2 - std[70759c8f55707aa4]::panicking::panic_with_hook
[INFO] [stdout]    7:     0x5db630a36b92 - std[70759c8f55707aa4]::panicking::panic_handler::{closure#0}
[INFO] [stdout]    8:     0x5db630a2f5c9 - std[70759c8f55707aa4]::sys::backtrace::__rust_end_short_backtrace::<std[70759c8f55707aa4]::panicking::panic_handler::{closure#0}, !>
[INFO] [stdout]    9:     0x5db630a3778d - __rustc[8fa7c3cbc660c2b3]::rust_begin_unwind
[INFO] [stdout]   10:     0x5db630a727ec - core[df12db4294e9bfd3]::panicking::panic_fmt
[INFO] [stdout]   11:     0x5db630a725c2 - core[df12db4294e9bfd3]::result::unwrap_failed
[INFO] [stdout]   12:     0x5db6309c589f - oxidebpf[8f02e50d0fb814e0]::program_tests::test_program_group_array_maps
[INFO] [stdout]   13:     0x5db6309d1b09 - <oxidebpf[8f02e50d0fb814e0]::program_tests::test_program_group_array_maps::{closure#0} as core[df12db4294e9bfd3]::ops::function::FnOnce<()>>::call_once
[INFO] [stdout]   14:     0x5db6309d3a3b - test[9d35eded1c95d3be]::__rust_begin_short_backtrace::<core[df12db4294e9bfd3]::result::Result<(), alloc[2182bb758b4b3781]::string::String>, fn() -> core[df12db4294e9bfd3]::result::Result<(), alloc[2182bb758b4b3781]::string::String>>
[INFO] [stdout]   15:     0x5db6309e10a5 - test[9d35eded1c95d3be]::run_test::{closure#0}
[INFO] [stdout]   16:     0x5db6309da964 - std[70759c8f55707aa4]::sys::backtrace::__rust_begin_short_backtrace::<test[9d35eded1c95d3be]::run_test::{closure#1}, ()>
[INFO] [stdout]   17:     0x5db6309e4202 - <std[70759c8f55707aa4]::thread::lifecycle::spawn_unchecked<test[9d35eded1c95d3be]::run_test::{closure#1}, ()>::{closure#1} as core[df12db4294e9bfd3]::ops::function::FnOnce<()>>::call_once::{shim:vtable#0}
[INFO] [stdout]   18:     0x5db630a5b349 - <std[70759c8f55707aa4]::sys::thread::unix::Thread>::new::thread_start
[INFO] [stdout]   19:     0x71215e2c2dfa - <unknown>
[INFO] [stdout]   20:     0x71215e3563d4 - clone
[INFO] [stdout]   21:                0x0 - <unknown>
[INFO] [stdout] 
[INFO] [stdout] ---- program_tests::test_program_group_tail_call stdout ----
[INFO] [stdout] 
[INFO] [stdout] thread 'program_tests::test_program_group_tail_call' (870) panicked at src/lib.rs:751:59:
[INFO] [stdout] Could not open file: Os { code: 2, kind: NotFound, message: "No such file or directory" }
[INFO] [stdout] stack backtrace:
[INFO] [stdout]    0:     0x5db630a5c321 - <<std[70759c8f55707aa4]::sys::backtrace::BacktraceLock>::print::DisplayBacktrace as core[df12db4294e9bfd3]::fmt::Display>::fmt
[INFO] [stdout]    1:     0x5db630a720ba - core[df12db4294e9bfd3]::fmt::write
[INFO] [stdout]    2:     0x5db630a60afc - <alloc[2182bb758b4b3781]::vec::Vec<u8> as core[df12db4294e9bfd3]::io::write::Write>::write_fmt
[INFO] [stdout]    3:     0x5db630a36ae6 - std[70759c8f55707aa4]::panicking::default_hook::{closure#0}
[INFO] [stdout]    4:     0x5db630a53b09 - std[70759c8f55707aa4]::panicking::default_hook
[INFO] [stdout]    5:     0x5db6309e0750 - test[9d35eded1c95d3be]::test_main_inner::<test[9d35eded1c95d3be]::test_main_static::{closure#0}>::{closure#0}
[INFO] [stdout]    6:     0x5db630a53cc2 - std[70759c8f55707aa4]::panicking::panic_with_hook
[INFO] [stdout]    7:     0x5db630a36b92 - std[70759c8f55707aa4]::panicking::panic_handler::{closure#0}
[INFO] [stdout]    8:     0x5db630a2f5c9 - std[70759c8f55707aa4]::sys::backtrace::__rust_end_short_backtrace::<std[70759c8f55707aa4]::panicking::panic_handler::{closure#0}, !>
[INFO] [stdout]    9:     0x5db630a3778d - __rustc[8fa7c3cbc660c2b3]::rust_begin_unwind
[INFO] [stdout]   10:     0x5db630a727ec - core[df12db4294e9bfd3]::panicking::panic_fmt
[INFO] [stdout]   11:     0x5db630a725c2 - core[df12db4294e9bfd3]::result::unwrap_failed
[INFO] [stdout]   12:     0x5db6309c4d82 - oxidebpf[8f02e50d0fb814e0]::program_tests::test_program_group_tail_call
[INFO] [stdout]   13:     0x5db6309d1ae9 - <oxidebpf[8f02e50d0fb814e0]::program_tests::test_program_group_tail_call::{closure#0} as core[df12db4294e9bfd3]::ops::function::FnOnce<()>>::call_once
[INFO] [stdout]   14:     0x5db6309d3a3b - test[9d35eded1c95d3be]::__rust_begin_short_backtrace::<core[df12db4294e9bfd3]::result::Result<(), alloc[2182bb758b4b3781]::string::String>, fn() -> core[df12db4294e9bfd3]::result::Result<(), alloc[2182bb758b4b3781]::string::String>>
[INFO] [stdout]   15:     0x5db6309e10a5 - test[9d35eded1c95d3be]::run_test::{closure#0}
[INFO] [stdout]   16:     0x5db6309da964 - std[70759c8f55707aa4]::sys::backtrace::__rust_begin_short_backtrace::<test[9d35eded1c95d3be]::run_test::{closure#1}, ()>
[INFO] [stdout]   17:     0x5db6309e4202 - <std[70759c8f55707aa4]::thread::lifecycle::spawn_unchecked<test[9d35eded1c95d3be]::run_test::{closure#1}, ()>::{closure#1} as core[df12db4294e9bfd3]::ops::function::FnOnce<()>>::call_once::{shim:vtable#0}
[INFO] [stdout]   18:     0x5db630a5b349 - <std[70759c8f55707aa4]::sys::thread::unix::Thread>::new::thread_start
[INFO] [stdout]   19:     0x71215e2c2dfa - <unknown>
[INFO] [stdout]   20:     0x71215e3563d4 - clone
[INFO] [stdout]   21:                0x0 - <unknown>
[INFO] [stdout] 
[INFO] [stdout] 
[INFO] [stdout] failures:
[INFO] [stdout]     blueprint::tests::test_blueprint_object_parsing
[INFO] [stdout]     blueprint::tests::test_find_running_kernel_version
[INFO] [stdout]     bpf::syscall::tests::bpf_map_create
[INFO] [stdout]     bpf::syscall::tests::bpf_map_create_and_read
[INFO] [stdout]     bpf::syscall::tests::bpf_map_create_and_write_and_read
[INFO] [stdout]     bpf::syscall::tests::test_bpf_prog_load
[INFO] [stdout]     bpf::syscall::tests::test_setns
[INFO] [stdout]     maps::map_tests::test_hash_map
[INFO] [stdout]     maps::map_tests::test_hash_map_bad_index
[INFO] [stdout]     maps::map_tests::test_hash_map_complex_key_value
[INFO] [stdout]     maps::map_tests::test_map_array
[INFO] [stdout]     maps::map_tests::test_map_array_bad_index
[INFO] [stdout]     maps::map_tests::test_map_array_bad_write_index
[INFO] [stdout]     maps::map_tests::test_map_array_complex_structure
[INFO] [stdout]     perf::syscall::tests::test_perf_event_ioc_disable
[INFO] [stdout]     perf::syscall::tests::test_perf_event_ioc_enable
[INFO] [stdout]     perf::syscall::tests::test_perf_event_ioc_set_bpf
[INFO] [stdout]     perf::syscall::tests::test_perf_event_open
[INFO] [stdout]     program_tests::test_memlock_limit
[INFO] [stdout]     program_tests::test_program_group
[INFO] [stdout]     program_tests::test_program_group_array_maps
[INFO] [stdout]     program_tests::test_program_group_hash_maps
[INFO] [stdout]     program_tests::test_program_group_tail_call
[INFO] [stdout] 
[INFO] [stdout] test result: FAILED. 12 passed; 23 failed; 0 ignored; 0 measured; 0 filtered out; finished in 0.02s
[INFO] [stdout] 
[INFO] running `Command { std: "docker" "inspect" "efe71858030420f2544d5630cb6d585bb960795abb66d9ec06e3ef6e4ac937e6", kill_on_drop: false }`
[INFO] running `Command { std: "docker" "rm" "-f" "efe71858030420f2544d5630cb6d585bb960795abb66d9ec06e3ef6e4ac937e6", kill_on_drop: false }`
[INFO] [stdout] efe71858030420f2544d5630cb6d585bb960795abb66d9ec06e3ef6e4ac937e6
