[INFO] fetching crate oxideav-vrml 0.0.1...
[INFO] testing oxideav-vrml-0.0.1 against 1.99.0-beta.8+cargoflags=--release for beta-release-1.100-2
[INFO] extracting crate oxideav-vrml 0.0.1 into /workspace/builds/worker-5-tc1/source
[INFO] started tweaking crates.io crate oxideav-vrml 0.0.1
[INFO] removed 0 missing tests
[INFO] finished tweaking crates.io crate oxideav-vrml 0.0.1
[INFO] tweaked toml for crates.io crate oxideav-vrml 0.0.1 written to /workspace/builds/worker-5-tc1/source/Cargo.toml
[INFO] validating manifest of crates.io crate oxideav-vrml 0.0.1 on toolchain 1.99.0-beta.8
[INFO] running `Command { std: CARGO_HOME="/workspace/cargo-home" RUSTUP_HOME="/workspace/rustup-home" "/workspace/cargo-home/bin/cargo" "+1.99.0-beta.8" "metadata" "--manifest-path" "Cargo.toml" "--no-deps", kill_on_drop: false }`
[INFO] crate crates.io crate oxideav-vrml 0.0.1 already has a lockfile, it will not be regenerated
[INFO] running `Command { std: CARGO_HOME="/workspace/cargo-home" RUSTUP_HOME="/workspace/rustup-home" "/workspace/cargo-home/bin/cargo" "+1.99.0-beta.8" "fetch" "--manifest-path" "Cargo.toml", kill_on_drop: false }`
[INFO] [stderr]     Updating crates.io index
[INFO] [stderr]  Downloading crates ...
[INFO] [stderr]   Downloaded oxideav-mesh3d v0.0.7
[INFO] [stderr]   Downloaded compcol v0.6.11
[INFO] running `Command { std: "docker" "create" "-v" "/var/lib/crater-agent-workspace/builds/worker-5-tc1/source:/opt/rustwide/workdir:ro,Z" "-v" "/var/lib/crater-agent-workspace/builds/worker-5-tc1/target:/opt/rustwide/target:rw,Z" "-v" "/var/lib/crater-agent-workspace/cargo-home:/opt/rustwide/cargo-home:ro,Z" "-v" "/var/lib/crater-agent-workspace/rustup-home:/opt/rustwide/rustup-home:ro,Z" "-m" "1610612736" "--network" "none" "ghcr.io/rust-lang/crates-build-env/linux@sha256:77db811e55d90add9212f6832c23229e3de5f1c1f9905e8cb07319ea15df73ac" "sleep" "infinity", kill_on_drop: false }`
[INFO] [stdout] aa45171d42615cc040d75f456051dfefa3bc9b82689180615f4e989b65e5bc46
[INFO] running `Command { std: "docker" "start" "aa45171d42615cc040d75f456051dfefa3bc9b82689180615f4e989b65e5bc46", kill_on_drop: false }`
[INFO] running `Command { std: "docker" "inspect" "aa45171d42615cc040d75f456051dfefa3bc9b82689180615f4e989b65e5bc46", kill_on_drop: false }`
[INFO] running `Command { std: "docker" "exec" "-e" "SOURCE_DIR=/opt/rustwide/workdir" "-e" "CARGO_HOME=/opt/rustwide/cargo-home" "-e" "RUSTUP_HOME=/opt/rustwide/rustup-home" "-e" "CARGO_TARGET_DIR=/opt/rustwide/target" "-w" "/opt/rustwide/workdir" "--user" "0:0" "aa45171d42615cc040d75f456051dfefa3bc9b82689180615f4e989b65e5bc46" "/opt/rustwide/cargo-home/bin/cargo" "+1.99.0-beta.8" "metadata" "--no-deps" "--format-version=1", kill_on_drop: false }`
[INFO] running `Command { std: "docker" "inspect" "aa45171d42615cc040d75f456051dfefa3bc9b82689180615f4e989b65e5bc46", kill_on_drop: false }`
[INFO] running `Command { std: "docker" "exec" "-e" "SOURCE_DIR=/opt/rustwide/workdir" "-e" "CARGO_HOME=/opt/rustwide/cargo-home" "-e" "RUSTUP_HOME=/opt/rustwide/rustup-home" "-e" "CARGO_TARGET_DIR=/opt/rustwide/target" "-e" "CARGO_INCREMENTAL=0" "-e" "RUST_BACKTRACE=full" "-e" "RUSTFLAGS=--cap-lints=warn" "-e" "RUSTDOCFLAGS=--cap-lints=warn" "-w" "/opt/rustwide/workdir" "--user" "0:0" "aa45171d42615cc040d75f456051dfefa3bc9b82689180615f4e989b65e5bc46" "/opt/rustwide/cargo-home/bin/cargo" "+1.99.0-beta.8" "build" "--frozen" "--message-format=json" "--release", kill_on_drop: false }`
[INFO] [stderr]    Compiling proc-macro2 v1.0.107
[INFO] [stderr]    Compiling compcol v0.6.11
[INFO] [stderr]    Compiling quote v1.0.47
[INFO] [stderr]    Compiling syn v3.0.6
[INFO] [stderr]    Compiling thiserror-impl v2.0.21
[INFO] [stderr]    Compiling serde_derive v1.0.229
[INFO] [stderr]    Compiling thiserror v2.0.21
[INFO] [stderr]    Compiling oxideav-core v0.1.37
[INFO] [stderr]    Compiling serde v1.0.229
[INFO] [stderr]    Compiling oxideav-mesh3d v0.0.7
[INFO] [stderr]    Compiling oxideav-vrml v0.0.1 (/opt/rustwide/workdir)
[INFO] [stderr]     Finished `release` profile [optimized] target(s) in 38.58s
[INFO] running `Command { std: "docker" "inspect" "aa45171d42615cc040d75f456051dfefa3bc9b82689180615f4e989b65e5bc46", kill_on_drop: false }`
[INFO] running `Command { std: "docker" "exec" "-e" "SOURCE_DIR=/opt/rustwide/workdir" "-e" "CARGO_HOME=/opt/rustwide/cargo-home" "-e" "RUSTUP_HOME=/opt/rustwide/rustup-home" "-e" "CARGO_TARGET_DIR=/opt/rustwide/target" "-e" "CARGO_INCREMENTAL=0" "-e" "RUST_BACKTRACE=full" "-e" "RUSTFLAGS=--cap-lints=warn" "-e" "RUSTDOCFLAGS=--cap-lints=warn" "-w" "/opt/rustwide/workdir" "--user" "0:0" "aa45171d42615cc040d75f456051dfefa3bc9b82689180615f4e989b65e5bc46" "/opt/rustwide/cargo-home/bin/cargo" "+1.99.0-beta.8" "test" "--frozen" "--no-run" "--message-format=json" "--release", kill_on_drop: false }`
[INFO] [stderr]    Compiling oxideav-vrml v0.0.1 (/opt/rustwide/workdir)
[INFO] [stderr]     Finished `release` profile [optimized] target(s) in 13.80s
[INFO] running `Command { std: "docker" "inspect" "aa45171d42615cc040d75f456051dfefa3bc9b82689180615f4e989b65e5bc46", kill_on_drop: false }`
[INFO] running `Command { std: "docker" "exec" "-e" "SOURCE_DIR=/opt/rustwide/workdir" "-e" "CARGO_HOME=/opt/rustwide/cargo-home" "-e" "RUSTUP_HOME=/opt/rustwide/rustup-home" "-e" "CARGO_TARGET_DIR=/opt/rustwide/target" "-e" "CARGO_INCREMENTAL=0" "-e" "RUST_BACKTRACE=full" "-e" "RUSTFLAGS=--cap-lints=warn" "-e" "RUSTDOCFLAGS=--cap-lints=warn" "-w" "/opt/rustwide/workdir" "--user" "0:0" "aa45171d42615cc040d75f456051dfefa3bc9b82689180615f4e989b65e5bc46" "/opt/rustwide/cargo-home/bin/cargo" "+1.99.0-beta.8" "test" "--frozen" "--release", kill_on_drop: false }`
[INFO] [stderr]     Finished `release` profile [optimized] target(s) in 0.06s
[INFO] [stderr]      Running unittests src/lib.rs (/opt/rustwide/target/release/deps/oxideav_vrml-11678905a7ff6687)
[INFO] [stdout] 
[INFO] [stdout] running 42 tests
[INFO] [stdout] test convert::geometry::tests::primitives_are_outward_and_closed ... ok
[INFO] [stdout] test convert::geometry::tests::sphere_seam_at_back ... ok
[INFO] [stdout] test convert::geometry::tests::line_and_point_sets ... ok
[INFO] [stdout] test convert::geometry::tests::texture_transform_matrix_order ... ok
[INFO] [stdout] test convert::image::tests::base64_and_data_uri ... ok
[INFO] [stdout] test convert::geometry::tests::elevation_grid_faces_up ... ok
[INFO] [stdout] test convert::geometry::tests::ifs_per_face_colors_and_texcoords ... ok
[INFO] [stdout] test convert::mesh::tests::concave_polygon_ear_clip ... ok
[INFO] [stdout] test convert::mesh::tests::ccw_false_flips_winding_and_normals ... ok
[INFO] [stdout] test convert::image::tests::hostile_png_is_rejected ... ok
[INFO] [stdout] test syntax::catalog::tests::table_is_sorted_and_complete ... ok
[INFO] [stdout] test convert::image::tests::png_round_trip_all_component_counts ... ok
[INFO] [stdout] test syntax::expand::tests::nested_protos_and_routes ... ok
[INFO] [stdout] test convert::mesh::tests::crease_splits_and_smooths ... ok
[INFO] [stdout] test syntax::lexer::tests::literals ... ok
[INFO] [stdout] test convert::math::tests::axis_angle_round_trip ... ok
[INFO] [stdout] test convert::math::tests::between ... ok
[INFO] [stdout] test syntax::catalog::tests::exposed_field_event_spellings ... ok
[INFO] [stdout] test syntax::expand::tests::substitutes_is_values_and_defaults ... ok
[INFO] [stdout] test syntax::lexer::tests::numbers_commas_and_comments ... ok
[INFO] [stdout] test syntax::lexer::tests::positions ... ok
[INFO] [stdout] test syntax::lexer::tests::route_tokens ... ok
[INFO] [stdout] test syntax::parser::tests::def_use_shares_ids ... ok
[INFO] [stdout] test syntax::lexer::tests::strings_with_escapes ... ok
[INFO] [stdout] test syntax::lexer::tests::unterminated_string_errors ... ok
[INFO] [stdout] test syntax::expand::tests::externproto_resolved_through_callback ... ok
[INFO] [stdout] test syntax::parser::tests::routes_resolve ... ok
[INFO] [stdout] test syntax::parser::tests::depth_limit ... ok
[INFO] [stdout] test syntax::parser::tests::field_value_parsing ... ok
[INFO] [stdout] test syntax::parser::tests::header_and_comment ... ok
[INFO] [stdout] test syntax::parser::tests::externproto_types_fields ... ok
[INFO] [stdout] test syntax::parser::tests::undefined_use_is_error ... ok
[INFO] [stdout] test syntax::parser::tests::script_interface ... ok
[INFO] [stdout] test syntax::parser::tests::proto_and_is ... ok
[INFO] [stdout] test syntax::writer::tests::floats_are_shortest_round_trip ... ok
[INFO] [stdout] test syntax::parser::tests::x3d_dialect_statements ... ok
[INFO] [stdout] test syntax::writer::tests::round_trip_is_stable ... ok
[INFO] [stdout] test syntax::parser::tests::unknown_nodes_are_preserved ... ok
[INFO] [stdout] test syntax::parser::tests::typed_fields_and_mf_without_brackets ... ok
[INFO] [stdout] test syntax::parser::tests::sfimage ... ok
[INFO] [stdout] test convert::geometry::tests::default_extrusion_is_unit_box ... ok
[INFO] [stdout] test syntax::expand::tests::exponential_expansion_is_capped ... ok
[INFO] [stdout] 
[INFO] [stdout] test result: ok. 42 passed; 0 failed; 0 ignored; 0 measured; 0 filtered out; finished in 0.02s
[INFO] [stdout] 
[INFO] [stderr]      Running tests/decode.rs (/opt/rustwide/target/release/deps/decode-e1b14182f9c44aea)
[INFO] [stdout] 
[INFO] [stdout] running 12 tests
[INFO] [stdout] test grouping_nodes ... FAILED
[INFO] [stdout] test environment_cameras_and_lights ... FAILED
[INFO] [stdout] test elevation_grid_and_extrusion ... FAILED
[INFO] [stdout] test line_and_point_sets ... FAILED
[INFO] [stdout] test indexed_face_set_hints ... FAILED
[INFO] [stdout] test animations_from_routes ... FAILED
[INFO] [stdout] test gzip_input ... FAILED
[INFO] [stdout] test externproto_through_resolver ... FAILED
[INFO] [stdout] test primitives_and_def_use ... FAILED
[INFO] [stdout] test protos_expand_with_is_mapping ... FAILED
[INFO] [stdout] test rejects_other_headers ... ok
[INFO] [stdout] test textures_and_texture_transform ... FAILED
[INFO] [stdout] 
[INFO] [stdout] failures:
[INFO] [stdout] 
[INFO] [stdout] ---- grouping_nodes stdout ----
[INFO] [stdout] 
[INFO] [stdout] thread 'grouping_nodes' (527) panicked at tests/decode.rs:16:6:
[INFO] [stdout] called `Result::unwrap()` on an `Err` value: Os { code: 2, kind: NotFound, message: "No such file or directory" }
[INFO] [stdout] stack backtrace:
[INFO] [stdout]    0:     0x62e1afe49cd1 - <<std[70759c8f55707aa4]::sys::backtrace::BacktraceLock>::print::DisplayBacktrace as core[df12db4294e9bfd3]::fmt::Display>::fmt
[INFO] [stdout]    1:     0x62e1afe5f9ea - core[df12db4294e9bfd3]::fmt::write
[INFO] [stdout]    2:     0x62e1afe4e16c - <alloc[2182bb758b4b3781]::vec::Vec<u8> as core[df12db4294e9bfd3]::io::write::Write>::write_fmt
[INFO] [stdout]    3:     0x62e1afe25fa6 - std[70759c8f55707aa4]::panicking::default_hook::{closure#0}
[INFO] [stdout]    4:     0x62e1afe42119 - std[70759c8f55707aa4]::panicking::default_hook
[INFO] [stdout]    5:     0x62e1afd5db90 - test[9d35eded1c95d3be]::test_main_inner::<test[9d35eded1c95d3be]::test_main_static::{closure#0}>::{closure#0}
[INFO] [stdout]    6:     0x62e1afe422d2 - std[70759c8f55707aa4]::panicking::panic_with_hook
[INFO] [stdout]    7:     0x62e1afe26052 - std[70759c8f55707aa4]::panicking::panic_handler::{closure#0}
[INFO] [stdout]    8:     0x62e1afe1ec49 - std[70759c8f55707aa4]::sys::backtrace::__rust_end_short_backtrace::<std[70759c8f55707aa4]::panicking::panic_handler::{closure#0}, !>
[INFO] [stdout]    9:     0x62e1afe26c4d - __rustc[8fa7c3cbc660c2b3]::rust_begin_unwind
[INFO] [stdout]   10:     0x62e1afe6011c - core[df12db4294e9bfd3]::panicking::panic_fmt
[INFO] [stdout]   11:     0x62e1afe5fef2 - core[df12db4294e9bfd3]::result::unwrap_failed
[INFO] [stdout]   12:     0x62e1afd45f8e - decode[fc6da45ec7b68a08]::fixture
[INFO] [stdout]   13:     0x62e1afd45cbe - decode[fc6da45ec7b68a08]::decode
[INFO] [stdout]   14:     0x62e1afd4689f - <decode[fc6da45ec7b68a08]::grouping_nodes::{closure#0} as core[df12db4294e9bfd3]::ops::function::FnOnce<()>>::call_once
[INFO] [stdout]   15:     0x62e1afd50e7b - test[9d35eded1c95d3be]::__rust_begin_short_backtrace::<core[df12db4294e9bfd3]::result::Result<(), alloc[2182bb758b4b3781]::string::String>, fn() -> core[df12db4294e9bfd3]::result::Result<(), alloc[2182bb758b4b3781]::string::String>>
[INFO] [stdout]   16:     0x62e1afd5e4e5 - test[9d35eded1c95d3be]::run_test::{closure#0}
[INFO] [stdout]   17:     0x62e1afd57da4 - std[70759c8f55707aa4]::sys::backtrace::__rust_begin_short_backtrace::<test[9d35eded1c95d3be]::run_test::{closure#1}, ()>
[INFO] [stdout]   18:     0x62e1afd61642 - <std[70759c8f55707aa4]::thread::lifecycle::spawn_unchecked<test[9d35eded1c95d3be]::run_test::{closure#1}, ()>::{closure#1} as core[df12db4294e9bfd3]::ops::function::FnOnce<()>>::call_once::{shim:vtable#0}
[INFO] [stdout]   19:     0x62e1afe49289 - <std[70759c8f55707aa4]::sys::thread::unix::Thread>::new::thread_start
[INFO] [stdout]   20:     0x7ef97628edfa - <unknown>
[INFO] [stdout]   21:     0x7ef9763223d4 - clone
[INFO] [stdout]   22:                0x0 - <unknown>
[INFO] [stdout] 
[INFO] [stdout] ---- environment_cameras_and_lights stdout ----
[INFO] [stdout] 
[INFO] [stdout] thread 'environment_cameras_and_lights' (525) panicked at tests/decode.rs:16:6:
[INFO] [stdout] called `Result::unwrap()` on an `Err` value: Os { code: 2, kind: NotFound, message: "No such file or directory" }
[INFO] [stdout] stack backtrace:
[INFO] [stdout]    0:     0x62e1afe49cd1 - <<std[70759c8f55707aa4]::sys::backtrace::BacktraceLock>::print::DisplayBacktrace as core[df12db4294e9bfd3]::fmt::Display>::fmt
[INFO] [stdout]    1:     0x62e1afe5f9ea - core[df12db4294e9bfd3]::fmt::write
[INFO] [stdout]    2:     0x62e1afe4e16c - <alloc[2182bb758b4b3781]::vec::Vec<u8> as core[df12db4294e9bfd3]::io::write::Write>::write_fmt
[INFO] [stdout]    3:     0x62e1afe25fa6 - std[70759c8f55707aa4]::panicking::default_hook::{closure#0}
[INFO] [stdout]    4:     0x62e1afe42119 - std[70759c8f55707aa4]::panicking::default_hook
[INFO] [stdout]    5:     0x62e1afd5db90 - test[9d35eded1c95d3be]::test_main_inner::<test[9d35eded1c95d3be]::test_main_static::{closure#0}>::{closure#0}
[INFO] [stdout]    6:     0x62e1afe422d2 - std[70759c8f55707aa4]::panicking::panic_with_hook
[INFO] [stdout]    7:     0x62e1afe26052 - std[70759c8f55707aa4]::panicking::panic_handler::{closure#0}
[INFO] [stdout]    8:     0x62e1afe1ec49 - std[70759c8f55707aa4]::sys::backtrace::__rust_end_short_backtrace::<std[70759c8f55707aa4]::panicking::panic_handler::{closure#0}, !>
[INFO] [stdout]    9:     0x62e1afe26c4d - __rustc[8fa7c3cbc660c2b3]::rust_begin_unwind
[INFO] [stdout]   10:     0x62e1afe6011c - core[df12db4294e9bfd3]::panicking::panic_fmt
[INFO] [stdout]   11:     0x62e1afe5fef2 - core[df12db4294e9bfd3]::result::unwrap_failed
[INFO] [stdout]   12:     0x62e1afd45f8e - decode[fc6da45ec7b68a08]::fixture
[INFO] [stdout]   13:     0x62e1afd45cbe - decode[fc6da45ec7b68a08]::decode
[INFO] [stdout]   14:     0x62e1afd4baac - <decode[fc6da45ec7b68a08]::environment_cameras_and_lights::{closure#0} as core[df12db4294e9bfd3]::ops::function::FnOnce<()>>::call_once
[INFO] [stdout]   15:     0x62e1afd50e7b - test[9d35eded1c95d3be]::__rust_begin_short_backtrace::<core[df12db4294e9bfd3]::result::Result<(), alloc[2182bb758b4b3781]::string::String>, fn() -> core[df12db4294e9bfd3]::result::Result<(), alloc[2182bb758b4b3781]::string::String>>
[INFO] [stdout]   16:     0x62e1afd5e4e5 - test[9d35eded1c95d3be]::run_test::{closure#0}
[INFO] [stdout]   17:     0x62e1afd57da4 - std[70759c8f55707aa4]::sys::backtrace::__rust_begin_short_backtrace::<test[9d35eded1c95d3be]::run_test::{closure#1}, ()>
[INFO] [stdout]   18:     0x62e1afd61642 - <std[70759c8f55707aa4]::thread::lifecycle::spawn_unchecked<test[9d35eded1c95d3be]::run_test::{closure#1}, ()>::{closure#1} as core[df12db4294e9bfd3]::ops::function::FnOnce<()>>::call_once::{shim:vtable#0}
[INFO] [stdout]   19:     0x62e1afe49289 - <std[70759c8f55707aa4]::sys::thread::unix::Thread>::new::thread_start
[INFO] [stdout]   20:     0x7ef97628edfa - <unknown>
[INFO] [stdout]   21:     0x7ef9763223d4 - clone
[INFO] [stdout]   22:                0x0 - <unknown>
[INFO] [stdout] 
[INFO] [stdout] ---- elevation_grid_and_extrusion stdout ----
[INFO] [stdout] 
[INFO] [stdout] thread 'elevation_grid_and_extrusion' (524) panicked at tests/decode.rs:16:6:
[INFO] [stdout] called `Result::unwrap()` on an `Err` value: Os { code: 2, kind: NotFound, message: "No such file or directory" }
[INFO] [stdout] stack backtrace:
[INFO] [stdout]    0:     0x62e1afe49cd1 - <<std[70759c8f55707aa4]::sys::backtrace::BacktraceLock>::print::DisplayBacktrace as core[df12db4294e9bfd3]::fmt::Display>::fmt
[INFO] [stdout]    1:     0x62e1afe5f9ea - core[df12db4294e9bfd3]::fmt::write
[INFO] [stdout]    2:     0x62e1afe4e16c - <alloc[2182bb758b4b3781]::vec::Vec<u8> as core[df12db4294e9bfd3]::io::write::Write>::write_fmt
[INFO] [stdout]    3:     0x62e1afe25fa6 - std[70759c8f55707aa4]::panicking::default_hook::{closure#0}
[INFO] [stdout]    4:     0x62e1afe42119 - std[70759c8f55707aa4]::panicking::default_hook
[INFO] [stdout]    5:     0x62e1afd5db90 - test[9d35eded1c95d3be]::test_main_inner::<test[9d35eded1c95d3be]::test_main_static::{closure#0}>::{closure#0}
[INFO] [stdout]    6:     0x62e1afe422d2 - std[70759c8f55707aa4]::panicking::panic_with_hook
[INFO] [stdout]    7:     0x62e1afe26052 - std[70759c8f55707aa4]::panicking::panic_handler::{closure#0}
[INFO] [stdout]    8:     0x62e1afe1ec49 - std[70759c8f55707aa4]::sys::backtrace::__rust_end_short_backtrace::<std[70759c8f55707aa4]::panicking::panic_handler::{closure#0}, !>
[INFO] [stdout]    9:     0x62e1afe26c4d - __rustc[8fa7c3cbc660c2b3]::rust_begin_unwind
[INFO] [stdout]   10:     0x62e1afe6011c - core[df12db4294e9bfd3]::panicking::panic_fmt
[INFO] [stdout]   11:     0x62e1afe5fef2 - core[df12db4294e9bfd3]::result::unwrap_failed
[INFO] [stdout]   12:     0x62e1afd45f8e - decode[fc6da45ec7b68a08]::fixture
[INFO] [stdout]   13:     0x62e1afd45cbe - decode[fc6da45ec7b68a08]::decode
[INFO] [stdout]   14:     0x62e1afd4a5bd - <decode[fc6da45ec7b68a08]::elevation_grid_and_extrusion::{closure#0} as core[df12db4294e9bfd3]::ops::function::FnOnce<()>>::call_once
[INFO] [stdout]   15:     0x62e1afd50e7b - test[9d35eded1c95d3be]::__rust_begin_short_backtrace::<core[df12db4294e9bfd3]::result::Result<(), alloc[2182bb758b4b3781]::string::String>, fn() -> core[df12db4294e9bfd3]::result::Result<(), alloc[2182bb758b4b3781]::string::String>>
[INFO] [stdout]   16:     0x62e1afd5e4e5 - test[9d35eded1c95d3be]::run_test::{closure#0}
[INFO] [stdout]   17:     0x62e1afd57da4 - std[70759c8f55707aa4]::sys::backtrace::__rust_begin_short_backtrace::<test[9d35eded1c95d3be]::run_test::{closure#1}, ()>
[INFO] [stdout]   18:     0x62e1afd61642 - <std[70759c8f55707aa4]::thread::lifecycle::spawn_unchecked<test[9d35eded1c95d3be]::run_test::{closure#1}, ()>::{closure#1} as core[df12db4294e9bfd3]::ops::function::FnOnce<()>>::call_once::{shim:vtable#0}
[INFO] [stdout]   19:     0x62e1afe49289 - <std[70759c8f55707aa4]::sys::thread::unix::Thread>::new::thread_start
[INFO] [stdout]   20:     0x7ef97628edfa - <unknown>
[INFO] [stdout]   21:     0x7ef9763223d4 - clone
[INFO] [stdout]   22:                0x0 - <unknown>
[INFO] [stdout] 
[INFO] [stdout] ---- line_and_point_sets stdout ----
[INFO] [stdout] 
[INFO] [stdout] thread 'line_and_point_sets' (530) panicked at tests/decode.rs:16:6:
[INFO] [stdout] called `Result::unwrap()` on an `Err` value: Os { code: 2, kind: NotFound, message: "No such file or directory" }
[INFO] [stdout] stack backtrace:
[INFO] [stdout]    0:     0x62e1afe49cd1 - <<std[70759c8f55707aa4]::sys::backtrace::BacktraceLock>::print::DisplayBacktrace as core[df12db4294e9bfd3]::fmt::Display>::fmt
[INFO] [stdout]    1:     0x62e1afe5f9ea - core[df12db4294e9bfd3]::fmt::write
[INFO] [stdout]    2:     0x62e1afe4e16c - <alloc[2182bb758b4b3781]::vec::Vec<u8> as core[df12db4294e9bfd3]::io::write::Write>::write_fmt
[INFO] [stdout]    3:     0x62e1afe25fa6 - std[70759c8f55707aa4]::panicking::default_hook::{closure#0}
[INFO] [stdout]    4:     0x62e1afe42119 - std[70759c8f55707aa4]::panicking::default_hook
[INFO] [stdout]    5:     0x62e1afd5db90 - test[9d35eded1c95d3be]::test_main_inner::<test[9d35eded1c95d3be]::test_main_static::{closure#0}>::{closure#0}
[INFO] [stdout]    6:     0x62e1afe422d2 - std[70759c8f55707aa4]::panicking::panic_with_hook
[INFO] [stdout]    7:     0x62e1afe26052 - std[70759c8f55707aa4]::panicking::panic_handler::{closure#0}
[INFO] [stdout]    8:     0x62e1afe1ec49 - std[70759c8f55707aa4]::sys::backtrace::__rust_end_short_backtrace::<std[70759c8f55707aa4]::panicking::panic_handler::{closure#0}, !>
[INFO] [stdout]    9:     0x62e1afe26c4d - __rustc[8fa7c3cbc660c2b3]::rust_begin_unwind
[INFO] [stdout]   10:     0x62e1afe6011c - core[df12db4294e9bfd3]::panicking::panic_fmt
[INFO] [stdout]   11:     0x62e1afe5fef2 - core[df12db4294e9bfd3]::result::unwrap_failed
[INFO] [stdout]   12:     0x62e1afd45f8e - decode[fc6da45ec7b68a08]::fixture
[INFO] [stdout]   13:     0x62e1afd45cbe - decode[fc6da45ec7b68a08]::decode
[INFO] [stdout]   14:     0x62e1afd48195 - <decode[fc6da45ec7b68a08]::line_and_point_sets::{closure#0} as core[df12db4294e9bfd3]::ops::function::FnOnce<()>>::call_once
[INFO] [stdout]   15:     0x62e1afd50e7b - test[9d35eded1c95d3be]::__rust_begin_short_backtrace::<core[df12db4294e9bfd3]::result::Result<(), alloc[2182bb758b4b3781]::string::String>, fn() -> core[df12db4294e9bfd3]::result::Result<(), alloc[2182bb758b4b3781]::string::String>>
[INFO] [stdout]   16:     0x62e1afd5e4e5 - test[9d35eded1c95d3be]::run_test::{closure#0}
[INFO] [stdout]   17:     0x62e1afd57da4 - std[70759c8f55707aa4]::sys::backtrace::__rust_begin_short_backtrace::<test[9d35eded1c95d3be]::run_test::{closure#1}, ()>
[INFO] [stdout]   18:     0x62e1afd61642 - <std[70759c8f55707aa4]::thread::lifecycle::spawn_unchecked<test[9d35eded1c95d3be]::run_test::{closure#1}, ()>::{closure#1} as core[df12db4294e9bfd3]::ops::function::FnOnce<()>>::call_once::{shim:vtable#0}
[INFO] [stdout]   19:     0x62e1afe49289 - <std[70759c8f55707aa4]::sys::thread::unix::Thread>::new::thread_start
[INFO] [stdout]   20:     0x7ef97628edfa - <unknown>
[INFO] [stdout]   21:     0x7ef9763223d4 - clone
[INFO] [stdout]   22:                0x0 - <unknown>
[INFO] [stdout] 
[INFO] [stdout] ---- indexed_face_set_hints stdout ----
[INFO] [stdout] 
[INFO] [stdout] thread 'indexed_face_set_hints' (529) panicked at tests/decode.rs:16:6:
[INFO] [stdout] called `Result::unwrap()` on an `Err` value: Os { code: 2, kind: NotFound, message: "No such file or directory" }
[INFO] [stdout] stack backtrace:
[INFO] [stdout]    0:     0x62e1afe49cd1 - <<std[70759c8f55707aa4]::sys::backtrace::BacktraceLock>::print::DisplayBacktrace as core[df12db4294e9bfd3]::fmt::Display>::fmt
[INFO] [stdout]    1:     0x62e1afe5f9ea - core[df12db4294e9bfd3]::fmt::write
[INFO] [stdout]    2:     0x62e1afe4e16c - <alloc[2182bb758b4b3781]::vec::Vec<u8> as core[df12db4294e9bfd3]::io::write::Write>::write_fmt
[INFO] [stdout]    3:     0x62e1afe25fa6 - std[70759c8f55707aa4]::panicking::default_hook::{closure#0}
[INFO] [stdout]    4:     0x62e1afe42119 - std[70759c8f55707aa4]::panicking::default_hook
[INFO] [stdout]    5:     0x62e1afd5db90 - test[9d35eded1c95d3be]::test_main_inner::<test[9d35eded1c95d3be]::test_main_static::{closure#0}>::{closure#0}
[INFO] [stdout]    6:     0x62e1afe422d2 - std[70759c8f55707aa4]::panicking::panic_with_hook
[INFO] [stdout]    7:     0x62e1afe26052 - std[70759c8f55707aa4]::panicking::panic_handler::{closure#0}
[INFO] [stdout]    8:     0x62e1afe1ec49 - std[70759c8f55707aa4]::sys::backtrace::__rust_end_short_backtrace::<std[70759c8f55707aa4]::panicking::panic_handler::{closure#0}, !>
[INFO] [stdout]    9:     0x62e1afe26c4d - __rustc[8fa7c3cbc660c2b3]::rust_begin_unwind
[INFO] [stdout]   10:     0x62e1afe6011c - core[df12db4294e9bfd3]::panicking::panic_fmt
[INFO] [stdout]   11:     0x62e1afe5fef2 - core[df12db4294e9bfd3]::result::unwrap_failed
[INFO] [stdout]   12:     0x62e1afd45f8e - decode[fc6da45ec7b68a08]::fixture
[INFO] [stdout]   13:     0x62e1afd45cbe - decode[fc6da45ec7b68a08]::decode
[INFO] [stdout]   14:     0x62e1afd492ba - <decode[fc6da45ec7b68a08]::indexed_face_set_hints::{closure#0} as core[df12db4294e9bfd3]::ops::function::FnOnce<()>>::call_once
[INFO] [stdout]   15:     0x62e1afd50e7b - test[9d35eded1c95d3be]::__rust_begin_short_backtrace::<core[df12db4294e9bfd3]::result::Result<(), alloc[2182bb758b4b3781]::string::String>, fn() -> core[df12db4294e9bfd3]::result::Result<(), alloc[2182bb758b4b3781]::string::String>>
[INFO] [stdout]   16:     0x62e1afd5e4e5 - test[9d35eded1c95d3be]::run_test::{closure#0}
[INFO] [stdout]   17:     0x62e1afd57da4 - std[70759c8f55707aa4]::sys::backtrace::__rust_begin_short_backtrace::<test[9d35eded1c95d3be]::run_test::{closure#1}, ()>
[INFO] [stdout]   18:     0x62e1afd61642 - <std[70759c8f55707aa4]::thread::lifecycle::spawn_unchecked<test[9d35eded1c95d3be]::run_test::{closure#1}, ()>::{closure#1} as core[df12db4294e9bfd3]::ops::function::FnOnce<()>>::call_once::{shim:vtable#0}
[INFO] [stdout]   19:     0x62e1afe49289 - <std[70759c8f55707aa4]::sys::thread::unix::Thread>::new::thread_start
[INFO] [stdout]   20:     0x7ef97628edfa - <unknown>
[INFO] [stdout]   21:     0x7ef9763223d4 - clone
[INFO] [stdout]   22:                0x0 - <unknown>
[INFO] [stdout] 
[INFO] [stdout] ---- animations_from_routes stdout ----
[INFO] [stdout] 
[INFO] [stdout] thread 'animations_from_routes' (523) panicked at tests/decode.rs:16:6:
[INFO] [stdout] called `Result::unwrap()` on an `Err` value: Os { code: 2, kind: NotFound, message: "No such file or directory" }
[INFO] [stdout] stack backtrace:
[INFO] [stdout]    0:     0x62e1afe49cd1 - <<std[70759c8f55707aa4]::sys::backtrace::BacktraceLock>::print::DisplayBacktrace as core[df12db4294e9bfd3]::fmt::Display>::fmt
[INFO] [stdout]    1:     0x62e1afe5f9ea - core[df12db4294e9bfd3]::fmt::write
[INFO] [stdout]    2:     0x62e1afe4e16c - <alloc[2182bb758b4b3781]::vec::Vec<u8> as core[df12db4294e9bfd3]::io::write::Write>::write_fmt
[INFO] [stdout]    3:     0x62e1afe25fa6 - std[70759c8f55707aa4]::panicking::default_hook::{closure#0}
[INFO] [stdout]    4:     0x62e1afe42119 - std[70759c8f55707aa4]::panicking::default_hook
[INFO] [stdout]    5:     0x62e1afd5db90 - test[9d35eded1c95d3be]::test_main_inner::<test[9d35eded1c95d3be]::test_main_static::{closure#0}>::{closure#0}
[INFO] [stdout]    6:     0x62e1afe422d2 - std[70759c8f55707aa4]::panicking::panic_with_hook
[INFO] [stdout]    7:     0x62e1afe26052 - std[70759c8f55707aa4]::panicking::panic_handler::{closure#0}
[INFO] [stdout]    8:     0x62e1afe1ec49 - std[70759c8f55707aa4]::sys::backtrace::__rust_end_short_backtrace::<std[70759c8f55707aa4]::panicking::panic_handler::{closure#0}, !>
[INFO] [stdout]    9:     0x62e1afe26c4d - __rustc[8fa7c3cbc660c2b3]::rust_begin_unwind
[INFO] [stdout]   10:     0x62e1afe6011c - core[df12db4294e9bfd3]::panicking::panic_fmt
[INFO] [stdout]   11:     0x62e1afe5fef2 - core[df12db4294e9bfd3]::result::unwrap_failed
[INFO] [stdout]   12:     0x62e1afd45f8e - decode[fc6da45ec7b68a08]::fixture
[INFO] [stdout]   13:     0x62e1afd45cbe - decode[fc6da45ec7b68a08]::decode
[INFO] [stdout]   14:     0x62e1afd4895a - <decode[fc6da45ec7b68a08]::animations_from_routes::{closure#0} as core[df12db4294e9bfd3]::ops::function::FnOnce<()>>::call_once
[INFO] [stdout]   15:     0x62e1afd50e7b - test[9d35eded1c95d3be]::__rust_begin_short_backtrace::<core[df12db4294e9bfd3]::result::Result<(), alloc[2182bb758b4b3781]::string::String>, fn() -> core[df12db4294e9bfd3]::result::Result<(), alloc[2182bb758b4b3781]::string::String>>
[INFO] [stdout]   16:     0x62e1afd5e4e5 - test[9d35eded1c95d3be]::run_test::{closure#0}
[INFO] [stdout]   17:     0x62e1afd57da4 - std[70759c8f55707aa4]::sys::backtrace::__rust_begin_short_backtrace::<test[9d35eded1c95d3be]::run_test::{closure#1}, ()>
[INFO] [stdout]   18:     0x62e1afd61642 - <std[70759c8f55707aa4]::thread::lifecycle::spawn_unchecked<test[9d35eded1c95d3be]::run_test::{closure#1}, ()>::{closure#1} as core[df12db4294e9bfd3]::ops::function::FnOnce<()>>::call_once::{shim:vtable#0}
[INFO] [stdout]   19:     0x62e1afe49289 - <std[70759c8f55707aa4]::sys::thread::unix::Thread>::new::thread_start
[INFO] [stdout]   20:     0x7ef97628edfa - <unknown>
[INFO] [stdout]   21:     0x7ef9763223d4 - clone
[INFO] [stdout]   22:                0x0 - <unknown>
[INFO] [stdout] 
[INFO] [stdout] ---- gzip_input stdout ----
[INFO] [stdout] 
[INFO] [stdout] thread 'gzip_input' (528) panicked at tests/decode.rs:16:6:
[INFO] [stdout] called `Result::unwrap()` on an `Err` value: Os { code: 2, kind: NotFound, message: "No such file or directory" }
[INFO] [stdout] stack backtrace:
[INFO] [stdout]    0:     0x62e1afe49cd1 - <<std[70759c8f55707aa4]::sys::backtrace::BacktraceLock>::print::DisplayBacktrace as core[df12db4294e9bfd3]::fmt::Display>::fmt
[INFO] [stdout]    1:     0x62e1afe5f9ea - core[df12db4294e9bfd3]::fmt::write
[INFO] [stdout]    2:     0x62e1afe4e16c - <alloc[2182bb758b4b3781]::vec::Vec<u8> as core[df12db4294e9bfd3]::io::write::Write>::write_fmt
[INFO] [stdout]    3:     0x62e1afe25fa6 - std[70759c8f55707aa4]::panicking::default_hook::{closure#0}
[INFO] [stdout]    4:     0x62e1afe42119 - std[70759c8f55707aa4]::panicking::default_hook
[INFO] [stdout]    5:     0x62e1afd5db90 - test[9d35eded1c95d3be]::test_main_inner::<test[9d35eded1c95d3be]::test_main_static::{closure#0}>::{closure#0}
[INFO] [stdout]    6:     0x62e1afe422d2 - std[70759c8f55707aa4]::panicking::panic_with_hook
[INFO] [stdout]    7:     0x62e1afe26052 - std[70759c8f55707aa4]::panicking::panic_handler::{closure#0}
[INFO] [stdout]    8:     0x62e1afe1ec49 - std[70759c8f55707aa4]::sys::backtrace::__rust_end_short_backtrace::<std[70759c8f55707aa4]::panicking::panic_handler::{closure#0}, !>
[INFO] [stdout]    9:     0x62e1afe26c4d - __rustc[8fa7c3cbc660c2b3]::rust_begin_unwind
[INFO] [stdout]   10:     0x62e1afe6011c - core[df12db4294e9bfd3]::panicking::panic_fmt
[INFO] [stdout]   11:     0x62e1afe5fef2 - core[df12db4294e9bfd3]::result::unwrap_failed
[INFO] [stdout]   12:     0x62e1afd45f8e - decode[fc6da45ec7b68a08]::fixture
[INFO] [stdout]   13:     0x62e1afd4639a - <decode[fc6da45ec7b68a08]::gzip_input::{closure#0} as core[df12db4294e9bfd3]::ops::function::FnOnce<()>>::call_once
[INFO] [stdout]   14:     0x62e1afd50e7b - test[9d35eded1c95d3be]::__rust_begin_short_backtrace::<core[df12db4294e9bfd3]::result::Result<(), alloc[2182bb758b4b3781]::string::String>, fn() -> core[df12db4294e9bfd3]::result::Result<(), alloc[2182bb758b4b3781]::string::String>>
[INFO] [stdout]   15:     0x62e1afd5e4e5 - test[9d35eded1c95d3be]::run_test::{closure#0}
[INFO] [stdout]   16:     0x62e1afd57da4 - std[70759c8f55707aa4]::sys::backtrace::__rust_begin_short_backtrace::<test[9d35eded1c95d3be]::run_test::{closure#1}, ()>
[INFO] [stdout]   17:     0x62e1afd61642 - <std[70759c8f55707aa4]::thread::lifecycle::spawn_unchecked<test[9d35eded1c95d3be]::run_test::{closure#1}, ()>::{closure#1} as core[df12db4294e9bfd3]::ops::function::FnOnce<()>>::call_once::{shim:vtable#0}
[INFO] [stdout]   18:     0x62e1afe49289 - <std[70759c8f55707aa4]::sys::thread::unix::Thread>::new::thread_start
[INFO] [stdout]   19:     0x7ef97628edfa - <unknown>
[INFO] [stdout]   20:     0x7ef9763223d4 - clone
[INFO] [stdout]   21:                0x0 - <unknown>
[INFO] [stdout] 
[INFO] [stdout] ---- externproto_through_resolver stdout ----
[INFO] [stdout] 
[INFO] [stdout] thread 'externproto_through_resolver' (526) panicked at tests/decode.rs:16:6:
[INFO] [stdout] called `Result::unwrap()` on an `Err` value: Os { code: 2, kind: NotFound, message: "No such file or directory" }
[INFO] [stdout] stack backtrace:
[INFO] [stdout]    0:     0x62e1afe49cd1 - <<std[70759c8f55707aa4]::sys::backtrace::BacktraceLock>::print::DisplayBacktrace as core[df12db4294e9bfd3]::fmt::Display>::fmt
[INFO] [stdout]    1:     0x62e1afe5f9ea - core[df12db4294e9bfd3]::fmt::write
[INFO] [stdout]    2:     0x62e1afe4e16c - <alloc[2182bb758b4b3781]::vec::Vec<u8> as core[df12db4294e9bfd3]::io::write::Write>::write_fmt
[INFO] [stdout]    3:     0x62e1afe25fa6 - std[70759c8f55707aa4]::panicking::default_hook::{closure#0}
[INFO] [stdout]    4:     0x62e1afe42119 - std[70759c8f55707aa4]::panicking::default_hook
[INFO] [stdout]    5:     0x62e1afd5db90 - test[9d35eded1c95d3be]::test_main_inner::<test[9d35eded1c95d3be]::test_main_static::{closure#0}>::{closure#0}
[INFO] [stdout]    6:     0x62e1afe422d2 - std[70759c8f55707aa4]::panicking::panic_with_hook
[INFO] [stdout]    7:     0x62e1afe26052 - std[70759c8f55707aa4]::panicking::panic_handler::{closure#0}
[INFO] [stdout]    8:     0x62e1afe1ec49 - std[70759c8f55707aa4]::sys::backtrace::__rust_end_short_backtrace::<std[70759c8f55707aa4]::panicking::panic_handler::{closure#0}, !>
[INFO] [stdout]    9:     0x62e1afe26c4d - __rustc[8fa7c3cbc660c2b3]::rust_begin_unwind
[INFO] [stdout]   10:     0x62e1afe6011c - core[df12db4294e9bfd3]::panicking::panic_fmt
[INFO] [stdout]   11:     0x62e1afe5fef2 - core[df12db4294e9bfd3]::result::unwrap_failed
[INFO] [stdout]   12:     0x62e1afd45f8e - decode[fc6da45ec7b68a08]::fixture
[INFO] [stdout]   13:     0x62e1afd4adf5 - <decode[fc6da45ec7b68a08]::externproto_through_resolver::{closure#0} as core[df12db4294e9bfd3]::ops::function::FnOnce<()>>::call_once
[INFO] [stdout]   14:     0x62e1afd50e7b - test[9d35eded1c95d3be]::__rust_begin_short_backtrace::<core[df12db4294e9bfd3]::result::Result<(), alloc[2182bb758b4b3781]::string::String>, fn() -> core[df12db4294e9bfd3]::result::Result<(), alloc[2182bb758b4b3781]::string::String>>
[INFO] [stdout]   15:     0x62e1afd5e4e5 - test[9d35eded1c95d3be]::run_test::{closure#0}
[INFO] [stdout]   16:     0x62e1afd57da4 - std[70759c8f55707aa4]::sys::backtrace::__rust_begin_short_backtrace::<test[9d35eded1c95d3be]::run_test::{closure#1}, ()>
[INFO] [stdout]   17:     0x62e1afd61642 - <std[70759c8f55707aa4]::thread::lifecycle::spawn_unchecked<test[9d35eded1c95d3be]::run_test::{closure#1}, ()>::{closure#1} as core[df12db4294e9bfd3]::ops::function::FnOnce<()>>::call_once::{shim:vtable#0}
[INFO] [stdout]   18:     0x62e1afe49289 - <std[70759c8f55707aa4]::sys::thread::unix::Thread>::new::thread_start
[INFO] [stdout]   19:     0x7ef97628edfa - <unknown>
[INFO] [stdout]   20:     0x7ef9763223d4 - clone
[INFO] [stdout]   21:                0x0 - <unknown>
[INFO] [stdout] 
[INFO] [stdout] ---- primitives_and_def_use stdout ----
[INFO] [stdout] 
[INFO] [stdout] thread 'primitives_and_def_use' (531) panicked at tests/decode.rs:16:6:
[INFO] [stdout] called `Result::unwrap()` on an `Err` value: Os { code: 2, kind: NotFound, message: "No such file or directory" }
[INFO] [stdout] stack backtrace:
[INFO] [stdout]    0:     0x62e1afe49cd1 - <<std[70759c8f55707aa4]::sys::backtrace::BacktraceLock>::print::DisplayBacktrace as core[df12db4294e9bfd3]::fmt::Display>::fmt
[INFO] [stdout]    1:     0x62e1afe5f9ea - core[df12db4294e9bfd3]::fmt::write
[INFO] [stdout]    2:     0x62e1afe4e16c - <alloc[2182bb758b4b3781]::vec::Vec<u8> as core[df12db4294e9bfd3]::io::write::Write>::write_fmt
[INFO] [stdout]    3:     0x62e1afe25fa6 - std[70759c8f55707aa4]::panicking::default_hook::{closure#0}
[INFO] [stdout]    4:     0x62e1afe42119 - std[70759c8f55707aa4]::panicking::default_hook
[INFO] [stdout]    5:     0x62e1afd5db90 - test[9d35eded1c95d3be]::test_main_inner::<test[9d35eded1c95d3be]::test_main_static::{closure#0}>::{closure#0}
[INFO] [stdout]    6:     0x62e1afe422d2 - std[70759c8f55707aa4]::panicking::panic_with_hook
[INFO] [stdout]    7:     0x62e1afe26052 - std[70759c8f55707aa4]::panicking::panic_handler::{closure#0}
[INFO] [stdout]    8:     0x62e1afe1ec49 - std[70759c8f55707aa4]::sys::backtrace::__rust_end_short_backtrace::<std[70759c8f55707aa4]::panicking::panic_handler::{closure#0}, !>
[INFO] [stdout]    9:     0x62e1afe26c4d - __rustc[8fa7c3cbc660c2b3]::rust_begin_unwind
[INFO] [stdout]   10:     0x62e1afe6011c - core[df12db4294e9bfd3]::panicking::panic_fmt
[INFO] [stdout]   11:     0x62e1afe5fef2 - core[df12db4294e9bfd3]::result::unwrap_failed
[INFO] [stdout]   12:     0x62e1afd45f8e - decode[fc6da45ec7b68a08]::fixture
[INFO] [stdout]   13:     0x62e1afd45cbe - decode[fc6da45ec7b68a08]::decode
[INFO] [stdout]   14:     0x62e1afd49d37 - <decode[fc6da45ec7b68a08]::primitives_and_def_use::{closure#0} as core[df12db4294e9bfd3]::ops::function::FnOnce<()>>::call_once
[INFO] [stdout]   15:     0x62e1afd50e7b - test[9d35eded1c95d3be]::__rust_begin_short_backtrace::<core[df12db4294e9bfd3]::result::Result<(), alloc[2182bb758b4b3781]::string::String>, fn() -> core[df12db4294e9bfd3]::result::Result<(), alloc[2182bb758b4b3781]::string::String>>
[INFO] [stdout]   16:     0x62e1afd5e4e5 - test[9d35eded1c95d3be]::run_test::{closure#0}
[INFO] [stdout]   17:     0x62e1afd57da4 - std[70759c8f55707aa4]::sys::backtrace::__rust_begin_short_backtrace::<test[9d35eded1c95d3be]::run_test::{closure#1}, ()>
[INFO] [stdout]   18:     0x62e1afd61642 - <std[70759c8f55707aa4]::thread::lifecycle::spawn_unchecked<test[9d35eded1c95d3be]::run_test::{closure#1}, ()>::{closure#1} as core[df12db4294e9bfd3]::ops::function::FnOnce<()>>::call_once::{shim:vtable#0}
[INFO] [stdout]   19:     0x62e1afe49289 - <std[70759c8f55707aa4]::sys::thread::unix::Thread>::new::thread_start
[INFO] [stdout]   20:     0x7ef97628edfa - <unknown>
[INFO] [stdout]   21:     0x7ef9763223d4 - clone
[INFO] [stdout]   22:                0x0 - <unknown>
[INFO] [stdout] 
[INFO] [stdout] ---- protos_expand_with_is_mapping stdout ----
[INFO] [stdout] 
[INFO] [stdout] thread 'protos_expand_with_is_mapping' (532) panicked at tests/decode.rs:16:6:
[INFO] [stdout] called `Result::unwrap()` on an `Err` value: Os { code: 2, kind: NotFound, message: "No such file or directory" }
[INFO] [stdout] stack backtrace:
[INFO] [stdout]    0:     0x62e1afe49cd1 - <<std[70759c8f55707aa4]::sys::backtrace::BacktraceLock>::print::DisplayBacktrace as core[df12db4294e9bfd3]::fmt::Display>::fmt
[INFO] [stdout]    1:     0x62e1afe5f9ea - core[df12db4294e9bfd3]::fmt::write
[INFO] [stdout]    2:     0x62e1afe4e16c - <alloc[2182bb758b4b3781]::vec::Vec<u8> as core[df12db4294e9bfd3]::io::write::Write>::write_fmt
[INFO] [stdout]    3:     0x62e1afe25fa6 - std[70759c8f55707aa4]::panicking::default_hook::{closure#0}
[INFO] [stdout]    4:     0x62e1afe42119 - std[70759c8f55707aa4]::panicking::default_hook
[INFO] [stdout]    5:     0x62e1afd5db90 - test[9d35eded1c95d3be]::test_main_inner::<test[9d35eded1c95d3be]::test_main_static::{closure#0}>::{closure#0}
[INFO] [stdout]    6:     0x62e1afe422d2 - std[70759c8f55707aa4]::panicking::panic_with_hook
[INFO] [stdout]    7:     0x62e1afe26052 - std[70759c8f55707aa4]::panicking::panic_handler::{closure#0}
[INFO] [stdout]    8:     0x62e1afe1ec49 - std[70759c8f55707aa4]::sys::backtrace::__rust_end_short_backtrace::<std[70759c8f55707aa4]::panicking::panic_handler::{closure#0}, !>
[INFO] [stdout]    9:     0x62e1afe26c4d - __rustc[8fa7c3cbc660c2b3]::rust_begin_unwind
[INFO] [stdout]   10:     0x62e1afe6011c - core[df12db4294e9bfd3]::panicking::panic_fmt
[INFO] [stdout]   11:     0x62e1afe5fef2 - core[df12db4294e9bfd3]::result::unwrap_failed
[INFO] [stdout]   12:     0x62e1afd45f8e - decode[fc6da45ec7b68a08]::fixture
[INFO] [stdout]   13:     0x62e1afd45cbe - decode[fc6da45ec7b68a08]::decode
[INFO] [stdout]   14:     0x62e1afd4b1dc - <decode[fc6da45ec7b68a08]::protos_expand_with_is_mapping::{closure#0} as core[df12db4294e9bfd3]::ops::function::FnOnce<()>>::call_once
[INFO] [stdout]   15:     0x62e1afd50e7b - test[9d35eded1c95d3be]::__rust_begin_short_backtrace::<core[df12db4294e9bfd3]::result::Result<(), alloc[2182bb758b4b3781]::string::String>, fn() -> core[df12db4294e9bfd3]::result::Result<(), alloc[2182bb758b4b3781]::string::String>>
[INFO] [stdout]   16:     0x62e1afd5e4e5 - test[9d35eded1c95d3be]::run_test::{closure#0}
[INFO] [stdout]   17:     0x62e1afd57da4 - std[70759c8f55707aa4]::sys::backtrace::__rust_begin_short_backtrace::<test[9d35eded1c95d3be]::run_test::{closure#1}, ()>
[INFO] [stdout]   18:     0x62e1afd61642 - <std[70759c8f55707aa4]::thread::lifecycle::spawn_unchecked<test[9d35eded1c95d3be]::run_test::{closure#1}, ()>::{closure#1} as core[df12db4294e9bfd3]::ops::function::FnOnce<()>>::call_once::{shim:vtable#0}
[INFO] [stdout]   19:     0x62e1afe49289 - <std[70759c8f55707aa4]::sys::thread::unix::Thread>::new::thread_start
[INFO] [stdout]   20:     0x7ef97628edfa - <unknown>
[INFO] [stdout]   21:     0x7ef9763223d4 - clone
[INFO] [stdout]   22:                0x0 - <unknown>
[INFO] [stdout] 
[INFO] [stdout] ---- textures_and_texture_transform stdout ----
[INFO] [stdout] 
[INFO] [stdout] thread 'textures_and_texture_transform' (534) panicked at tests/decode.rs:16:6:
[INFO] [stdout] called `Result::unwrap()` on an `Err` value: Os { code: 2, kind: NotFound, message: "No such file or directory" }
[INFO] [stdout] stack backtrace:
[INFO] [stdout]    0:     0x62e1afe49cd1 - <<std[70759c8f55707aa4]::sys::backtrace::BacktraceLock>::print::DisplayBacktrace as core[df12db4294e9bfd3]::fmt::Display>::fmt
[INFO] [stdout]    1:     0x62e1afe5f9ea - core[df12db4294e9bfd3]::fmt::write
[INFO] [stdout]    2:     0x62e1afe4e16c - <alloc[2182bb758b4b3781]::vec::Vec<u8> as core[df12db4294e9bfd3]::io::write::Write>::write_fmt
[INFO] [stdout]    3:     0x62e1afe25fa6 - std[70759c8f55707aa4]::panicking::default_hook::{closure#0}
[INFO] [stdout]    4:     0x62e1afe42119 - std[70759c8f55707aa4]::panicking::default_hook
[INFO] [stdout]    5:     0x62e1afd5db90 - test[9d35eded1c95d3be]::test_main_inner::<test[9d35eded1c95d3be]::test_main_static::{closure#0}>::{closure#0}
[INFO] [stdout]    6:     0x62e1afe422d2 - std[70759c8f55707aa4]::panicking::panic_with_hook
[INFO] [stdout]    7:     0x62e1afe26052 - std[70759c8f55707aa4]::panicking::panic_handler::{closure#0}
[INFO] [stdout]    8:     0x62e1afe1ec49 - std[70759c8f55707aa4]::sys::backtrace::__rust_end_short_backtrace::<std[70759c8f55707aa4]::panicking::panic_handler::{closure#0}, !>
[INFO] [stdout]    9:     0x62e1afe26c4d - __rustc[8fa7c3cbc660c2b3]::rust_begin_unwind
[INFO] [stdout]   10:     0x62e1afe6011c - core[df12db4294e9bfd3]::panicking::panic_fmt
[INFO] [stdout]   11:     0x62e1afe5fef2 - core[df12db4294e9bfd3]::result::unwrap_failed
[INFO] [stdout]   12:     0x62e1afd45f8e - decode[fc6da45ec7b68a08]::fixture
[INFO] [stdout]   13:     0x62e1afd45cbe - decode[fc6da45ec7b68a08]::decode
[INFO] [stdout]   14:     0x62e1afd4c829 - <decode[fc6da45ec7b68a08]::textures_and_texture_transform::{closure#0} as core[df12db4294e9bfd3]::ops::function::FnOnce<()>>::call_once
[INFO] [stdout]   15:     0x62e1afd50e7b - test[9d35eded1c95d3be]::__rust_begin_short_backtrace::<core[df12db4294e9bfd3]::result::Result<(), alloc[2182bb758b4b3781]::string::String>, fn() -> core[df12db4294e9bfd3]::result::Result<(), alloc[2182bb758b4b3781]::string::String>>
[INFO] [stdout]   16:     0x62e1afd5e4e5 - test[9d35eded1c95d3be]::run_test::{closure#0}
[INFO] [stdout]   17:     0x62e1afd57da4 - std[70759c8f55707aa4]::sys::backtrace::__rust_begin_short_backtrace::<test[9d35eded1c95d3be]::run_test::{closure#1}, ()>
[INFO] [stdout]   18:     0x62e1afd61642 - <std[70759c8f55707aa4]::thread::lifecycle::spawn_unchecked<test[9d35eded1c95d3be]::run_test::{closure#1}, ()>::{closure#1} as core[df12db4294e9bfd3]::ops::function::FnOnce<()>>::call_once::{shim:vtable#0}
[INFO] [stdout]   19:     0x62e1afe49289 - <std[70759c8f55707aa4]::sys::thread::unix::Thread>::new::thread_start
[INFO] [stdout]   20:     0x7ef97628edfa - <unknown>
[INFO] [stdout]   21:     0x7ef9763223d4 - clone
[INFO] [stdout]   22:                0x0 - <unknown>
[INFO] [stdout] 
[INFO] [stdout] 
[INFO] [stdout] failures:
[INFO] [stdout]     animations_from_routes
[INFO] [stdout]     elevation_grid_and_extrusion
[INFO] [stdout]     environment_cameras_and_lights
[INFO] [stdout]     externproto_through_resolver
[INFO] [stdout]     grouping_nodes
[INFO] [stdout]     gzip_input
[INFO] [stdout]     indexed_face_set_hints
[INFO] [stdout]     line_and_point_sets
[INFO] [stdout]     primitives_and_def_use
[INFO] [stdout]     protos_expand_with_is_mapping
[INFO] [stdout]     textures_and_texture_transform
[INFO] [stdout] 
[INFO] [stdout] test result: FAILED. 1 passed; 11 failed; 0 ignored; 0 measured; 0 filtered out; finished in 0.08s
[INFO] [stdout] 
[INFO] [stderr] error: test failed, to rerun pass `--test decode`
[INFO] running `Command { std: "docker" "inspect" "aa45171d42615cc040d75f456051dfefa3bc9b82689180615f4e989b65e5bc46", kill_on_drop: false }`
[INFO] running `Command { std: "docker" "rm" "-f" "aa45171d42615cc040d75f456051dfefa3bc9b82689180615f4e989b65e5bc46", kill_on_drop: false }`
[INFO] [stdout] aa45171d42615cc040d75f456051dfefa3bc9b82689180615f4e989b65e5bc46
