[INFO] fetching crate oxideav-utvideo 0.0.3...
[INFO] testing oxideav-utvideo-0.0.3 against 1.100.0-beta.1+cargoflags=--release for beta-release-1.100-2
[INFO] extracting crate oxideav-utvideo 0.0.3 into /workspace/builds/worker-6-tc2/source
[INFO] started tweaking crates.io crate oxideav-utvideo 0.0.3
[INFO] removed 0 missing tests
[INFO] finished tweaking crates.io crate oxideav-utvideo 0.0.3
[INFO] tweaked toml for crates.io crate oxideav-utvideo 0.0.3 written to /workspace/builds/worker-6-tc2/source/Cargo.toml
[INFO] validating manifest of crates.io crate oxideav-utvideo 0.0.3 on toolchain 1.100.0-beta.1
[INFO] running `Command { std: CARGO_HOME="/workspace/cargo-home" RUSTUP_HOME="/workspace/rustup-home" "/workspace/cargo-home/bin/cargo" "+1.100.0-beta.1" "metadata" "--manifest-path" "Cargo.toml" "--no-deps", kill_on_drop: false }`
[INFO] crate crates.io crate oxideav-utvideo 0.0.3 already has a lockfile, it will not be regenerated
[INFO] running `Command { std: CARGO_HOME="/workspace/cargo-home" RUSTUP_HOME="/workspace/rustup-home" "/workspace/cargo-home/bin/cargo" "+1.100.0-beta.1" "fetch" "--manifest-path" "Cargo.toml", kill_on_drop: false }`
[INFO] [stderr] warning: `package.homepage` is redundant with `package.repository`
[INFO] [stderr]   --> Cargo.toml:52:12
[INFO] [stderr]    |
[INFO] [stderr] 52 | homepage = "https://github.com/OxideAV/oxideav-utvideo"
[INFO] [stderr]    |            ^^^^^^^^^^^^^^^^^^^^^^^^^^^^^^^^^^^^^^^^^^^^
[INFO] [stderr] ...
[INFO] [stderr] 57 | repository = "https://github.com/OxideAV/oxideav-utvideo"
[INFO] [stderr]    |              --------------------------------------------
[INFO] [stderr]    |
[INFO] [stderr]    = note: `cargo::redundant_homepage` is set to `warn` by default
[INFO] [stderr] help: consider removing `package.homepage`
[INFO] [stderr] warning: `oxideav-utvideo` (manifest) generated 1 warning
[INFO] running `Command { std: "docker" "create" "-v" "/var/lib/crater-agent-workspace/builds/worker-6-tc2/source:/opt/rustwide/workdir:ro,Z" "-v" "/var/lib/crater-agent-workspace/builds/worker-6-tc2/target:/opt/rustwide/target:rw,Z" "-v" "/var/lib/crater-agent-workspace/cargo-home:/opt/rustwide/cargo-home:ro,Z" "-v" "/var/lib/crater-agent-workspace/rustup-home:/opt/rustwide/rustup-home:ro,Z" "-m" "1610612736" "--network" "none" "ghcr.io/rust-lang/crates-build-env/linux@sha256:77db811e55d90add9212f6832c23229e3de5f1c1f9905e8cb07319ea15df73ac" "sleep" "infinity", kill_on_drop: false }`
[INFO] [stdout] 1c5bf3b45d4f6f48ffce92c451c4ba490e576d6480b439c66e4b8ecb1e554751
[INFO] running `Command { std: "docker" "start" "1c5bf3b45d4f6f48ffce92c451c4ba490e576d6480b439c66e4b8ecb1e554751", kill_on_drop: false }`
[INFO] running `Command { std: "docker" "inspect" "1c5bf3b45d4f6f48ffce92c451c4ba490e576d6480b439c66e4b8ecb1e554751", kill_on_drop: false }`
[INFO] running `Command { std: "docker" "exec" "-e" "SOURCE_DIR=/opt/rustwide/workdir" "-e" "CARGO_HOME=/opt/rustwide/cargo-home" "-e" "RUSTUP_HOME=/opt/rustwide/rustup-home" "-e" "CARGO_TARGET_DIR=/opt/rustwide/target" "-w" "/opt/rustwide/workdir" "--user" "0:0" "1c5bf3b45d4f6f48ffce92c451c4ba490e576d6480b439c66e4b8ecb1e554751" "/opt/rustwide/cargo-home/bin/cargo" "+1.100.0-beta.1" "metadata" "--no-deps" "--format-version=1", kill_on_drop: false }`
[INFO] running `Command { std: "docker" "inspect" "1c5bf3b45d4f6f48ffce92c451c4ba490e576d6480b439c66e4b8ecb1e554751", kill_on_drop: false }`
[INFO] running `Command { std: "docker" "exec" "-e" "SOURCE_DIR=/opt/rustwide/workdir" "-e" "CARGO_HOME=/opt/rustwide/cargo-home" "-e" "RUSTUP_HOME=/opt/rustwide/rustup-home" "-e" "CARGO_TARGET_DIR=/opt/rustwide/target" "-e" "CARGO_INCREMENTAL=0" "-e" "RUST_BACKTRACE=full" "-e" "RUSTFLAGS=--cap-lints=warn" "-e" "RUSTDOCFLAGS=--cap-lints=warn" "-w" "/opt/rustwide/workdir" "--user" "0:0" "1c5bf3b45d4f6f48ffce92c451c4ba490e576d6480b439c66e4b8ecb1e554751" "/opt/rustwide/cargo-home/bin/cargo" "+1.100.0-beta.1" "build" "--frozen" "--message-format=json" "--release", kill_on_drop: false }`
[INFO] [stderr] warning: `package.homepage` is redundant with `package.repository`
[INFO] [stderr]   --> Cargo.toml:52:12
[INFO] [stderr]    |
[INFO] [stderr] 52 | homepage = "https://github.com/OxideAV/oxideav-utvideo"
[INFO] [stderr]    |            ^^^^^^^^^^^^^^^^^^^^^^^^^^^^^^^^^^^^^^^^^^^^
[INFO] [stderr] ...
[INFO] [stderr] 57 | repository = "https://github.com/OxideAV/oxideav-utvideo"
[INFO] [stderr]    |              --------------------------------------------
[INFO] [stderr]    |
[INFO] [stderr]    = note: `cargo::redundant_homepage` is set to `warn` by default
[INFO] [stderr] help: consider removing `package.homepage`
[INFO] [stderr] warning: `oxideav-utvideo` (manifest) generated 1 warning
[INFO] [stderr]    Compiling syn v2.0.118
[INFO] [stderr]    Compiling serde_json v1.0.150
[INFO] [stderr]    Compiling thiserror-impl v2.0.18
[INFO] [stderr]    Compiling thiserror v2.0.18
[INFO] [stderr]    Compiling oxideav-core v0.1.29
[INFO] [stderr]    Compiling oxideav-utvideo v0.0.3 (/opt/rustwide/workdir)
[INFO] [stderr]     Finished `release` profile [optimized] target(s) in 7.43s
[INFO] running `Command { std: "docker" "inspect" "1c5bf3b45d4f6f48ffce92c451c4ba490e576d6480b439c66e4b8ecb1e554751", kill_on_drop: false }`
[INFO] running `Command { std: "docker" "exec" "-e" "SOURCE_DIR=/opt/rustwide/workdir" "-e" "CARGO_HOME=/opt/rustwide/cargo-home" "-e" "RUSTUP_HOME=/opt/rustwide/rustup-home" "-e" "CARGO_TARGET_DIR=/opt/rustwide/target" "-e" "CARGO_INCREMENTAL=0" "-e" "RUST_BACKTRACE=full" "-e" "RUSTFLAGS=--cap-lints=warn" "-e" "RUSTDOCFLAGS=--cap-lints=warn" "-w" "/opt/rustwide/workdir" "--user" "0:0" "1c5bf3b45d4f6f48ffce92c451c4ba490e576d6480b439c66e4b8ecb1e554751" "/opt/rustwide/cargo-home/bin/cargo" "+1.100.0-beta.1" "test" "--frozen" "--no-run" "--message-format=json" "--release", kill_on_drop: false }`
[INFO] [stderr] warning: `package.homepage` is redundant with `package.repository`
[INFO] [stderr]   --> Cargo.toml:52:12
[INFO] [stderr]    |
[INFO] [stderr] 52 | homepage = "https://github.com/OxideAV/oxideav-utvideo"
[INFO] [stderr]    |            ^^^^^^^^^^^^^^^^^^^^^^^^^^^^^^^^^^^^^^^^^^^^
[INFO] [stderr] ...
[INFO] [stderr] 57 | repository = "https://github.com/OxideAV/oxideav-utvideo"
[INFO] [stderr]    |              --------------------------------------------
[INFO] [stderr]    |
[INFO] [stderr]    = note: `cargo::redundant_homepage` is set to `warn` by default
[INFO] [stderr] help: consider removing `package.homepage`
[INFO] [stderr] warning: `oxideav-utvideo` (manifest) generated 1 warning
[INFO] [stderr]    Compiling crossbeam-epoch v0.9.20
[INFO] [stderr]    Compiling zerocopy v0.8.54
[INFO] [stderr]    Compiling itertools v0.10.5
[INFO] [stderr]    Compiling syn v2.0.118
[INFO] [stderr]    Compiling serde_json v1.0.150
[INFO] [stderr]    Compiling clap_builder v4.6.0
[INFO] [stderr]    Compiling plotters v0.3.7
[INFO] [stderr]    Compiling crossbeam-deque v0.8.7
[INFO] [stderr]    Compiling rayon-core v1.13.0
[INFO] [stderr]    Compiling rayon v1.12.0
[INFO] [stderr]    Compiling criterion-plot v0.5.0
[INFO] [stderr]    Compiling clap v4.6.1
[INFO] [stderr]    Compiling zerocopy-derive v0.8.54
[INFO] [stderr]    Compiling serde_derive v1.0.228
[INFO] [stderr]    Compiling thiserror-impl v2.0.18
[INFO] [stderr]    Compiling thiserror v2.0.18
[INFO] [stderr]    Compiling oxideav-core v0.1.29
[INFO] [stderr]    Compiling oxideav-utvideo v0.0.3 (/opt/rustwide/workdir)
[INFO] [stderr]    Compiling serde v1.0.228
[INFO] [stderr]    Compiling tinytemplate v1.2.1
[INFO] [stderr]    Compiling half v2.7.1
[INFO] [stderr]    Compiling ciborium-ll v0.2.2
[INFO] [stderr]    Compiling ciborium v0.2.2
[INFO] [stderr]    Compiling criterion v0.5.1
[INFO] [stderr]     Finished `release` profile [optimized] target(s) in 30.91s
[INFO] running `Command { std: "docker" "inspect" "1c5bf3b45d4f6f48ffce92c451c4ba490e576d6480b439c66e4b8ecb1e554751", kill_on_drop: false }`
[INFO] running `Command { std: "docker" "exec" "-e" "SOURCE_DIR=/opt/rustwide/workdir" "-e" "CARGO_HOME=/opt/rustwide/cargo-home" "-e" "RUSTUP_HOME=/opt/rustwide/rustup-home" "-e" "CARGO_TARGET_DIR=/opt/rustwide/target" "-e" "CARGO_INCREMENTAL=0" "-e" "RUST_BACKTRACE=full" "-e" "RUSTFLAGS=--cap-lints=warn" "-e" "RUSTDOCFLAGS=--cap-lints=warn" "-w" "/opt/rustwide/workdir" "--user" "0:0" "1c5bf3b45d4f6f48ffce92c451c4ba490e576d6480b439c66e4b8ecb1e554751" "/opt/rustwide/cargo-home/bin/cargo" "+1.100.0-beta.1" "test" "--frozen" "--release", kill_on_drop: false }`
[INFO] [stderr] warning: `package.homepage` is redundant with `package.repository`
[INFO] [stderr]   --> Cargo.toml:52:12
[INFO] [stderr]    |
[INFO] [stderr] 52 | homepage = "https://github.com/OxideAV/oxideav-utvideo"
[INFO] [stderr]    |            ^^^^^^^^^^^^^^^^^^^^^^^^^^^^^^^^^^^^^^^^^^^^
[INFO] [stderr] ...
[INFO] [stderr] 57 | repository = "https://github.com/OxideAV/oxideav-utvideo"
[INFO] [stderr]    |              --------------------------------------------
[INFO] [stderr]    |
[INFO] [stderr]    = note: `cargo::redundant_homepage` is set to `warn` by default
[INFO] [stderr] help: consider removing `package.homepage`
[INFO] [stderr] warning: `oxideav-utvideo` (manifest) generated 1 warning
[INFO] [stderr]     Finished `release` profile [optimized] target(s) in 0.08s
[INFO] [stderr]      Running unittests src/lib.rs (/opt/rustwide/target/release/build/oxideav-utvideo/15dac90109631f82/out/oxideav_utvideo-15dac90109631f82)
[INFO] [stdout] 
[INFO] [stdout] running 90 tests
[INFO] [stdout] test decoder::tests::decode_synthesised_uly0_constant_frame ... ok
[INFO] [stdout] test encoder::tests::build_lengths_simple_two_symbol_histogram ... ok
[INFO] [stdout] test encoder::tests::encode_plane_solid_constant_uly0 ... ok
[INFO] [stdout] test fourcc::tests::extradata_ffmpeg_for_builder_matches_spec01_t1_uly0 ... ok
[INFO] [stdout] test fourcc::tests::extradata_ffmpeg_for_builder_matches_spec01_t1_uly4 ... ok
[INFO] [stdout] test fourcc::tests::dim_constraints_match_spec ... ok
[INFO] [stdout] test fourcc::tests::extradata_ffmpeg_for_builder_matches_spec01_t1_ulra ... ok
[INFO] [stdout] test fourcc::tests::extradata_ffmpeg_for_encodes_slice_count_high_byte ... ok
[INFO] [stdout] test fourcc::tests::extradata_ffmpeg_for_builder_matches_spec01_t1_ulrg ... ok
[INFO] [stdout] test fourcc::tests::extradata_ffmpeg_for_builder_matches_spec01_t1_uly2 ... ok
[INFO] [stdout] test fourcc::tests::extradata_ffmpeg_for_rejects_out_of_range_slices ... ok
[INFO] [stdout] test fourcc::tests::extradata_rejects_huffman_clear ... ok
[INFO] [stdout] test fourcc::tests::extradata_ffmpeg_for_round_trips_through_parse ... ok
[INFO] [stdout] test fourcc::tests::extradata_rejects_interlaced ... ok
[INFO] [stdout] test fourcc::tests::extradata_rejects_truncated ... ok
[INFO] [stdout] test fourcc::tests::extradata_slice_count_decoded ... ok
[INFO] [stdout] test fourcc::tests::ffmpeg_source_format_tag_pinned_per_spec01_t1 ... ok
[INFO] [stdout] test fourcc::tests::extradata_parse_ffmpeg_uly0_fixture ... ok
[INFO] [stdout] test fourcc::tests::fourcc_round_trip_all_five ... ok
[INFO] [stdout] test fourcc::tests::extradata_rejects_bad_frame_info_size ... ok
[INFO] [stdout] test fourcc::tests::plane_count_per_fourcc ... ok
[INFO] [stdout] test fourcc::tests::fourcc_unknown_rejected ... ok
[INFO] [stdout] test fourcc::tests::plane_dim_subsampling ... ok
[INFO] [stdout] test fourcc::tests::predictor_ignores_other_bits ... ok
[INFO] [stdout] test fourcc::tests::predictor_round_trip_via_frame_info ... ok
[INFO] [stdout] test huffman::tests::bit_reader_decode_matches_spec_3_1_1 ... ok
[INFO] [stdout] test huffman::tests::bit_writer_arith_left_matches_spec_3_1_2_first_word ... ok
[INFO] [stdout] test huffman::tests::bit_reader_zeros_left_fixture_first_bits_from_spec_3_1_1 ... ok
[INFO] [stdout] test huffman::tests::bit_writer_pads_partial_word_with_zeros ... ok
[INFO] [stdout] test huffman::tests::bit_writer_round_trip_zeros_left ... ok
[INFO] [stdout] test huffman::tests::build_arith_left_table_matches_spec_3_1_2 ... ok
[INFO] [stdout] test huffman::tests::build_rejects_non_kraft ... ok
[INFO] [stdout] test huffman::tests::build_uniform_byte_table_matches_spec_6_3 ... ok
[INFO] [stdout] test huffman::tests::decode_slice_strict_accepts_zero_padding ... ok
[INFO] [stdout] test huffman::tests::build_zeros_left_table_matches_spec_3_1_1 ... ok
[INFO] [stdout] test huffman::tests::decode_handles_short_codes_at_end_of_buffer ... ok
[INFO] [stdout] test huffman::tests::build_rejects_multiple_zero_sentinels ... ok
[INFO] [stdout] test huffman::tests::first_nonzero_bit_finds_msb_first_position ... ok
[INFO] [stdout] test huffman::tests::first_nonzero_bit_respects_cursor ... ok
[INFO] [stdout] test huffman::tests::build_single_symbol_marker ... ok
[INFO] [stdout] test huffman::tests::decode_slice_strict_rejects_nonzero_padding ... ok
[INFO] [stdout] test huffman::tests::lut_skip_marks_long_codes_as_miss ... ok
[INFO] [stdout] test huffman::tests::lut_is_populated_for_short_codes ... ok
[INFO] [stdout] test huffman::tests::round_trip_random_descriptor ... ok
[INFO] [stdout] test inspect::tests::peek_frame_info_rejects_short_buffer ... ok
[INFO] [stdout] test inspect::tests::peek_frame_detects_single_symbol_descriptor ... ok
[INFO] [stdout] test inspect::tests::is_kraft_complete_false_on_incomplete_descriptor ... ok
[INFO] [stdout] test inspect::tests::peek_frame_code_length_histogram_empty_on_single_symbol_planes ... ok
[INFO] [stdout] test inspect::tests::is_kraft_complete_true_on_encoder_output ... ok
[INFO] [stdout] test inspect::tests::peek_frame_code_length_histogram_projects_scalar_accessors ... ok
[INFO] [stdout] test inspect::tests::peek_frame_rejects_missing_frame_info ... ok
[INFO] [stdout] test inspect::tests::peek_frame_info_recovers_predictor_from_trailing_dword ... ok
[INFO] [stdout] test inspect::tests::peek_frame_layout_round_trips_multi_slice ... ok
[INFO] [stdout] test predict::tests::left_first_pixel_seed_128_per_slice ... ok
[INFO] [stdout] test inspect::tests::peek_frame_rejects_unaligned_slice_offset ... ok
[INFO] [stdout] test inspect::tests::peek_frame_max_code_length_matches_descriptor_byte_scan ... ok
[INFO] [stdout] test inspect::tests::peek_frame_max_code_length_zero_on_single_symbol_planes ... ok
[INFO] [stdout] test inspect::tests::peek_frame_layout_round_trips_every_fourcc_single_slice ... ok
[INFO] [stdout] test inspect::tests::peek_frame_min_code_length_zero_on_single_symbol_planes ... ok
[INFO] [stdout] test inspect::tests::peek_frame_min_code_length_symbol_count_zero_on_single_symbol_planes ... ok
[INFO] [stdout] test inspect::tests::peek_frame_rejects_chunk_too_short_for_descriptor ... ok
[INFO] [stdout] test predict::tests::left_round_trip_multi_slice ... ok
[INFO] [stdout] test predict::tests::left_round_trip_single_slice ... ok
[INFO] [stdout] test inspect::tests::peek_frame_min_code_length_symbol_count_matches_descriptor_byte_scan ... ok
[INFO] [stdout] test predict::tests::gradient_round_trip_various_slices ... ok
[INFO] [stdout] test predict::tests::median_round_trip_various_slices ... ok
[INFO] [stdout] test inspect::tests::peek_frame_slice_data_total_matches_plane_compressed_bytes ... ok
[INFO] [stdout] test predict::tests::median_uses_modular_gradient_not_clip ... ok
[INFO] [stdout] test predict::tests::rgb_decorrelation_round_trip ... ok
[INFO] [stdout] test predict::tests::none_round_trip ... ok
[INFO] [stdout] test inspect::tests::peek_frame_min_code_length_matches_descriptor_byte_scan ... ok
[INFO] [stdout] test registry::tests::factory_default_runs_heuristic_no_override_set ... ok
[INFO] [stdout] test inspect::tests::peek_frame_rejects_non_monotonic_slice_offsets ... ok
[INFO] [stdout] test registry::tests::set_predictor_pins_the_choice_for_subsequent_frames ... ok
[INFO] [stdout] test roundtrip_tests::roundtrip_solid_colour_compresses_to_single_symbol ... ok
[INFO] [stdout] test registry::tests::set_predictor_none_re_enables_heuristic ... ok
[INFO] [stdout] test registry::tests::register_via_runtime_context_installs_codec ... ok
[INFO] [stdout] test registry::tests::register_claims_all_five_classic_fourccs ... ok
[INFO] [stdout] test roundtrip_tests::roundtrip_uly0_all_predictors_single_slice ... ok
[INFO] [stdout] test inspect::tests::peek_frame_layout_matches_decode_frame_predictor_and_frame_info ... ok
[INFO] [stdout] test roundtrip_tests::roundtrip_high_entropy_uly4 ... ok
[INFO] [stdout] test roundtrip_tests::roundtrip_non_square_dimensions ... ok
[INFO] [stdout] test roundtrip_tests::roundtrip_ulrg_all_predictors_single_slice ... ok
[INFO] [stdout] test roundtrip_tests::roundtrip_uly2_all_predictors_single_slice ... ok
[INFO] [stdout] test roundtrip_tests::roundtrip_ulra_all_predictors_single_slice ... ok
[INFO] [stdout] test roundtrip_tests::roundtrip_uly4_all_predictors_single_slice ... ok
[INFO] [stdout] test roundtrip_tests::roundtrip_uly0_multi_slice_all_predictors ... ok
[INFO] [stdout] test roundtrip_tests::roundtrip_uly2_multi_slice_all_predictors ... ok
[INFO] [stdout] test roundtrip_tests::roundtrip_ulrg_multi_slice_all_predictors ... ok
[INFO] [stdout] test roundtrip_tests::roundtrip_ulra_multi_slice_all_predictors ... ok
[INFO] [stdout] 
[INFO] [stdout] test result: ok. 90 passed; 0 failed; 0 ignored; 0 measured; 0 filtered out; finished in 0.09s
[INFO] [stdout] 
[INFO] [stderr]      Running tests/fuzz_seed_corpus_encode.rs (/opt/rustwide/target/release/build/oxideav-utvideo/5296b198290ba134/out/fuzz_seed_corpus_encode-5296b198290ba134)
[INFO] [stdout] 
[INFO] [stdout] running 11 tests
[INFO] [stdout] test all_ones_doesnt_panic ... ok
[INFO] [stdout] test every_fourcc_with_predictor_left_roundtrips ... ok
[INFO] [stdout] test single_byte_short_input_doesnt_panic ... ok
[INFO] [stdout] test ulra_alpha_plane_roundtrips ... ok
[INFO] [stdout] test empty_bytes_dont_panic ... ok
[INFO] [stdout] test slice_count_capped_at_height ... ok
[INFO] [stdout] test every_predictor_with_uly2_roundtrips ... ok
[INFO] [stdout] test header_only_no_payload_doesnt_panic ... ok
[INFO] [stdout] test max_dim_32x32_uly4_gradient_runs ... ok
[INFO] [stdout] test corpus_files_drive_encoder_without_panicking ... FAILED
[INFO] [stdout] test deterministic_random_pattern ... ok
[INFO] [stdout] 
[INFO] [stdout] failures:
[INFO] [stdout] 
[INFO] [stdout] ---- corpus_files_drive_encoder_without_panicking stdout ----
[INFO] [stdout] 
[INFO] [stdout] thread 'corpus_files_drive_encoder_without_panicking' (1669) panicked at tests/fuzz_seed_corpus_encode.rs:127:9:
[INFO] [stdout] read fuzz seed-corpus dir /opt/rustwide/workdir/fuzz/corpus/encode_utvideo_frame: No such file or directory (os error 2)
[INFO] [stdout] stack backtrace:
[INFO] [stdout]    0:     0x5bda57fe1221 - <<std[617be2ca0a6fd877]::sys::backtrace::BacktraceLock>::print::DisplayBacktrace as core[a373ad73a504971]::fmt::Display>::fmt
[INFO] [stdout]    1:     0x5bda57ff563a - core[a373ad73a504971]::fmt::write
[INFO] [stdout]    2:     0x5bda57fe577c - <alloc[2e1b2a31b91974c5]::vec::Vec<u8> as core[a373ad73a504971]::io::write::Write>::write_fmt
[INFO] [stdout]    3:     0x5bda57fbcc66 - std[617be2ca0a6fd877]::panicking::default_hook::{closure#0}
[INFO] [stdout]    4:     0x5bda57fd9189 - std[617be2ca0a6fd877]::panicking::default_hook
[INFO] [stdout]    5:     0x5bda57f611b0 - test[aada8e7e76ba119b]::test_main_inner::{closure#0}
[INFO] [stdout]    6:     0x5bda57fd94b2 - std[617be2ca0a6fd877]::panicking::panic_with_hook
[INFO] [stdout]    7:     0x5bda57fbcd12 - std[617be2ca0a6fd877]::panicking::panic_handler::{closure#0}
[INFO] [stdout]    8:     0x5bda57fb57f9 - std[617be2ca0a6fd877]::sys::backtrace::__rust_end_short_backtrace::<std[617be2ca0a6fd877]::panicking::panic_handler::{closure#0}, !>
[INFO] [stdout]    9:     0x5bda57fbd91d - __rustc[ea4f61d10b84890b]::rust_begin_unwind
[INFO] [stdout]   10:     0x5bda57ff5d6c - core[a373ad73a504971]::panicking::panic_fmt
[INFO] [stdout]   11:     0x5bda57f520d9 - fuzz_seed_corpus_encode[cbbd9f62c4d00ae2]::corpus_files_drive_encoder_without_panicking::{closure#0}
[INFO] [stdout]   12:     0x5bda57f5445f - <fuzz_seed_corpus_encode[cbbd9f62c4d00ae2]::corpus_files_drive_encoder_without_panicking::{closure#0} as core[a373ad73a504971]::ops::function::FnOnce<()>>::call_once
[INFO] [stdout]   13:     0x5bda57f545fb - test[aada8e7e76ba119b]::__rust_begin_short_backtrace::<core[a373ad73a504971]::result::Result<(), alloc[2e1b2a31b91974c5]::string::String>, fn() -> core[a373ad73a504971]::result::Result<(), alloc[2e1b2a31b91974c5]::string::String>>
[INFO] [stdout]   14:     0x5bda57f617d5 - test[aada8e7e76ba119b]::run_test::{closure#0}
[INFO] [stdout]   15:     0x5bda57f5b0c4 - std[617be2ca0a6fd877]::sys::backtrace::__rust_begin_short_backtrace::<test[aada8e7e76ba119b]::run_test::{closure#1}, ()>
[INFO] [stdout]   16:     0x5bda57f64862 - <std[617be2ca0a6fd877]::thread::lifecycle::spawn_unchecked<test[aada8e7e76ba119b]::run_test::{closure#1}, ()>::{closure#1} as core[a373ad73a504971]::ops::function::FnOnce<()>>::call_once::{shim:vtable#0}
[INFO] [stdout]   17:     0x5bda57fe075f - <std[617be2ca0a6fd877]::sys::thread::unix::Thread>::new::thread_start
[INFO] [stdout]   18:     0x7d89679d4dfa - <unknown>
[INFO] [stdout]   19:     0x7d8967a683d4 - clone
[INFO] [stdout]   20:                0x0 - <unknown>
[INFO] [stdout] 
[INFO] [stdout] 
[INFO] [stdout] failures:
[INFO] [stdout]     corpus_files_drive_encoder_without_panicking
[INFO] [stdout] 
[INFO] [stdout] test result: FAILED. 10 passed; 1 failed; 0 ignored; 0 measured; 0 filtered out; finished in 0.00s
[INFO] [stdout] 
[INFO] [stderr] error: test failed, to rerun pass `--test fuzz_seed_corpus_encode`
[INFO] running `Command { std: "docker" "inspect" "1c5bf3b45d4f6f48ffce92c451c4ba490e576d6480b439c66e4b8ecb1e554751", kill_on_drop: false }`
[INFO] running `Command { std: "docker" "rm" "-f" "1c5bf3b45d4f6f48ffce92c451c4ba490e576d6480b439c66e4b8ecb1e554751", kill_on_drop: false }`
[INFO] [stdout] 1c5bf3b45d4f6f48ffce92c451c4ba490e576d6480b439c66e4b8ecb1e554751
