[INFO] fetching crate oxideav-source 0.1.5...
[INFO] testing oxideav-source-0.1.5 against 1.100.0-beta.1+cargoflags=--release for beta-release-1.100-2
[INFO] extracting crate oxideav-source 0.1.5 into /workspace/builds/worker-1-tc2/source
[INFO] started tweaking crates.io crate oxideav-source 0.1.5
[INFO] removed 0 missing tests
[INFO] finished tweaking crates.io crate oxideav-source 0.1.5
[INFO] tweaked toml for crates.io crate oxideav-source 0.1.5 written to /workspace/builds/worker-1-tc2/source/Cargo.toml
[INFO] validating manifest of crates.io crate oxideav-source 0.1.5 on toolchain 1.100.0-beta.1
[INFO] running `Command { std: CARGO_HOME="/workspace/cargo-home" RUSTUP_HOME="/workspace/rustup-home" "/workspace/cargo-home/bin/cargo" "+1.100.0-beta.1" "metadata" "--manifest-path" "Cargo.toml" "--no-deps", kill_on_drop: false }`
[INFO] crate crates.io crate oxideav-source 0.1.5 already has a lockfile, it will not be regenerated
[INFO] running `Command { std: CARGO_HOME="/workspace/cargo-home" RUSTUP_HOME="/workspace/rustup-home" "/workspace/cargo-home/bin/cargo" "+1.100.0-beta.1" "fetch" "--manifest-path" "Cargo.toml", kill_on_drop: false }`
[INFO] [stderr] warning: `package.homepage` is redundant with `package.repository`
[INFO] [stderr]   --> Cargo.toml:19:12
[INFO] [stderr]    |
[INFO] [stderr] 19 | homepage = "https://github.com/OxideAV/oxideav-source"
[INFO] [stderr]    |            ^^^^^^^^^^^^^^^^^^^^^^^^^^^^^^^^^^^^^^^^^^^
[INFO] [stderr] ...
[INFO] [stderr] 24 | repository = "https://github.com/OxideAV/oxideav-source"
[INFO] [stderr]    |              -------------------------------------------
[INFO] [stderr]    |
[INFO] [stderr]    = note: `cargo::redundant_homepage` is set to `warn` by default
[INFO] [stderr] help: consider removing `package.homepage`
[INFO] [stderr] warning: `oxideav-source` (manifest) generated 1 warning
[INFO] running `Command { std: "docker" "create" "-v" "/var/lib/crater-agent-workspace/builds/worker-1-tc2/source:/opt/rustwide/workdir:ro,Z" "-v" "/var/lib/crater-agent-workspace/builds/worker-1-tc2/target:/opt/rustwide/target:rw,Z" "-v" "/var/lib/crater-agent-workspace/cargo-home:/opt/rustwide/cargo-home:ro,Z" "-v" "/var/lib/crater-agent-workspace/rustup-home:/opt/rustwide/rustup-home:ro,Z" "-m" "1610612736" "--network" "none" "ghcr.io/rust-lang/crates-build-env/linux@sha256:77db811e55d90add9212f6832c23229e3de5f1c1f9905e8cb07319ea15df73ac" "sleep" "infinity", kill_on_drop: false }`
[INFO] [stdout] cd1bf639e77a32efe044b38dfd4a978d56e8fe8e11163c4667dc629e6a768341
[INFO] running `Command { std: "docker" "start" "cd1bf639e77a32efe044b38dfd4a978d56e8fe8e11163c4667dc629e6a768341", kill_on_drop: false }`
[INFO] running `Command { std: "docker" "inspect" "cd1bf639e77a32efe044b38dfd4a978d56e8fe8e11163c4667dc629e6a768341", kill_on_drop: false }`
[INFO] running `Command { std: "docker" "exec" "-e" "SOURCE_DIR=/opt/rustwide/workdir" "-e" "CARGO_HOME=/opt/rustwide/cargo-home" "-e" "RUSTUP_HOME=/opt/rustwide/rustup-home" "-e" "CARGO_TARGET_DIR=/opt/rustwide/target" "-w" "/opt/rustwide/workdir" "--user" "0:0" "cd1bf639e77a32efe044b38dfd4a978d56e8fe8e11163c4667dc629e6a768341" "/opt/rustwide/cargo-home/bin/cargo" "+1.100.0-beta.1" "metadata" "--no-deps" "--format-version=1", kill_on_drop: false }`
[INFO] running `Command { std: "docker" "inspect" "cd1bf639e77a32efe044b38dfd4a978d56e8fe8e11163c4667dc629e6a768341", kill_on_drop: false }`
[INFO] running `Command { std: "docker" "exec" "-e" "SOURCE_DIR=/opt/rustwide/workdir" "-e" "CARGO_HOME=/opt/rustwide/cargo-home" "-e" "RUSTUP_HOME=/opt/rustwide/rustup-home" "-e" "CARGO_TARGET_DIR=/opt/rustwide/target" "-e" "CARGO_INCREMENTAL=0" "-e" "RUST_BACKTRACE=full" "-e" "RUSTFLAGS=--cap-lints=warn" "-e" "RUSTDOCFLAGS=--cap-lints=warn" "-w" "/opt/rustwide/workdir" "--user" "0:0" "cd1bf639e77a32efe044b38dfd4a978d56e8fe8e11163c4667dc629e6a768341" "/opt/rustwide/cargo-home/bin/cargo" "+1.100.0-beta.1" "build" "--frozen" "--message-format=json" "--release", kill_on_drop: false }`
[INFO] [stderr] warning: `package.homepage` is redundant with `package.repository`
[INFO] [stderr]   --> Cargo.toml:19:12
[INFO] [stderr]    |
[INFO] [stderr] 19 | homepage = "https://github.com/OxideAV/oxideav-source"
[INFO] [stderr]    |            ^^^^^^^^^^^^^^^^^^^^^^^^^^^^^^^^^^^^^^^^^^^
[INFO] [stderr] ...
[INFO] [stderr] 24 | repository = "https://github.com/OxideAV/oxideav-source"
[INFO] [stderr]    |              -------------------------------------------
[INFO] [stderr]    |
[INFO] [stderr]    = note: `cargo::redundant_homepage` is set to `warn` by default
[INFO] [stderr] help: consider removing `package.homepage`
[INFO] [stderr] warning: `oxideav-source` (manifest) generated 1 warning
[INFO] [stderr]    Compiling serde_core v1.0.228
[INFO] [stderr]    Compiling serde_json v1.0.150
[INFO] [stderr]    Compiling oxideav-core v0.1.28
[INFO] [stderr]    Compiling oxideav-source v0.1.5 (/opt/rustwide/workdir)
[INFO] [stderr]     Finished `release` profile [optimized] target(s) in 4.14s
[INFO] running `Command { std: "docker" "inspect" "cd1bf639e77a32efe044b38dfd4a978d56e8fe8e11163c4667dc629e6a768341", kill_on_drop: false }`
[INFO] running `Command { std: "docker" "exec" "-e" "SOURCE_DIR=/opt/rustwide/workdir" "-e" "CARGO_HOME=/opt/rustwide/cargo-home" "-e" "RUSTUP_HOME=/opt/rustwide/rustup-home" "-e" "CARGO_TARGET_DIR=/opt/rustwide/target" "-e" "CARGO_INCREMENTAL=0" "-e" "RUST_BACKTRACE=full" "-e" "RUSTFLAGS=--cap-lints=warn" "-e" "RUSTDOCFLAGS=--cap-lints=warn" "-w" "/opt/rustwide/workdir" "--user" "0:0" "cd1bf639e77a32efe044b38dfd4a978d56e8fe8e11163c4667dc629e6a768341" "/opt/rustwide/cargo-home/bin/cargo" "+1.100.0-beta.1" "test" "--frozen" "--no-run" "--message-format=json" "--release", kill_on_drop: false }`
[INFO] [stderr] warning: `package.homepage` is redundant with `package.repository`
[INFO] [stderr]   --> Cargo.toml:19:12
[INFO] [stderr]    |
[INFO] [stderr] 19 | homepage = "https://github.com/OxideAV/oxideav-source"
[INFO] [stderr]    |            ^^^^^^^^^^^^^^^^^^^^^^^^^^^^^^^^^^^^^^^^^^^
[INFO] [stderr] ...
[INFO] [stderr] 24 | repository = "https://github.com/OxideAV/oxideav-source"
[INFO] [stderr]    |              -------------------------------------------
[INFO] [stderr]    |
[INFO] [stderr]    = note: `cargo::redundant_homepage` is set to `warn` by default
[INFO] [stderr] help: consider removing `package.homepage`
[INFO] [stderr] warning: `oxideav-source` (manifest) generated 1 warning
[INFO] [stderr]    Compiling oxideav-source v0.1.5 (/opt/rustwide/workdir)
[INFO] [stderr]     Finished `release` profile [optimized] target(s) in 1.62s
[INFO] running `Command { std: "docker" "inspect" "cd1bf639e77a32efe044b38dfd4a978d56e8fe8e11163c4667dc629e6a768341", kill_on_drop: false }`
[INFO] running `Command { std: "docker" "exec" "-e" "SOURCE_DIR=/opt/rustwide/workdir" "-e" "CARGO_HOME=/opt/rustwide/cargo-home" "-e" "RUSTUP_HOME=/opt/rustwide/rustup-home" "-e" "CARGO_TARGET_DIR=/opt/rustwide/target" "-e" "CARGO_INCREMENTAL=0" "-e" "RUST_BACKTRACE=full" "-e" "RUSTFLAGS=--cap-lints=warn" "-e" "RUSTDOCFLAGS=--cap-lints=warn" "-w" "/opt/rustwide/workdir" "--user" "0:0" "cd1bf639e77a32efe044b38dfd4a978d56e8fe8e11163c4667dc629e6a768341" "/opt/rustwide/cargo-home/bin/cargo" "+1.100.0-beta.1" "test" "--frozen" "--release", kill_on_drop: false }`
[INFO] [stderr] warning: `package.homepage` is redundant with `package.repository`
[INFO] [stderr]   --> Cargo.toml:19:12
[INFO] [stderr]    |
[INFO] [stderr] 19 | homepage = "https://github.com/OxideAV/oxideav-source"
[INFO] [stderr]    |            ^^^^^^^^^^^^^^^^^^^^^^^^^^^^^^^^^^^^^^^^^^^
[INFO] [stderr] ...
[INFO] [stderr] 24 | repository = "https://github.com/OxideAV/oxideav-source"
[INFO] [stderr]    |              -------------------------------------------
[INFO] [stderr]    |
[INFO] [stderr]    = note: `cargo::redundant_homepage` is set to `warn` by default
[INFO] [stderr] help: consider removing `package.homepage`
[INFO] [stderr] warning: `oxideav-source` (manifest) generated 1 warning
[INFO] [stderr]     Finished `release` profile [optimized] target(s) in 0.03s
[INFO] [stderr]      Running unittests src/lib.rs (/opt/rustwide/target/release/build/oxideav-source/e9e0d522e7a819f5/out/oxideav_source-e9e0d522e7a819f5)
[INFO] [stdout] 
[INFO] [stdout] running 93 tests
[INFO] [stdout] test concat::tests::data_uri_segment_accepted ... ok
[INFO] [stdout] test concat::tests::read_at_eof_returns_zero ... ok
[INFO] [stdout] test concat::tests::seek_across_boundary_then_read ... ok
[INFO] [stdout] test concat::tests::seek_before_zero_errors ... ok
[INFO] [stdout] test concat::tests::three_segments ... ok
[INFO] [stdout] test concat::tests::seek_into_second_segment ... ok
[INFO] [stdout] test data::tests::bad_hex_rejected ... ok
[INFO] [stdout] test data::tests::base64_bad_length_rejected ... ok
[INFO] [stdout] test concat::tests::unsupported_inner_scheme_rejected ... ok
[INFO] [stdout] test concat::tests::wrong_scheme_rejected ... ok
[INFO] [stdout] test concat::tests::small_buffer_reads_cross_boundary ... ok
[INFO] [stdout] test data::tests::base64_invalid_char_rejected ... ok
[INFO] [stdout] test data::tests::base64_marker_case_insensitive ... ok
[INFO] [stdout] test concat::tests::file_url_segment_accepted ... ok
[INFO] [stdout] test data::tests::base64_padding_in_middle_rejected ... ok
[INFO] [stdout] test concat::tests::two_files_read_back_to_back ... ok
[INFO] [stdout] test concat::tests::no_segments_rejected ... ok
[INFO] [stdout] test data::tests::missing_comma_rejected ... ok
[INFO] [stdout] test concat::tests::empty_file_segment_is_transparent ... ok
[INFO] [stdout] test data::tests::percent_decode_high_byte ... ok
[INFO] [stdout] test data::tests::empty_mediatype_no_payload ... ok
[INFO] [stdout] test data::tests::mediatype_with_parameter ... ok
[INFO] [stdout] test data::tests::open_data_returns_readable_cursor ... ok
[INFO] [stdout] test data::tests::rfc2397_example_inline_text ... ok
[INFO] [stdout] test concat::tests::missing_file_segment_errors ... ok
[INFO] [stdout] test data::tests::base64_full_alphabet_roundtrip ... ok
[INFO] [stdout] test data::tests::wrong_scheme_rejected ... ok
[INFO] [stdout] test concat::tests::mem_segment_accepted ... ok
[INFO] [stdout] test concat::tests::empty_segment_rejected ... ok
[INFO] [stdout] test concat::tests::seek_end_reports_total_length ... ok
[INFO] [stdout] test concat::tests::slice_segment_accepted ... ok
[INFO] [stdout] test mem::tests::empty_id_rejected ... ok
[INFO] [stdout] test concat::tests::seek_current_relative ... ok
[INFO] [stdout] test mem::tests::seek_before_zero_errors ... ok
[INFO] [stdout] test concat::tests::nested_concat_segment_rejected ... ok
[INFO] [stdout] test mem::tests::open_supports_seek ... ok
[INFO] [stdout] test mem::tests::put_open_read_roundtrip ... ok
[INFO] [stdout] test data::tests::base64_with_internal_whitespace ... ok
[INFO] [stdout] test data::tests::truncated_percent_rejected ... ok
[INFO] [stdout] test concat::tests::mixed_schemes_concat_in_order ... ok
[INFO] [stdout] test mem::tests::multiple_opens_are_independent ... ok
[INFO] [stdout] test data::tests::rfc2397_example_base64_image_prefix ... ok
[INFO] [stdout] test mem::tests::seek_past_end_then_read_returns_zero ... ok
[INFO] [stdout] test mem::tests::slash_in_id_rejected ... ok
[INFO] [stdout] test mem::tests::wrong_scheme_rejected ... ok
[INFO] [stdout] test mem::tests::unknown_id_errors ... ok
[INFO] [stdout] test scope::tests::allow_dir_admits_files_inside ... ok
[INFO] [stdout] test scope::tests::non_file_scheme_rejected ... ok
[INFO] [stdout] test scope::tests::permissive_admits_anything_readable ... ok
[INFO] [stdout] test scope::tests::nul_byte_rejected ... ok
[INFO] [stdout] test slice::tests::inner_bare_path_accepted ... ok
[INFO] [stdout] test scope::tests::traversal_blocked_after_canonicalisation ... ok
[INFO] [stdout] test scope::tests::open_reads_file_under_allowed_dir ... ok
[INFO] [stdout] test slice::tests::parse_non_numeric_length_rejected ... ok
[INFO] [stdout] test slice::tests::parse_non_numeric_offset_rejected ... ok
[INFO] [stdout] test scope::tests::prefix_match_is_component_aware ... ok
[INFO] [stdout] test slice::tests::parse_basic ... ok
[INFO] [stdout] test slice::tests::inner_unsupported_scheme_rejected ... ok
[INFO] [stdout] test slice::tests::slice_seek_within_window ... ok
[INFO] [stdout] test slice::tests::parse_missing_plus_rejected ... ok
[INFO] [stdout] test slice::tests::parse_missing_bang_rejected ... ok
[INFO] [stdout] test slice::tests::slices_a_file ... ok
[INFO] [stdout] test slice::tests::window_past_inner_rejected ... ok
[INFO] [stdout] test slice::tests::parse_negative_offset_rejected ... ok
[INFO] [stdout] test slice::tests::slices_a_data_uri ... ok
[INFO] [stdout] test slice::tests::slices_a_mem_buffer ... ok
[INFO] [stdout] test sub::tests::into_inner_returns_inner_source ... ok
[INFO] [stdout] test sub::tests::nested_windows_compose ... ok
[INFO] [stdout] test slice::tests::parse_zero_length_is_ok ... ok
[INFO] [stdout] test sub::tests::read_past_window_returns_eof ... ok
[INFO] [stdout] test sub::tests::overflowing_window_rejected ... ok
[INFO] [stdout] test sub::tests::seek_past_window_then_read_returns_zero ... ok
[INFO] [stdout] test slice::tests::slices_a_base64_data_uri ... ok
[INFO] [stdout] test slice::tests::wrong_scheme_rejected ... ok
[INFO] [stdout] test sub::tests::seek_before_zero_errors ... ok
[INFO] [stdout] test sub::tests::seek_end_anchors_at_window_end ... ok
[INFO] [stdout] test scope::tests::empty_scope_rejects_everything ... ok
[INFO] [stdout] test slice::tests::missing_inner_file_errors ... ok
[INFO] [stdout] test sub::tests::seek_current_relative ... ok
[INFO] [stdout] test sub::tests::seek_within_window_then_read ... ok
[INFO] [stdout] test sub::tests::stream_len_helper_preserves_position ... ok
[INFO] [stdout] test sub::tests::zero_length_window ... ok
[INFO] [stdout] test slice::tests::nested_slice_recursive ... ok
[INFO] [stdout] test uri::tests::bare_path ... ok
[INFO] [stdout] test sub::tests::window_extending_past_inner_rejected ... ok
[INFO] [stdout] test slice::tests::zero_length_window_returns_eof_immediately ... ok
[INFO] [stdout] test slice::tests::parse_empty_inner_rejected ... ok
[INFO] [stdout] test uri::tests::http_scheme ... ok
[INFO] [stdout] test sub::tests::window_at_exact_end_accepted ... ok
[INFO] [stdout] test uri::tests::file_scheme ... ok
[INFO] [stdout] test uri::tests::windows_drive_letter_is_bare_path ... ok
[INFO] [stdout] test sub::tests::window_reads_the_correct_slice ... ok
[INFO] [stdout] test mem::tests::large_buffer_open_does_not_copy ... ok
[INFO] [stdout] 
[INFO] [stdout] test result: ok. 93 passed; 0 failed; 0 ignored; 0 measured; 0 filtered out; finished in 0.02s
[INFO] [stdout] 
[INFO] [stderr]      Running tests/buffered.rs (/opt/rustwide/target/release/build/oxideav-source/6984a116942768de/out/buffered-6984a116942768de)
[INFO] [stdout] 
[INFO] [stdout] running 16 tests
[INFO] [stdout] test builder_custom_capacity_block_size ... ok
[INFO] [stdout] test builder_lookback_clamps_full_fraction ... ok
[INFO] [stdout] test builder_prefetch_timeout_clamps_zero_to_one_millisecond ... ok
[INFO] [stdout] test len_reports_total ... ok
[INFO] [stdout] test builder_records_prefetch_timeout ... ok
[INFO] [stdout] test builder_default_matches_new ... ok
[INFO] [stdout] test seek_to_end_then_read_returns_zero ... ok
[INFO] [stdout] test read_at_eof_returns_zero ... ok
[INFO] [stdout] test drop_terminates_worker_promptly ... ok
[INFO] [stdout] test builder_lookback_zero_means_no_back_seek_cache ... ok
[INFO] [stdout] test backward_seek_outside_window_then_read_serves_correct_bytes ... ok
[INFO] [stdout] test builder_seek_within_window_with_large_lookback ... ok
[INFO] [stdout] test seek_within_window_does_not_block_or_lose_bytes ... ok
[INFO] [stdout] test seek_outside_window_restarts_prefetch ... ok
[INFO] [stdout] test sequential_read_matches_inner ... ok
[INFO] [stdout] test prefetch_timeout_surfaces_when_worker_stalls ... ok
[INFO] [stdout] 
[INFO] [stdout] test result: ok. 16 passed; 0 failed; 0 ignored; 0 measured; 0 filtered out; finished in 0.06s
[INFO] [stdout] 
[INFO] [stderr]      Running tests/concat.rs (/opt/rustwide/target/release/build/oxideav-source/ad861c518b4a35b1/out/concat-ad861c518b4a35b1)
[INFO] [stdout] 
[INFO] [stdout] running 6 tests
[INFO] [stdout] test concat_malformed_errors_through_registry ... ok
[INFO] [stdout] test concat_mixed_inner_schemes_via_registry ... ok
[INFO] [stdout] test concat_slice_segment_via_registry ... ok
[INFO] [stdout] test concat_two_files_via_registry ... ok
[INFO] [stdout] test with_defaults_registers_concat_scheme ... ok
[INFO] [stdout] test concat_is_seekable_across_boundary ... ok
[INFO] [stdout] 
[INFO] [stdout] test result: ok. 6 passed; 0 failed; 0 ignored; 0 measured; 0 filtered out; finished in 0.00s
[INFO] [stdout] 
[INFO] [stderr]      Running tests/data.rs (/opt/rustwide/target/release/build/oxideav-source/591197e204db2d70/out/data-591197e204db2d70)
[INFO] [stdout] 
[INFO] [stdout] running 6 tests
[INFO] [stdout] test data_inline_text_via_registry ... ok
[INFO] [stdout] test with_defaults_registers_data_scheme ... ok
[INFO] [stdout] test data_malformed_errors_through_registry ... ok
[INFO] [stdout] test data_base64_via_registry ... ok
[INFO] [stdout] test data_parse_exposes_mediatype ... ok
[INFO] [stdout] test data_source_is_seekable ... ok
[INFO] [stdout] 
[INFO] [stdout] test result: ok. 6 passed; 0 failed; 0 ignored; 0 measured; 0 filtered out; finished in 0.00s
[INFO] [stdout] 
[INFO] [stderr]      Running tests/file.rs (/opt/rustwide/target/release/build/oxideav-source/02c8f8358d139394/out/file-02c8f8358d139394)
[INFO] [stdout] 
[INFO] [stdout] running 4 tests
[INFO] [stdout] test open_supports_seek ... ok
[INFO] [stdout] test unknown_scheme_with_no_driver_errors ... ok
[INFO] [stdout] test open_bare_path_reads_first_bytes ... FAILED
[INFO] [stdout] test open_file_url_reads_first_bytes ... FAILED
[INFO] [stdout] 
[INFO] [stdout] failures:
[INFO] [stdout] 
[INFO] [stdout] ---- open_bare_path_reads_first_bytes stdout ----
[INFO] [stdout] 
[INFO] [stdout] thread 'open_bare_path_reads_first_bytes' (641) panicked at tests/file.rs:22:5:
[INFO] [stdout] assertion `left == right` failed
[INFO] [stdout]   left: [91, 100, 101, 112]
[INFO] [stdout]  right: [91, 112, 97, 99]
[INFO] [stdout] stack backtrace:
[INFO] [stdout]    0:     0x5fa073edee81 - <<std[617be2ca0a6fd877]::sys::backtrace::BacktraceLock>::print::DisplayBacktrace as core[a373ad73a504971]::fmt::Display>::fmt
[INFO] [stdout]    1:     0x5fa073ef307a - core[a373ad73a504971]::fmt::write
[INFO] [stdout]    2:     0x5fa073ee339c - <alloc[2e1b2a31b91974c5]::vec::Vec<u8> as core[a373ad73a504971]::io::write::Write>::write_fmt
[INFO] [stdout]    3:     0x5fa073ebb2e6 - std[617be2ca0a6fd877]::panicking::default_hook::{closure#0}
[INFO] [stdout]    4:     0x5fa073ed7519 - std[617be2ca0a6fd877]::panicking::default_hook
[INFO] [stdout]    5:     0x5fa073e6b3f0 - test[aada8e7e76ba119b]::test_main_inner::{closure#0}
[INFO] [stdout]    6:     0x5fa073ed76d2 - std[617be2ca0a6fd877]::panicking::panic_with_hook
[INFO] [stdout]    7:     0x5fa073ebb392 - std[617be2ca0a6fd877]::panicking::panic_handler::{closure#0}
[INFO] [stdout]    8:     0x5fa073eb40a9 - std[617be2ca0a6fd877]::sys::backtrace::__rust_end_short_backtrace::<std[617be2ca0a6fd877]::panicking::panic_handler::{closure#0}, !>
[INFO] [stdout]    9:     0x5fa073ebbf9d - __rustc[ea4f61d10b84890b]::rust_begin_unwind
[INFO] [stdout]   10:     0x5fa073ef37ac - core[a373ad73a504971]::panicking::panic_fmt
[INFO] [stdout]   11:     0x5fa073ef36c3 - core[a373ad73a504971]::panicking::assert_failed_inner
[INFO] [stdout]   12:     0x5fa073e5d9ce - core[a373ad73a504971]::panicking::assert_failed::<&[u8; 4usize], &[u8; 4usize]>
[INFO] [stdout]   13:     0x5fa073e5e59f - <file[1d2ff9e9b1842dba]::open_bare_path_reads_first_bytes::{closure#0} as core[a373ad73a504971]::ops::function::FnOnce<()>>::call_once
[INFO] [stdout]   14:     0x5fa073e5e83b - test[aada8e7e76ba119b]::__rust_begin_short_backtrace::<core[a373ad73a504971]::result::Result<(), alloc[2e1b2a31b91974c5]::string::String>, fn() -> core[a373ad73a504971]::result::Result<(), alloc[2e1b2a31b91974c5]::string::String>>
[INFO] [stdout]   15:     0x5fa073e6ba15 - test[aada8e7e76ba119b]::run_test::{closure#0}
[INFO] [stdout]   16:     0x5fa073e65304 - std[617be2ca0a6fd877]::sys::backtrace::__rust_begin_short_backtrace::<test[aada8e7e76ba119b]::run_test::{closure#1}, ()>
[INFO] [stdout]   17:     0x5fa073e6eaa2 - <std[617be2ca0a6fd877]::thread::lifecycle::spawn_unchecked<test[aada8e7e76ba119b]::run_test::{closure#1}, ()>::{closure#1} as core[a373ad73a504971]::ops::function::FnOnce<()>>::call_once::{shim:vtable#0}
[INFO] [stdout]   18:     0x5fa073ede6df - <std[617be2ca0a6fd877]::sys::thread::unix::Thread>::new::thread_start
[INFO] [stdout]   19:     0x778ea15e6dfa - <unknown>
[INFO] [stdout]   20:     0x778ea167a3d4 - clone
[INFO] [stdout]   21:                0x0 - <unknown>
[INFO] [stdout] 
[INFO] [stdout] ---- open_file_url_reads_first_bytes stdout ----
[INFO] [stdout] 
[INFO] [stdout] thread 'open_file_url_reads_first_bytes' (642) panicked at tests/file.rs:33:5:
[INFO] [stdout] assertion `left == right` failed
[INFO] [stdout]   left: [91, 100, 101, 112]
[INFO] [stdout]  right: [91, 112, 97, 99]
[INFO] [stdout] stack backtrace:
[INFO] [stdout]    0:     0x5fa073edee81 - <<std[617be2ca0a6fd877]::sys::backtrace::BacktraceLock>::print::DisplayBacktrace as core[a373ad73a504971]::fmt::Display>::fmt
[INFO] [stdout]    1:     0x5fa073ef307a - core[a373ad73a504971]::fmt::write
[INFO] [stdout]    2:     0x5fa073ee339c - <alloc[2e1b2a31b91974c5]::vec::Vec<u8> as core[a373ad73a504971]::io::write::Write>::write_fmt
[INFO] [stdout]    3:     0x5fa073ebb2e6 - std[617be2ca0a6fd877]::panicking::default_hook::{closure#0}
[INFO] [stdout]    4:     0x5fa073ed7519 - std[617be2ca0a6fd877]::panicking::default_hook
[INFO] [stdout]    5:     0x5fa073e6b3f0 - test[aada8e7e76ba119b]::test_main_inner::{closure#0}
[INFO] [stdout]    6:     0x5fa073ed76d2 - std[617be2ca0a6fd877]::panicking::panic_with_hook
[INFO] [stdout]    7:     0x5fa073ebb392 - std[617be2ca0a6fd877]::panicking::panic_handler::{closure#0}
[INFO] [stdout]    8:     0x5fa073eb40a9 - std[617be2ca0a6fd877]::sys::backtrace::__rust_end_short_backtrace::<std[617be2ca0a6fd877]::panicking::panic_handler::{closure#0}, !>
[INFO] [stdout]    9:     0x5fa073ebbf9d - __rustc[ea4f61d10b84890b]::rust_begin_unwind
[INFO] [stdout]   10:     0x5fa073ef37ac - core[a373ad73a504971]::panicking::panic_fmt
[INFO] [stdout]   11:     0x5fa073ef36c3 - core[a373ad73a504971]::panicking::assert_failed_inner
[INFO] [stdout]   12:     0x5fa073e5d9ce - core[a373ad73a504971]::panicking::assert_failed::<&[u8; 4usize], &[u8; 4usize]>
[INFO] [stdout]   13:     0x5fa073e5e309 - <file[1d2ff9e9b1842dba]::open_file_url_reads_first_bytes::{closure#0} as core[a373ad73a504971]::ops::function::FnOnce<()>>::call_once
[INFO] [stdout]   14:     0x5fa073e5e83b - test[aada8e7e76ba119b]::__rust_begin_short_backtrace::<core[a373ad73a504971]::result::Result<(), alloc[2e1b2a31b91974c5]::string::String>, fn() -> core[a373ad73a504971]::result::Result<(), alloc[2e1b2a31b91974c5]::string::String>>
[INFO] [stdout]   15:     0x5fa073e6ba15 - test[aada8e7e76ba119b]::run_test::{closure#0}
[INFO] [stdout]   16:     0x5fa073e65304 - std[617be2ca0a6fd877]::sys::backtrace::__rust_begin_short_backtrace::<test[aada8e7e76ba119b]::run_test::{closure#1}, ()>
[INFO] [stdout]   17:     0x5fa073e6eaa2 - <std[617be2ca0a6fd877]::thread::lifecycle::spawn_unchecked<test[aada8e7e76ba119b]::run_test::{closure#1}, ()>::{closure#1} as core[a373ad73a504971]::ops::function::FnOnce<()>>::call_once::{shim:vtable#0}
[INFO] [stdout]   18:     0x5fa073ede6df - <std[617be2ca0a6fd877]::sys::thread::unix::Thread>::new::thread_start
[INFO] [stdout]   19:     0x778ea15e6dfa - <unknown>
[INFO] [stdout]   20:     0x778ea167a3d4 - clone
[INFO] [stdout]   21:                0x0 - <unknown>
[INFO] [stdout] 
[INFO] [stdout] 
[INFO] [stdout] failures:
[INFO] [stdout]     open_bare_path_reads_first_bytes
[INFO] [stdout]     open_file_url_reads_first_bytes
[INFO] [stdout] 
[INFO] [stdout] test result: FAILED. 2 passed; 2 failed; 0 ignored; 0 measured; 0 filtered out; finished in 0.00s
[INFO] [stdout] 
[INFO] [stderr] error: test failed, to rerun pass `--test file`
[INFO] running `Command { std: "docker" "inspect" "cd1bf639e77a32efe044b38dfd4a978d56e8fe8e11163c4667dc629e6a768341", kill_on_drop: false }`
[INFO] running `Command { std: "docker" "rm" "-f" "cd1bf639e77a32efe044b38dfd4a978d56e8fe8e11163c4667dc629e6a768341", kill_on_drop: false }`
[INFO] [stdout] cd1bf639e77a32efe044b38dfd4a978d56e8fe8e11163c4667dc629e6a768341
