[INFO] fetching crate oxide-generation 0.1.3...
[INFO] testing oxide-generation-0.1.3 against 1.100.0-beta.1+cargoflags=--release for beta-release-1.100-2
[INFO] extracting crate oxide-generation 0.1.3 into /workspace/builds/worker-6-tc2/source
[INFO] started tweaking crates.io crate oxide-generation 0.1.3
[INFO] finished tweaking crates.io crate oxide-generation 0.1.3
[INFO] tweaked toml for crates.io crate oxide-generation 0.1.3 written to /workspace/builds/worker-6-tc2/source/Cargo.toml
[INFO] validating manifest of crates.io crate oxide-generation 0.1.3 on toolchain 1.100.0-beta.1
[INFO] running `Command { std: CARGO_HOME="/workspace/cargo-home" RUSTUP_HOME="/workspace/rustup-home" "/workspace/cargo-home/bin/cargo" "+1.100.0-beta.1" "metadata" "--manifest-path" "Cargo.toml" "--no-deps", kill_on_drop: false }`
[INFO] crate crates.io crate oxide-generation 0.1.3 already has a lockfile, it will not be regenerated
[INFO] running `Command { std: CARGO_HOME="/workspace/cargo-home" RUSTUP_HOME="/workspace/rustup-home" "/workspace/cargo-home/bin/cargo" "+1.100.0-beta.1" "fetch" "--manifest-path" "Cargo.toml", kill_on_drop: false }`
[INFO] running `Command { std: "docker" "create" "-v" "/var/lib/crater-agent-workspace/builds/worker-6-tc2/source:/opt/rustwide/workdir:ro,Z" "-v" "/var/lib/crater-agent-workspace/builds/worker-6-tc2/target:/opt/rustwide/target:rw,Z" "-v" "/var/lib/crater-agent-workspace/cargo-home:/opt/rustwide/cargo-home:ro,Z" "-v" "/var/lib/crater-agent-workspace/rustup-home:/opt/rustwide/rustup-home:ro,Z" "-m" "1610612736" "--network" "none" "ghcr.io/rust-lang/crates-build-env/linux@sha256:77db811e55d90add9212f6832c23229e3de5f1c1f9905e8cb07319ea15df73ac" "sleep" "infinity", kill_on_drop: false }`
[INFO] [stdout] cbf5dbb906ef386bccde2e77107e0ef22c812ef94e46c0017f3a0bc00a43e527
[INFO] running `Command { std: "docker" "start" "cbf5dbb906ef386bccde2e77107e0ef22c812ef94e46c0017f3a0bc00a43e527", kill_on_drop: false }`
[INFO] running `Command { std: "docker" "inspect" "cbf5dbb906ef386bccde2e77107e0ef22c812ef94e46c0017f3a0bc00a43e527", kill_on_drop: false }`
[INFO] running `Command { std: "docker" "exec" "-e" "SOURCE_DIR=/opt/rustwide/workdir" "-e" "CARGO_HOME=/opt/rustwide/cargo-home" "-e" "RUSTUP_HOME=/opt/rustwide/rustup-home" "-e" "CARGO_TARGET_DIR=/opt/rustwide/target" "-w" "/opt/rustwide/workdir" "--user" "0:0" "cbf5dbb906ef386bccde2e77107e0ef22c812ef94e46c0017f3a0bc00a43e527" "/opt/rustwide/cargo-home/bin/cargo" "+1.100.0-beta.1" "metadata" "--no-deps" "--format-version=1", kill_on_drop: false }`
[INFO] running `Command { std: "docker" "inspect" "cbf5dbb906ef386bccde2e77107e0ef22c812ef94e46c0017f3a0bc00a43e527", kill_on_drop: false }`
[INFO] running `Command { std: "docker" "exec" "-e" "SOURCE_DIR=/opt/rustwide/workdir" "-e" "CARGO_HOME=/opt/rustwide/cargo-home" "-e" "RUSTUP_HOME=/opt/rustwide/rustup-home" "-e" "CARGO_TARGET_DIR=/opt/rustwide/target" "-e" "CARGO_INCREMENTAL=0" "-e" "RUST_BACKTRACE=full" "-e" "RUSTFLAGS=--cap-lints=warn" "-e" "RUSTDOCFLAGS=--cap-lints=warn" "-w" "/opt/rustwide/workdir" "--user" "0:0" "cbf5dbb906ef386bccde2e77107e0ef22c812ef94e46c0017f3a0bc00a43e527" "/opt/rustwide/cargo-home/bin/cargo" "+1.100.0-beta.1" "build" "--frozen" "--message-format=json" "--release", kill_on_drop: false }`
[INFO] [stderr]    Compiling oxide-generation v0.1.3 (/opt/rustwide/workdir)
[INFO] [stderr]     Finished `release` profile [optimized] target(s) in 0.22s
[INFO] running `Command { std: "docker" "inspect" "cbf5dbb906ef386bccde2e77107e0ef22c812ef94e46c0017f3a0bc00a43e527", kill_on_drop: false }`
[INFO] running `Command { std: "docker" "exec" "-e" "SOURCE_DIR=/opt/rustwide/workdir" "-e" "CARGO_HOME=/opt/rustwide/cargo-home" "-e" "RUSTUP_HOME=/opt/rustwide/rustup-home" "-e" "CARGO_TARGET_DIR=/opt/rustwide/target" "-e" "CARGO_INCREMENTAL=0" "-e" "RUST_BACKTRACE=full" "-e" "RUSTFLAGS=--cap-lints=warn" "-e" "RUSTDOCFLAGS=--cap-lints=warn" "-w" "/opt/rustwide/workdir" "--user" "0:0" "cbf5dbb906ef386bccde2e77107e0ef22c812ef94e46c0017f3a0bc00a43e527" "/opt/rustwide/cargo-home/bin/cargo" "+1.100.0-beta.1" "test" "--frozen" "--no-run" "--message-format=json" "--release", kill_on_drop: false }`
[INFO] [stderr]    Compiling serde_core v1.0.229
[INFO] [stderr]    Compiling serde_json v1.0.151
[INFO] [stderr]    Compiling oxide-generation v0.1.3 (/opt/rustwide/workdir)
[INFO] [stderr]     Finished `release` profile [optimized] target(s) in 5.41s
[INFO] running `Command { std: "docker" "inspect" "cbf5dbb906ef386bccde2e77107e0ef22c812ef94e46c0017f3a0bc00a43e527", kill_on_drop: false }`
[INFO] running `Command { std: "docker" "exec" "-e" "SOURCE_DIR=/opt/rustwide/workdir" "-e" "CARGO_HOME=/opt/rustwide/cargo-home" "-e" "RUSTUP_HOME=/opt/rustwide/rustup-home" "-e" "CARGO_TARGET_DIR=/opt/rustwide/target" "-e" "CARGO_INCREMENTAL=0" "-e" "RUST_BACKTRACE=full" "-e" "RUSTFLAGS=--cap-lints=warn" "-e" "RUSTDOCFLAGS=--cap-lints=warn" "-w" "/opt/rustwide/workdir" "--user" "0:0" "cbf5dbb906ef386bccde2e77107e0ef22c812ef94e46c0017f3a0bc00a43e527" "/opt/rustwide/cargo-home/bin/cargo" "+1.100.0-beta.1" "test" "--frozen" "--release", kill_on_drop: false }`
[INFO] [stderr]     Finished `release` profile [optimized] target(s) in 0.05s
[INFO] [stderr]      Running unittests src/lib.rs (/opt/rustwide/target/release/build/oxide-generation/3b9346cb6d0d330b/out/oxide_generation-3b9346cb6d0d330b)
[INFO] [stdout] 
[INFO] [stdout] running 10 tests
[INFO] [stdout] test tests::test_conversions ... ok
[INFO] [stdout] test tests::test_error_displays ... ok
[INFO] [stdout] test tests::test_from_str ... ok
[INFO] [stdout] test tests::test_try_from ... ok
[INFO] [stdout] test tests::test_validate_tags ... ok
[INFO] [stdout] test tests::test_next_at_max_panics - should panic ... ok
[INFO] [stdout] test tests::test_typed_next_at_max_panics - should panic ... ok
[INFO] [stdout] test tests::test_generic_generation_object_safe ... ok
[INFO] [stdout] test tests::test_next_and_prev ... ok
[INFO] [stdout] test tests::test_display_and_debug ... ok
[INFO] [stdout] 
[INFO] [stdout] test result: ok. 10 passed; 0 failed; 0 ignored; 0 measured; 0 filtered out; finished in 0.02s
[INFO] [stdout] 
[INFO] [stderr]    Doc-tests oxide_generation
[INFO] [stdout] 
[INFO] [stdout] running 5 tests
[INFO] [stdout] test src/lib.rs - TypedGenerationKind (line 1027) ... FAILED
[INFO] [stdout] test src/lib.rs - (line 52) ... FAILED
[INFO] [stdout] test src/lib.rs - TypedGeneration<T>::upcast (line 524) ... ok
[INFO] [stdout] test src/lib.rs - (line 72) ... ok
[INFO] [stdout] test src/lib.rs - (line 23) ... ok
[INFO] [stdout] 
[INFO] [stdout] failures:
[INFO] [stdout] 
[INFO] [stdout] ---- src/lib.rs - TypedGenerationKind (line 1027) stdout ----
[INFO] [stdout] error[E0432]: unresolved import `oxide_generation_macros`
[INFO] [stdout]     --> src/lib.rs:1029:5
[INFO] [stdout]      |
[INFO] [stdout] 1029 | use oxide_generation_macros::impl_typed_generation_kinds;
[INFO] [stdout]      |     ^^^^^^^^^^^^^^^^^^^^^^^ use of unresolved module or unlinked crate `oxide_generation_macros`
[INFO] [stdout]      |
[INFO] [stdout] help: there is a crate or module with a similar name
[INFO] [stdout]      |
[INFO] [stdout] 1029 - use oxide_generation_macros::impl_typed_generation_kinds;
[INFO] [stdout] 1029 + use oxide_generation::impl_typed_generation_kinds;
[INFO] [stdout]      |
[INFO] [stdout] 
[INFO] [stdout] error: aborting due to 1 previous error
[INFO] [stdout] 
[INFO] [stdout] For more information about this error, try `rustc --explain E0432`.
[INFO] [stdout] Couldn't compile the test.
[INFO] [stdout] ---- src/lib.rs - (line 52) stdout ----
[INFO] [stdout] error[E0432]: unresolved import `oxide_generation_macros`
[INFO] [stdout]   --> src/lib.rs:54:5
[INFO] [stdout]    |
[INFO] [stdout] 54 | use oxide_generation_macros::impl_typed_generation_kinds;
[INFO] [stdout]    |     ^^^^^^^^^^^^^^^^^^^^^^^ use of unresolved module or unlinked crate `oxide_generation_macros`
[INFO] [stdout]    |
[INFO] [stdout] help: there is a crate or module with a similar name
[INFO] [stdout]    |
[INFO] [stdout] 54 - use oxide_generation_macros::impl_typed_generation_kinds;
[INFO] [stdout] 54 + use oxide_generation::impl_typed_generation_kinds;
[INFO] [stdout]    |
[INFO] [stdout] 
[INFO] [stdout] error: aborting due to 1 previous error
[INFO] [stdout] 
[INFO] [stdout] For more information about this error, try `rustc --explain E0432`.
[INFO] [stdout] Couldn't compile the test.
[INFO] [stdout] 
[INFO] [stdout] failures:
[INFO] [stdout]     src/lib.rs - (line 52)
[INFO] [stdout]     src/lib.rs - TypedGenerationKind (line 1027)
[INFO] [stdout] 
[INFO] [stdout] test result: FAILED. 3 passed; 2 failed; 0 ignored; 0 measured; 0 filtered out; finished in 0.38s
[INFO] [stdout] 
[INFO] [stdout] all doctests ran in 0.45s; merged doctests compilation took 0.08s
[INFO] [stderr] error: doctest failed, to rerun pass `--doc`
[INFO] running `Command { std: "docker" "inspect" "cbf5dbb906ef386bccde2e77107e0ef22c812ef94e46c0017f3a0bc00a43e527", kill_on_drop: false }`
[INFO] running `Command { std: "docker" "rm" "-f" "cbf5dbb906ef386bccde2e77107e0ef22c812ef94e46c0017f3a0bc00a43e527", kill_on_drop: false }`
[INFO] [stdout] cbf5dbb906ef386bccde2e77107e0ef22c812ef94e46c0017f3a0bc00a43e527
